[INFO] cloning repository https://github.com/corka149/simple_neural_network
[INFO] running `Command { std: "git" "-c" "credential.helper=" "-c" "credential.helper=/workspace/cargo-home/bin/git-credential-null" "clone" "--bare" "https://github.com/corka149/simple_neural_network" "/workspace/cache/git-repos/https%3A%2F%2Fgithub.com%2Fcorka149%2Fsimple_neural_network", kill_on_drop: false }`
[INFO] [stderr] Cloning into bare repository '/workspace/cache/git-repos/https%3A%2F%2Fgithub.com%2Fcorka149%2Fsimple_neural_network'...
[INFO] running `Command { std: "git" "rev-parse" "HEAD", kill_on_drop: false }`
[INFO] [stdout] a84a0fbfb7483b1e8f59e1e7e0278565251d61ca
[INFO] testing corka149/simple_neural_network against 1.69.0 for beta-1.70-1
[INFO] running `Command { std: "git" "clone" "/workspace/cache/git-repos/https%3A%2F%2Fgithub.com%2Fcorka149%2Fsimple_neural_network" "/workspace/builds/worker-6-tc1/source", kill_on_drop: false }`
[INFO] [stderr] Cloning into '/workspace/builds/worker-6-tc1/source'...
[INFO] [stderr] done.
[INFO] validating manifest of git repo https://github.com/corka149/simple_neural_network on toolchain 1.69.0
[INFO] running `Command { std: CARGO_HOME="/workspace/cargo-home" RUSTUP_HOME="/workspace/rustup-home" "/workspace/cargo-home/bin/cargo" "+1.69.0" "metadata" "--manifest-path" "Cargo.toml" "--no-deps", kill_on_drop: false }`
[INFO] started tweaking git repo https://github.com/corka149/simple_neural_network
[INFO] finished tweaking git repo https://github.com/corka149/simple_neural_network
[INFO] tweaked toml for git repo https://github.com/corka149/simple_neural_network written to /workspace/builds/worker-6-tc1/source/Cargo.toml
[INFO] crate git repo https://github.com/corka149/simple_neural_network already has a lockfile, it will not be regenerated
[INFO] running `Command { std: CARGO_HOME="/workspace/cargo-home" RUSTUP_HOME="/workspace/rustup-home" "/workspace/cargo-home/bin/cargo" "+1.69.0" "fetch" "--manifest-path" "Cargo.toml", kill_on_drop: false }`
[INFO] [stderr]  Downloading crates ...
[INFO] [stderr]   Downloaded libc v0.2.31
[INFO] running `Command { std: "docker" "create" "-v" "/var/lib/crater-agent-workspace/builds/worker-6-tc1/target:/opt/rustwide/target:rw,Z" "-v" "/var/lib/crater-agent-workspace/builds/worker-6-tc1/source:/opt/rustwide/workdir:ro,Z" "-v" "/var/lib/crater-agent-workspace/cargo-home:/opt/rustwide/cargo-home:ro,Z" "-v" "/var/lib/crater-agent-workspace/rustup-home:/opt/rustwide/rustup-home:ro,Z" "-e" "SOURCE_DIR=/opt/rustwide/workdir" "-e" "CARGO_TARGET_DIR=/opt/rustwide/target" "-e" "CARGO_HOME=/opt/rustwide/cargo-home" "-e" "RUSTUP_HOME=/opt/rustwide/rustup-home" "-w" "/opt/rustwide/workdir" "-m" "1610612736" "--user" "0:0" "--network" "none" "ghcr.io/rust-lang/crates-build-env/linux@sha256:5ff2268d62e97bff2cde7d5815dd6ed5b47097566f13b8d0ca110b04b60e07ed" "/opt/rustwide/cargo-home/bin/cargo" "+1.69.0" "metadata" "--no-deps" "--format-version=1", kill_on_drop: false }`
[INFO] [stdout] 0022aa879d7b920eaeb1e150f7d0c9cbd099e8decc730576cca0af0d3197f8a1
[INFO] running `Command { std: "docker" "start" "-a" "0022aa879d7b920eaeb1e150f7d0c9cbd099e8decc730576cca0af0d3197f8a1", kill_on_drop: false }`
[INFO] running `Command { std: "docker" "inspect" "0022aa879d7b920eaeb1e150f7d0c9cbd099e8decc730576cca0af0d3197f8a1", kill_on_drop: false }`
[INFO] running `Command { std: "docker" "rm" "-f" "0022aa879d7b920eaeb1e150f7d0c9cbd099e8decc730576cca0af0d3197f8a1", kill_on_drop: false }`
[INFO] [stdout] 0022aa879d7b920eaeb1e150f7d0c9cbd099e8decc730576cca0af0d3197f8a1
[INFO] running `Command { std: "docker" "create" "-v" "/var/lib/crater-agent-workspace/builds/worker-6-tc1/target:/opt/rustwide/target:rw,Z" "-v" "/var/lib/crater-agent-workspace/builds/worker-6-tc1/source:/opt/rustwide/workdir:ro,Z" "-v" "/var/lib/crater-agent-workspace/cargo-home:/opt/rustwide/cargo-home:ro,Z" "-v" "/var/lib/crater-agent-workspace/rustup-home:/opt/rustwide/rustup-home:ro,Z" "-e" "SOURCE_DIR=/opt/rustwide/workdir" "-e" "CARGO_TARGET_DIR=/opt/rustwide/target" "-e" "CARGO_INCREMENTAL=0" "-e" "RUST_BACKTRACE=full" "-e" "RUSTFLAGS=--cap-lints=warn" "-e" "RUSTDOCFLAGS=--cap-lints=warn" "-e" "CARGO_HOME=/opt/rustwide/cargo-home" "-e" "RUSTUP_HOME=/opt/rustwide/rustup-home" "-w" "/opt/rustwide/workdir" "-m" "1610612736" "--user" "0:0" "--network" "none" "ghcr.io/rust-lang/crates-build-env/linux@sha256:5ff2268d62e97bff2cde7d5815dd6ed5b47097566f13b8d0ca110b04b60e07ed" "/opt/rustwide/cargo-home/bin/cargo" "+1.69.0" "build" "--frozen" "--message-format=json", kill_on_drop: false }`
[INFO] [stdout] f94c42bbba7586bfb77c32a39ea7deb436f34f093f9af89ec65336718816fbb2
[INFO] running `Command { std: "docker" "start" "-a" "f94c42bbba7586bfb77c32a39ea7deb436f34f093f9af89ec65336718816fbb2", kill_on_drop: false }`
[INFO] [stderr]     Blocking waiting for file lock on package cache
[INFO] [stderr]    Compiling num-traits v0.1.40
[INFO] [stderr]    Compiling libc v0.2.31
[INFO] [stderr]    Compiling time v0.1.38
[INFO] [stderr]    Compiling rand v0.3.16
[INFO] [stderr]    Compiling num-integer v0.1.35
[INFO] [stderr]    Compiling num-iter v0.1.34
[INFO] [stderr]    Compiling num v0.1.40
[INFO] [stderr]    Compiling chrono v0.4.0
[INFO] [stderr]    Compiling neural_network v0.9.0 (/opt/rustwide/workdir)
[INFO] [stdout] warning: unnecessary parentheses around block return value
[INFO] [stdout]   --> src/util.rs:17:5
[INFO] [stdout]    |
[INFO] [stdout] 17 |     (1.0 / (1.0 + E.powf(-x)))
[INFO] [stdout]    |     ^                        ^
[INFO] [stdout]    |
[INFO] [stdout]    = note: `#[warn(unused_parens)]` on by default
[INFO] [stdout] help: remove these parentheses
[INFO] [stdout]    |
[INFO] [stdout] 17 -     (1.0 / (1.0 + E.powf(-x)))
[INFO] [stdout] 17 +     1.0 / (1.0 + E.powf(-x))
[INFO] [stdout]    |
[INFO] [stdout] 
[INFO] [stdout] 
[INFO] [stdout] warning: trait objects without an explicit `dyn` are deprecated
[INFO] [stdout]   --> src/matrix/error.rs:18:32
[INFO] [stdout]    |
[INFO] [stdout] 18 |     fn cause(&self) -> Option<&error::Error> {
[INFO] [stdout]    |                                ^^^^^^^^^^^^
[INFO] [stdout]    |
[INFO] [stdout]    = warning: this is accepted in the current edition (Rust 2015) but is a hard error in Rust 2021!
[INFO] [stdout]    = note: for more information, see <https://doc.rust-lang.org/nightly/edition-guide/rust-2021/warnings-promoted-to-error.html>
[INFO] [stdout]    = note: `#[warn(bare_trait_objects)]` on by default
[INFO] [stdout] help: use `dyn`
[INFO] [stdout]    |
[INFO] [stdout] 18 |     fn cause(&self) -> Option<&dyn error::Error> {
[INFO] [stdout]    |                                +++
[INFO] [stdout] 
[INFO] [stdout] 
[INFO] [stdout] warning: 2 warnings emitted
[INFO] [stdout] 
[INFO] [stdout] 
[INFO] [stderr]     Finished dev [unoptimized + debuginfo] target(s) in 1.74s
[INFO] running `Command { std: "docker" "inspect" "f94c42bbba7586bfb77c32a39ea7deb436f34f093f9af89ec65336718816fbb2", kill_on_drop: false }`
[INFO] running `Command { std: "docker" "rm" "-f" "f94c42bbba7586bfb77c32a39ea7deb436f34f093f9af89ec65336718816fbb2", kill_on_drop: false }`
[INFO] [stdout] f94c42bbba7586bfb77c32a39ea7deb436f34f093f9af89ec65336718816fbb2
[INFO] running `Command { std: "docker" "create" "-v" "/var/lib/crater-agent-workspace/builds/worker-6-tc1/target:/opt/rustwide/target:rw,Z" "-v" "/var/lib/crater-agent-workspace/builds/worker-6-tc1/source:/opt/rustwide/workdir:ro,Z" "-v" "/var/lib/crater-agent-workspace/cargo-home:/opt/rustwide/cargo-home:ro,Z" "-v" "/var/lib/crater-agent-workspace/rustup-home:/opt/rustwide/rustup-home:ro,Z" "-e" "SOURCE_DIR=/opt/rustwide/workdir" "-e" "CARGO_TARGET_DIR=/opt/rustwide/target" "-e" "CARGO_INCREMENTAL=0" "-e" "RUST_BACKTRACE=full" "-e" "RUSTFLAGS=--cap-lints=warn" "-e" "RUSTDOCFLAGS=--cap-lints=warn" "-e" "CARGO_HOME=/opt/rustwide/cargo-home" "-e" "RUSTUP_HOME=/opt/rustwide/rustup-home" "-w" "/opt/rustwide/workdir" "-m" "1610612736" "--user" "0:0" "--network" "none" "ghcr.io/rust-lang/crates-build-env/linux@sha256:5ff2268d62e97bff2cde7d5815dd6ed5b47097566f13b8d0ca110b04b60e07ed" "/opt/rustwide/cargo-home/bin/cargo" "+1.69.0" "test" "--frozen" "--no-run" "--message-format=json", kill_on_drop: false }`
[INFO] [stdout] e387535d379d2374e1f15e36c88e3313f3d292ea23634b1984cb8a8a69304202
[INFO] running `Command { std: "docker" "start" "-a" "e387535d379d2374e1f15e36c88e3313f3d292ea23634b1984cb8a8a69304202", kill_on_drop: false }`
[INFO] [stderr]    Compiling neural_network v0.9.0 (/opt/rustwide/workdir)
[INFO] [stdout] warning: unnecessary parentheses around block return value
[INFO] [stdout]   --> src/util.rs:17:5
[INFO] [stdout]    |
[INFO] [stdout] 17 |     (1.0 / (1.0 + E.powf(-x)))
[INFO] [stdout]    |     ^                        ^
[INFO] [stdout]    |
[INFO] [stdout]    = note: `#[warn(unused_parens)]` on by default
[INFO] [stdout] help: remove these parentheses
[INFO] [stdout]    |
[INFO] [stdout] 17 -     (1.0 / (1.0 + E.powf(-x)))
[INFO] [stdout] 17 +     1.0 / (1.0 + E.powf(-x))
[INFO] [stdout]    |
[INFO] [stdout] 
[INFO] [stdout] 
[INFO] [stdout] warning: trait objects without an explicit `dyn` are deprecated
[INFO] [stdout]   --> src/matrix/error.rs:18:32
[INFO] [stdout]    |
[INFO] [stdout] 18 |     fn cause(&self) -> Option<&error::Error> {
[INFO] [stdout]    |                                ^^^^^^^^^^^^
[INFO] [stdout]    |
[INFO] [stdout]    = warning: this is accepted in the current edition (Rust 2015) but is a hard error in Rust 2021!
[INFO] [stdout]    = note: for more information, see <https://doc.rust-lang.org/nightly/edition-guide/rust-2021/warnings-promoted-to-error.html>
[INFO] [stdout]    = note: `#[warn(bare_trait_objects)]` on by default
[INFO] [stdout] help: use `dyn`
[INFO] [stdout]    |
[INFO] [stdout] 18 |     fn cause(&self) -> Option<&dyn error::Error> {
[INFO] [stdout]    |                                +++
[INFO] [stdout] 
[INFO] [stdout] 
[INFO] [stdout] warning: 2 warnings emitted
[INFO] [stdout] 
[INFO] [stdout] 
[INFO] [stdout] warning: unnecessary parentheses around block return value
[INFO] [stdout]   --> src/util.rs:17:5
[INFO] [stdout]    |
[INFO] [stdout] 17 |     (1.0 / (1.0 + E.powf(-x)))
[INFO] [stdout]    |     ^                        ^
[INFO] [stdout]    |
[INFO] [stdout]    = note: `#[warn(unused_parens)]` on by default
[INFO] [stdout] help: remove these parentheses
[INFO] [stdout]    |
[INFO] [stdout] 17 -     (1.0 / (1.0 + E.powf(-x)))
[INFO] [stdout] 17 +     1.0 / (1.0 + E.powf(-x))
[INFO] [stdout]    |
[INFO] [stdout] 
[INFO] [stdout] 
[INFO] [stdout] warning: unused import: `super::*`
[INFO] [stdout]    --> src/matrix/math.rs:213:9
[INFO] [stdout]     |
[INFO] [stdout] 213 |     use super::*;
[INFO] [stdout]     |         ^^^^^^^^
[INFO] [stdout]     |
[INFO] [stdout]     = note: `#[warn(unused_imports)]` on by default
[INFO] [stdout] 
[INFO] [stdout] 
[INFO] [stdout] warning: trait objects without an explicit `dyn` are deprecated
[INFO] [stdout]   --> src/matrix/error.rs:18:32
[INFO] [stdout]    |
[INFO] [stdout] 18 |     fn cause(&self) -> Option<&error::Error> {
[INFO] [stdout]    |                                ^^^^^^^^^^^^
[INFO] [stdout]    |
[INFO] [stdout]    = warning: this is accepted in the current edition (Rust 2015) but is a hard error in Rust 2021!
[INFO] [stdout]    = note: for more information, see <https://doc.rust-lang.org/nightly/edition-guide/rust-2021/warnings-promoted-to-error.html>
[INFO] [stdout]    = note: `#[warn(bare_trait_objects)]` on by default
[INFO] [stdout] help: use `dyn`
[INFO] [stdout]    |
[INFO] [stdout] 18 |     fn cause(&self) -> Option<&dyn error::Error> {
[INFO] [stdout]    |                                +++
[INFO] [stdout] 
[INFO] [stdout] 
[INFO] [stdout] error[E0425]: cannot find function `transpose_matrix` in this scope
[INFO] [stdout]    --> src/matrix/math.rs:144:21
[INFO] [stdout]     |
[INFO] [stdout] 144 |         let new_a = transpose_matrix(&a);
[INFO] [stdout]     |                     ^^^^^^^^^^^^^^^^ not found in this scope
[INFO] [stdout] 
[INFO] [stdout] 
[INFO] [stdout] error[E0599]: no method named `len` found for struct `matrix::Matrix` in the current scope
[INFO] [stdout]    --> src/matrix/mod.rs:155:24
[INFO] [stdout]     |
[INFO] [stdout] 6   | pub struct Matrix {
[INFO] [stdout]     | ----------------- method `len` not found for this struct
[INFO] [stdout] ...
[INFO] [stdout] 155 |         assert_eq!(vec.len(), 4);
[INFO] [stdout]     |                        ^^^ method not found in `Matrix`
[INFO] [stdout]     |
[INFO] [stdout]     = help: items from traits can only be used if the trait is implemented and in scope
[INFO] [stdout]     = note: the following trait defines an item `len`, perhaps you need to implement it:
[INFO] [stdout]             candidate #1: `ExactSizeIterator`
[INFO] [stdout] help: one of the expressions' fields has a method of the same name
[INFO] [stdout]     |
[INFO] [stdout] 155 |         assert_eq!(vec.data_container.len(), 4);
[INFO] [stdout]     |                        +++++++++++++++
[INFO] [stdout] 
[INFO] [stdout] 
[INFO] [stdout] error[E0608]: cannot index into a value of type `matrix::Matrix`
[INFO] [stdout]    --> src/matrix/mod.rs:156:20
[INFO] [stdout]     |
[INFO] [stdout] 156 |         assert_eq!(vec[0].len(), 3);
[INFO] [stdout]     |                    ^^^^^^
[INFO] [stdout] 
[INFO] [stdout] 
[INFO] [stdout] error[E0609]: no field `input_nodes` on type `NeuralNetwork<[closure@src/lib.rs:134:51: 134:54]>`
[INFO] [stdout]    --> src/lib.rs:136:23
[INFO] [stdout]     |
[INFO] [stdout] 136 |         assert_eq!(nn.input_nodes, 3);
[INFO] [stdout]     |                       ^^^^^^^^^^^ unknown field
[INFO] [stdout]     |
[INFO] [stdout]     = note: available fields are: `learning_rate`, `activation_function`, `wih`, `who`
[INFO] [stdout] 
[INFO] [stdout] 
[INFO] [stdout] error[E0609]: no field `hidden_nodes` on type `NeuralNetwork<[closure@src/lib.rs:134:51: 134:54]>`
[INFO] [stdout]    --> src/lib.rs:137:23
[INFO] [stdout]     |
[INFO] [stdout] 137 |         assert_eq!(nn.hidden_nodes, 3);
[INFO] [stdout]     |                       ^^^^^^^^^^^^ unknown field
[INFO] [stdout]     |
[INFO] [stdout]     = note: available fields are: `learning_rate`, `activation_function`, `wih`, `who`
[INFO] [stdout] 
[INFO] [stdout] 
[INFO] [stdout] error[E0609]: no field `output_nodes` on type `NeuralNetwork<[closure@src/lib.rs:134:51: 134:54]>`
[INFO] [stdout]    --> src/lib.rs:138:23
[INFO] [stdout]     |
[INFO] [stdout] 138 |         assert_eq!(nn.output_nodes, 3);
[INFO] [stdout]     |                       ^^^^^^^^^^^^ unknown field
[INFO] [stdout]     |
[INFO] [stdout]     = note: available fields are: `learning_rate`, `activation_function`, `wih`, `who`
[INFO] [stdout] 
[INFO] [stdout] 
[INFO] [stdout] error: aborting due to 6 previous errors; 3 warnings emitted
[INFO] [stdout] 
[INFO] [stdout] 
[INFO] [stdout] Some errors have detailed explanations: E0425, E0599, E0608, E0609.
[INFO] [stdout] 
[INFO] [stdout] For more information about an error, try `rustc --explain E0425`.
[INFO] [stdout] 
[INFO] [stderr] error: could not compile `neural_network` due to 7 previous errors; 3 warnings emitted
[INFO] running `Command { std: "docker" "inspect" "e387535d379d2374e1f15e36c88e3313f3d292ea23634b1984cb8a8a69304202", kill_on_drop: false }`
[INFO] running `Command { std: "docker" "rm" "-f" "e387535d379d2374e1f15e36c88e3313f3d292ea23634b1984cb8a8a69304202", kill_on_drop: false }`
[INFO] [stdout] e387535d379d2374e1f15e36c88e3313f3d292ea23634b1984cb8a8a69304202
