[INFO] cloning repository https://github.com/coriolinus/lambda-ddb-gateway
[INFO] running `Command { std: "git" "-c" "credential.helper=" "-c" "credential.helper=/workspace/cargo-home/bin/git-credential-null" "clone" "--bare" "https://github.com/coriolinus/lambda-ddb-gateway" "/workspace/cache/git-repos/https%3A%2F%2Fgithub.com%2Fcoriolinus%2Flambda-ddb-gateway", kill_on_drop: false }`
[INFO] [stderr] Cloning into bare repository '/workspace/cache/git-repos/https%3A%2F%2Fgithub.com%2Fcoriolinus%2Flambda-ddb-gateway'...
[INFO] running `Command { std: "git" "rev-parse" "HEAD", kill_on_drop: false }`
[INFO] [stdout] d62dea86a5f21e1cc18c275fcfd2be13a863dea1
[INFO] testing coriolinus/lambda-ddb-gateway against 1.69.0 for beta-1.70-1
[INFO] running `Command { std: "git" "clone" "/workspace/cache/git-repos/https%3A%2F%2Fgithub.com%2Fcoriolinus%2Flambda-ddb-gateway" "/workspace/builds/worker-6-tc1/source", kill_on_drop: false }`
[INFO] [stderr] Cloning into '/workspace/builds/worker-6-tc1/source'...
[INFO] [stderr] done.
[INFO] validating manifest of git repo https://github.com/coriolinus/lambda-ddb-gateway on toolchain 1.69.0
[INFO] running `Command { std: CARGO_HOME="/workspace/cargo-home" RUSTUP_HOME="/workspace/rustup-home" "/workspace/cargo-home/bin/cargo" "+1.69.0" "metadata" "--manifest-path" "Cargo.toml" "--no-deps", kill_on_drop: false }`
[INFO] started tweaking git repo https://github.com/coriolinus/lambda-ddb-gateway
[INFO] finished tweaking git repo https://github.com/coriolinus/lambda-ddb-gateway
[INFO] tweaked toml for git repo https://github.com/coriolinus/lambda-ddb-gateway written to /workspace/builds/worker-6-tc1/source/Cargo.toml
[INFO] crate git repo https://github.com/coriolinus/lambda-ddb-gateway already has a lockfile, it will not be regenerated
[INFO] running `Command { std: CARGO_HOME="/workspace/cargo-home" RUSTUP_HOME="/workspace/rustup-home" "/workspace/cargo-home/bin/cargo" "+1.69.0" "fetch" "--manifest-path" "Cargo.toml", kill_on_drop: false }`
[INFO] [stderr]  Downloading crates ...
[INFO] [stderr]   Downloaded smallvec v0.6.11
[INFO] [stderr]   Downloaded tokio-process v0.2.4
[INFO] [stderr]   Downloaded rusoto_core v0.41.0
[INFO] [stderr]   Downloaded rusoto_credential v0.41.1
[INFO] [stderr]   Downloaded arc-swap v0.4.3
[INFO] [stderr]   Downloaded rusoto_dynamodb v0.41.0
[INFO] running `Command { std: "docker" "create" "-v" "/var/lib/crater-agent-workspace/builds/worker-6-tc1/target:/opt/rustwide/target:rw,Z" "-v" "/var/lib/crater-agent-workspace/builds/worker-6-tc1/source:/opt/rustwide/workdir:ro,Z" "-v" "/var/lib/crater-agent-workspace/cargo-home:/opt/rustwide/cargo-home:ro,Z" "-v" "/var/lib/crater-agent-workspace/rustup-home:/opt/rustwide/rustup-home:ro,Z" "-e" "SOURCE_DIR=/opt/rustwide/workdir" "-e" "CARGO_TARGET_DIR=/opt/rustwide/target" "-e" "CARGO_HOME=/opt/rustwide/cargo-home" "-e" "RUSTUP_HOME=/opt/rustwide/rustup-home" "-w" "/opt/rustwide/workdir" "-m" "1610612736" "--user" "0:0" "--network" "none" "ghcr.io/rust-lang/crates-build-env/linux@sha256:5ff2268d62e97bff2cde7d5815dd6ed5b47097566f13b8d0ca110b04b60e07ed" "/opt/rustwide/cargo-home/bin/cargo" "+1.69.0" "metadata" "--no-deps" "--format-version=1", kill_on_drop: false }`
[INFO] [stdout] 137ffee10d5019820e0a6c12417461a3bdba62fbec5813721b9e79ad76011beb
[INFO] running `Command { std: "docker" "start" "-a" "137ffee10d5019820e0a6c12417461a3bdba62fbec5813721b9e79ad76011beb", kill_on_drop: false }`
[INFO] running `Command { std: "docker" "inspect" "137ffee10d5019820e0a6c12417461a3bdba62fbec5813721b9e79ad76011beb", kill_on_drop: false }`
[INFO] running `Command { std: "docker" "rm" "-f" "137ffee10d5019820e0a6c12417461a3bdba62fbec5813721b9e79ad76011beb", kill_on_drop: false }`
[INFO] [stdout] 137ffee10d5019820e0a6c12417461a3bdba62fbec5813721b9e79ad76011beb
[INFO] running `Command { std: "docker" "create" "-v" "/var/lib/crater-agent-workspace/builds/worker-6-tc1/target:/opt/rustwide/target:rw,Z" "-v" "/var/lib/crater-agent-workspace/builds/worker-6-tc1/source:/opt/rustwide/workdir:ro,Z" "-v" "/var/lib/crater-agent-workspace/cargo-home:/opt/rustwide/cargo-home:ro,Z" "-v" "/var/lib/crater-agent-workspace/rustup-home:/opt/rustwide/rustup-home:ro,Z" "-e" "SOURCE_DIR=/opt/rustwide/workdir" "-e" "CARGO_TARGET_DIR=/opt/rustwide/target" "-e" "CARGO_INCREMENTAL=0" "-e" "RUST_BACKTRACE=full" "-e" "RUSTFLAGS=--cap-lints=warn" "-e" "RUSTDOCFLAGS=--cap-lints=warn" "-e" "CARGO_HOME=/opt/rustwide/cargo-home" "-e" "RUSTUP_HOME=/opt/rustwide/rustup-home" "-w" "/opt/rustwide/workdir" "-m" "1610612736" "--user" "0:0" "--network" "none" "ghcr.io/rust-lang/crates-build-env/linux@sha256:5ff2268d62e97bff2cde7d5815dd6ed5b47097566f13b8d0ca110b04b60e07ed" "/opt/rustwide/cargo-home/bin/cargo" "+1.69.0" "build" "--frozen" "--message-format=json", kill_on_drop: false }`
[INFO] [stdout] bd0316d68bb47529c1f54a40edd884e50bf48391951183d5c079920c2905f2a6
[INFO] running `Command { std: "docker" "start" "-a" "bd0316d68bb47529c1f54a40edd884e50bf48391951183d5c079920c2905f2a6", kill_on_drop: false }`
[INFO] [stderr]    Compiling libc v0.2.65
[INFO] [stderr]    Compiling cfg-if v0.1.10
[INFO] [stderr]    Compiling semver-parser v0.7.0
[INFO] [stderr]    Compiling byteorder v1.3.2
[INFO] [stderr]    Compiling lazy_static v1.4.0
[INFO] [stderr]    Compiling futures v0.1.29
[INFO] [stderr]    Compiling log v0.4.8
[INFO] [stderr]    Compiling autocfg v0.1.7
[INFO] [stderr]    Compiling either v1.5.3
[INFO] [stderr]    Compiling smallvec v0.6.11
[INFO] [stderr]    Compiling scopeguard v1.0.0
[INFO] [stderr]    Compiling slab v0.4.2
[INFO] [stderr]    Compiling fnv v1.0.6
[INFO] [stderr]    Compiling cc v1.0.46
[INFO] [stderr]    Compiling arrayvec v0.4.12
[INFO] [stderr]    Compiling proc-macro2 v1.0.6
[INFO] [stderr]    Compiling itoa v0.4.4
[INFO] [stderr]    Compiling crossbeam-utils v0.6.6
[INFO] [stderr]    Compiling lock_api v0.3.1
[INFO] [stderr]    Compiling unicode-xid v0.2.0
[INFO] [stderr]    Compiling nodrop v0.1.14
[INFO] [stderr]    Compiling syn v1.0.7
[INFO] [stderr]    Compiling semver v0.9.0
[INFO] [stderr]    Compiling serde v1.0.102
[INFO] [stderr]    Compiling httparse v1.3.4
[INFO] [stderr]    Compiling proc-macro2 v0.4.30
[INFO] [stderr]    Compiling ryu v1.0.2
[INFO] [stderr]    Compiling indexmap v1.3.0
[INFO] [stderr]    Compiling num-traits v0.2.8
[INFO] [stderr]    Compiling rustc_version v0.2.3
[INFO] [stderr]    Compiling crossbeam-queue v0.1.2
[INFO] [stderr]    Compiling pkg-config v0.3.16
[INFO] [stderr]    Compiling parking_lot_core v0.6.2
[INFO] [stderr]    Compiling parking_lot v0.9.0
[INFO] [stderr]    Compiling memoffset v0.5.1
[INFO] [stderr]    Compiling hyper v0.12.35
[INFO] [stderr]    Compiling unicode-xid v0.1.0
[INFO] [stderr]    Compiling typenum v1.11.2
[INFO] [stderr]    Compiling try-lock v0.2.2
[INFO] [stderr]    Compiling iovec v0.1.4
[INFO] [stderr]    Compiling num_cpus v1.10.1
[INFO] [stderr]    Compiling net2 v0.2.33
[INFO] [stderr]    Compiling bytes v0.4.12
[INFO] [stderr]    Compiling quote v1.0.2
[INFO] [stderr]    Compiling time v0.1.42
[INFO] [stderr]    Compiling backtrace-sys v0.1.32
[INFO] [stderr]    Compiling openssl-sys v0.9.52
[INFO] [stderr]    Compiling tokio-executor v0.1.8
[INFO] [stderr]    Compiling mio v0.6.19
[INFO] [stderr]    Compiling tokio-sync v0.1.7
[INFO] [stderr]    Compiling crossbeam-epoch v0.7.2
[INFO] [stderr]    Compiling tokio-io v0.1.12
[INFO] [stderr]    Compiling http v0.1.19
[INFO] [stderr]    Compiling string v0.2.1
[INFO] [stderr]    Compiling tokio-buf v0.1.1
[INFO] [stderr]    Compiling crossbeam-deque v0.7.1
[INFO] [stderr]    Compiling tokio-current-thread v0.1.6
[INFO] [stderr] error: could not parse/generate dep info at: /opt/rustwide/target/debug/deps/string-6fd89e43562786d1.d
[INFO] [stderr] 
[INFO] [stderr] Caused by:
[INFO] [stderr]   failed to write `/opt/rustwide/target/debug/.fingerprint/string-6fd89e43562786d1/dep-lib-string`
[INFO] [stderr] 
[INFO] [stderr] Caused by:
[INFO] [stderr]   No space left on device (os error 28)
[INFO] [stderr] warning: build failed, waiting for other jobs to finish...
[INFO] [stderr] LLVM ERROR: IO failure on output stream: No space left on device
[INFO] [stderr] LLVM ERROR: IO failure on output stream: No space left on device
[INFO] [stdout] error: failed to write /tmp/rustcw7qvZ9/lib.rmeta: No space left on device (os error 28)
[INFO] [stdout] 
[INFO] [stdout] 
[INFO] [stderr] thread 'rustc' panicked at 'assertion failed: pos.get() <= self.position()', compiler/rustc_metadata/src/rmeta/encoder.rs:435:9
[INFO] [stderr] stack backtrace:
[INFO] [stderr]    0:     0x7f4c0ed4031a - std::backtrace_rs::backtrace::libunwind::trace::ha9053a9a07ca49cb
[INFO] [stderr]                                at /rustc/84c898d65adf2f39a5a98507f1fe0ce10a2b8dbc/library/std/src/../../backtrace/src/backtrace/libunwind.rs:93:5
[INFO] [stderr]    1:     0x7f4c0ed4031a - std::backtrace_rs::backtrace::trace_unsynchronized::h9c2852a457ad564e
[INFO] [stderr]                                at /rustc/84c898d65adf2f39a5a98507f1fe0ce10a2b8dbc/library/std/src/../../backtrace/src/backtrace/mod.rs:66:5
[INFO] [stderr]    2:     0x7f4c0ed4031a - std::sys_common::backtrace::_print_fmt::h457936fbfaa0070f
[INFO] [stderr]                                at /rustc/84c898d65adf2f39a5a98507f1fe0ce10a2b8dbc/library/std/src/sys_common/backtrace.rs:65:5
[INFO] [stderr]    3:     0x7f4c0ed4031a - <std::sys_common::backtrace::_print::DisplayBacktrace as core::fmt::Display>::fmt::h5779d7bf7f70cb0c
[INFO] [stderr]                                at /rustc/84c898d65adf2f39a5a98507f1fe0ce10a2b8dbc/library/std/src/sys_common/backtrace.rs:44:22
[INFO] [stderr] error: could not compile `bytes`
[INFO] [stderr]    4:     0x7f4c0eda3b6e - core::fmt::write::h5a4baaff1bcd3eb5
[INFO] [stderr]                                at /rustc/84c898d65adf2f39a5a98507f1fe0ce10a2b8dbc/library/core/src/fmt/mod.rs:1232:17
[INFO] [stderr]    5:     0x7f4c0ed332c5 - std::io::Write::write_fmt::h4bc1f301cb9e9cce
[INFO] [stderr]                                at /rustc/84c898d65adf2f39a5a98507f1fe0ce10a2b8dbc/library/std/src/io/mod.rs:1684:15
[INFO] [stderr]    6:     0x7f4c0ed400e5 - std::sys_common::backtrace::_print::h5fcdc36060f177e8
[INFO] [stderr]                                at /rustc/84c898d65adf2f39a5a98507f1fe0ce10a2b8dbc/library/std/src/sys_common/backtrace.rs:47:5
[INFO] [stderr]    7:     0x7f4c0ed400e5 - std::sys_common::backtrace::print::h54ca9458b876c8bf
[INFO] [stderr]                                at /rustc/84c898d65adf2f39a5a98507f1fe0ce10a2b8dbc/library/std/src/sys_common/backtrace.rs:34:9
[INFO] [stderr]    8:     0x7f4c0ed42e5f - std::panicking::default_hook::{{closure}}::hbe471161c7664ed6
[INFO] [stderr]                                at /rustc/84c898d65adf2f39a5a98507f1fe0ce10a2b8dbc/library/std/src/panicking.rs:271:22
[INFO] [stderr]    9:     0x7f4c0ed42b9b - std::panicking::default_hook::ha3500da57aa4ac4f
[INFO] [stderr]                                at /rustc/84c898d65adf2f39a5a98507f1fe0ce10a2b8dbc/library/std/src/panicking.rs:290:9
[INFO] [stderr] error: could not compile `time`
[INFO] [stderr] error: could not compile `futures` due to previous error
[INFO] [stderr]   10:     0x7f4c11fa48b5 - <rustc_driver_impl[fb92b3e21ac03dce]::DEFAULT_HOOK::{closure#0}::{closure#0} as core[911a585bea10363d]::ops::function::FnOnce<(&core[911a585bea10363d]::panic::panic_info::PanicInfo,)>>::call_once::{shim:vtable#0}
[INFO] [stderr]   11:     0x7f4c0ed4369d - <alloc::boxed::Box<F,A> as core::ops::function::Fn<Args>>::call::h6507bddc3eebb4a5
[INFO] [stderr]                                at /rustc/84c898d65adf2f39a5a98507f1fe0ce10a2b8dbc/library/alloc/src/boxed.rs:2001:9
[INFO] [stderr]   12:     0x7f4c0ed4369d - std::panicking::rust_panic_with_hook::h50c09d000dc561d2
[INFO] [stderr]                                at /rustc/84c898d65adf2f39a5a98507f1fe0ce10a2b8dbc/library/std/src/panicking.rs:696:13
[INFO] [stderr]   13:     0x7f4c0ed433d2 - std::panicking::begin_panic_handler::{{closure}}::h9e2b2176e00e0d9c
[INFO] [stderr]                                at /rustc/84c898d65adf2f39a5a98507f1fe0ce10a2b8dbc/library/std/src/panicking.rs:581:13
[INFO] [stderr]   14:     0x7f4c0ed40786 - std::sys_common::backtrace::__rust_end_short_backtrace::h5739b8e512c09d02
[INFO] [stderr]                                at /rustc/84c898d65adf2f39a5a98507f1fe0ce10a2b8dbc/library/std/src/sys_common/backtrace.rs:150:18
[INFO] [stderr]   15:     0x7f4c0ed43122 - rust_begin_unwind
[INFO] [stderr]                                at /rustc/84c898d65adf2f39a5a98507f1fe0ce10a2b8dbc/library/std/src/panicking.rs:579:5
[INFO] [stderr]   16:     0x7f4c0ed9fec3 - core::panicking::panic_fmt::hf33a1475b4dc5c3e
[INFO] [stderr]                                at /rustc/84c898d65adf2f39a5a98507f1fe0ce10a2b8dbc/library/core/src/panicking.rs:64:14
[INFO] [stderr]   17:     0x7f4c0ed9ff5d - core::panicking::panic::h9533b2fee90b999e
[INFO] [stderr]                                at /rustc/84c898d65adf2f39a5a98507f1fe0ce10a2b8dbc/library/core/src/panicking.rs:114:5
[INFO] [stderr]   18:     0x7f4c112798b3 - <rustc_metadata[29cf5a64f33334d8]::rmeta::encoder::EncodeContext>::encode_crate_root
[INFO] [stderr]   19:     0x7f4c1120a586 - rustc_metadata[29cf5a64f33334d8]::rmeta::encoder::encode_metadata_impl
[INFO] [stderr]   20:     0x7f4c1120402c - rustc_data_structures[a232da6b1231993b]::sync::join::<rustc_metadata[29cf5a64f33334d8]::rmeta::encoder::encode_metadata::{closure#0}, rustc_metadata[29cf5a64f33334d8]::rmeta::encoder::encode_metadata::{closure#1}, (), ()>
[INFO] [stderr]   21:     0x7f4c11203d41 - rustc_metadata[29cf5a64f33334d8]::rmeta::encoder::encode_metadata
[INFO] [stderr]   22:     0x7f4c11202f73 - rustc_metadata[29cf5a64f33334d8]::fs::encode_and_write_metadata
[INFO] [stderr]   23:     0x7f4c111fd47e - rustc_interface[bd8390756bd7a52a]::passes::start_codegen
[INFO] [stderr]   24:     0x7f4c111f9208 - <rustc_middle[1a4ce3311a146f18]::ty::context::GlobalCtxt>::enter::<<rustc_interface[bd8390756bd7a52a]::queries::Queries>::ongoing_codegen::{closure#0}::{closure#0}, core[911a585bea10363d]::result::Result<alloc[37f5578e48c4c353]::boxed::Box<dyn core[911a585bea10363d]::any::Any>, rustc_span[fab0eb11f1fed58d]::ErrorGuaranteed>>
[INFO] [stderr]   25:     0x7f4c111f6fb8 - <rustc_interface[bd8390756bd7a52a]::queries::Queries>::ongoing_codegen
[INFO] [stderr]   26:     0x7f4c111f5d6c - rustc_span[fab0eb11f1fed58d]::with_source_map::<core[911a585bea10363d]::result::Result<(), rustc_span[fab0eb11f1fed58d]::ErrorGuaranteed>, rustc_interface[bd8390756bd7a52a]::interface::run_compiler<core[911a585bea10363d]::result::Result<(), rustc_span[fab0eb11f1fed58d]::ErrorGuaranteed>, rustc_driver_impl[fb92b3e21ac03dce]::run_compiler::{closure#1}>::{closure#0}::{closure#0}>
[INFO] [stderr]   27:     0x7f4c111ed3cc - std[685882fd5f6d52e5]::sys_common::backtrace::__rust_begin_short_backtrace::<rustc_interface[bd8390756bd7a52a]::util::run_in_thread_pool_with_globals<rustc_interface[bd8390756bd7a52a]::interface::run_compiler<core[911a585bea10363d]::result::Result<(), rustc_span[fab0eb11f1fed58d]::ErrorGuaranteed>, rustc_driver_impl[fb92b3e21ac03dce]::run_compiler::{closure#1}>::{closure#0}, core[911a585bea10363d]::result::Result<(), rustc_span[fab0eb11f1fed58d]::ErrorGuaranteed>>::{closure#0}::{closure#0}, core[911a585bea10363d]::result::Result<(), rustc_span[fab0eb11f1fed58d]::ErrorGuaranteed>>
[INFO] [stderr]   28:     0x7f4c111ecdfa - <<std[685882fd5f6d52e5]::thread::Builder>::spawn_unchecked_<rustc_interface[bd8390756bd7a52a]::util::run_in_thread_pool_with_globals<rustc_interface[bd8390756bd7a52a]::interface::run_compiler<core[911a585bea10363d]::result::Result<(), rustc_span[fab0eb11f1fed58d]::ErrorGuaranteed>, rustc_driver_impl[fb92b3e21ac03dce]::run_compiler::{closure#1}>::{closure#0}, core[911a585bea10363d]::result::Result<(), rustc_span[fab0eb11f1fed58d]::ErrorGuaranteed>>::{closure#0}::{closure#0}, core[911a585bea10363d]::result::Result<(), rustc_span[fab0eb11f1fed58d]::ErrorGuaranteed>>::{closure#1} as core[911a585bea10363d]::ops::function::FnOnce<()>>::call_once::{shim:vtable#0}
[INFO] [stderr]   29:     0x7f4c0ed4d593 - <alloc::boxed::Box<F,A> as core::ops::function::FnOnce<Args>>::call_once::h39990b24eedef2ab
[INFO] [stderr]                                at /rustc/84c898d65adf2f39a5a98507f1fe0ce10a2b8dbc/library/alloc/src/boxed.rs:1987:9
[INFO] [stderr]   30:     0x7f4c0ed4d593 - <alloc::boxed::Box<F,A> as core::ops::function::FnOnce<Args>>::call_once::h01a027258444143b
[INFO] [stderr]                                at /rustc/84c898d65adf2f39a5a98507f1fe0ce10a2b8dbc/library/alloc/src/boxed.rs:1987:9
[INFO] [stderr]   31:     0x7f4c0ed4d593 - std::sys::unix::thread::Thread::new::thread_start::ha4f1cdd9c25884ba
[INFO] [stderr]                                at /rustc/84c898d65adf2f39a5a98507f1fe0ce10a2b8dbc/library/std/src/sys/unix/thread.rs:108:17
[INFO] [stderr]   32:     0x7f4c0ea7bb43 - <unknown>
[INFO] [stderr]   33:     0x7f4c0eb0cbb4 - __clone
[INFO] [stderr]   34:                0x0 - <unknown>
[INFO] [stderr] 
[INFO] [stderr] error: the compiler unexpectedly panicked. this is a bug.
[INFO] [stderr] 
[INFO] [stderr] note: we would appreciate a bug report: https://github.com/rust-lang/rust/issues/new?labels=C-bug%2C+I-ICE%2C+T-compiler&template=ice.md
[INFO] [stderr] 
[INFO] [stderr] note: rustc 1.69.0 (84c898d65 2023-04-16) running on x86_64-unknown-linux-gnu
[INFO] [stderr] 
[INFO] [stderr] note: compiler flags: --crate-type lib -C embed-bitcode=no -C debuginfo=2
[INFO] [stderr] 
[INFO] [stderr] note: some of the compiler flags provided by cargo are hidden
[INFO] [stderr] 
[INFO] [stderr] query stack during panic:
[INFO] [stderr] end of query stack
[INFO] [stderr] error: could not compile `tokio-sync`
[INFO] [stdout] error: linking with `cc` failed: exit status: 1
[INFO] [stdout]   |
[INFO] [stdout]   = note: LC_ALL="C" PATH="/opt/rustwide/rustup-home/toolchains/1.69.0-x86_64-unknown-linux-gnu/lib/rustlib/x86_64-unknown-linux-gnu/bin:/opt/rustwide/cargo-home/bin:/usr/local/sbin:/usr/local/bin:/usr/sbin:/usr/bin:/sbin:/bin" VSLANG="1033" "cc" "-m64" "/tmp/rustcBFgDmi/symbols.o" "/opt/rustwide/target/debug/build/openssl-sys-0d52dfff1a6a6eb6/build_script_main-0d52dfff1a6a6eb6.build_script_main.d6d9dc72-cgu.0.rcgu.o" "/opt/rustwide/target/debug/build/openssl-sys-0d52dfff1a6a6eb6/build_script_main-0d52dfff1a6a6eb6.build_script_main.d6d9dc72-cgu.1.rcgu.o" "/opt/rustwide/target/debug/build/openssl-sys-0d52dfff1a6a6eb6/build_script_main-0d52dfff1a6a6eb6.build_script_main.d6d9dc72-cgu.10.rcgu.o" "/opt/rustwide/target/debug/build/openssl-sys-0d52dfff1a6a6eb6/build_script_main-0d52dfff1a6a6eb6.build_script_main.d6d9dc72-cgu.11.rcgu.o" "/opt/rustwide/target/debug/build/openssl-sys-0d52dfff1a6a6eb6/build_script_main-0d52dfff1a6a6eb6.build_script_main.d6d9dc72-cgu.12.rcgu.o" "/opt/rustwide/target/debug/build/openssl-sys-0d52dfff1a6a6eb6/build_script_main-0d52dfff1a6a6eb6.build_script_main.d6d9dc72-cgu.13.rcgu.o" "/opt/rustwide/target/debug/build/openssl-sys-0d52dfff1a6a6eb6/build_script_main-0d52dfff1a6a6eb6.build_script_main.d6d9dc72-cgu.14.rcgu.o" "/opt/rustwide/target/debug/build/openssl-sys-0d52dfff1a6a6eb6/build_script_main-0d52dfff1a6a6eb6.build_script_main.d6d9dc72-cgu.15.rcgu.o" "/opt/rustwide/target/debug/build/openssl-sys-0d52dfff1a6a6eb6/build_script_main-0d52dfff1a6a6eb6.build_script_main.d6d9dc72-cgu.2.rcgu.o" "/opt/rustwide/target/debug/build/openssl-sys-0d52dfff1a6a6eb6/build_script_main-0d52dfff1a6a6eb6.build_script_main.d6d9dc72-cgu.3.rcgu.o" "/opt/rustwide/target/debug/build/openssl-sys-0d52dfff1a6a6eb6/build_script_main-0d52dfff1a6a6eb6.build_script_main.d6d9dc72-cgu.4.rcgu.o" "/opt/rustwide/target/debug/build/openssl-sys-0d52dfff1a6a6eb6/build_script_main-0d52dfff1a6a6eb6.build_script_main.d6d9dc72-cgu.5.rcgu.o" "/opt/rustwide/target/debug/build/openssl-sys-0d52dfff1a6a6eb6/build_script_main-0d52dfff1a6a6eb6.build_script_main.d6d9dc72-cgu.6.rcgu.o" "/opt/rustwide/target/debug/build/openssl-sys-0d52dfff1a6a6eb6/build_script_main-0d52dfff1a6a6eb6.build_script_main.d6d9dc72-cgu.7.rcgu.o" "/opt/rustwide/target/debug/build/openssl-sys-0d52dfff1a6a6eb6/build_script_main-0d52dfff1a6a6eb6.build_script_main.d6d9dc72-cgu.8.rcgu.o" "/opt/rustwide/target/debug/build/openssl-sys-0d52dfff1a6a6eb6/build_script_main-0d52dfff1a6a6eb6.build_script_main.d6d9dc72-cgu.9.rcgu.o" "/opt/rustwide/target/debug/build/openssl-sys-0d52dfff1a6a6eb6/build_script_main-0d52dfff1a6a6eb6.4ycufgvylh134sgd.rcgu.o" "-Wl,--as-needed" "-L" "/opt/rustwide/target/debug/deps" "-L" "/opt/rustwide/rustup-home/toolchains/1.69.0-x86_64-unknown-linux-gnu/lib/rustlib/x86_64-unknown-linux-gnu/lib" "-Wl,-Bstatic" "/opt/rustwide/target/debug/deps/libautocfg-e46d14ac978eb3f3.rlib" "/opt/rustwide/target/debug/deps/libpkg_config-c1336cf244affde1.rlib" "/opt/rustwide/target/debug/deps/libcc-4d57c4bef6ead7be.rlib" "/opt/rustwide/rustup-home/toolchains/1.69.0-x86_64-unknown-linux-gnu/lib/rustlib/x86_64-unknown-linux-gnu/lib/libstd-89bc084783fdc439.rlib" "/opt/rustwide/rustup-home/toolchains/1.69.0-x86_64-unknown-linux-gnu/lib/rustlib/x86_64-unknown-linux-gnu/lib/libpanic_unwind-8bee4b287d4367c1.rlib" "/opt/rustwide/rustup-home/toolchains/1.69.0-x86_64-unknown-linux-gnu/lib/rustlib/x86_64-unknown-linux-gnu/lib/libobject-d61707aed80694c0.rlib" "/opt/rustwide/rustup-home/toolchains/1.69.0-x86_64-unknown-linux-gnu/lib/rustlib/x86_64-unknown-linux-gnu/lib/libmemchr-d85366256f22345b.rlib" "/opt/rustwide/rustup-home/toolchains/1.69.0-x86_64-unknown-linux-gnu/lib/rustlib/x86_64-unknown-linux-gnu/lib/libaddr2line-96069b86b8a8cae9.rlib" "/opt/rustwide/rustup-home/toolchains/1.69.0-x86_64-unknown-linux-gnu/lib/rustlib/x86_64-unknown-linux-gnu/lib/libgimli-d19d53abf68dfa6c.rlib" "/opt/rustwide/rustup-home/toolchains/1.69.0-x86_64-unknown-linux-gnu/lib/rustlib/x86_64-unknown-linux-gnu/lib/librustc_demangle-787cbccd19d64ac6.rlib" "/opt/rustwide/rustup-home/toolchains/1.69.0-x86_64-unknown-linux-gnu/lib/rustlib/x86_64-unknown-linux-gnu/lib/libstd_detect-b3837a36b830e0d0.rlib" "/opt/rustwide/rustup-home/toolchains/1.69.0-x86_64-unknown-linux-gnu/lib/rustlib/x86_64-unknown-linux-gnu/lib/libhashbrown-e3deb0e7e3f04966.rlib" "/opt/rustwide/rustup-home/toolchains/1.69.0-x86_64-unknown-linux-gnu/lib/rustlib/x86_64-unknown-linux-gnu/lib/libminiz_oxide-dabbb79c9815def4.rlib" "/opt/rustwide/rustup-home/toolchains/1.69.0-x86_64-unknown-linux-gnu/lib/rustlib/x86_64-unknown-linux-gnu/lib/libadler-305b01f34c9409f2.rlib" "/opt/rustwide/rustup-home/toolchains/1.69.0-x86_64-unknown-linux-gnu/lib/rustlib/x86_64-unknown-linux-gnu/lib/librustc_std_workspace_alloc-f833521df6074e73.rlib" "/opt/rustwide/rustup-home/toolchains/1.69.0-x86_64-unknown-linux-gnu/lib/rustlib/x86_64-unknown-linux-gnu/lib/libunwind-9ac333113350d171.rlib" "/opt/rustwide/rustup-home/toolchains/1.69.0-x86_64-unknown-linux-gnu/lib/rustlib/x86_64-unknown-linux-gnu/lib/libcfg_if-1c126114322d0eee.rlib" "/opt/rustwide/rustup-home/toolchains/1.69.0-x86_64-unknown-linux-gnu/lib/rustlib/x86_64-unknown-linux-gnu/lib/liblibc-bad9164fdeeecf92.rlib" "/opt/rustwide/rustup-home/toolchains/1.69.0-x86_64-unknown-linux-gnu/lib/rustlib/x86_64-unknown-linux-gnu/lib/liballoc-f9374b1e480fa681.rlib" "/opt/rustwide/rustup-home/toolchains/1.69.0-x86_64-unknown-linux-gnu/lib/rustlib/x86_64-unknown-linux-gnu/lib/librustc_std_workspace_core-207f06e41d9603af.rlib" "/opt/rustwide/rustup-home/toolchains/1.69.0-x86_64-unknown-linux-gnu/lib/rustlib/x86_64-unknown-linux-gnu/lib/libcore-7e2768e66e984e85.rlib" "/opt/rustwide/rustup-home/toolchains/1.69.0-x86_64-unknown-linux-gnu/lib/rustlib/x86_64-unknown-linux-gnu/lib/libcompiler_builtins-957b4aff41f8cd46.rlib" "-Wl,-Bdynamic" "-lgcc_s" "-lutil" "-lrt" "-lpthread" "-lm" "-ldl" "-lc" "-Wl,--eh-frame-hdr" "-Wl,-z,noexecstack" "-L" "/opt/rustwide/rustup-home/toolchains/1.69.0-x86_64-unknown-linux-gnu/lib/rustlib/x86_64-unknown-linux-gnu/lib" "-o" "/opt/rustwide/target/debug/build/openssl-sys-0d52dfff1a6a6eb6/build_script_main-0d52dfff1a6a6eb6" "-Wl,--gc-sections" "-pie" "-Wl,-z,relro,-z,now" "-nodefaultlibs"
[INFO] [stdout]   = note: /usr/bin/ld: final link failed: No space left on device
[INFO] [stdout]           collect2: error: ld returned 1 exit status
[INFO] [stdout]           
[INFO] [stdout] 
[INFO] [stdout] 
[INFO] [stdout] error: aborting due to previous error
[INFO] [stdout] 
[INFO] [stdout] 
[INFO] [stderr] LLVM ERROR: IO failure on output stream: No space left on device
[INFO] [stderr] thread 'rustc' panicked at 'assertion failed: pos.get() <= self.position()', compiler/rustc_metadata/src/rmeta/encoder.rs:435:9
[INFO] [stderr] LLVM ERROR: IO failure on output stream: No space left on device
[INFO] [stderr] error: could not compile `openssl-sys` due to 2 previous errors
[INFO] [stderr] error: could not compile `parking_lot`
[INFO] [stderr] error: could not compile `crossbeam-epoch`
[INFO] [stdout] error: error writing dependencies to `/opt/rustwide/target/debug/deps/syn-c59e2fd78b4d5b35.d`: No space left on device (os error 28)
[INFO] [stdout] 
[INFO] [stdout] 
[INFO] [stderr] error: could not compile `syn` due to previous error
[INFO] [stdout] error: couldn't create a temp dir: No space left on device (os error 28) at path "/opt/rustwide/target/debug/deps/rmetaCJA76f"
[INFO] [stdout] 
[INFO] [stdout] 
[INFO] [stdout] error: aborting due to previous error
[INFO] [stdout] 
[INFO] [stdout] 
[INFO] [stderr] error: could not compile `crossbeam-deque` due to 2 previous errors
[INFO] [stderr] error: could not compile `tokio-buf`
[INFO] [stderr] thread 'rustc' panicked at 'assertion failed: pos.get() <= self.position()', compiler/rustc_metadata/src/rmeta/encoder.rs:435:9
[INFO] [stderr] thread 'rustc' panicked at 'assertion failed: pos.get() <= self.position()', compiler/rustc_metadata/src/rmeta/encoder.rs:435:9
[INFO] [stderr] error: could not compile `tokio-current-thread`
[INFO] [stderr] error: could not compile `tokio-io`
[INFO] [stderr] thread 'rustc' panicked at 'assertion failed: pos.get() <= self.position()', compiler/rustc_metadata/src/rmeta/encoder.rs:435:9
[INFO] [stderr] error: could not compile `mio`
[INFO] running `Command { std: "docker" "inspect" "bd0316d68bb47529c1f54a40edd884e50bf48391951183d5c079920c2905f2a6", kill_on_drop: false }`
[INFO] running `Command { std: "docker" "rm" "-f" "bd0316d68bb47529c1f54a40edd884e50bf48391951183d5c079920c2905f2a6", kill_on_drop: false }`
[INFO] [stdout] bd0316d68bb47529c1f54a40edd884e50bf48391951183d5c079920c2905f2a6
