[INFO] cloning repository https://github.com/coolio-rs/coolio
[INFO] running `Command { std: "git" "-c" "credential.helper=" "-c" "credential.helper=/workspace/cargo-home/bin/git-credential-null" "clone" "--bare" "https://github.com/coolio-rs/coolio" "/workspace/cache/git-repos/https%3A%2F%2Fgithub.com%2Fcoolio-rs%2Fcoolio", kill_on_drop: false }`
[INFO] [stderr] Cloning into bare repository '/workspace/cache/git-repos/https%3A%2F%2Fgithub.com%2Fcoolio-rs%2Fcoolio'...
[INFO] running `Command { std: "git" "rev-parse" "HEAD", kill_on_drop: false }`
[INFO] [stdout] f8a93255d52eb3f73745f266352f533e612f0a21
[INFO] testing coolio-rs/coolio against 1.69.0 for beta-1.70-1
[INFO] running `Command { std: "git" "clone" "/workspace/cache/git-repos/https%3A%2F%2Fgithub.com%2Fcoolio-rs%2Fcoolio" "/workspace/builds/worker-6-tc1/source", kill_on_drop: false }`
[INFO] [stderr] Cloning into '/workspace/builds/worker-6-tc1/source'...
[INFO] [stderr] done.
[INFO] validating manifest of git repo https://github.com/coolio-rs/coolio on toolchain 1.69.0
[INFO] running `Command { std: CARGO_HOME="/workspace/cargo-home" RUSTUP_HOME="/workspace/rustup-home" "/workspace/cargo-home/bin/cargo" "+1.69.0" "metadata" "--manifest-path" "Cargo.toml" "--no-deps", kill_on_drop: false }`
[INFO] started tweaking git repo https://github.com/coolio-rs/coolio
[INFO] finished tweaking git repo https://github.com/coolio-rs/coolio
[INFO] tweaked toml for git repo https://github.com/coolio-rs/coolio written to /workspace/builds/worker-6-tc1/source/Cargo.toml
[INFO] crate git repo https://github.com/coolio-rs/coolio already has a lockfile, it will not be regenerated
[INFO] running `Command { std: CARGO_HOME="/workspace/cargo-home" RUSTUP_HOME="/workspace/rustup-home" "/workspace/cargo-home/bin/cargo" "+1.69.0" "fetch" "--manifest-path" "Cargo.toml", kill_on_drop: false }`
[INFO] [stderr]  Downloading crates ...
[INFO] [stderr]   Downloaded simplecss v0.2.0
[INFO] [stderr]   Downloaded rgb v0.8.20
[INFO] [stderr]   Downloaded unicode-script v0.5.2
[INFO] [stderr]   Downloaded relm v0.20.0
[INFO] [stderr]   Downloaded glib-sys v0.10.0
[INFO] [stderr]   Downloaded gio-sys v0.10.0
[INFO] [stderr]   Downloaded glib-macros v0.10.0
[INFO] [stderr]   Downloaded colorous v1.0.3
[INFO] [stderr]   Downloaded sysinfo v0.15.0
[INFO] [stderr]   Downloaded svgfilters v0.2.0
[INFO] [stderr]   Downloaded xmlparser v0.13.2
[INFO] [stderr]   Downloaded fontdb v0.1.0
[INFO] [stderr]   Downloaded relm-derive v0.20.0
[INFO] [stderr]   Downloaded usvg v0.11.0
[INFO] [stderr]   Downloaded kurbo v0.6.2
[INFO] [stderr]   Downloaded roxmltree v0.13.0
[INFO] [stderr]   Downloaded hidapi v1.2.3
[INFO] [stderr]   Downloaded gdk v0.13.0
[INFO] [stderr]   Downloaded gio v0.9.0
[INFO] [stderr]   Downloaded measurements v0.10.3
[INFO] [stderr]   Downloaded pango v0.9.0
[INFO] [stderr]   Downloaded glib v0.10.1
[INFO] [stderr]   Downloaded system-deps v1.3.1
[INFO] [stderr]   Downloaded gtk v0.9.0
[INFO] [stderr]   Downloaded rustybuzz v0.1.1
[INFO] [stderr]   Downloaded tiny-skia v0.1.0
[INFO] [stderr]   Downloaded resvg v0.11.0
[INFO] running `Command { std: "docker" "create" "-v" "/var/lib/crater-agent-workspace/builds/worker-6-tc1/target:/opt/rustwide/target:rw,Z" "-v" "/var/lib/crater-agent-workspace/builds/worker-6-tc1/source:/opt/rustwide/workdir:ro,Z" "-v" "/var/lib/crater-agent-workspace/cargo-home:/opt/rustwide/cargo-home:ro,Z" "-v" "/var/lib/crater-agent-workspace/rustup-home:/opt/rustwide/rustup-home:ro,Z" "-e" "SOURCE_DIR=/opt/rustwide/workdir" "-e" "CARGO_TARGET_DIR=/opt/rustwide/target" "-e" "CARGO_HOME=/opt/rustwide/cargo-home" "-e" "RUSTUP_HOME=/opt/rustwide/rustup-home" "-w" "/opt/rustwide/workdir" "-m" "1610612736" "--user" "0:0" "--network" "none" "ghcr.io/rust-lang/crates-build-env/linux@sha256:5ff2268d62e97bff2cde7d5815dd6ed5b47097566f13b8d0ca110b04b60e07ed" "/opt/rustwide/cargo-home/bin/cargo" "+1.69.0" "metadata" "--no-deps" "--format-version=1", kill_on_drop: false }`
[INFO] [stdout] 196c2eefb873439c6c5f7a9b221622ded2dad177797014e175be632b24979be0
[INFO] running `Command { std: "docker" "start" "-a" "196c2eefb873439c6c5f7a9b221622ded2dad177797014e175be632b24979be0", kill_on_drop: false }`
[INFO] running `Command { std: "docker" "inspect" "196c2eefb873439c6c5f7a9b221622ded2dad177797014e175be632b24979be0", kill_on_drop: false }`
[INFO] running `Command { std: "docker" "rm" "-f" "196c2eefb873439c6c5f7a9b221622ded2dad177797014e175be632b24979be0", kill_on_drop: false }`
[INFO] [stdout] 196c2eefb873439c6c5f7a9b221622ded2dad177797014e175be632b24979be0
[INFO] running `Command { std: "docker" "create" "-v" "/var/lib/crater-agent-workspace/builds/worker-6-tc1/target:/opt/rustwide/target:rw,Z" "-v" "/var/lib/crater-agent-workspace/builds/worker-6-tc1/source:/opt/rustwide/workdir:ro,Z" "-v" "/var/lib/crater-agent-workspace/cargo-home:/opt/rustwide/cargo-home:ro,Z" "-v" "/var/lib/crater-agent-workspace/rustup-home:/opt/rustwide/rustup-home:ro,Z" "-e" "SOURCE_DIR=/opt/rustwide/workdir" "-e" "CARGO_TARGET_DIR=/opt/rustwide/target" "-e" "CARGO_INCREMENTAL=0" "-e" "RUST_BACKTRACE=full" "-e" "RUSTFLAGS=--cap-lints=warn" "-e" "RUSTDOCFLAGS=--cap-lints=warn" "-e" "CARGO_HOME=/opt/rustwide/cargo-home" "-e" "RUSTUP_HOME=/opt/rustwide/rustup-home" "-w" "/opt/rustwide/workdir" "-m" "1610612736" "--user" "0:0" "--network" "none" "ghcr.io/rust-lang/crates-build-env/linux@sha256:5ff2268d62e97bff2cde7d5815dd6ed5b47097566f13b8d0ca110b04b60e07ed" "/opt/rustwide/cargo-home/bin/cargo" "+1.69.0" "build" "--frozen" "--message-format=json", kill_on_drop: false }`
[INFO] [stdout] be052d21e127590316f2a6ac4ec6a7e6324b0aaa3bfce3d7e5365b1dcabc4b22
[INFO] running `Command { std: "docker" "start" "-a" "be052d21e127590316f2a6ac4ec6a7e6324b0aaa3bfce3d7e5365b1dcabc4b22", kill_on_drop: false }`
[INFO] [stderr]     Blocking waiting for file lock on package cache
[INFO] [stderr]    Compiling proc-macro2 v1.0.39
[INFO] [stderr]    Compiling unicode-ident v1.0.1
[INFO] [stderr]    Compiling syn v1.0.96
[INFO] [stderr]    Compiling serde_derive v1.0.114
[INFO] [stderr]    Compiling serde v1.0.114
[INFO] [stderr]    Compiling pkg-config v0.3.17
[INFO] [stderr]    Compiling libc v0.2.79
[INFO] [stderr]    Compiling unicode-segmentation v1.6.0
[INFO] [stderr]    Compiling version-compare v0.0.10
[INFO] [stderr]    Compiling strum v0.18.0
[INFO] [stderr]    Compiling cfg-if v0.1.10
[INFO] [stderr]    Compiling memchr v2.3.3
[INFO] [stderr]    Compiling autocfg v1.0.0
[INFO] [stderr]    Compiling bitflags v1.2.1
[INFO] [stderr]    Compiling version_check v0.9.2
[INFO] [stderr]    Compiling futures-core v0.3.21
[INFO] [stderr]    Compiling futures-task v0.3.21
[INFO] [stderr]    Compiling futures-channel v0.3.21
[INFO] [stderr]    Compiling either v1.5.3
[INFO] [stderr] LLVM ERROR: IO failure on output stream: No space left on device
[INFO] [stdout] error: couldn't create a temp dir: No space left on device (os error 28) at path "/tmp/rustcBaM2oJ"
[INFO] [stdout] 
[INFO] [stdout] 
[INFO] [stderr] LLVM ERROR: IO failure on output stream: No space left on device
[INFO] [stderr] LLVM ERROR: IO failure on output stream: No space left on device
[INFO] [stderr] LLVM ERROR: IO failure on output stream: No space left on device
[INFO] [stderr] error: could not compile `either` due to previous error
[INFO] [stderr] warning: build failed, waiting for other jobs to finish...
[INFO] [stderr] error: could not compile `futures-channel`
[INFO] [stderr] error: could not compile `futures-task`
[INFO] [stdout] error: linking with `cc` failed: exit status: 1
[INFO] [stdout]   |
[INFO] [stdout]   = note: LC_ALL="C" PATH="/opt/rustwide/rustup-home/toolchains/1.69.0-x86_64-unknown-linux-gnu/lib/rustlib/x86_64-unknown-linux-gnu/bin:/opt/rustwide/cargo-home/bin:/usr/local/sbin:/usr/local/bin:/usr/sbin:/usr/bin:/sbin:/bin" VSLANG="1033" "cc" "-m64" "/tmp/rustclBAz6K/symbols.o" "/opt/rustwide/target/debug/build/futures-core-6eb17c35e0d2515f/build_script_build-6eb17c35e0d2515f.build_script_build.68f3260a-cgu.0.rcgu.o" "/opt/rustwide/target/debug/build/futures-core-6eb17c35e0d2515f/build_script_build-6eb17c35e0d2515f.build_script_build.68f3260a-cgu.1.rcgu.o" "/opt/rustwide/target/debug/build/futures-core-6eb17c35e0d2515f/build_script_build-6eb17c35e0d2515f.build_script_build.68f3260a-cgu.10.rcgu.o" "/opt/rustwide/target/debug/build/futures-core-6eb17c35e0d2515f/build_script_build-6eb17c35e0d2515f.build_script_build.68f3260a-cgu.11.rcgu.o" "/opt/rustwide/target/debug/build/futures-core-6eb17c35e0d2515f/build_script_build-6eb17c35e0d2515f.build_script_build.68f3260a-cgu.12.rcgu.o" "/opt/rustwide/target/debug/build/futures-core-6eb17c35e0d2515f/build_script_build-6eb17c35e0d2515f.build_script_build.68f3260a-cgu.13.rcgu.o" "/opt/rustwide/target/debug/build/futures-core-6eb17c35e0d2515f/build_script_build-6eb17c35e0d2515f.build_script_build.68f3260a-cgu.14.rcgu.o" "/opt/rustwide/target/debug/build/futures-core-6eb17c35e0d2515f/build_script_build-6eb17c35e0d2515f.build_script_build.68f3260a-cgu.15.rcgu.o" "/opt/rustwide/target/debug/build/futures-core-6eb17c35e0d2515f/build_script_build-6eb17c35e0d2515f.build_script_build.68f3260a-cgu.2.rcgu.o" "/opt/rustwide/target/debug/build/futures-core-6eb17c35e0d2515f/build_script_build-6eb17c35e0d2515f.build_script_build.68f3260a-cgu.3.rcgu.o" "/opt/rustwide/target/debug/build/futures-core-6eb17c35e0d2515f/build_script_build-6eb17c35e0d2515f.build_script_build.68f3260a-cgu.4.rcgu.o" "/opt/rustwide/target/debug/build/futures-core-6eb17c35e0d2515f/build_script_build-6eb17c35e0d2515f.build_script_build.68f3260a-cgu.5.rcgu.o" "/opt/rustwide/target/debug/build/futures-core-6eb17c35e0d2515f/build_script_build-6eb17c35e0d2515f.build_script_build.68f3260a-cgu.6.rcgu.o" "/opt/rustwide/target/debug/build/futures-core-6eb17c35e0d2515f/build_script_build-6eb17c35e0d2515f.build_script_build.68f3260a-cgu.7.rcgu.o" "/opt/rustwide/target/debug/build/futures-core-6eb17c35e0d2515f/build_script_build-6eb17c35e0d2515f.build_script_build.68f3260a-cgu.8.rcgu.o" "/opt/rustwide/target/debug/build/futures-core-6eb17c35e0d2515f/build_script_build-6eb17c35e0d2515f.build_script_build.68f3260a-cgu.9.rcgu.o" "/opt/rustwide/target/debug/build/futures-core-6eb17c35e0d2515f/build_script_build-6eb17c35e0d2515f.231i7sh6o8nizlbo.rcgu.o" "-Wl,--as-needed" "-L" "/opt/rustwide/target/debug/deps" "-L" "/opt/rustwide/rustup-home/toolchains/1.69.0-x86_64-unknown-linux-gnu/lib/rustlib/x86_64-unknown-linux-gnu/lib" "-Wl,-Bstatic" "/opt/rustwide/rustup-home/toolchains/1.69.0-x86_64-unknown-linux-gnu/lib/rustlib/x86_64-unknown-linux-gnu/lib/libstd-89bc084783fdc439.rlib" "/opt/rustwide/rustup-home/toolchains/1.69.0-x86_64-unknown-linux-gnu/lib/rustlib/x86_64-unknown-linux-gnu/lib/libpanic_unwind-8bee4b287d4367c1.rlib" "/opt/rustwide/rustup-home/toolchains/1.69.0-x86_64-unknown-linux-gnu/lib/rustlib/x86_64-unknown-linux-gnu/lib/libobject-d61707aed80694c0.rlib" "/opt/rustwide/rustup-home/toolchains/1.69.0-x86_64-unknown-linux-gnu/lib/rustlib/x86_64-unknown-linux-gnu/lib/libmemchr-d85366256f22345b.rlib" "/opt/rustwide/rustup-home/toolchains/1.69.0-x86_64-unknown-linux-gnu/lib/rustlib/x86_64-unknown-linux-gnu/lib/libaddr2line-96069b86b8a8cae9.rlib" "/opt/rustwide/rustup-home/toolchains/1.69.0-x86_64-unknown-linux-gnu/lib/rustlib/x86_64-unknown-linux-gnu/lib/libgimli-d19d53abf68dfa6c.rlib" "/opt/rustwide/rustup-home/toolchains/1.69.0-x86_64-unknown-linux-gnu/lib/rustlib/x86_64-unknown-linux-gnu/lib/librustc_demangle-787cbccd19d64ac6.rlib" "/opt/rustwide/rustup-home/toolchains/1.69.0-x86_64-unknown-linux-gnu/lib/rustlib/x86_64-unknown-linux-gnu/lib/libstd_detect-b3837a36b830e0d0.rlib" "/opt/rustwide/rustup-home/toolchains/1.69.0-x86_64-unknown-linux-gnu/lib/rustlib/x86_64-unknown-linux-gnu/lib/libhashbrown-e3deb0e7e3f04966.rlib" "/opt/rustwide/rustup-home/toolchains/1.69.0-x86_64-unknown-linux-gnu/lib/rustlib/x86_64-unknown-linux-gnu/lib/libminiz_oxide-dabbb79c9815def4.rlib" "/opt/rustwide/rustup-home/toolchains/1.69.0-x86_64-unknown-linux-gnu/lib/rustlib/x86_64-unknown-linux-gnu/lib/libadler-305b01f34c9409f2.rlib" "/opt/rustwide/rustup-home/toolchains/1.69.0-x86_64-unknown-linux-gnu/lib/rustlib/x86_64-unknown-linux-gnu/lib/librustc_std_workspace_alloc-f833521df6074e73.rlib" "/opt/rustwide/rustup-home/toolchains/1.69.0-x86_64-unknown-linux-gnu/lib/rustlib/x86_64-unknown-linux-gnu/lib/libunwind-9ac333113350d171.rlib" "/opt/rustwide/rustup-home/toolchains/1.69.0-x86_64-unknown-linux-gnu/lib/rustlib/x86_64-unknown-linux-gnu/lib/libcfg_if-1c126114322d0eee.rlib" "/opt/rustwide/rustup-home/toolchains/1.69.0-x86_64-unknown-linux-gnu/lib/rustlib/x86_64-unknown-linux-gnu/lib/liblibc-bad9164fdeeecf92.rlib" "/opt/rustwide/rustup-home/toolchains/1.69.0-x86_64-unknown-linux-gnu/lib/rustlib/x86_64-unknown-linux-gnu/lib/liballoc-f9374b1e480fa681.rlib" "/opt/rustwide/rustup-home/toolchains/1.69.0-x86_64-unknown-linux-gnu/lib/rustlib/x86_64-unknown-linux-gnu/lib/librustc_std_workspace_core-207f06e41d9603af.rlib" "/opt/rustwide/rustup-home/toolchains/1.69.0-x86_64-unknown-linux-gnu/lib/rustlib/x86_64-unknown-linux-gnu/lib/libcore-7e2768e66e984e85.rlib" "/opt/rustwide/rustup-home/toolchains/1.69.0-x86_64-unknown-linux-gnu/lib/rustlib/x86_64-unknown-linux-gnu/lib/libcompiler_builtins-957b4aff41f8cd46.rlib" "-Wl,-Bdynamic" "-lgcc_s" "-lutil" "-lrt" "-lpthread" "-lm" "-ldl" "-lc" "-Wl,--eh-frame-hdr" "-Wl,-z,noexecstack" "-L" "/opt/rustwide/rustup-home/toolchains/1.69.0-x86_64-unknown-linux-gnu/lib/rustlib/x86_64-unknown-linux-gnu/lib" "-o" "/opt/rustwide/target/debug/build/futures-core-6eb17c35e0d2515f/build_script_build-6eb17c35e0d2515f" "-Wl,--gc-sections" "-pie" "-Wl,-z,relro,-z,now" "-nodefaultlibs"
[INFO] [stdout]   = note: /usr/bin/ld: final link failed: No space left on device
[INFO] [stdout]           collect2: error: ld returned 1 exit status
[INFO] [stdout]           
[INFO] [stdout] 
[INFO] [stdout] 
[INFO] [stderr] error: could not compile `futures-core` due to previous error
[INFO] [stderr] error: could not compile `version-compare`
[INFO] [stderr] LLVM ERROR: IO failure on output stream: No space left on device
[INFO] [stdout] error: linking with `cc` failed: exit status: 1
[INFO] [stdout]   |
[INFO] [stdout]   = note: LC_ALL="C" PATH="/opt/rustwide/rustup-home/toolchains/1.69.0-x86_64-unknown-linux-gnu/lib/rustlib/x86_64-unknown-linux-gnu/bin:/opt/rustwide/cargo-home/bin:/usr/local/sbin:/usr/local/bin:/usr/sbin:/usr/bin:/sbin:/bin" VSLANG="1033" "cc" "-m64" "/tmp/rustcs10WiS/symbols.o" "/opt/rustwide/target/debug/build/bitflags-dd524883b75aa422/build_script_build-dd524883b75aa422.build_script_build.734da6b5-cgu.0.rcgu.o" "/opt/rustwide/target/debug/build/bitflags-dd524883b75aa422/build_script_build-dd524883b75aa422.build_script_build.734da6b5-cgu.1.rcgu.o" "/opt/rustwide/target/debug/build/bitflags-dd524883b75aa422/build_script_build-dd524883b75aa422.build_script_build.734da6b5-cgu.10.rcgu.o" "/opt/rustwide/target/debug/build/bitflags-dd524883b75aa422/build_script_build-dd524883b75aa422.build_script_build.734da6b5-cgu.11.rcgu.o" "/opt/rustwide/target/debug/build/bitflags-dd524883b75aa422/build_script_build-dd524883b75aa422.build_script_build.734da6b5-cgu.12.rcgu.o" "/opt/rustwide/target/debug/build/bitflags-dd524883b75aa422/build_script_build-dd524883b75aa422.build_script_build.734da6b5-cgu.13.rcgu.o" "/opt/rustwide/target/debug/build/bitflags-dd524883b75aa422/build_script_build-dd524883b75aa422.build_script_build.734da6b5-cgu.14.rcgu.o" "/opt/rustwide/target/debug/build/bitflags-dd524883b75aa422/build_script_build-dd524883b75aa422.build_script_build.734da6b5-cgu.15.rcgu.o" "/opt/rustwide/target/debug/build/bitflags-dd524883b75aa422/build_script_build-dd524883b75aa422.build_script_build.734da6b5-cgu.2.rcgu.o" "/opt/rustwide/target/debug/build/bitflags-dd524883b75aa422/build_script_build-dd524883b75aa422.build_script_build.734da6b5-cgu.3.rcgu.o" "/opt/rustwide/target/debug/build/bitflags-dd524883b75aa422/build_script_build-dd524883b75aa422.build_script_build.734da6b5-cgu.4.rcgu.o" "/opt/rustwide/target/debug/build/bitflags-dd524883b75aa422/build_script_build-dd524883b75aa422.build_script_build.734da6b5-cgu.5.rcgu.o" "/opt/rustwide/target/debug/build/bitflags-dd524883b75aa422/build_script_build-dd524883b75aa422.build_script_build.734da6b5-cgu.6.rcgu.o" "/opt/rustwide/target/debug/build/bitflags-dd524883b75aa422/build_script_build-dd524883b75aa422.build_script_build.734da6b5-cgu.7.rcgu.o" "/opt/rustwide/target/debug/build/bitflags-dd524883b75aa422/build_script_build-dd524883b75aa422.build_script_build.734da6b5-cgu.8.rcgu.o" "/opt/rustwide/target/debug/build/bitflags-dd524883b75aa422/build_script_build-dd524883b75aa422.build_script_build.734da6b5-cgu.9.rcgu.o" "/opt/rustwide/target/debug/build/bitflags-dd524883b75aa422/build_script_build-dd524883b75aa422.135vj3djft1tiw7n.rcgu.o" "-Wl,--as-needed" "-L" "/opt/rustwide/target/debug/deps" "-L" "/opt/rustwide/rustup-home/toolchains/1.69.0-x86_64-unknown-linux-gnu/lib/rustlib/x86_64-unknown-linux-gnu/lib" "-Wl,-Bstatic" "/opt/rustwide/rustup-home/toolchains/1.69.0-x86_64-unknown-linux-gnu/lib/rustlib/x86_64-unknown-linux-gnu/lib/libstd-89bc084783fdc439.rlib" "/opt/rustwide/rustup-home/toolchains/1.69.0-x86_64-unknown-linux-gnu/lib/rustlib/x86_64-unknown-linux-gnu/lib/libpanic_unwind-8bee4b287d4367c1.rlib" "/opt/rustwide/rustup-home/toolchains/1.69.0-x86_64-unknown-linux-gnu/lib/rustlib/x86_64-unknown-linux-gnu/lib/libobject-d61707aed80694c0.rlib" "/opt/rustwide/rustup-home/toolchains/1.69.0-x86_64-unknown-linux-gnu/lib/rustlib/x86_64-unknown-linux-gnu/lib/libmemchr-d85366256f22345b.rlib" "/opt/rustwide/rustup-home/toolchains/1.69.0-x86_64-unknown-linux-gnu/lib/rustlib/x86_64-unknown-linux-gnu/lib/libaddr2line-96069b86b8a8cae9.rlib" "/opt/rustwide/rustup-home/toolchains/1.69.0-x86_64-unknown-linux-gnu/lib/rustlib/x86_64-unknown-linux-gnu/lib/libgimli-d19d53abf68dfa6c.rlib" "/opt/rustwide/rustup-home/toolchains/1.69.0-x86_64-unknown-linux-gnu/lib/rustlib/x86_64-unknown-linux-gnu/lib/librustc_demangle-787cbccd19d64ac6.rlib" "/opt/rustwide/rustup-home/toolchains/1.69.0-x86_64-unknown-linux-gnu/lib/rustlib/x86_64-unknown-linux-gnu/lib/libstd_detect-b3837a36b830e0d0.rlib" "/opt/rustwide/rustup-home/toolchains/1.69.0-x86_64-unknown-linux-gnu/lib/rustlib/x86_64-unknown-linux-gnu/lib/libhashbrown-e3deb0e7e3f04966.rlib" "/opt/rustwide/rustup-home/toolchains/1.69.0-x86_64-unknown-linux-gnu/lib/rustlib/x86_64-unknown-linux-gnu/lib/libminiz_oxide-dabbb79c9815def4.rlib" "/opt/rustwide/rustup-home/toolchains/1.69.0-x86_64-unknown-linux-gnu/lib/rustlib/x86_64-unknown-linux-gnu/lib/libadler-305b01f34c9409f2.rlib" "/opt/rustwide/rustup-home/toolchains/1.69.0-x86_64-unknown-linux-gnu/lib/rustlib/x86_64-unknown-linux-gnu/lib/librustc_std_workspace_alloc-f833521df6074e73.rlib" "/opt/rustwide/rustup-home/toolchains/1.69.0-x86_64-unknown-linux-gnu/lib/rustlib/x86_64-unknown-linux-gnu/lib/libunwind-9ac333113350d171.rlib" "/opt/rustwide/rustup-home/toolchains/1.69.0-x86_64-unknown-linux-gnu/lib/rustlib/x86_64-unknown-linux-gnu/lib/libcfg_if-1c126114322d0eee.rlib" "/opt/rustwide/rustup-home/toolchains/1.69.0-x86_64-unknown-linux-gnu/lib/rustlib/x86_64-unknown-linux-gnu/lib/liblibc-bad9164fdeeecf92.rlib" "/opt/rustwide/rustup-home/toolchains/1.69.0-x86_64-unknown-linux-gnu/lib/rustlib/x86_64-unknown-linux-gnu/lib/liballoc-f9374b1e480fa681.rlib" "/opt/rustwide/rustup-home/toolchains/1.69.0-x86_64-unknown-linux-gnu/lib/rustlib/x86_64-unknown-linux-gnu/lib/librustc_std_workspace_core-207f06e41d9603af.rlib" "/opt/rustwide/rustup-home/toolchains/1.69.0-x86_64-unknown-linux-gnu/lib/rustlib/x86_64-unknown-linux-gnu/lib/libcore-7e2768e66e984e85.rlib" "/opt/rustwide/rustup-home/toolchains/1.69.0-x86_64-unknown-linux-gnu/lib/rustlib/x86_64-unknown-linux-gnu/lib/libcompiler_builtins-957b4aff41f8cd46.rlib" "-Wl,-Bdynamic" "-lgcc_s" "-lutil" "-lrt" "-lpthread" "-lm" "-ldl" "-lc" "-Wl,--eh-frame-hdr" "-Wl,-z,noexecstack" "-L" "/opt/rustwide/rustup-home/toolchains/1.69.0-x86_64-unknown-linux-gnu/lib/rustlib/x86_64-unknown-linux-gnu/lib" "-o" "/opt/rustwide/target/debug/build/bitflags-dd524883b75aa422/build_script_build-dd524883b75aa422" "-Wl,--gc-sections" "-pie" "-Wl,-z,relro,-z,now" "-nodefaultlibs"
[INFO] [stdout]   = note: /usr/bin/ld: final link failed: No space left on device
[INFO] [stdout]           collect2: error: ld returned 1 exit status
[INFO] [stdout]           
[INFO] [stdout] 
[INFO] [stdout] 
[INFO] [stderr] error: could not compile `version_check`
[INFO] [stderr] error: could not compile `bitflags` due to previous error
[INFO] [stderr] LLVM ERROR: IO failure on output stream: No space left on device
[INFO] [stderr] error: could not compile `autocfg`
[INFO] [stderr] error: could not compile `pkg-config`
[INFO] [stdout] error: linking with `cc` failed: exit status: 1
[INFO] [stdout]   |
[INFO] [stdout]   = note: LC_ALL="C" PATH="/opt/rustwide/rustup-home/toolchains/1.69.0-x86_64-unknown-linux-gnu/lib/rustlib/x86_64-unknown-linux-gnu/bin:/opt/rustwide/cargo-home/bin:/usr/local/sbin:/usr/local/bin:/usr/sbin:/usr/bin:/sbin:/bin" VSLANG="1033" "cc" "-m64" "/tmp/rustcwdC59d/symbols.o" "/opt/rustwide/target/debug/build/memchr-0d78583efdbaba58/build_script_build-0d78583efdbaba58.build_script_build.03f0bf11-cgu.0.rcgu.o" "/opt/rustwide/target/debug/build/memchr-0d78583efdbaba58/build_script_build-0d78583efdbaba58.build_script_build.03f0bf11-cgu.1.rcgu.o" "/opt/rustwide/target/debug/build/memchr-0d78583efdbaba58/build_script_build-0d78583efdbaba58.build_script_build.03f0bf11-cgu.10.rcgu.o" "/opt/rustwide/target/debug/build/memchr-0d78583efdbaba58/build_script_build-0d78583efdbaba58.build_script_build.03f0bf11-cgu.11.rcgu.o" "/opt/rustwide/target/debug/build/memchr-0d78583efdbaba58/build_script_build-0d78583efdbaba58.build_script_build.03f0bf11-cgu.12.rcgu.o" "/opt/rustwide/target/debug/build/memchr-0d78583efdbaba58/build_script_build-0d78583efdbaba58.build_script_build.03f0bf11-cgu.13.rcgu.o" "/opt/rustwide/target/debug/build/memchr-0d78583efdbaba58/build_script_build-0d78583efdbaba58.build_script_build.03f0bf11-cgu.14.rcgu.o" "/opt/rustwide/target/debug/build/memchr-0d78583efdbaba58/build_script_build-0d78583efdbaba58.build_script_build.03f0bf11-cgu.15.rcgu.o" "/opt/rustwide/target/debug/build/memchr-0d78583efdbaba58/build_script_build-0d78583efdbaba58.build_script_build.03f0bf11-cgu.2.rcgu.o" "/opt/rustwide/target/debug/build/memchr-0d78583efdbaba58/build_script_build-0d78583efdbaba58.build_script_build.03f0bf11-cgu.3.rcgu.o" "/opt/rustwide/target/debug/build/memchr-0d78583efdbaba58/build_script_build-0d78583efdbaba58.build_script_build.03f0bf11-cgu.4.rcgu.o" "/opt/rustwide/target/debug/build/memchr-0d78583efdbaba58/build_script_build-0d78583efdbaba58.build_script_build.03f0bf11-cgu.5.rcgu.o" "/opt/rustwide/target/debug/build/memchr-0d78583efdbaba58/build_script_build-0d78583efdbaba58.build_script_build.03f0bf11-cgu.6.rcgu.o" "/opt/rustwide/target/debug/build/memchr-0d78583efdbaba58/build_script_build-0d78583efdbaba58.build_script_build.03f0bf11-cgu.7.rcgu.o" "/opt/rustwide/target/debug/build/memchr-0d78583efdbaba58/build_script_build-0d78583efdbaba58.build_script_build.03f0bf11-cgu.8.rcgu.o" "/opt/rustwide/target/debug/build/memchr-0d78583efdbaba58/build_script_build-0d78583efdbaba58.build_script_build.03f0bf11-cgu.9.rcgu.o" "/opt/rustwide/target/debug/build/memchr-0d78583efdbaba58/build_script_build-0d78583efdbaba58.4sd4u1k1i621pp3t.rcgu.o" "-Wl,--as-needed" "-L" "/opt/rustwide/target/debug/deps" "-L" "/opt/rustwide/rustup-home/toolchains/1.69.0-x86_64-unknown-linux-gnu/lib/rustlib/x86_64-unknown-linux-gnu/lib" "-Wl,-Bstatic" "/opt/rustwide/rustup-home/toolchains/1.69.0-x86_64-unknown-linux-gnu/lib/rustlib/x86_64-unknown-linux-gnu/lib/libstd-89bc084783fdc439.rlib" "/opt/rustwide/rustup-home/toolchains/1.69.0-x86_64-unknown-linux-gnu/lib/rustlib/x86_64-unknown-linux-gnu/lib/libpanic_unwind-8bee4b287d4367c1.rlib" "/opt/rustwide/rustup-home/toolchains/1.69.0-x86_64-unknown-linux-gnu/lib/rustlib/x86_64-unknown-linux-gnu/lib/libobject-d61707aed80694c0.rlib" "/opt/rustwide/rustup-home/toolchains/1.69.0-x86_64-unknown-linux-gnu/lib/rustlib/x86_64-unknown-linux-gnu/lib/libmemchr-d85366256f22345b.rlib" "/opt/rustwide/rustup-home/toolchains/1.69.0-x86_64-unknown-linux-gnu/lib/rustlib/x86_64-unknown-linux-gnu/lib/libaddr2line-96069b86b8a8cae9.rlib" "/opt/rustwide/rustup-home/toolchains/1.69.0-x86_64-unknown-linux-gnu/lib/rustlib/x86_64-unknown-linux-gnu/lib/libgimli-d19d53abf68dfa6c.rlib" "/opt/rustwide/rustup-home/toolchains/1.69.0-x86_64-unknown-linux-gnu/lib/rustlib/x86_64-unknown-linux-gnu/lib/librustc_demangle-787cbccd19d64ac6.rlib" "/opt/rustwide/rustup-home/toolchains/1.69.0-x86_64-unknown-linux-gnu/lib/rustlib/x86_64-unknown-linux-gnu/lib/libstd_detect-b3837a36b830e0d0.rlib" "/opt/rustwide/rustup-home/toolchains/1.69.0-x86_64-unknown-linux-gnu/lib/rustlib/x86_64-unknown-linux-gnu/lib/libhashbrown-e3deb0e7e3f04966.rlib" "/opt/rustwide/rustup-home/toolchains/1.69.0-x86_64-unknown-linux-gnu/lib/rustlib/x86_64-unknown-linux-gnu/lib/libminiz_oxide-dabbb79c9815def4.rlib" "/opt/rustwide/rustup-home/toolchains/1.69.0-x86_64-unknown-linux-gnu/lib/rustlib/x86_64-unknown-linux-gnu/lib/libadler-305b01f34c9409f2.rlib" "/opt/rustwide/rustup-home/toolchains/1.69.0-x86_64-unknown-linux-gnu/lib/rustlib/x86_64-unknown-linux-gnu/lib/librustc_std_workspace_alloc-f833521df6074e73.rlib" "/opt/rustwide/rustup-home/toolchains/1.69.0-x86_64-unknown-linux-gnu/lib/rustlib/x86_64-unknown-linux-gnu/lib/libunwind-9ac333113350d171.rlib" "/opt/rustwide/rustup-home/toolchains/1.69.0-x86_64-unknown-linux-gnu/lib/rustlib/x86_64-unknown-linux-gnu/lib/libcfg_if-1c126114322d0eee.rlib" "/opt/rustwide/rustup-home/toolchains/1.69.0-x86_64-unknown-linux-gnu/lib/rustlib/x86_64-unknown-linux-gnu/lib/liblibc-bad9164fdeeecf92.rlib" "/opt/rustwide/rustup-home/toolchains/1.69.0-x86_64-unknown-linux-gnu/lib/rustlib/x86_64-unknown-linux-gnu/lib/liballoc-f9374b1e480fa681.rlib" "/opt/rustwide/rustup-home/toolchains/1.69.0-x86_64-unknown-linux-gnu/lib/rustlib/x86_64-unknown-linux-gnu/lib/librustc_std_workspace_core-207f06e41d9603af.rlib" "/opt/rustwide/rustup-home/toolchains/1.69.0-x86_64-unknown-linux-gnu/lib/rustlib/x86_64-unknown-linux-gnu/lib/libcore-7e2768e66e984e85.rlib" "/opt/rustwide/rustup-home/toolchains/1.69.0-x86_64-unknown-linux-gnu/lib/rustlib/x86_64-unknown-linux-gnu/lib/libcompiler_builtins-957b4aff41f8cd46.rlib" "-Wl,-Bdynamic" "-lgcc_s" "-lutil" "-lrt" "-lpthread" "-lm" "-ldl" "-lc" "-Wl,--eh-frame-hdr" "-Wl,-z,noexecstack" "-L" "/opt/rustwide/rustup-home/toolchains/1.69.0-x86_64-unknown-linux-gnu/lib/rustlib/x86_64-unknown-linux-gnu/lib" "-o" "/opt/rustwide/target/debug/build/memchr-0d78583efdbaba58/build_script_build-0d78583efdbaba58" "-Wl,--gc-sections" "-pie" "-Wl,-z,relro,-z,now" "-nodefaultlibs"
[INFO] [stdout]   = note: /usr/bin/ld: final link failed: No space left on device
[INFO] [stdout]           collect2: error: ld returned 1 exit status
[INFO] [stdout]           
[INFO] [stdout] 
[INFO] [stdout] 
[INFO] [stderr] error: could not compile `memchr` due to previous error
[INFO] [stdout] error: couldn't create a temp dir: No space left on device (os error 28) at path "/opt/rustwide/target/debug/deps/rmetaSR19zp"
[INFO] [stdout] 
[INFO] [stdout] 
[INFO] [stdout] error: linking with `cc` failed: exit status: 1
[INFO] [stdout]   |
[INFO] [stdout]   = note: LC_ALL="C" PATH="/opt/rustwide/rustup-home/toolchains/1.69.0-x86_64-unknown-linux-gnu/lib/rustlib/x86_64-unknown-linux-gnu/bin:/opt/rustwide/cargo-home/bin:/usr/local/sbin:/usr/local/bin:/usr/sbin:/usr/bin:/sbin:/bin" VSLANG="1033" "cc" "-m64" "/tmp/rustcxQAXnA/symbols.o" "/opt/rustwide/target/debug/build/serde_derive-690ec1fbe23d6971/build_script_build-690ec1fbe23d6971.build_script_build.8a5ee9bd-cgu.0.rcgu.o" "/opt/rustwide/target/debug/build/serde_derive-690ec1fbe23d6971/build_script_build-690ec1fbe23d6971.build_script_build.8a5ee9bd-cgu.1.rcgu.o" "/opt/rustwide/target/debug/build/serde_derive-690ec1fbe23d6971/build_script_build-690ec1fbe23d6971.build_script_build.8a5ee9bd-cgu.10.rcgu.o" "/opt/rustwide/target/debug/build/serde_derive-690ec1fbe23d6971/build_script_build-690ec1fbe23d6971.build_script_build.8a5ee9bd-cgu.11.rcgu.o" "/opt/rustwide/target/debug/build/serde_derive-690ec1fbe23d6971/build_script_build-690ec1fbe23d6971.build_script_build.8a5ee9bd-cgu.12.rcgu.o" "/opt/rustwide/target/debug/build/serde_derive-690ec1fbe23d6971/build_script_build-690ec1fbe23d6971.build_script_build.8a5ee9bd-cgu.13.rcgu.o" "/opt/rustwide/target/debug/build/serde_derive-690ec1fbe23d6971/build_script_build-690ec1fbe23d6971.build_script_build.8a5ee9bd-cgu.14.rcgu.o" "/opt/rustwide/target/debug/build/serde_derive-690ec1fbe23d6971/build_script_build-690ec1fbe23d6971.build_script_build.8a5ee9bd-cgu.15.rcgu.o" "/opt/rustwide/target/debug/build/serde_derive-690ec1fbe23d6971/build_script_build-690ec1fbe23d6971.build_script_build.8a5ee9bd-cgu.2.rcgu.o" "/opt/rustwide/target/debug/build/serde_derive-690ec1fbe23d6971/build_script_build-690ec1fbe23d6971.build_script_build.8a5ee9bd-cgu.3.rcgu.o" "/opt/rustwide/target/debug/build/serde_derive-690ec1fbe23d6971/build_script_build-690ec1fbe23d6971.build_script_build.8a5ee9bd-cgu.4.rcgu.o" "/opt/rustwide/target/debug/build/serde_derive-690ec1fbe23d6971/build_script_build-690ec1fbe23d6971.build_script_build.8a5ee9bd-cgu.5.rcgu.o" "/opt/rustwide/target/debug/build/serde_derive-690ec1fbe23d6971/build_script_build-690ec1fbe23d6971.build_script_build.8a5ee9bd-cgu.6.rcgu.o" "/opt/rustwide/target/debug/build/serde_derive-690ec1fbe23d6971/build_script_build-690ec1fbe23d6971.build_script_build.8a5ee9bd-cgu.7.rcgu.o" "/opt/rustwide/target/debug/build/serde_derive-690ec1fbe23d6971/build_script_build-690ec1fbe23d6971.build_script_build.8a5ee9bd-cgu.8.rcgu.o" "/opt/rustwide/target/debug/build/serde_derive-690ec1fbe23d6971/build_script_build-690ec1fbe23d6971.build_script_build.8a5ee9bd-cgu.9.rcgu.o" "/opt/rustwide/target/debug/build/serde_derive-690ec1fbe23d6971/build_script_build-690ec1fbe23d6971.1yf3zrkgaoa4q6d2.rcgu.o" "-Wl,--as-needed" "-L" "/opt/rustwide/target/debug/deps" "-L" "/opt/rustwide/rustup-home/toolchains/1.69.0-x86_64-unknown-linux-gnu/lib/rustlib/x86_64-unknown-linux-gnu/lib" "-Wl,-Bstatic" "/opt/rustwide/rustup-home/toolchains/1.69.0-x86_64-unknown-linux-gnu/lib/rustlib/x86_64-unknown-linux-gnu/lib/libstd-89bc084783fdc439.rlib" "/opt/rustwide/rustup-home/toolchains/1.69.0-x86_64-unknown-linux-gnu/lib/rustlib/x86_64-unknown-linux-gnu/lib/libpanic_unwind-8bee4b287d4367c1.rlib" "/opt/rustwide/rustup-home/toolchains/1.69.0-x86_64-unknown-linux-gnu/lib/rustlib/x86_64-unknown-linux-gnu/lib/libobject-d61707aed80694c0.rlib" "/opt/rustwide/rustup-home/toolchains/1.69.0-x86_64-unknown-linux-gnu/lib/rustlib/x86_64-unknown-linux-gnu/lib/libmemchr-d85366256f22345b.rlib" "/opt/rustwide/rustup-home/toolchains/1.69.0-x86_64-unknown-linux-gnu/lib/rustlib/x86_64-unknown-linux-gnu/lib/libaddr2line-96069b86b8a8cae9.rlib" "/opt/rustwide/rustup-home/toolchains/1.69.0-x86_64-unknown-linux-gnu/lib/rustlib/x86_64-unknown-linux-gnu/lib/libgimli-d19d53abf68dfa6c.rlib" "/opt/rustwide/rustup-home/toolchains/1.69.0-x86_64-unknown-linux-gnu/lib/rustlib/x86_64-unknown-linux-gnu/lib/librustc_demangle-787cbccd19d64ac6.rlib" "/opt/rustwide/rustup-home/toolchains/1.69.0-x86_64-unknown-linux-gnu/lib/rustlib/x86_64-unknown-linux-gnu/lib/libstd_detect-b3837a36b830e0d0.rlib" "/opt/rustwide/rustup-home/toolchains/1.69.0-x86_64-unknown-linux-gnu/lib/rustlib/x86_64-unknown-linux-gnu/lib/libhashbrown-e3deb0e7e3f04966.rlib" "/opt/rustwide/rustup-home/toolchains/1.69.0-x86_64-unknown-linux-gnu/lib/rustlib/x86_64-unknown-linux-gnu/lib/libminiz_oxide-dabbb79c9815def4.rlib" "/opt/rustwide/rustup-home/toolchains/1.69.0-x86_64-unknown-linux-gnu/lib/rustlib/x86_64-unknown-linux-gnu/lib/libadler-305b01f34c9409f2.rlib" "/opt/rustwide/rustup-home/toolchains/1.69.0-x86_64-unknown-linux-gnu/lib/rustlib/x86_64-unknown-linux-gnu/lib/librustc_std_workspace_alloc-f833521df6074e73.rlib" "/opt/rustwide/rustup-home/toolchains/1.69.0-x86_64-unknown-linux-gnu/lib/rustlib/x86_64-unknown-linux-gnu/lib/libunwind-9ac333113350d171.rlib" "/opt/rustwide/rustup-home/toolchains/1.69.0-x86_64-unknown-linux-gnu/lib/rustlib/x86_64-unknown-linux-gnu/lib/libcfg_if-1c126114322d0eee.rlib" "/opt/rustwide/rustup-home/toolchains/1.69.0-x86_64-unknown-linux-gnu/lib/rustlib/x86_64-unknown-linux-gnu/lib/liblibc-bad9164fdeeecf92.rlib" "/opt/rustwide/rustup-home/toolchains/1.69.0-x86_64-unknown-linux-gnu/lib/rustlib/x86_64-unknown-linux-gnu/lib/liballoc-f9374b1e480fa681.rlib" "/opt/rustwide/rustup-home/toolchains/1.69.0-x86_64-unknown-linux-gnu/lib/rustlib/x86_64-unknown-linux-gnu/lib/librustc_std_workspace_core-207f06e41d9603af.rlib" "/opt/rustwide/rustup-home/toolchains/1.69.0-x86_64-unknown-linux-gnu/lib/rustlib/x86_64-unknown-linux-gnu/lib/libcore-7e2768e66e984e85.rlib" "/opt/rustwide/rustup-home/toolchains/1.69.0-x86_64-unknown-linux-gnu/lib/rustlib/x86_64-unknown-linux-gnu/lib/libcompiler_builtins-957b4aff41f8cd46.rlib" "-Wl,-Bdynamic" "-lgcc_s" "-lutil" "-lrt" "-lpthread" "-lm" "-ldl" "-lc" "-Wl,--eh-frame-hdr" "-Wl,-z,noexecstack" "-L" "/opt/rustwide/rustup-home/toolchains/1.69.0-x86_64-unknown-linux-gnu/lib/rustlib/x86_64-unknown-linux-gnu/lib" "-o" "/opt/rustwide/target/debug/build/serde_derive-690ec1fbe23d6971/build_script_build-690ec1fbe23d6971" "-Wl,--gc-sections" "-pie" "-Wl,-z,relro,-z,now" "-nodefaultlibs"
[INFO] [stdout]   = note: /usr/bin/ld: final link failed: No space left on device
[INFO] [stdout]           collect2: error: ld returned 1 exit status
[INFO] [stdout]           
[INFO] [stdout] 
[INFO] [stdout] 
[INFO] [stdout] error: aborting due to previous error
[INFO] [stdout] 
[INFO] [stdout] 
[INFO] [stderr] error: could not compile `serde_derive` due to 2 previous errors
[INFO] [stderr] error: could not compile `unicode-segmentation` due to previous error
[INFO] [stdout] error: linking with `cc` failed: exit status: 1
[INFO] [stdout]   |
[INFO] [stdout]   = note: LC_ALL="C" PATH="/opt/rustwide/rustup-home/toolchains/1.69.0-x86_64-unknown-linux-gnu/lib/rustlib/x86_64-unknown-linux-gnu/bin:/opt/rustwide/cargo-home/bin:/usr/local/sbin:/usr/local/bin:/usr/sbin:/usr/bin:/sbin:/bin" VSLANG="1033" "cc" "-m64" "/tmp/rustcfIfn3a/symbols.o" "/opt/rustwide/target/debug/build/serde-603f4967c197f1fe/build_script_build-603f4967c197f1fe.build_script_build.c458ee6c-cgu.0.rcgu.o" "/opt/rustwide/target/debug/build/serde-603f4967c197f1fe/build_script_build-603f4967c197f1fe.build_script_build.c458ee6c-cgu.1.rcgu.o" "/opt/rustwide/target/debug/build/serde-603f4967c197f1fe/build_script_build-603f4967c197f1fe.build_script_build.c458ee6c-cgu.10.rcgu.o" "/opt/rustwide/target/debug/build/serde-603f4967c197f1fe/build_script_build-603f4967c197f1fe.build_script_build.c458ee6c-cgu.11.rcgu.o" "/opt/rustwide/target/debug/build/serde-603f4967c197f1fe/build_script_build-603f4967c197f1fe.build_script_build.c458ee6c-cgu.12.rcgu.o" "/opt/rustwide/target/debug/build/serde-603f4967c197f1fe/build_script_build-603f4967c197f1fe.build_script_build.c458ee6c-cgu.13.rcgu.o" "/opt/rustwide/target/debug/build/serde-603f4967c197f1fe/build_script_build-603f4967c197f1fe.build_script_build.c458ee6c-cgu.14.rcgu.o" "/opt/rustwide/target/debug/build/serde-603f4967c197f1fe/build_script_build-603f4967c197f1fe.build_script_build.c458ee6c-cgu.15.rcgu.o" "/opt/rustwide/target/debug/build/serde-603f4967c197f1fe/build_script_build-603f4967c197f1fe.build_script_build.c458ee6c-cgu.2.rcgu.o" "/opt/rustwide/target/debug/build/serde-603f4967c197f1fe/build_script_build-603f4967c197f1fe.build_script_build.c458ee6c-cgu.3.rcgu.o" "/opt/rustwide/target/debug/build/serde-603f4967c197f1fe/build_script_build-603f4967c197f1fe.build_script_build.c458ee6c-cgu.4.rcgu.o" "/opt/rustwide/target/debug/build/serde-603f4967c197f1fe/build_script_build-603f4967c197f1fe.build_script_build.c458ee6c-cgu.5.rcgu.o" "/opt/rustwide/target/debug/build/serde-603f4967c197f1fe/build_script_build-603f4967c197f1fe.build_script_build.c458ee6c-cgu.6.rcgu.o" "/opt/rustwide/target/debug/build/serde-603f4967c197f1fe/build_script_build-603f4967c197f1fe.build_script_build.c458ee6c-cgu.7.rcgu.o" "/opt/rustwide/target/debug/build/serde-603f4967c197f1fe/build_script_build-603f4967c197f1fe.build_script_build.c458ee6c-cgu.8.rcgu.o" "/opt/rustwide/target/debug/build/serde-603f4967c197f1fe/build_script_build-603f4967c197f1fe.build_script_build.c458ee6c-cgu.9.rcgu.o" "/opt/rustwide/target/debug/build/serde-603f4967c197f1fe/build_script_build-603f4967c197f1fe.3zvj9f2epr76c5ny.rcgu.o" "-Wl,--as-needed" "-L" "/opt/rustwide/target/debug/deps" "-L" "/opt/rustwide/rustup-home/toolchains/1.69.0-x86_64-unknown-linux-gnu/lib/rustlib/x86_64-unknown-linux-gnu/lib" "-Wl,-Bstatic" "/opt/rustwide/rustup-home/toolchains/1.69.0-x86_64-unknown-linux-gnu/lib/rustlib/x86_64-unknown-linux-gnu/lib/libstd-89bc084783fdc439.rlib" "/opt/rustwide/rustup-home/toolchains/1.69.0-x86_64-unknown-linux-gnu/lib/rustlib/x86_64-unknown-linux-gnu/lib/libpanic_unwind-8bee4b287d4367c1.rlib" "/opt/rustwide/rustup-home/toolchains/1.69.0-x86_64-unknown-linux-gnu/lib/rustlib/x86_64-unknown-linux-gnu/lib/libobject-d61707aed80694c0.rlib" "/opt/rustwide/rustup-home/toolchains/1.69.0-x86_64-unknown-linux-gnu/lib/rustlib/x86_64-unknown-linux-gnu/lib/libmemchr-d85366256f22345b.rlib" "/opt/rustwide/rustup-home/toolchains/1.69.0-x86_64-unknown-linux-gnu/lib/rustlib/x86_64-unknown-linux-gnu/lib/libaddr2line-96069b86b8a8cae9.rlib" "/opt/rustwide/rustup-home/toolchains/1.69.0-x86_64-unknown-linux-gnu/lib/rustlib/x86_64-unknown-linux-gnu/lib/libgimli-d19d53abf68dfa6c.rlib" "/opt/rustwide/rustup-home/toolchains/1.69.0-x86_64-unknown-linux-gnu/lib/rustlib/x86_64-unknown-linux-gnu/lib/librustc_demangle-787cbccd19d64ac6.rlib" "/opt/rustwide/rustup-home/toolchains/1.69.0-x86_64-unknown-linux-gnu/lib/rustlib/x86_64-unknown-linux-gnu/lib/libstd_detect-b3837a36b830e0d0.rlib" "/opt/rustwide/rustup-home/toolchains/1.69.0-x86_64-unknown-linux-gnu/lib/rustlib/x86_64-unknown-linux-gnu/lib/libhashbrown-e3deb0e7e3f04966.rlib" "/opt/rustwide/rustup-home/toolchains/1.69.0-x86_64-unknown-linux-gnu/lib/rustlib/x86_64-unknown-linux-gnu/lib/libminiz_oxide-dabbb79c9815def4.rlib" "/opt/rustwide/rustup-home/toolchains/1.69.0-x86_64-unknown-linux-gnu/lib/rustlib/x86_64-unknown-linux-gnu/lib/libadler-305b01f34c9409f2.rlib" "/opt/rustwide/rustup-home/toolchains/1.69.0-x86_64-unknown-linux-gnu/lib/rustlib/x86_64-unknown-linux-gnu/lib/librustc_std_workspace_alloc-f833521df6074e73.rlib" "/opt/rustwide/rustup-home/toolchains/1.69.0-x86_64-unknown-linux-gnu/lib/rustlib/x86_64-unknown-linux-gnu/lib/libunwind-9ac333113350d171.rlib" "/opt/rustwide/rustup-home/toolchains/1.69.0-x86_64-unknown-linux-gnu/lib/rustlib/x86_64-unknown-linux-gnu/lib/libcfg_if-1c126114322d0eee.rlib" "/opt/rustwide/rustup-home/toolchains/1.69.0-x86_64-unknown-linux-gnu/lib/rustlib/x86_64-unknown-linux-gnu/lib/liblibc-bad9164fdeeecf92.rlib" "/opt/rustwide/rustup-home/toolchains/1.69.0-x86_64-unknown-linux-gnu/lib/rustlib/x86_64-unknown-linux-gnu/lib/liballoc-f9374b1e480fa681.rlib" "/opt/rustwide/rustup-home/toolchains/1.69.0-x86_64-unknown-linux-gnu/lib/rustlib/x86_64-unknown-linux-gnu/lib/librustc_std_workspace_core-207f06e41d9603af.rlib" "/opt/rustwide/rustup-home/toolchains/1.69.0-x86_64-unknown-linux-gnu/lib/rustlib/x86_64-unknown-linux-gnu/lib/libcore-7e2768e66e984e85.rlib" "/opt/rustwide/rustup-home/toolchains/1.69.0-x86_64-unknown-linux-gnu/lib/rustlib/x86_64-unknown-linux-gnu/lib/libcompiler_builtins-957b4aff41f8cd46.rlib" "-Wl,-Bdynamic" "-lgcc_s" "-lutil" "-lrt" "-lpthread" "-lm" "-ldl" "-lc" "-Wl,--eh-frame-hdr" "-Wl,-z,noexecstack" "-L" "/opt/rustwide/rustup-home/toolchains/1.69.0-x86_64-unknown-linux-gnu/lib/rustlib/x86_64-unknown-linux-gnu/lib" "-o" "/opt/rustwide/target/debug/build/serde-603f4967c197f1fe/build_script_build-603f4967c197f1fe" "-Wl,--gc-sections" "-pie" "-Wl,-z,relro,-z,now" "-nodefaultlibs"
[INFO] [stdout]   = note: /usr/bin/ld: final link failed: No space left on device
[INFO] [stdout]           collect2: error: ld returned 1 exit status
[INFO] [stdout]           
[INFO] [stdout] 
[INFO] [stdout] 
[INFO] [stdout] error: aborting due to previous error
[INFO] [stdout] 
[INFO] [stdout] 
[INFO] [stderr] error: could not compile `serde` due to 2 previous errors
[INFO] [stdout] error: linking with `cc` failed: exit status: 1
[INFO] [stdout]   |
[INFO] [stdout]   = note: LC_ALL="C" PATH="/opt/rustwide/rustup-home/toolchains/1.69.0-x86_64-unknown-linux-gnu/lib/rustlib/x86_64-unknown-linux-gnu/bin:/opt/rustwide/cargo-home/bin:/usr/local/sbin:/usr/local/bin:/usr/sbin:/usr/bin:/sbin:/bin" VSLANG="1033" "cc" "-m64" "/tmp/rustcua2qhM/symbols.o" "/opt/rustwide/target/debug/build/proc-macro2-8ddf32ad4979e194/build_script_build-8ddf32ad4979e194.build_script_build.a58f026f-cgu.0.rcgu.o" "/opt/rustwide/target/debug/build/proc-macro2-8ddf32ad4979e194/build_script_build-8ddf32ad4979e194.build_script_build.a58f026f-cgu.1.rcgu.o" "/opt/rustwide/target/debug/build/proc-macro2-8ddf32ad4979e194/build_script_build-8ddf32ad4979e194.build_script_build.a58f026f-cgu.10.rcgu.o" "/opt/rustwide/target/debug/build/proc-macro2-8ddf32ad4979e194/build_script_build-8ddf32ad4979e194.build_script_build.a58f026f-cgu.11.rcgu.o" "/opt/rustwide/target/debug/build/proc-macro2-8ddf32ad4979e194/build_script_build-8ddf32ad4979e194.build_script_build.a58f026f-cgu.12.rcgu.o" "/opt/rustwide/target/debug/build/proc-macro2-8ddf32ad4979e194/build_script_build-8ddf32ad4979e194.build_script_build.a58f026f-cgu.13.rcgu.o" "/opt/rustwide/target/debug/build/proc-macro2-8ddf32ad4979e194/build_script_build-8ddf32ad4979e194.build_script_build.a58f026f-cgu.14.rcgu.o" "/opt/rustwide/target/debug/build/proc-macro2-8ddf32ad4979e194/build_script_build-8ddf32ad4979e194.build_script_build.a58f026f-cgu.15.rcgu.o" "/opt/rustwide/target/debug/build/proc-macro2-8ddf32ad4979e194/build_script_build-8ddf32ad4979e194.build_script_build.a58f026f-cgu.2.rcgu.o" "/opt/rustwide/target/debug/build/proc-macro2-8ddf32ad4979e194/build_script_build-8ddf32ad4979e194.build_script_build.a58f026f-cgu.3.rcgu.o" "/opt/rustwide/target/debug/build/proc-macro2-8ddf32ad4979e194/build_script_build-8ddf32ad4979e194.build_script_build.a58f026f-cgu.4.rcgu.o" "/opt/rustwide/target/debug/build/proc-macro2-8ddf32ad4979e194/build_script_build-8ddf32ad4979e194.build_script_build.a58f026f-cgu.5.rcgu.o" "/opt/rustwide/target/debug/build/proc-macro2-8ddf32ad4979e194/build_script_build-8ddf32ad4979e194.build_script_build.a58f026f-cgu.6.rcgu.o" "/opt/rustwide/target/debug/build/proc-macro2-8ddf32ad4979e194/build_script_build-8ddf32ad4979e194.build_script_build.a58f026f-cgu.7.rcgu.o" "/opt/rustwide/target/debug/build/proc-macro2-8ddf32ad4979e194/build_script_build-8ddf32ad4979e194.build_script_build.a58f026f-cgu.8.rcgu.o" "/opt/rustwide/target/debug/build/proc-macro2-8ddf32ad4979e194/build_script_build-8ddf32ad4979e194.build_script_build.a58f026f-cgu.9.rcgu.o" "/opt/rustwide/target/debug/build/proc-macro2-8ddf32ad4979e194/build_script_build-8ddf32ad4979e194.4bzfx8d06nftytd8.rcgu.o" "-Wl,--as-needed" "-L" "/opt/rustwide/target/debug/deps" "-L" "/opt/rustwide/rustup-home/toolchains/1.69.0-x86_64-unknown-linux-gnu/lib/rustlib/x86_64-unknown-linux-gnu/lib" "-Wl,-Bstatic" "/opt/rustwide/rustup-home/toolchains/1.69.0-x86_64-unknown-linux-gnu/lib/rustlib/x86_64-unknown-linux-gnu/lib/libstd-89bc084783fdc439.rlib" "/opt/rustwide/rustup-home/toolchains/1.69.0-x86_64-unknown-linux-gnu/lib/rustlib/x86_64-unknown-linux-gnu/lib/libpanic_unwind-8bee4b287d4367c1.rlib" "/opt/rustwide/rustup-home/toolchains/1.69.0-x86_64-unknown-linux-gnu/lib/rustlib/x86_64-unknown-linux-gnu/lib/libobject-d61707aed80694c0.rlib" "/opt/rustwide/rustup-home/toolchains/1.69.0-x86_64-unknown-linux-gnu/lib/rustlib/x86_64-unknown-linux-gnu/lib/libmemchr-d85366256f22345b.rlib" "/opt/rustwide/rustup-home/toolchains/1.69.0-x86_64-unknown-linux-gnu/lib/rustlib/x86_64-unknown-linux-gnu/lib/libaddr2line-96069b86b8a8cae9.rlib" "/opt/rustwide/rustup-home/toolchains/1.69.0-x86_64-unknown-linux-gnu/lib/rustlib/x86_64-unknown-linux-gnu/lib/libgimli-d19d53abf68dfa6c.rlib" "/opt/rustwide/rustup-home/toolchains/1.69.0-x86_64-unknown-linux-gnu/lib/rustlib/x86_64-unknown-linux-gnu/lib/librustc_demangle-787cbccd19d64ac6.rlib" "/opt/rustwide/rustup-home/toolchains/1.69.0-x86_64-unknown-linux-gnu/lib/rustlib/x86_64-unknown-linux-gnu/lib/libstd_detect-b3837a36b830e0d0.rlib" "/opt/rustwide/rustup-home/toolchains/1.69.0-x86_64-unknown-linux-gnu/lib/rustlib/x86_64-unknown-linux-gnu/lib/libhashbrown-e3deb0e7e3f04966.rlib" "/opt/rustwide/rustup-home/toolchains/1.69.0-x86_64-unknown-linux-gnu/lib/rustlib/x86_64-unknown-linux-gnu/lib/libminiz_oxide-dabbb79c9815def4.rlib" "/opt/rustwide/rustup-home/toolchains/1.69.0-x86_64-unknown-linux-gnu/lib/rustlib/x86_64-unknown-linux-gnu/lib/libadler-305b01f34c9409f2.rlib" "/opt/rustwide/rustup-home/toolchains/1.69.0-x86_64-unknown-linux-gnu/lib/rustlib/x86_64-unknown-linux-gnu/lib/librustc_std_workspace_alloc-f833521df6074e73.rlib" "/opt/rustwide/rustup-home/toolchains/1.69.0-x86_64-unknown-linux-gnu/lib/rustlib/x86_64-unknown-linux-gnu/lib/libunwind-9ac333113350d171.rlib" "/opt/rustwide/rustup-home/toolchains/1.69.0-x86_64-unknown-linux-gnu/lib/rustlib/x86_64-unknown-linux-gnu/lib/libcfg_if-1c126114322d0eee.rlib" "/opt/rustwide/rustup-home/toolchains/1.69.0-x86_64-unknown-linux-gnu/lib/rustlib/x86_64-unknown-linux-gnu/lib/liblibc-bad9164fdeeecf92.rlib" "/opt/rustwide/rustup-home/toolchains/1.69.0-x86_64-unknown-linux-gnu/lib/rustlib/x86_64-unknown-linux-gnu/lib/liballoc-f9374b1e480fa681.rlib" "/opt/rustwide/rustup-home/toolchains/1.69.0-x86_64-unknown-linux-gnu/lib/rustlib/x86_64-unknown-linux-gnu/lib/librustc_std_workspace_core-207f06e41d9603af.rlib" "/opt/rustwide/rustup-home/toolchains/1.69.0-x86_64-unknown-linux-gnu/lib/rustlib/x86_64-unknown-linux-gnu/lib/libcore-7e2768e66e984e85.rlib" "/opt/rustwide/rustup-home/toolchains/1.69.0-x86_64-unknown-linux-gnu/lib/rustlib/x86_64-unknown-linux-gnu/lib/libcompiler_builtins-957b4aff41f8cd46.rlib" "-Wl,-Bdynamic" "-lgcc_s" "-lutil" "-lrt" "-lpthread" "-lm" "-ldl" "-lc" "-Wl,--eh-frame-hdr" "-Wl,-z,noexecstack" "-L" "/opt/rustwide/rustup-home/toolchains/1.69.0-x86_64-unknown-linux-gnu/lib/rustlib/x86_64-unknown-linux-gnu/lib" "-o" "/opt/rustwide/target/debug/build/proc-macro2-8ddf32ad4979e194/build_script_build-8ddf32ad4979e194" "-Wl,--gc-sections" "-pie" "-Wl,-z,relro,-z,now" "-nodefaultlibs"
[INFO] [stdout]   = note: /usr/bin/ld: final link failed: No space left on device
[INFO] [stdout]           collect2: error: ld returned 1 exit status
[INFO] [stdout]           
[INFO] [stdout] 
[INFO] [stdout] 
[INFO] [stdout] error: linking with `cc` failed: exit status: 1
[INFO] [stdout]   |
[INFO] [stdout]   = note: LC_ALL="C" PATH="/opt/rustwide/rustup-home/toolchains/1.69.0-x86_64-unknown-linux-gnu/lib/rustlib/x86_64-unknown-linux-gnu/bin:/opt/rustwide/cargo-home/bin:/usr/local/sbin:/usr/local/bin:/usr/sbin:/usr/bin:/sbin:/bin" VSLANG="1033" "cc" "-m64" "/tmp/rustczqKcOi/symbols.o" "/opt/rustwide/target/debug/build/libc-3e24b25af8ef84e0/build_script_build-3e24b25af8ef84e0.build_script_build.78d712e3-cgu.0.rcgu.o" "/opt/rustwide/target/debug/build/libc-3e24b25af8ef84e0/build_script_build-3e24b25af8ef84e0.build_script_build.78d712e3-cgu.1.rcgu.o" "/opt/rustwide/target/debug/build/libc-3e24b25af8ef84e0/build_script_build-3e24b25af8ef84e0.build_script_build.78d712e3-cgu.10.rcgu.o" "/opt/rustwide/target/debug/build/libc-3e24b25af8ef84e0/build_script_build-3e24b25af8ef84e0.build_script_build.78d712e3-cgu.11.rcgu.o" "/opt/rustwide/target/debug/build/libc-3e24b25af8ef84e0/build_script_build-3e24b25af8ef84e0.build_script_build.78d712e3-cgu.12.rcgu.o" "/opt/rustwide/target/debug/build/libc-3e24b25af8ef84e0/build_script_build-3e24b25af8ef84e0.build_script_build.78d712e3-cgu.13.rcgu.o" "/opt/rustwide/target/debug/build/libc-3e24b25af8ef84e0/build_script_build-3e24b25af8ef84e0.build_script_build.78d712e3-cgu.14.rcgu.o" "/opt/rustwide/target/debug/build/libc-3e24b25af8ef84e0/build_script_build-3e24b25af8ef84e0.build_script_build.78d712e3-cgu.15.rcgu.o" "/opt/rustwide/target/debug/build/libc-3e24b25af8ef84e0/build_script_build-3e24b25af8ef84e0.build_script_build.78d712e3-cgu.2.rcgu.o" "/opt/rustwide/target/debug/build/libc-3e24b25af8ef84e0/build_script_build-3e24b25af8ef84e0.build_script_build.78d712e3-cgu.3.rcgu.o" "/opt/rustwide/target/debug/build/libc-3e24b25af8ef84e0/build_script_build-3e24b25af8ef84e0.build_script_build.78d712e3-cgu.4.rcgu.o" "/opt/rustwide/target/debug/build/libc-3e24b25af8ef84e0/build_script_build-3e24b25af8ef84e0.build_script_build.78d712e3-cgu.5.rcgu.o" "/opt/rustwide/target/debug/build/libc-3e24b25af8ef84e0/build_script_build-3e24b25af8ef84e0.build_script_build.78d712e3-cgu.6.rcgu.o" "/opt/rustwide/target/debug/build/libc-3e24b25af8ef84e0/build_script_build-3e24b25af8ef84e0.build_script_build.78d712e3-cgu.7.rcgu.o" "/opt/rustwide/target/debug/build/libc-3e24b25af8ef84e0/build_script_build-3e24b25af8ef84e0.build_script_build.78d712e3-cgu.8.rcgu.o" "/opt/rustwide/target/debug/build/libc-3e24b25af8ef84e0/build_script_build-3e24b25af8ef84e0.build_script_build.78d712e3-cgu.9.rcgu.o" "/opt/rustwide/target/debug/build/libc-3e24b25af8ef84e0/build_script_build-3e24b25af8ef84e0.3hn5ehk04ar8mmhj.rcgu.o" "-Wl,--as-needed" "-L" "/opt/rustwide/target/debug/deps" "-L" "/opt/rustwide/rustup-home/toolchains/1.69.0-x86_64-unknown-linux-gnu/lib/rustlib/x86_64-unknown-linux-gnu/lib" "-Wl,-Bstatic" "/opt/rustwide/rustup-home/toolchains/1.69.0-x86_64-unknown-linux-gnu/lib/rustlib/x86_64-unknown-linux-gnu/lib/libstd-89bc084783fdc439.rlib" "/opt/rustwide/rustup-home/toolchains/1.69.0-x86_64-unknown-linux-gnu/lib/rustlib/x86_64-unknown-linux-gnu/lib/libpanic_unwind-8bee4b287d4367c1.rlib" "/opt/rustwide/rustup-home/toolchains/1.69.0-x86_64-unknown-linux-gnu/lib/rustlib/x86_64-unknown-linux-gnu/lib/libobject-d61707aed80694c0.rlib" "/opt/rustwide/rustup-home/toolchains/1.69.0-x86_64-unknown-linux-gnu/lib/rustlib/x86_64-unknown-linux-gnu/lib/libmemchr-d85366256f22345b.rlib" "/opt/rustwide/rustup-home/toolchains/1.69.0-x86_64-unknown-linux-gnu/lib/rustlib/x86_64-unknown-linux-gnu/lib/libaddr2line-96069b86b8a8cae9.rlib" "/opt/rustwide/rustup-home/toolchains/1.69.0-x86_64-unknown-linux-gnu/lib/rustlib/x86_64-unknown-linux-gnu/lib/libgimli-d19d53abf68dfa6c.rlib" "/opt/rustwide/rustup-home/toolchains/1.69.0-x86_64-unknown-linux-gnu/lib/rustlib/x86_64-unknown-linux-gnu/lib/librustc_demangle-787cbccd19d64ac6.rlib" "/opt/rustwide/rustup-home/toolchains/1.69.0-x86_64-unknown-linux-gnu/lib/rustlib/x86_64-unknown-linux-gnu/lib/libstd_detect-b3837a36b830e0d0.rlib" "/opt/rustwide/rustup-home/toolchains/1.69.0-x86_64-unknown-linux-gnu/lib/rustlib/x86_64-unknown-linux-gnu/lib/libhashbrown-e3deb0e7e3f04966.rlib" "/opt/rustwide/rustup-home/toolchains/1.69.0-x86_64-unknown-linux-gnu/lib/rustlib/x86_64-unknown-linux-gnu/lib/libminiz_oxide-dabbb79c9815def4.rlib" "/opt/rustwide/rustup-home/toolchains/1.69.0-x86_64-unknown-linux-gnu/lib/rustlib/x86_64-unknown-linux-gnu/lib/libadler-305b01f34c9409f2.rlib" "/opt/rustwide/rustup-home/toolchains/1.69.0-x86_64-unknown-linux-gnu/lib/rustlib/x86_64-unknown-linux-gnu/lib/librustc_std_workspace_alloc-f833521df6074e73.rlib" "/opt/rustwide/rustup-home/toolchains/1.69.0-x86_64-unknown-linux-gnu/lib/rustlib/x86_64-unknown-linux-gnu/lib/libunwind-9ac333113350d171.rlib" "/opt/rustwide/rustup-home/toolchains/1.69.0-x86_64-unknown-linux-gnu/lib/rustlib/x86_64-unknown-linux-gnu/lib/libcfg_if-1c126114322d0eee.rlib" "/opt/rustwide/rustup-home/toolchains/1.69.0-x86_64-unknown-linux-gnu/lib/rustlib/x86_64-unknown-linux-gnu/lib/liblibc-bad9164fdeeecf92.rlib" "/opt/rustwide/rustup-home/toolchains/1.69.0-x86_64-unknown-linux-gnu/lib/rustlib/x86_64-unknown-linux-gnu/lib/liballoc-f9374b1e480fa681.rlib" "/opt/rustwide/rustup-home/toolchains/1.69.0-x86_64-unknown-linux-gnu/lib/rustlib/x86_64-unknown-linux-gnu/lib/librustc_std_workspace_core-207f06e41d9603af.rlib" "/opt/rustwide/rustup-home/toolchains/1.69.0-x86_64-unknown-linux-gnu/lib/rustlib/x86_64-unknown-linux-gnu/lib/libcore-7e2768e66e984e85.rlib" "/opt/rustwide/rustup-home/toolchains/1.69.0-x86_64-unknown-linux-gnu/lib/rustlib/x86_64-unknown-linux-gnu/lib/libcompiler_builtins-957b4aff41f8cd46.rlib" "-Wl,-Bdynamic" "-lgcc_s" "-lutil" "-lrt" "-lpthread" "-lm" "-ldl" "-lc" "-Wl,--eh-frame-hdr" "-Wl,-z,noexecstack" "-L" "/opt/rustwide/rustup-home/toolchains/1.69.0-x86_64-unknown-linux-gnu/lib/rustlib/x86_64-unknown-linux-gnu/lib" "-o" "/opt/rustwide/target/debug/build/libc-3e24b25af8ef84e0/build_script_build-3e24b25af8ef84e0" "-Wl,--gc-sections" "-pie" "-Wl,-z,relro,-z,now" "-nodefaultlibs"
[INFO] [stdout]   = note: /usr/bin/ld: final link failed: No space left on device
[INFO] [stdout]           collect2: error: ld returned 1 exit status
[INFO] [stdout]           
[INFO] [stdout] 
[INFO] [stdout] 
[INFO] [stdout] error: aborting due to previous error
[INFO] [stdout] 
[INFO] [stdout] 
[INFO] [stdout] error: aborting due to previous error
[INFO] [stdout] 
[INFO] [stdout] 
[INFO] [stdout] error: linking with `cc` failed: exit status: 1
[INFO] [stdout]   |
[INFO] [stdout]   = note: LC_ALL="C" PATH="/opt/rustwide/rustup-home/toolchains/1.69.0-x86_64-unknown-linux-gnu/lib/rustlib/x86_64-unknown-linux-gnu/bin:/opt/rustwide/cargo-home/bin:/usr/local/sbin:/usr/local/bin:/usr/sbin:/usr/bin:/sbin:/bin" VSLANG="1033" "cc" "-m64" "/tmp/rustc8LbP3J/symbols.o" "/opt/rustwide/target/debug/build/syn-e8bc3103e77bd030/build_script_build-e8bc3103e77bd030.build_script_build.1d869638-cgu.0.rcgu.o" "/opt/rustwide/target/debug/build/syn-e8bc3103e77bd030/build_script_build-e8bc3103e77bd030.build_script_build.1d869638-cgu.1.rcgu.o" "/opt/rustwide/target/debug/build/syn-e8bc3103e77bd030/build_script_build-e8bc3103e77bd030.build_script_build.1d869638-cgu.10.rcgu.o" "/opt/rustwide/target/debug/build/syn-e8bc3103e77bd030/build_script_build-e8bc3103e77bd030.build_script_build.1d869638-cgu.11.rcgu.o" "/opt/rustwide/target/debug/build/syn-e8bc3103e77bd030/build_script_build-e8bc3103e77bd030.build_script_build.1d869638-cgu.12.rcgu.o" "/opt/rustwide/target/debug/build/syn-e8bc3103e77bd030/build_script_build-e8bc3103e77bd030.build_script_build.1d869638-cgu.13.rcgu.o" "/opt/rustwide/target/debug/build/syn-e8bc3103e77bd030/build_script_build-e8bc3103e77bd030.build_script_build.1d869638-cgu.14.rcgu.o" "/opt/rustwide/target/debug/build/syn-e8bc3103e77bd030/build_script_build-e8bc3103e77bd030.build_script_build.1d869638-cgu.15.rcgu.o" "/opt/rustwide/target/debug/build/syn-e8bc3103e77bd030/build_script_build-e8bc3103e77bd030.build_script_build.1d869638-cgu.2.rcgu.o" "/opt/rustwide/target/debug/build/syn-e8bc3103e77bd030/build_script_build-e8bc3103e77bd030.build_script_build.1d869638-cgu.3.rcgu.o" "/opt/rustwide/target/debug/build/syn-e8bc3103e77bd030/build_script_build-e8bc3103e77bd030.build_script_build.1d869638-cgu.4.rcgu.o" "/opt/rustwide/target/debug/build/syn-e8bc3103e77bd030/build_script_build-e8bc3103e77bd030.build_script_build.1d869638-cgu.5.rcgu.o" "/opt/rustwide/target/debug/build/syn-e8bc3103e77bd030/build_script_build-e8bc3103e77bd030.build_script_build.1d869638-cgu.6.rcgu.o" "/opt/rustwide/target/debug/build/syn-e8bc3103e77bd030/build_script_build-e8bc3103e77bd030.build_script_build.1d869638-cgu.7.rcgu.o" "/opt/rustwide/target/debug/build/syn-e8bc3103e77bd030/build_script_build-e8bc3103e77bd030.build_script_build.1d869638-cgu.8.rcgu.o" "/opt/rustwide/target/debug/build/syn-e8bc3103e77bd030/build_script_build-e8bc3103e77bd030.build_script_build.1d869638-cgu.9.rcgu.o" "/opt/rustwide/target/debug/build/syn-e8bc3103e77bd030/build_script_build-e8bc3103e77bd030.22x7xgj0c7mts3a9.rcgu.o" "-Wl,--as-needed" "-L" "/opt/rustwide/target/debug/deps" "-L" "/opt/rustwide/rustup-home/toolchains/1.69.0-x86_64-unknown-linux-gnu/lib/rustlib/x86_64-unknown-linux-gnu/lib" "-Wl,-Bstatic" "/opt/rustwide/rustup-home/toolchains/1.69.0-x86_64-unknown-linux-gnu/lib/rustlib/x86_64-unknown-linux-gnu/lib/libstd-89bc084783fdc439.rlib" "/opt/rustwide/rustup-home/toolchains/1.69.0-x86_64-unknown-linux-gnu/lib/rustlib/x86_64-unknown-linux-gnu/lib/libpanic_unwind-8bee4b287d4367c1.rlib" "/opt/rustwide/rustup-home/toolchains/1.69.0-x86_64-unknown-linux-gnu/lib/rustlib/x86_64-unknown-linux-gnu/lib/libobject-d61707aed80694c0.rlib" "/opt/rustwide/rustup-home/toolchains/1.69.0-x86_64-unknown-linux-gnu/lib/rustlib/x86_64-unknown-linux-gnu/lib/libmemchr-d85366256f22345b.rlib" "/opt/rustwide/rustup-home/toolchains/1.69.0-x86_64-unknown-linux-gnu/lib/rustlib/x86_64-unknown-linux-gnu/lib/libaddr2line-96069b86b8a8cae9.rlib" "/opt/rustwide/rustup-home/toolchains/1.69.0-x86_64-unknown-linux-gnu/lib/rustlib/x86_64-unknown-linux-gnu/lib/libgimli-d19d53abf68dfa6c.rlib" "/opt/rustwide/rustup-home/toolchains/1.69.0-x86_64-unknown-linux-gnu/lib/rustlib/x86_64-unknown-linux-gnu/lib/librustc_demangle-787cbccd19d64ac6.rlib" "/opt/rustwide/rustup-home/toolchains/1.69.0-x86_64-unknown-linux-gnu/lib/rustlib/x86_64-unknown-linux-gnu/lib/libstd_detect-b3837a36b830e0d0.rlib" "/opt/rustwide/rustup-home/toolchains/1.69.0-x86_64-unknown-linux-gnu/lib/rustlib/x86_64-unknown-linux-gnu/lib/libhashbrown-e3deb0e7e3f04966.rlib" "/opt/rustwide/rustup-home/toolchains/1.69.0-x86_64-unknown-linux-gnu/lib/rustlib/x86_64-unknown-linux-gnu/lib/libminiz_oxide-dabbb79c9815def4.rlib" "/opt/rustwide/rustup-home/toolchains/1.69.0-x86_64-unknown-linux-gnu/lib/rustlib/x86_64-unknown-linux-gnu/lib/libadler-305b01f34c9409f2.rlib" "/opt/rustwide/rustup-home/toolchains/1.69.0-x86_64-unknown-linux-gnu/lib/rustlib/x86_64-unknown-linux-gnu/lib/librustc_std_workspace_alloc-f833521df6074e73.rlib" "/opt/rustwide/rustup-home/toolchains/1.69.0-x86_64-unknown-linux-gnu/lib/rustlib/x86_64-unknown-linux-gnu/lib/libunwind-9ac333113350d171.rlib" "/opt/rustwide/rustup-home/toolchains/1.69.0-x86_64-unknown-linux-gnu/lib/rustlib/x86_64-unknown-linux-gnu/lib/libcfg_if-1c126114322d0eee.rlib" "/opt/rustwide/rustup-home/toolchains/1.69.0-x86_64-unknown-linux-gnu/lib/rustlib/x86_64-unknown-linux-gnu/lib/liblibc-bad9164fdeeecf92.rlib" "/opt/rustwide/rustup-home/toolchains/1.69.0-x86_64-unknown-linux-gnu/lib/rustlib/x86_64-unknown-linux-gnu/lib/liballoc-f9374b1e480fa681.rlib" "/opt/rustwide/rustup-home/toolchains/1.69.0-x86_64-unknown-linux-gnu/lib/rustlib/x86_64-unknown-linux-gnu/lib/librustc_std_workspace_core-207f06e41d9603af.rlib" "/opt/rustwide/rustup-home/toolchains/1.69.0-x86_64-unknown-linux-gnu/lib/rustlib/x86_64-unknown-linux-gnu/lib/libcore-7e2768e66e984e85.rlib" "/opt/rustwide/rustup-home/toolchains/1.69.0-x86_64-unknown-linux-gnu/lib/rustlib/x86_64-unknown-linux-gnu/lib/libcompiler_builtins-957b4aff41f8cd46.rlib" "-Wl,-Bdynamic" "-lgcc_s" "-lutil" "-lrt" "-lpthread" "-lm" "-ldl" "-lc" "-Wl,--eh-frame-hdr" "-Wl,-z,noexecstack" "-L" "/opt/rustwide/rustup-home/toolchains/1.69.0-x86_64-unknown-linux-gnu/lib/rustlib/x86_64-unknown-linux-gnu/lib" "-o" "/opt/rustwide/target/debug/build/syn-e8bc3103e77bd030/build_script_build-e8bc3103e77bd030" "-Wl,--gc-sections" "-pie" "-Wl,-z,relro,-z,now" "-nodefaultlibs"
[INFO] [stdout]   = note: /usr/bin/ld: final link failed: No space left on device
[INFO] [stdout]           collect2: error: ld returned 1 exit status
[INFO] [stdout]           
[INFO] [stdout] 
[INFO] [stdout] 
[INFO] [stdout] error: aborting due to previous error
[INFO] [stdout] 
[INFO] [stdout] 
[INFO] [stderr] error: could not compile `libc` due to 2 previous errors
[INFO] [stderr] error: could not compile `syn` due to 2 previous errors
[INFO] [stderr] error: could not compile `proc-macro2` due to 2 previous errors
[INFO] running `Command { std: "docker" "inspect" "be052d21e127590316f2a6ac4ec6a7e6324b0aaa3bfce3d7e5365b1dcabc4b22", kill_on_drop: false }`
[INFO] running `Command { std: "docker" "rm" "-f" "be052d21e127590316f2a6ac4ec6a7e6324b0aaa3bfce3d7e5365b1dcabc4b22", kill_on_drop: false }`
[INFO] [stdout] be052d21e127590316f2a6ac4ec6a7e6324b0aaa3bfce3d7e5365b1dcabc4b22
