[INFO] cloning repository https://github.com/coolbot123/rhai-specs_test
[INFO] running `Command { std: "git" "-c" "credential.helper=" "-c" "credential.helper=/workspace/cargo-home/bin/git-credential-null" "clone" "--bare" "https://github.com/coolbot123/rhai-specs_test" "/workspace/cache/git-repos/https%3A%2F%2Fgithub.com%2Fcoolbot123%2Frhai-specs_test", kill_on_drop: false }`
[INFO] [stderr] Cloning into bare repository '/workspace/cache/git-repos/https%3A%2F%2Fgithub.com%2Fcoolbot123%2Frhai-specs_test'...
[INFO] running `Command { std: "git" "rev-parse" "HEAD", kill_on_drop: false }`
[INFO] [stdout] ea6ef1ce7b66314c4717383d3359f7f580d5f0a1
[INFO] testing coolbot123/rhai-specs_test against 1.69.0 for beta-1.70-1
[INFO] running `Command { std: "git" "clone" "/workspace/cache/git-repos/https%3A%2F%2Fgithub.com%2Fcoolbot123%2Frhai-specs_test" "/workspace/builds/worker-6-tc1/source", kill_on_drop: false }`
[INFO] [stderr] Cloning into '/workspace/builds/worker-6-tc1/source'...
[INFO] [stderr] done.
[INFO] validating manifest of git repo https://github.com/coolbot123/rhai-specs_test on toolchain 1.69.0
[INFO] running `Command { std: CARGO_HOME="/workspace/cargo-home" RUSTUP_HOME="/workspace/rustup-home" "/workspace/cargo-home/bin/cargo" "+1.69.0" "metadata" "--manifest-path" "Cargo.toml" "--no-deps", kill_on_drop: false }`
[INFO] started tweaking git repo https://github.com/coolbot123/rhai-specs_test
[INFO] finished tweaking git repo https://github.com/coolbot123/rhai-specs_test
[INFO] tweaked toml for git repo https://github.com/coolbot123/rhai-specs_test written to /workspace/builds/worker-6-tc1/source/Cargo.toml
[INFO] crate git repo https://github.com/coolbot123/rhai-specs_test already has a lockfile, it will not be regenerated
[INFO] running `Command { std: CARGO_HOME="/workspace/cargo-home" RUSTUP_HOME="/workspace/rustup-home" "/workspace/cargo-home/bin/cargo" "+1.69.0" "fetch" "--manifest-path" "Cargo.toml", kill_on_drop: false }`
[INFO] [stderr]  Downloading crates ...
[INFO] [stderr]   Downloaded rhai v1.7.0
[INFO] running `Command { std: "docker" "create" "-v" "/var/lib/crater-agent-workspace/builds/worker-6-tc1/target:/opt/rustwide/target:rw,Z" "-v" "/var/lib/crater-agent-workspace/builds/worker-6-tc1/source:/opt/rustwide/workdir:ro,Z" "-v" "/var/lib/crater-agent-workspace/cargo-home:/opt/rustwide/cargo-home:ro,Z" "-v" "/var/lib/crater-agent-workspace/rustup-home:/opt/rustwide/rustup-home:ro,Z" "-e" "SOURCE_DIR=/opt/rustwide/workdir" "-e" "CARGO_TARGET_DIR=/opt/rustwide/target" "-e" "CARGO_HOME=/opt/rustwide/cargo-home" "-e" "RUSTUP_HOME=/opt/rustwide/rustup-home" "-w" "/opt/rustwide/workdir" "-m" "1610612736" "--user" "0:0" "--network" "none" "ghcr.io/rust-lang/crates-build-env/linux@sha256:5ff2268d62e97bff2cde7d5815dd6ed5b47097566f13b8d0ca110b04b60e07ed" "/opt/rustwide/cargo-home/bin/cargo" "+1.69.0" "metadata" "--no-deps" "--format-version=1", kill_on_drop: false }`
[INFO] [stdout] 7bcc778d319e9952c4334eecdbd5d5aed062434a1e4ef1a6a0539219f802be32
[INFO] running `Command { std: "docker" "start" "-a" "7bcc778d319e9952c4334eecdbd5d5aed062434a1e4ef1a6a0539219f802be32", kill_on_drop: false }`
[INFO] running `Command { std: "docker" "inspect" "7bcc778d319e9952c4334eecdbd5d5aed062434a1e4ef1a6a0539219f802be32", kill_on_drop: false }`
[INFO] running `Command { std: "docker" "rm" "-f" "7bcc778d319e9952c4334eecdbd5d5aed062434a1e4ef1a6a0539219f802be32", kill_on_drop: false }`
[INFO] [stdout] 7bcc778d319e9952c4334eecdbd5d5aed062434a1e4ef1a6a0539219f802be32
[INFO] running `Command { std: "docker" "create" "-v" "/var/lib/crater-agent-workspace/builds/worker-6-tc1/target:/opt/rustwide/target:rw,Z" "-v" "/var/lib/crater-agent-workspace/builds/worker-6-tc1/source:/opt/rustwide/workdir:ro,Z" "-v" "/var/lib/crater-agent-workspace/cargo-home:/opt/rustwide/cargo-home:ro,Z" "-v" "/var/lib/crater-agent-workspace/rustup-home:/opt/rustwide/rustup-home:ro,Z" "-e" "SOURCE_DIR=/opt/rustwide/workdir" "-e" "CARGO_TARGET_DIR=/opt/rustwide/target" "-e" "CARGO_INCREMENTAL=0" "-e" "RUST_BACKTRACE=full" "-e" "RUSTFLAGS=--cap-lints=warn" "-e" "RUSTDOCFLAGS=--cap-lints=warn" "-e" "CARGO_HOME=/opt/rustwide/cargo-home" "-e" "RUSTUP_HOME=/opt/rustwide/rustup-home" "-w" "/opt/rustwide/workdir" "-m" "1610612736" "--user" "0:0" "--network" "none" "ghcr.io/rust-lang/crates-build-env/linux@sha256:5ff2268d62e97bff2cde7d5815dd6ed5b47097566f13b8d0ca110b04b60e07ed" "/opt/rustwide/cargo-home/bin/cargo" "+1.69.0" "build" "--frozen" "--message-format=json", kill_on_drop: false }`
[INFO] [stdout] 0d0c2ff13935716bb8604b8a24d00492a3c7870312d83d92246a46726e37bec7
[INFO] running `Command { std: "docker" "start" "-a" "0d0c2ff13935716bb8604b8a24d00492a3c7870312d83d92246a46726e37bec7", kill_on_drop: false }`
[INFO] [stderr]    Compiling autocfg v1.1.0
[INFO] [stderr]    Compiling cfg-if v1.0.0
[INFO] [stderr]    Compiling version_check v0.9.4
[INFO] [stderr]    Compiling libc v0.2.126
[INFO] [stderr]    Compiling crossbeam-utils v0.8.8
[INFO] [stderr]    Compiling proc-macro2 v1.0.39
[INFO] [stderr]    Compiling unicode-ident v1.0.0
[INFO] [stderr]    Compiling scopeguard v1.1.0
[INFO] [stderr]    Compiling rayon-core v1.9.3
[INFO] [stderr]    Compiling memchr v2.5.0
[INFO] [stderr]    Compiling syn v1.0.95
[INFO] [stderr]    Compiling once_cell v1.10.0
[INFO] [stderr]    Compiling either v1.6.1
[INFO] [stderr]    Compiling smallvec v1.8.0
[INFO] [stderr]    Compiling log v0.4.17
[INFO] [stderr]    Compiling crossbeam-queue v0.3.5
[INFO] [stderr]    Compiling atom v0.3.6
[INFO] [stderr]    Compiling static_assertions v1.1.0
[INFO] [stderr]    Compiling mopa v0.2.2
[INFO] [stderr]    Compiling arrayvec v0.5.2
[INFO] [stderr]    Compiling shrev v1.1.1
[INFO] [stderr]    Compiling bitflags v1.3.2
[INFO] [stderr]    Compiling tuple_utils v0.3.0
[INFO] [stderr]    Compiling memoffset v0.6.5
[INFO] [stderr]    Compiling crossbeam-epoch v0.9.8
[INFO] [stderr]    Compiling ahash v0.7.6
[INFO] [stderr]    Compiling rayon v1.5.3
[INFO] [stderr]    Compiling nom v5.1.2
[INFO] [stderr]    Compiling num-traits v0.2.15
[INFO] [stderr]    Compiling smartstring v1.0.1
[INFO] [stderr]    Compiling crossbeam-channel v0.5.4
[INFO] [stderr]    Compiling quote v1.0.18
[INFO] [stderr]    Compiling getrandom v0.2.6
[INFO] [stderr]    Compiling num_cpus v1.13.1
[INFO] [stderr]    Compiling crossbeam-deque v0.8.1
[INFO] [stderr]    Compiling hashbrown v0.11.2
[INFO] [stderr]    Compiling tynm v0.1.6
[INFO] [stderr]    Compiling shred v0.12.0
[INFO] [stderr]    Compiling hibitset v0.6.3
[INFO] [stderr]    Compiling rhai_codegen v1.4.0
[INFO] [stderr]    Compiling specs-derive v0.4.1
[INFO] [stderr]    Compiling specs v0.17.0
[INFO] [stderr]    Compiling rhai v1.7.0
[INFO] [stderr]    Compiling rhai-specs_test v0.1.0 (/opt/rustwide/workdir)
[INFO] [stdout] error: expected `,` following `match` arm
[INFO] [stdout]    --> src/main.rs:145:102
[INFO] [stdout]     |
[INFO] [stdout] 145 | ...:<S>(), scripts.remove(name).unwrap()) // no protection cause we already know it exists
[INFO] [stdout]     |                                          ^ help: missing a comma here to end this `match` arm: `,`
[INFO] [stdout] 
[INFO] [stdout] 
[INFO] [stdout] warning: unused import: `core::panicking::AssertKind::Match`
[INFO] [stdout]  --> src/main.rs:1:5
[INFO] [stdout]   |
[INFO] [stdout] 1 | use core::panicking::AssertKind::Match;
[INFO] [stdout]   |     ^^^^^^^^^^^^^^^^^^^^^^^^^^^^^^^^^^
[INFO] [stdout]   |
[INFO] [stdout]   = note: `#[warn(unused_imports)]` on by default
[INFO] [stdout] 
[INFO] [stdout] 
[INFO] [stdout] warning: unused import: `Any`
[INFO] [stdout]  --> src/main.rs:2:16
[INFO] [stdout]   |
[INFO] [stdout] 2 | use std::any::{Any, type_name, TypeId};
[INFO] [stdout]   |                ^^^
[INFO] [stdout] 
[INFO] [stdout] 
[INFO] [stdout] warning: unused import: `FetchMut`
[INFO] [stdout]  --> src/main.rs:6:49
[INFO] [stdout]   |
[INFO] [stdout] 6 | use specs::shred::{CastFrom, DynamicSystemData, FetchMut, MetaTable};
[INFO] [stdout]   |                                                 ^^^^^^^^
[INFO] [stdout] 
[INFO] [stdout] 
[INFO] [stdout] warning: the item `Join` is imported redundantly
[INFO] [stdout]    --> src/main.rs:243:13
[INFO] [stdout]     |
[INFO] [stdout] 4   | use specs::prelude::*;
[INFO] [stdout]     |     ----------------- the item `Join` is already imported here
[INFO] [stdout] ...
[INFO] [stdout] 243 |         use specs::Join;
[INFO] [stdout]     |             ^^^^^^^^^^^
[INFO] [stdout] 
[INFO] [stdout] 
[INFO] [stdout] error[E0658]: use of unstable library feature 'core_panic': internal details of the implementation of the `panic!` and related macros
[INFO] [stdout]  --> src/main.rs:1:5
[INFO] [stdout]   |
[INFO] [stdout] 1 | use core::panicking::AssertKind::Match;
[INFO] [stdout]   |     ^^^^^^^^^^^^^^^^^^^^^^^^^^^^^^^^^^
[INFO] [stdout] 
[INFO] [stdout] 
[INFO] [stdout] error[E0277]: the trait bound `S: specs::Component` is not satisfied
[INFO] [stdout]    --> src/main.rs:142:20
[INFO] [stdout]     |
[INFO] [stdout] 142 |         self.world.register::<S>();
[INFO] [stdout]     |                    ^^^^^^^^ the trait `specs::Component` is not implemented for `S`
[INFO] [stdout]     |
[INFO] [stdout] help: consider further restricting this bound
[INFO] [stdout]     |
[INFO] [stdout] 139 |     fn register_scriptable<S: ScriptableComponent + specs::Component>(&mut self){
[INFO] [stdout]     |                                                   ++++++++++++++++++
[INFO] [stdout] 
[INFO] [stdout] 
[INFO] [stdout] error[E0308]: `match` arms have incompatible types
[INFO] [stdout]    --> src/main.rs:146:21
[INFO] [stdout]     |
[INFO] [stdout] 144 | /         match matching_script {
[INFO] [stdout] 145 | |             Some(_script) => self.script_map.insert(TypeId::of::<S>(), scripts.remove(name).unwrap()) // no protection cause we already k...
[INFO] [stdout]     | |                              ------------------------------------------------------------------------ this is found to be of type `Option<Script>`
[INFO] [stdout] 146 | |             None => println!("Could not find a script for: {}, resorting to 'default' script", name) // TODO: default script
[INFO] [stdout]     | |                     ^^^^^^^^^^^^^^^^^^^^^^^^^^^^^^^^^^^^^^^^^^^^^^^^^^^^^^^^^^^^^^^^^^^^^^^^^^^^^^^^ expected `Option<Script>`, found `()`
[INFO] [stdout] 147 | |         };
[INFO] [stdout]     | |_________- `match` arms have incompatible types
[INFO] [stdout]     |
[INFO] [stdout]     = note:   expected enum `Option<Script>`
[INFO] [stdout]             found unit type `()`
[INFO] [stdout]     = note: this error originates in the macro `println` (in Nightly builds, run with -Z macro-backtrace for more info)
[INFO] [stdout] 
[INFO] [stdout] 
[INFO] [stdout] error: aborting due to 4 previous errors; 4 warnings emitted
[INFO] [stdout] 
[INFO] [stdout] 
[INFO] [stdout] Some errors have detailed explanations: E0277, E0308, E0658.
[INFO] [stdout] 
[INFO] [stdout] For more information about an error, try `rustc --explain E0277`.
[INFO] [stdout] 
[INFO] [stderr] error: could not compile `rhai-specs_test` due to 5 previous errors; 4 warnings emitted
[INFO] running `Command { std: "docker" "inspect" "0d0c2ff13935716bb8604b8a24d00492a3c7870312d83d92246a46726e37bec7", kill_on_drop: false }`
[INFO] running `Command { std: "docker" "rm" "-f" "0d0c2ff13935716bb8604b8a24d00492a3c7870312d83d92246a46726e37bec7", kill_on_drop: false }`
[INFO] [stdout] 0d0c2ff13935716bb8604b8a24d00492a3c7870312d83d92246a46726e37bec7
