[INFO] cloning repository https://github.com/conundrumer/spectral-decay
[INFO] running `Command { std: "git" "-c" "credential.helper=" "-c" "credential.helper=/workspace/cargo-home/bin/git-credential-null" "clone" "--bare" "https://github.com/conundrumer/spectral-decay" "/workspace/cache/git-repos/https%3A%2F%2Fgithub.com%2Fconundrumer%2Fspectral-decay", kill_on_drop: false }`
[INFO] [stderr] Cloning into bare repository '/workspace/cache/git-repos/https%3A%2F%2Fgithub.com%2Fconundrumer%2Fspectral-decay'...
[INFO] running `Command { std: "git" "rev-parse" "HEAD", kill_on_drop: false }`
[INFO] [stdout] bdb3a855473b6526658e4c4c6be13bd4bcf4f006
[INFO] testing conundrumer/spectral-decay against 1.69.0 for beta-1.70-1
[INFO] running `Command { std: "git" "clone" "/workspace/cache/git-repos/https%3A%2F%2Fgithub.com%2Fconundrumer%2Fspectral-decay" "/workspace/builds/worker-3-tc1/source", kill_on_drop: false }`
[INFO] [stderr] Cloning into '/workspace/builds/worker-3-tc1/source'...
[INFO] [stderr] done.
[INFO] validating manifest of git repo https://github.com/conundrumer/spectral-decay on toolchain 1.69.0
[INFO] running `Command { std: CARGO_HOME="/workspace/cargo-home" RUSTUP_HOME="/workspace/rustup-home" "/workspace/cargo-home/bin/cargo" "+1.69.0" "metadata" "--manifest-path" "Cargo.toml" "--no-deps", kill_on_drop: false }`
[INFO] removed /workspace/builds/worker-3-tc1/source/rust-toolchain
[INFO] started tweaking git repo https://github.com/conundrumer/spectral-decay
[INFO] finished tweaking git repo https://github.com/conundrumer/spectral-decay
[INFO] tweaked toml for git repo https://github.com/conundrumer/spectral-decay written to /workspace/builds/worker-3-tc1/source/Cargo.toml
[INFO] crate git repo https://github.com/conundrumer/spectral-decay already has a lockfile, it will not be regenerated
[INFO] running `Command { std: CARGO_HOME="/workspace/cargo-home" RUSTUP_HOME="/workspace/rustup-home" "/workspace/cargo-home/bin/cargo" "+1.69.0" "fetch" "--manifest-path" "Cargo.toml", kill_on_drop: false }`
[INFO] [stderr]  Downloading crates ...
[INFO] [stderr]   Downloaded transpose v0.2.0
[INFO] [stderr]   Downloaded realfft v0.4.0
[INFO] [stderr]   Downloaded rustfft v5.0.0
[INFO] running `Command { std: "docker" "create" "-v" "/var/lib/crater-agent-workspace/builds/worker-3-tc1/target:/opt/rustwide/target:rw,Z" "-v" "/var/lib/crater-agent-workspace/builds/worker-3-tc1/source:/opt/rustwide/workdir:ro,Z" "-v" "/var/lib/crater-agent-workspace/cargo-home:/opt/rustwide/cargo-home:ro,Z" "-v" "/var/lib/crater-agent-workspace/rustup-home:/opt/rustwide/rustup-home:ro,Z" "-e" "SOURCE_DIR=/opt/rustwide/workdir" "-e" "CARGO_TARGET_DIR=/opt/rustwide/target" "-e" "CARGO_HOME=/opt/rustwide/cargo-home" "-e" "RUSTUP_HOME=/opt/rustwide/rustup-home" "-w" "/opt/rustwide/workdir" "-m" "1610612736" "--user" "0:0" "--network" "none" "ghcr.io/rust-lang/crates-build-env/linux@sha256:5ff2268d62e97bff2cde7d5815dd6ed5b47097566f13b8d0ca110b04b60e07ed" "/opt/rustwide/cargo-home/bin/cargo" "+1.69.0" "metadata" "--no-deps" "--format-version=1", kill_on_drop: false }`
[INFO] [stdout] b1181eb0c3beb09820b8113cbe099ac0f423b0c056b33ea2ee7a7185d75fd31b
[INFO] running `Command { std: "docker" "start" "-a" "b1181eb0c3beb09820b8113cbe099ac0f423b0c056b33ea2ee7a7185d75fd31b", kill_on_drop: false }`
[INFO] running `Command { std: "docker" "inspect" "b1181eb0c3beb09820b8113cbe099ac0f423b0c056b33ea2ee7a7185d75fd31b", kill_on_drop: false }`
[INFO] running `Command { std: "docker" "rm" "-f" "b1181eb0c3beb09820b8113cbe099ac0f423b0c056b33ea2ee7a7185d75fd31b", kill_on_drop: false }`
[INFO] [stdout] b1181eb0c3beb09820b8113cbe099ac0f423b0c056b33ea2ee7a7185d75fd31b
[INFO] running `Command { std: "docker" "create" "-v" "/var/lib/crater-agent-workspace/builds/worker-3-tc1/target:/opt/rustwide/target:rw,Z" "-v" "/var/lib/crater-agent-workspace/builds/worker-3-tc1/source:/opt/rustwide/workdir:ro,Z" "-v" "/var/lib/crater-agent-workspace/cargo-home:/opt/rustwide/cargo-home:ro,Z" "-v" "/var/lib/crater-agent-workspace/rustup-home:/opt/rustwide/rustup-home:ro,Z" "-e" "SOURCE_DIR=/opt/rustwide/workdir" "-e" "CARGO_TARGET_DIR=/opt/rustwide/target" "-e" "CARGO_INCREMENTAL=0" "-e" "RUST_BACKTRACE=full" "-e" "RUSTFLAGS=--cap-lints=warn" "-e" "RUSTDOCFLAGS=--cap-lints=warn" "-e" "CARGO_HOME=/opt/rustwide/cargo-home" "-e" "RUSTUP_HOME=/opt/rustwide/rustup-home" "-w" "/opt/rustwide/workdir" "-m" "1610612736" "--user" "0:0" "--network" "none" "ghcr.io/rust-lang/crates-build-env/linux@sha256:5ff2268d62e97bff2cde7d5815dd6ed5b47097566f13b8d0ca110b04b60e07ed" "/opt/rustwide/cargo-home/bin/cargo" "+1.69.0" "build" "--frozen" "--message-format=json", kill_on_drop: false }`
[INFO] [stdout] d65edf80daabe86481c1be349906440ca51622d705f71ba2f359657751a2d95f
[INFO] running `Command { std: "docker" "start" "-a" "d65edf80daabe86481c1be349906440ca51622d705f71ba2f359657751a2d95f", kill_on_drop: false }`
[INFO] [stderr]    Compiling autocfg v1.0.1
[INFO] [stderr]    Compiling proc-macro2 v1.0.24
[INFO] [stderr]    Compiling unicode-xid v0.2.1
[INFO] [stderr]    Compiling syn v1.0.58
[INFO] [stderr]    Compiling serde_derive v1.0.118
[INFO] [stderr]    Compiling cc v1.0.66
[INFO] [stderr]    Compiling libc v0.2.81
[INFO] [stderr]    Compiling serde v1.0.118
[INFO] [stderr]    Compiling ryu v1.0.5
[INFO] [stderr]    Compiling bitflags v1.2.1
[INFO] [stderr]    Compiling log v0.4.11
[INFO] [stderr]    Compiling random-trait v0.1.1
[INFO] [stderr]    Compiling serde_json v1.0.61
[INFO] [stderr]    Compiling strength_reduce v0.2.3
[INFO] [stderr]    Compiling itoa v0.4.7
[INFO] [stderr]    Compiling num-traits v0.2.14
[INFO] [stderr]    Compiling num-integer v0.1.44
[INFO] [stderr]    Compiling libloading v0.5.2
[INFO] [stderr]    Compiling quote v1.0.8
[INFO] [stderr]    Compiling raw-window-handle v0.3.3
[INFO] [stderr]    Compiling random-fast-rng v0.1.1
[INFO] [stderr]    Compiling num-complex v0.3.1
[INFO] [stderr]    Compiling vst v0.2.1
[INFO] [stderr]    Compiling transpose v0.2.0
[INFO] [stderr]    Compiling primal-check v0.3.1
[INFO] [stderr]    Compiling rustfft v5.0.0
[INFO] [stderr]    Compiling baseplug-derive v0.1.0 (https://github.com/wrl/baseplug?branch=trunk#9cb5cc89)
[INFO] [stderr]    Compiling realfft v0.4.0
[INFO] [stdout] error[E0080]: evaluation of `core::core_arch::macros::ValidateConstImm::<51, 0, 15>::VALID` failed
[INFO] [stdout]  --> /rustc/84c898d65adf2f39a5a98507f1fe0ce10a2b8dbc/library/core/src/../../stdarch/crates/core_arch/src/macros.rs:8:9
[INFO] [stdout]   |
[INFO] [stdout]   = note: the evaluated program panicked at 'IMM value not in expected range', /rustc/84c898d65adf2f39a5a98507f1fe0ce10a2b8dbc/library/core/src/../../stdarch/crates/core_arch/src/macros.rs:8:9
[INFO] [stdout]   |
[INFO] [stdout]   = note: this error originates in the macro `$crate::panic::panic_2021` which comes from the expansion of the macro `assert` (in Nightly builds, run with -Z macro-backtrace for more info)
[INFO] [stdout] 
[INFO] [stdout] 
[INFO] [stdout] note: the above error was encountered while instantiating `fn std::arch::x86_64::_mm_blend_ps::<51>`
[INFO] [stdout]     --> /opt/rustwide/cargo-home/registry/src/github.com-1ecc6299db9ec823/rustfft-5.0.0/src/avx/avx_vector.rs:1314:23
[INFO] [stdout]      |
[INFO] [stdout] 1314 |         let blended = _mm_blend_ps(rows[0], rows[2], 0x33);
[INFO] [stdout]      |                       ^^^^^^^^^^^^^^^^^^^^^^^^^^^^^^^^^^^^
[INFO] [stdout] 
[INFO] [stdout] 
[INFO] [stdout] error[E0080]: evaluation of `core::core_arch::macros::ValidateConstImm::<5, 0, 3>::VALID` failed
[INFO] [stdout]  --> /rustc/84c898d65adf2f39a5a98507f1fe0ce10a2b8dbc/library/core/src/../../stdarch/crates/core_arch/src/macros.rs:8:9
[INFO] [stdout]   |
[INFO] [stdout]   = note: the evaluated program panicked at 'IMM value not in expected range', /rustc/84c898d65adf2f39a5a98507f1fe0ce10a2b8dbc/library/core/src/../../stdarch/crates/core_arch/src/macros.rs:8:9
[INFO] [stdout]   |
[INFO] [stdout]   = note: this error originates in the macro `$crate::panic::panic_2021` which comes from the expansion of the macro `assert` (in Nightly builds, run with -Z macro-backtrace for more info)
[INFO] [stdout] 
[INFO] [stdout] 
[INFO] [stdout] note: the above error was encountered while instantiating `fn std::arch::x86_64::_mm_permute_pd::<5>`
[INFO] [stdout]     --> /opt/rustwide/cargo-home/registry/src/github.com-1ecc6299db9ec823/rustfft-5.0.0/src/avx/avx_vector.rs:1859:9
[INFO] [stdout]      |
[INFO] [stdout] 1859 |         _mm_permute_pd(self, 0x05)
[INFO] [stdout]      |         ^^^^^^^^^^^^^^^^^^^^^^^^^^
[INFO] [stdout] 
[INFO] [stdout] 
[INFO] [stdout] error[E0080]: evaluation of `core::core_arch::macros::ValidateConstImm::<15, 0, 3>::VALID` failed
[INFO] [stdout]  --> /rustc/84c898d65adf2f39a5a98507f1fe0ce10a2b8dbc/library/core/src/../../stdarch/crates/core_arch/src/macros.rs:8:9
[INFO] [stdout]   |
[INFO] [stdout]   = note: the evaluated program panicked at 'IMM value not in expected range', /rustc/84c898d65adf2f39a5a98507f1fe0ce10a2b8dbc/library/core/src/../../stdarch/crates/core_arch/src/macros.rs:8:9
[INFO] [stdout]   |
[INFO] [stdout]   = note: this error originates in the macro `$crate::panic::panic_2021` which comes from the expansion of the macro `assert` (in Nightly builds, run with -Z macro-backtrace for more info)
[INFO] [stdout] 
[INFO] [stdout] 
[INFO] [stdout] note: the above error was encountered while instantiating `fn std::arch::x86_64::_mm_permute_pd::<15>`
[INFO] [stdout]     --> /opt/rustwide/cargo-home/registry/src/github.com-1ecc6299db9ec823/rustfft-5.0.0/src/avx/avx_vector.rs:1863:32
[INFO] [stdout]      |
[INFO] [stdout] 1863 |         (_mm_movedup_pd(self), _mm_permute_pd(self, 0x0F))
[INFO] [stdout]      |                                ^^^^^^^^^^^^^^^^^^^^^^^^^^
[INFO] [stdout] 
[INFO] [stdout] 
[INFO] [stdout] error: aborting due to 3 previous errors
[INFO] [stdout] 
[INFO] [stdout] 
[INFO] [stdout] For more information about this error, try `rustc --explain E0080`.
[INFO] [stdout] 
[INFO] [stderr] error: could not compile `realfft` due to 4 previous errors
[INFO] [stderr] warning: build failed, waiting for other jobs to finish...
[INFO] running `Command { std: "docker" "inspect" "d65edf80daabe86481c1be349906440ca51622d705f71ba2f359657751a2d95f", kill_on_drop: false }`
[INFO] running `Command { std: "docker" "rm" "-f" "d65edf80daabe86481c1be349906440ca51622d705f71ba2f359657751a2d95f", kill_on_drop: false }`
[INFO] [stdout] d65edf80daabe86481c1be349906440ca51622d705f71ba2f359657751a2d95f
