[INFO] cloning repository https://github.com/compiler-errors/pr-92449
[INFO] running `Command { std: "git" "-c" "credential.helper=" "-c" "credential.helper=/workspace/cargo-home/bin/git-credential-null" "clone" "--bare" "https://github.com/compiler-errors/pr-92449" "/workspace/cache/git-repos/https%3A%2F%2Fgithub.com%2Fcompiler-errors%2Fpr-92449", kill_on_drop: false }`
[INFO] [stderr] Cloning into bare repository '/workspace/cache/git-repos/https%3A%2F%2Fgithub.com%2Fcompiler-errors%2Fpr-92449'...
[INFO] running `Command { std: "git" "rev-parse" "HEAD", kill_on_drop: false }`
[INFO] [stdout] 6a0df7b6a04f99e1da4e441119c9a5d7a460143f
[INFO] testing compiler-errors/pr-92449 against beta-2023-04-20 for beta-1.70-1
[INFO] running `Command { std: "git" "clone" "/workspace/cache/git-repos/https%3A%2F%2Fgithub.com%2Fcompiler-errors%2Fpr-92449" "/workspace/builds/worker-4-tc2/source", kill_on_drop: false }`
[INFO] [stderr] Cloning into '/workspace/builds/worker-4-tc2/source'...
[INFO] [stderr] done.
[INFO] validating manifest of git repo https://github.com/compiler-errors/pr-92449 on toolchain beta-2023-04-20
[INFO] running `Command { std: CARGO_HOME="/workspace/cargo-home" RUSTUP_HOME="/workspace/rustup-home" "/workspace/cargo-home/bin/cargo" "+beta-2023-04-20" "metadata" "--manifest-path" "Cargo.toml" "--no-deps", kill_on_drop: false }`
[INFO] started tweaking git repo https://github.com/compiler-errors/pr-92449
[INFO] finished tweaking git repo https://github.com/compiler-errors/pr-92449
[INFO] tweaked toml for git repo https://github.com/compiler-errors/pr-92449 written to /workspace/builds/worker-4-tc2/source/Cargo.toml
[INFO] crate git repo https://github.com/compiler-errors/pr-92449 already has a lockfile, it will not be regenerated
[INFO] running `Command { std: CARGO_HOME="/workspace/cargo-home" RUSTUP_HOME="/workspace/rustup-home" "/workspace/cargo-home/bin/cargo" "+beta-2023-04-20" "fetch" "--manifest-path" "Cargo.toml", kill_on_drop: false }`
[INFO] running `Command { std: "docker" "create" "-v" "/var/lib/crater-agent-workspace/builds/worker-4-tc2/target:/opt/rustwide/target:rw,Z" "-v" "/var/lib/crater-agent-workspace/builds/worker-4-tc2/source:/opt/rustwide/workdir:ro,Z" "-v" "/var/lib/crater-agent-workspace/cargo-home:/opt/rustwide/cargo-home:ro,Z" "-v" "/var/lib/crater-agent-workspace/rustup-home:/opt/rustwide/rustup-home:ro,Z" "-e" "SOURCE_DIR=/opt/rustwide/workdir" "-e" "CARGO_TARGET_DIR=/opt/rustwide/target" "-e" "CARGO_HOME=/opt/rustwide/cargo-home" "-e" "RUSTUP_HOME=/opt/rustwide/rustup-home" "-w" "/opt/rustwide/workdir" "-m" "1610612736" "--user" "0:0" "--network" "none" "ghcr.io/rust-lang/crates-build-env/linux@sha256:5ff2268d62e97bff2cde7d5815dd6ed5b47097566f13b8d0ca110b04b60e07ed" "/opt/rustwide/cargo-home/bin/cargo" "+beta-2023-04-20" "metadata" "--no-deps" "--format-version=1", kill_on_drop: false }`
[INFO] [stdout] 3de8c90b45a1e4a3907afbfe32c4a6ac2bcf555c6a005c26f1fe4b8214283e3e
[INFO] running `Command { std: "docker" "start" "-a" "3de8c90b45a1e4a3907afbfe32c4a6ac2bcf555c6a005c26f1fe4b8214283e3e", kill_on_drop: false }`
[INFO] running `Command { std: "docker" "inspect" "3de8c90b45a1e4a3907afbfe32c4a6ac2bcf555c6a005c26f1fe4b8214283e3e", kill_on_drop: false }`
[INFO] running `Command { std: "docker" "rm" "-f" "3de8c90b45a1e4a3907afbfe32c4a6ac2bcf555c6a005c26f1fe4b8214283e3e", kill_on_drop: false }`
[INFO] [stdout] 3de8c90b45a1e4a3907afbfe32c4a6ac2bcf555c6a005c26f1fe4b8214283e3e
[INFO] running `Command { std: "docker" "create" "-v" "/var/lib/crater-agent-workspace/builds/worker-4-tc2/target:/opt/rustwide/target:rw,Z" "-v" "/var/lib/crater-agent-workspace/builds/worker-4-tc2/source:/opt/rustwide/workdir:ro,Z" "-v" "/var/lib/crater-agent-workspace/cargo-home:/opt/rustwide/cargo-home:ro,Z" "-v" "/var/lib/crater-agent-workspace/rustup-home:/opt/rustwide/rustup-home:ro,Z" "-e" "SOURCE_DIR=/opt/rustwide/workdir" "-e" "CARGO_TARGET_DIR=/opt/rustwide/target" "-e" "CARGO_INCREMENTAL=0" "-e" "RUST_BACKTRACE=full" "-e" "RUSTFLAGS=--cap-lints=warn" "-e" "RUSTDOCFLAGS=--cap-lints=warn" "-e" "CARGO_HOME=/opt/rustwide/cargo-home" "-e" "RUSTUP_HOME=/opt/rustwide/rustup-home" "-w" "/opt/rustwide/workdir" "-m" "1610612736" "--user" "0:0" "--network" "none" "ghcr.io/rust-lang/crates-build-env/linux@sha256:5ff2268d62e97bff2cde7d5815dd6ed5b47097566f13b8d0ca110b04b60e07ed" "/opt/rustwide/cargo-home/bin/cargo" "+beta-2023-04-20" "build" "--frozen" "--message-format=json", kill_on_drop: false }`
[INFO] [stdout] a312aacabf53d901638eede3f4b044ec12d911ddbafccc59b04f13baea5c0d1e
[INFO] running `Command { std: "docker" "start" "-a" "a312aacabf53d901638eede3f4b044ec12d911ddbafccc59b04f13baea5c0d1e", kill_on_drop: false }`
[INFO] [stderr]    Compiling syn v1.0.85
[INFO] [stderr]    Compiling futures-core v0.3.19
[INFO] [stderr]    Compiling futures-task v0.3.19
[INFO] [stderr]    Compiling futures-channel v0.3.19
[INFO] [stderr]    Compiling pin-project-lite v0.2.8
[INFO] [stderr]    Compiling futures-util v0.3.19
[INFO] [stderr]    Compiling futures-sink v0.3.19
[INFO] [stderr]    Compiling parking_lot_core v0.8.5
[INFO] [stderr]    Compiling futures-io v0.3.19
[INFO] [stderr]    Compiling slab v0.4.5
[INFO] [stderr]    Compiling instant v0.1.12
[INFO] [stderr]    Compiling smallvec v1.8.0
[INFO] [stderr]    Compiling lock_api v0.4.5
[INFO] [stderr]    Compiling tokio v1.15.0
[INFO] [stderr]    Compiling parking_lot v0.11.2
[INFO] [stderr]    Compiling futures-macro v0.3.19
[INFO] [stderr]    Compiling futures-executor v0.3.19
[INFO] [stderr]    Compiling futures v0.3.19
[INFO] [stderr]    Compiling pr-92449 v0.1.0 (/opt/rustwide/workdir)
[INFO] [stdout] error[E0554]: `#![feature]` may not be used on the beta release channel
[INFO] [stdout]  --> src/main.rs:1:1
[INFO] [stdout]   |
[INFO] [stdout] 1 | #![feature(nll)]
[INFO] [stdout]   | ^^^^^^^^^^^^^^^^ help: remove the attribute
[INFO] [stdout]   |
[INFO] [stdout]   = help: the feature `nll` has been stable since `1.63.0` and no longer requires an attribute to enable
[INFO] [stdout] 
[INFO] [stdout] 
[INFO] [stdout] error[E0554]: `#![feature]` may not be used on the beta release channel
[INFO] [stdout]  --> src/main.rs:2:1
[INFO] [stdout]   |
[INFO] [stdout] 2 | #![feature(generic_associated_types)]
[INFO] [stdout]   | ^^^^^^^^^^^^^^^^^^^^^^^^^^^^^^^^^^^^^ help: remove the attribute
[INFO] [stdout]   |
[INFO] [stdout]   = help: the feature `generic_associated_types` has been stable since `1.65.0` and no longer requires an attribute to enable
[INFO] [stdout] 
[INFO] [stdout] 
[INFO] [stdout] error[E0554]: `#![feature]` may not be used on the beta release channel
[INFO] [stdout]  --> src/main.rs:3:1
[INFO] [stdout]   |
[INFO] [stdout] 3 | #![feature(type_alias_impl_trait)]
[INFO] [stdout]   | ^^^^^^^^^^^^^^^^^^^^^^^^^^^^^^^^^^
[INFO] [stdout] 
[INFO] [stdout] 
[INFO] [stdout] error[E0658]: `impl Trait` in associated types is unstable
[INFO] [stdout]   --> src/issue_92096.rs:31:7
[INFO] [stdout]    |
[INFO] [stdout] 31 |     = impl Future + Send; // removing +Send here & in the trait will compile
[INFO] [stdout]    |       ^^^^^^^^^^^^^^^^^^
[INFO] [stdout]    |
[INFO] [stdout]    = note: see issue #63063 <https://github.com/rust-lang/rust/issues/63063> for more information
[INFO] [stdout] 
[INFO] [stdout] 
[INFO] [stdout] warning: where clause not allowed here
[INFO] [stdout]   --> src/issue_92096.rs:29:5
[INFO] [stdout]    |
[INFO] [stdout] 29 | /     where
[INFO] [stdout] 30 | |         T: 'a,
[INFO] [stdout]    | |______________^
[INFO] [stdout]    |
[INFO] [stdout]    = note: see issue #89122 <https://github.com/rust-lang/rust/issues/89122> for more information
[INFO] [stdout]    = note: `#[warn(deprecated_where_clause_location)]` on by default
[INFO] [stdout] help: move it to the end of the type declaration
[INFO] [stdout]    |
[INFO] [stdout] 29 ~     
[INFO] [stdout] 30 ~     = impl Future + Send where T: 'a; // removing +Send here & in the trait will compile
[INFO] [stdout]    |
[INFO] [stdout] 
[INFO] [stdout] 
[INFO] [stdout] warning: the feature `nll` has been stable since 1.63.0 and no longer requires an attribute to enable
[INFO] [stdout]  --> src/main.rs:1:12
[INFO] [stdout]   |
[INFO] [stdout] 1 | #![feature(nll)]
[INFO] [stdout]   |            ^^^
[INFO] [stdout]   |
[INFO] [stdout]   = note: `#[warn(stable_features)]` on by default
[INFO] [stdout] 
[INFO] [stdout] 
[INFO] [stdout] warning: the feature `generic_associated_types` has been stable since 1.65.0 and no longer requires an attribute to enable
[INFO] [stdout]  --> src/main.rs:2:12
[INFO] [stdout]   |
[INFO] [stdout] 2 | #![feature(generic_associated_types)]
[INFO] [stdout]   |            ^^^^^^^^^^^^^^^^^^^^^^^^
[INFO] [stdout] 
[INFO] [stdout] 
[INFO] [stdout] error: higher-ranked lifetime error
[INFO] [stdout]   --> src/issue_79648.rs:78:25
[INFO] [stdout]    |
[INFO] [stdout] 78 |       let foobar_runner = tokio::spawn(async move {
[INFO] [stdout]    |  _________________________^
[INFO] [stdout] 79 | |         foobar.run().await;
[INFO] [stdout] 80 | |     })
[INFO] [stdout]    | |______^
[INFO] [stdout]    |
[INFO] [stdout]    = note: could not prove `[async block@src/issue_79648.rs:78:38: 80:6]: std::marker::Send`
[INFO] [stdout] 
[INFO] [stdout] 
[INFO] [stdout] error: `C` does not live long enough
[INFO] [stdout]   --> src/issue_92096.rs:16:5
[INFO] [stdout]    |
[INFO] [stdout] 16 | /     async move {
[INFO] [stdout] 17 | |         println!("this does not compile");
[INFO] [stdout] 18 | |         c.connect().await
[INFO] [stdout] 19 | |     }
[INFO] [stdout]    | |_____^
[INFO] [stdout] 
[INFO] [stdout] 
[INFO] [stdout] error: `T` does not live long enough
[INFO] [stdout]   --> src/issue_92096.rs:36:9
[INFO] [stdout]    |
[INFO] [stdout] 36 | /         async move {
[INFO] [stdout] 37 | |             println!("this does not compile");
[INFO] [stdout] 38 | |             self.0.connect().await
[INFO] [stdout] 39 | |         }
[INFO] [stdout]    | |_________^
[INFO] [stdout] 
[INFO] [stdout] 
[INFO] [stdout] error: aborting due to 7 previous errors; 3 warnings emitted
[INFO] [stdout] 
[INFO] [stdout] 
[INFO] [stdout] Some errors have detailed explanations: E0554, E0658.
[INFO] [stdout] 
[INFO] [stdout] For more information about an error, try `rustc --explain E0554`.
[INFO] [stdout] 
[INFO] [stderr] error: could not compile `pr-92449` (bin "pr-92449") due to 8 previous errors; 3 warnings emitted
[INFO] running `Command { std: "docker" "inspect" "a312aacabf53d901638eede3f4b044ec12d911ddbafccc59b04f13baea5c0d1e", kill_on_drop: false }`
[INFO] running `Command { std: "docker" "rm" "-f" "a312aacabf53d901638eede3f4b044ec12d911ddbafccc59b04f13baea5c0d1e", kill_on_drop: false }`
[INFO] [stdout] a312aacabf53d901638eede3f4b044ec12d911ddbafccc59b04f13baea5c0d1e
