[INFO] cloning repository https://github.com/coderedtails/tic_tac_toe_rust
[INFO] running `Command { std: "git" "-c" "credential.helper=" "-c" "credential.helper=/workspace/cargo-home/bin/git-credential-null" "clone" "--bare" "https://github.com/coderedtails/tic_tac_toe_rust" "/workspace/cache/git-repos/https%3A%2F%2Fgithub.com%2Fcoderedtails%2Ftic_tac_toe_rust", kill_on_drop: false }`
[INFO] [stderr] Cloning into bare repository '/workspace/cache/git-repos/https%3A%2F%2Fgithub.com%2Fcoderedtails%2Ftic_tac_toe_rust'...
[INFO] running `Command { std: "git" "rev-parse" "HEAD", kill_on_drop: false }`
[INFO] [stdout] 9d6d3dd87180a9b88e54b1231de17428b4a8250c
[INFO] testing coderedtails/tic_tac_toe_rust against beta-2023-04-20 for beta-1.70-1
[INFO] running `Command { std: "git" "clone" "/workspace/cache/git-repos/https%3A%2F%2Fgithub.com%2Fcoderedtails%2Ftic_tac_toe_rust" "/workspace/builds/worker-4-tc2/source", kill_on_drop: false }`
[INFO] [stderr] Cloning into '/workspace/builds/worker-4-tc2/source'...
[INFO] [stderr] done.
[INFO] validating manifest of git repo https://github.com/coderedtails/tic_tac_toe_rust on toolchain beta-2023-04-20
[INFO] running `Command { std: CARGO_HOME="/workspace/cargo-home" RUSTUP_HOME="/workspace/rustup-home" "/workspace/cargo-home/bin/cargo" "+beta-2023-04-20" "metadata" "--manifest-path" "Cargo.toml" "--no-deps", kill_on_drop: false }`
[INFO] started tweaking git repo https://github.com/coderedtails/tic_tac_toe_rust
[INFO] removed 0 missing tests
[INFO] finished tweaking git repo https://github.com/coderedtails/tic_tac_toe_rust
[INFO] tweaked toml for git repo https://github.com/coderedtails/tic_tac_toe_rust written to /workspace/builds/worker-4-tc2/source/Cargo.toml
[INFO] crate git repo https://github.com/coderedtails/tic_tac_toe_rust already has a lockfile, it will not be regenerated
[INFO] running `Command { std: CARGO_HOME="/workspace/cargo-home" RUSTUP_HOME="/workspace/rustup-home" "/workspace/cargo-home/bin/cargo" "+beta-2023-04-20" "fetch" "--manifest-path" "Cargo.toml", kill_on_drop: false }`
[INFO] running `Command { std: "docker" "create" "-v" "/var/lib/crater-agent-workspace/builds/worker-4-tc2/target:/opt/rustwide/target:rw,Z" "-v" "/var/lib/crater-agent-workspace/builds/worker-4-tc2/source:/opt/rustwide/workdir:ro,Z" "-v" "/var/lib/crater-agent-workspace/cargo-home:/opt/rustwide/cargo-home:ro,Z" "-v" "/var/lib/crater-agent-workspace/rustup-home:/opt/rustwide/rustup-home:ro,Z" "-e" "SOURCE_DIR=/opt/rustwide/workdir" "-e" "CARGO_TARGET_DIR=/opt/rustwide/target" "-e" "CARGO_HOME=/opt/rustwide/cargo-home" "-e" "RUSTUP_HOME=/opt/rustwide/rustup-home" "-w" "/opt/rustwide/workdir" "-m" "1610612736" "--user" "0:0" "--network" "none" "ghcr.io/rust-lang/crates-build-env/linux@sha256:5ff2268d62e97bff2cde7d5815dd6ed5b47097566f13b8d0ca110b04b60e07ed" "/opt/rustwide/cargo-home/bin/cargo" "+beta-2023-04-20" "metadata" "--no-deps" "--format-version=1", kill_on_drop: false }`
[INFO] [stdout] 7d18ee16387dc23dd683bc9f50aa29a9e27c05e5fc8870d26b535f5fe23b64e4
[INFO] running `Command { std: "docker" "start" "-a" "7d18ee16387dc23dd683bc9f50aa29a9e27c05e5fc8870d26b535f5fe23b64e4", kill_on_drop: false }`
[INFO] running `Command { std: "docker" "inspect" "7d18ee16387dc23dd683bc9f50aa29a9e27c05e5fc8870d26b535f5fe23b64e4", kill_on_drop: false }`
[INFO] running `Command { std: "docker" "rm" "-f" "7d18ee16387dc23dd683bc9f50aa29a9e27c05e5fc8870d26b535f5fe23b64e4", kill_on_drop: false }`
[INFO] [stdout] 7d18ee16387dc23dd683bc9f50aa29a9e27c05e5fc8870d26b535f5fe23b64e4
[INFO] running `Command { std: "docker" "create" "-v" "/var/lib/crater-agent-workspace/builds/worker-4-tc2/target:/opt/rustwide/target:rw,Z" "-v" "/var/lib/crater-agent-workspace/builds/worker-4-tc2/source:/opt/rustwide/workdir:ro,Z" "-v" "/var/lib/crater-agent-workspace/cargo-home:/opt/rustwide/cargo-home:ro,Z" "-v" "/var/lib/crater-agent-workspace/rustup-home:/opt/rustwide/rustup-home:ro,Z" "-e" "SOURCE_DIR=/opt/rustwide/workdir" "-e" "CARGO_TARGET_DIR=/opt/rustwide/target" "-e" "CARGO_INCREMENTAL=0" "-e" "RUST_BACKTRACE=full" "-e" "RUSTFLAGS=--cap-lints=warn" "-e" "RUSTDOCFLAGS=--cap-lints=warn" "-e" "CARGO_HOME=/opt/rustwide/cargo-home" "-e" "RUSTUP_HOME=/opt/rustwide/rustup-home" "-w" "/opt/rustwide/workdir" "-m" "1610612736" "--user" "0:0" "--network" "none" "ghcr.io/rust-lang/crates-build-env/linux@sha256:5ff2268d62e97bff2cde7d5815dd6ed5b47097566f13b8d0ca110b04b60e07ed" "/opt/rustwide/cargo-home/bin/cargo" "+beta-2023-04-20" "build" "--frozen" "--message-format=json", kill_on_drop: false }`
[INFO] [stdout] d8f40fc3095a8ce20c4ab2887159a4fc876a79cb4288813b3af5f663e980e5cb
[INFO] running `Command { std: "docker" "start" "-a" "d8f40fc3095a8ce20c4ab2887159a4fc876a79cb4288813b3af5f663e980e5cb", kill_on_drop: false }`
[INFO] [stderr]    Compiling ansi_term v0.4.0 (https://github.com/ogham/rust-ansi-term#df6fcf77)
[INFO] [stdout] error[E0463]: can't find crate for `regex`
[INFO] [stdout]    --> /opt/rustwide/cargo-home/git/checkouts/rust-ansi-term-b1bd7623e522f364/df6fcf7/src/ansi_term.rs:102:20
[INFO] [stdout]     |
[INFO] [stdout] 102 | #![feature(phase)] extern crate regex;
[INFO] [stdout]     |                    ^^^^^^^^^^^^^^^^^^^ can't find crate
[INFO] [stdout] 
[INFO] [stdout] 
[INFO] [stdout] error[E0463]: can't find crate for `regex_macros`
[INFO] [stdout]    --> /opt/rustwide/cargo-home/git/checkouts/rust-ansi-term-b1bd7623e522f364/df6fcf7/src/ansi_term.rs:103:18
[INFO] [stdout]     |
[INFO] [stdout] 103 | #[phase(plugin)] extern crate regex_macros;
[INFO] [stdout]     |                  ^^^^^^^^^^^^^^^^^^^^^^^^^^ can't find crate
[INFO] [stdout] 
[INFO] [stdout] 
[INFO] [stdout] error: cannot find attribute `phase` in this scope
[INFO] [stdout]    --> /opt/rustwide/cargo-home/git/checkouts/rust-ansi-term-b1bd7623e522f364/df6fcf7/src/ansi_term.rs:103:3
[INFO] [stdout]     |
[INFO] [stdout] 103 | #[phase(plugin)] extern crate regex_macros;
[INFO] [stdout]     |   ^^^^^
[INFO] [stdout] 
[INFO] [stdout] 
[INFO] [stdout] error: cannot find macro `regex` in this scope
[INFO] [stdout]    --> /opt/rustwide/cargo-home/git/checkouts/rust-ansi-term-b1bd7623e522f364/df6fcf7/src/ansi_term.rs:298:14
[INFO] [stdout]     |
[INFO] [stdout] 298 |     let re = regex!("\x1B\\[.+?m");
[INFO] [stdout]     |              ^^^^^
[INFO] [stdout]     |
[INFO] [stdout] note: `regex` is imported here, but it is an unresolved item, not a macro
[INFO] [stdout]    --> /opt/rustwide/cargo-home/git/checkouts/rust-ansi-term-b1bd7623e522f364/df6fcf7/src/ansi_term.rs:102:20
[INFO] [stdout]     |
[INFO] [stdout] 102 | #![feature(phase)] extern crate regex;
[INFO] [stdout]     |                    ^^^^^^^^^^^^^^^^^^^
[INFO] [stdout] 
[INFO] [stdout] 
[INFO] [stdout] error[E0405]: cannot find trait `Show` in module `fmt`
[INFO] [stdout]    --> /opt/rustwide/cargo-home/git/checkouts/rust-ansi-term-b1bd7623e522f364/df6fcf7/src/ansi_term.rs:127:15
[INFO] [stdout]     |
[INFO] [stdout] 127 | impl<'a> fmt::Show for ANSIString<'a> {
[INFO] [stdout]     |               ^^^^ not found in `fmt`
[INFO] [stdout] 
[INFO] [stdout] 
[INFO] [stdout] error[E0554]: `#![feature]` may not be used on the beta release channel
[INFO] [stdout]  --> /opt/rustwide/cargo-home/git/checkouts/rust-ansi-term-b1bd7623e522f364/df6fcf7/src/ansi_term.rs:4:1
[INFO] [stdout]   |
[INFO] [stdout] 4 | #![feature(macro_rules)]
[INFO] [stdout]   | ^^^^^^^^^^^^^^^^^^^^^^^^ help: remove the attribute
[INFO] [stdout]   |
[INFO] [stdout]   = help: the feature `macro_rules` has been stable since `1.0.0` and no longer requires an attribute to enable
[INFO] [stdout] 
[INFO] [stdout] 
[INFO] [stdout] error[E0554]: `#![feature]` may not be used on the beta release channel
[INFO] [stdout]    --> /opt/rustwide/cargo-home/git/checkouts/rust-ansi-term-b1bd7623e522f364/df6fcf7/src/ansi_term.rs:102:1
[INFO] [stdout]     |
[INFO] [stdout] 102 | #![feature(phase)] extern crate regex;
[INFO] [stdout]     | ^^^^^^^^^^^^^^^^^^
[INFO] [stdout] 
[INFO] [stdout] 
[INFO] [stdout] error[E0554]: `#![feature]` may not be used on the beta release channel
[INFO] [stdout]    --> /opt/rustwide/cargo-home/git/checkouts/rust-ansi-term-b1bd7623e522f364/df6fcf7/src/ansi_term.rs:102:12
[INFO] [stdout]     |
[INFO] [stdout] 102 | #![feature(phase)] extern crate regex;
[INFO] [stdout]     |            ^^^^^
[INFO] [stdout] 
[INFO] [stdout] 
[INFO] [stdout] error[E0635]: unknown feature `phase`
[INFO] [stdout]    --> /opt/rustwide/cargo-home/git/checkouts/rust-ansi-term-b1bd7623e522f364/df6fcf7/src/ansi_term.rs:102:12
[INFO] [stdout]     |
[INFO] [stdout] 102 | #![feature(phase)] extern crate regex;
[INFO] [stdout]     |            ^^^^^
[INFO] [stdout] 
[INFO] [stdout] 
[INFO] [stdout] error: aborting due to 9 previous errors
[INFO] [stdout] 
[INFO] [stdout] 
[INFO] [stdout] Some errors have detailed explanations: E0405, E0463, E0554, E0635.
[INFO] [stdout] 
[INFO] [stdout] For more information about an error, try `rustc --explain E0405`.
[INFO] [stdout] 
[INFO] [stderr] error: could not compile `ansi_term` (lib) due to 10 previous errors
[INFO] running `Command { std: "docker" "inspect" "d8f40fc3095a8ce20c4ab2887159a4fc876a79cb4288813b3af5f663e980e5cb", kill_on_drop: false }`
[INFO] running `Command { std: "docker" "rm" "-f" "d8f40fc3095a8ce20c4ab2887159a4fc876a79cb4288813b3af5f663e980e5cb", kill_on_drop: false }`
[INFO] [stdout] d8f40fc3095a8ce20c4ab2887159a4fc876a79cb4288813b3af5f663e980e5cb
