[INFO] cloning repository https://github.com/cmltaWt0/rust_test_hello
[INFO] running `Command { std: "git" "-c" "credential.helper=" "-c" "credential.helper=/workspace/cargo-home/bin/git-credential-null" "clone" "--bare" "https://github.com/cmltaWt0/rust_test_hello" "/workspace/cache/git-repos/https%3A%2F%2Fgithub.com%2FcmltaWt0%2Frust_test_hello", kill_on_drop: false }`
[INFO] [stderr] Cloning into bare repository '/workspace/cache/git-repos/https%3A%2F%2Fgithub.com%2FcmltaWt0%2Frust_test_hello'...
[INFO] running `Command { std: "git" "rev-parse" "HEAD", kill_on_drop: false }`
[INFO] [stdout] ff001529cd65bcb26c040d57f1697b51fd3da6a5
[INFO] testing cmltaWt0/rust_test_hello against beta-2023-04-20 for beta-1.70-1
[INFO] running `Command { std: "git" "clone" "/workspace/cache/git-repos/https%3A%2F%2Fgithub.com%2FcmltaWt0%2Frust_test_hello" "/workspace/builds/worker-3-tc2/source", kill_on_drop: false }`
[INFO] [stderr] Cloning into '/workspace/builds/worker-3-tc2/source'...
[INFO] [stderr] done.
[INFO] validating manifest of git repo https://github.com/cmltaWt0/rust_test_hello on toolchain beta-2023-04-20
[INFO] running `Command { std: CARGO_HOME="/workspace/cargo-home" RUSTUP_HOME="/workspace/rustup-home" "/workspace/cargo-home/bin/cargo" "+beta-2023-04-20" "metadata" "--manifest-path" "Cargo.toml" "--no-deps", kill_on_drop: false }`
[INFO] started tweaking git repo https://github.com/cmltaWt0/rust_test_hello
[INFO] finished tweaking git repo https://github.com/cmltaWt0/rust_test_hello
[INFO] tweaked toml for git repo https://github.com/cmltaWt0/rust_test_hello written to /workspace/builds/worker-3-tc2/source/Cargo.toml
[INFO] crate git repo https://github.com/cmltaWt0/rust_test_hello already has a lockfile, it will not be regenerated
[INFO] running `Command { std: CARGO_HOME="/workspace/cargo-home" RUSTUP_HOME="/workspace/rustup-home" "/workspace/cargo-home/bin/cargo" "+beta-2023-04-20" "fetch" "--manifest-path" "Cargo.toml", kill_on_drop: false }`
[INFO] [stderr]     Blocking waiting for file lock on package cache
[INFO] running `Command { std: "docker" "create" "-v" "/var/lib/crater-agent-workspace/builds/worker-3-tc2/target:/opt/rustwide/target:rw,Z" "-v" "/var/lib/crater-agent-workspace/builds/worker-3-tc2/source:/opt/rustwide/workdir:ro,Z" "-v" "/var/lib/crater-agent-workspace/cargo-home:/opt/rustwide/cargo-home:ro,Z" "-v" "/var/lib/crater-agent-workspace/rustup-home:/opt/rustwide/rustup-home:ro,Z" "-e" "SOURCE_DIR=/opt/rustwide/workdir" "-e" "CARGO_TARGET_DIR=/opt/rustwide/target" "-e" "CARGO_HOME=/opt/rustwide/cargo-home" "-e" "RUSTUP_HOME=/opt/rustwide/rustup-home" "-w" "/opt/rustwide/workdir" "-m" "1610612736" "--user" "0:0" "--network" "none" "ghcr.io/rust-lang/crates-build-env/linux@sha256:5ff2268d62e97bff2cde7d5815dd6ed5b47097566f13b8d0ca110b04b60e07ed" "/opt/rustwide/cargo-home/bin/cargo" "+beta-2023-04-20" "metadata" "--no-deps" "--format-version=1", kill_on_drop: false }`
[INFO] [stdout] a0ba898b2a47617ae97142085d717319d44cfcc686f58a9f565ce40ee1667e84
[INFO] running `Command { std: "docker" "start" "-a" "a0ba898b2a47617ae97142085d717319d44cfcc686f58a9f565ce40ee1667e84", kill_on_drop: false }`
[INFO] running `Command { std: "docker" "inspect" "a0ba898b2a47617ae97142085d717319d44cfcc686f58a9f565ce40ee1667e84", kill_on_drop: false }`
[INFO] running `Command { std: "docker" "rm" "-f" "a0ba898b2a47617ae97142085d717319d44cfcc686f58a9f565ce40ee1667e84", kill_on_drop: false }`
[INFO] [stdout] a0ba898b2a47617ae97142085d717319d44cfcc686f58a9f565ce40ee1667e84
[INFO] running `Command { std: "docker" "create" "-v" "/var/lib/crater-agent-workspace/builds/worker-3-tc2/target:/opt/rustwide/target:rw,Z" "-v" "/var/lib/crater-agent-workspace/builds/worker-3-tc2/source:/opt/rustwide/workdir:ro,Z" "-v" "/var/lib/crater-agent-workspace/cargo-home:/opt/rustwide/cargo-home:ro,Z" "-v" "/var/lib/crater-agent-workspace/rustup-home:/opt/rustwide/rustup-home:ro,Z" "-e" "SOURCE_DIR=/opt/rustwide/workdir" "-e" "CARGO_TARGET_DIR=/opt/rustwide/target" "-e" "CARGO_INCREMENTAL=0" "-e" "RUST_BACKTRACE=full" "-e" "RUSTFLAGS=--cap-lints=warn" "-e" "RUSTDOCFLAGS=--cap-lints=warn" "-e" "CARGO_HOME=/opt/rustwide/cargo-home" "-e" "RUSTUP_HOME=/opt/rustwide/rustup-home" "-w" "/opt/rustwide/workdir" "-m" "1610612736" "--user" "0:0" "--network" "none" "ghcr.io/rust-lang/crates-build-env/linux@sha256:5ff2268d62e97bff2cde7d5815dd6ed5b47097566f13b8d0ca110b04b60e07ed" "/opt/rustwide/cargo-home/bin/cargo" "+beta-2023-04-20" "build" "--frozen" "--message-format=json", kill_on_drop: false }`
[INFO] [stdout] 48ec953b6deda41a848ec10d8e5953216d35662c16954ad6a53a42feaa7859a9
[INFO] running `Command { std: "docker" "start" "-a" "48ec953b6deda41a848ec10d8e5953216d35662c16954ad6a53a42feaa7859a9", kill_on_drop: false }`
[INFO] [stderr]    Compiling hello v0.1.0 (/opt/rustwide/workdir)
[INFO] [stdout] error[E0425]: cannot find value `arg` in this scope
[INFO] [stdout]    --> src/main.rs:132:26
[INFO] [stdout]     |
[INFO] [stdout] 132 |         if let Some(c) = arg.chars().next() {
[INFO] [stdout]     |                          ^^^ help: a function with a similar name exists: `args`
[INFO] [stdout]    --> /rustc/1b7dd2252b99671ce5d1cb9664c5f8636329436d/library/std/src/env.rs:756:1
[INFO] [stdout]     |
[INFO] [stdout]     = note: similarly named function `args` defined here
[INFO] [stdout] 
[INFO] [stdout] 
[INFO] [stdout] error[E0308]: mismatched types
[INFO] [stdout]    --> src/main.rs:134:17
[INFO] [stdout]     |
[INFO] [stdout] 133 |             match name {
[INFO] [stdout]     |                   ---- this expression has type `String`
[INFO] [stdout] 134 |                 'i' | 'I' => println!("Hello {}", name),
[INFO] [stdout]     |                 ^^^ expected `String`, found `char`
[INFO] [stdout] 
[INFO] [stdout] 
[INFO] [stdout] error[E0308]: mismatched types
[INFO] [stdout]    --> src/main.rs:134:23
[INFO] [stdout]     |
[INFO] [stdout] 133 |             match name {
[INFO] [stdout]     |                   ---- this expression has type `String`
[INFO] [stdout] 134 |                 'i' | 'I' => println!("Hello {}", name),
[INFO] [stdout]     |                       ^^^ expected `String`, found `char`
[INFO] [stdout] 
[INFO] [stdout] 
[INFO] [stdout] error: aborting due to 3 previous errors
[INFO] [stdout] 
[INFO] [stdout] 
[INFO] [stdout] Some errors have detailed explanations: E0308, E0425.
[INFO] [stdout] 
[INFO] [stdout] For more information about an error, try `rustc --explain E0308`.
[INFO] [stdout] 
[INFO] [stderr] error: could not compile `hello` (bin "hello") due to 4 previous errors
[INFO] running `Command { std: "docker" "inspect" "48ec953b6deda41a848ec10d8e5953216d35662c16954ad6a53a42feaa7859a9", kill_on_drop: false }`
[INFO] running `Command { std: "docker" "rm" "-f" "48ec953b6deda41a848ec10d8e5953216d35662c16954ad6a53a42feaa7859a9", kill_on_drop: false }`
[INFO] [stdout] 48ec953b6deda41a848ec10d8e5953216d35662c16954ad6a53a42feaa7859a9
