[INFO] cloning repository https://github.com/cleverhero/Graphics-engine
[INFO] running `Command { std: "git" "-c" "credential.helper=" "-c" "credential.helper=/workspace/cargo-home/bin/git-credential-null" "clone" "--bare" "https://github.com/cleverhero/Graphics-engine" "/workspace/cache/git-repos/https%3A%2F%2Fgithub.com%2Fcleverhero%2FGraphics-engine", kill_on_drop: false }`
[INFO] [stderr] Cloning into bare repository '/workspace/cache/git-repos/https%3A%2F%2Fgithub.com%2Fcleverhero%2FGraphics-engine'...
[INFO] running `Command { std: "git" "rev-parse" "HEAD", kill_on_drop: false }`
[INFO] [stdout] 5d57d0703c5dd0ba7cc2e5f4d7a40fb8473da6b4
[INFO] testing cleverhero/Graphics-engine against 1.69.0 for beta-1.70-1
[INFO] running `Command { std: "git" "clone" "/workspace/cache/git-repos/https%3A%2F%2Fgithub.com%2Fcleverhero%2FGraphics-engine" "/workspace/builds/worker-2-tc1/source", kill_on_drop: false }`
[INFO] [stderr] Cloning into '/workspace/builds/worker-2-tc1/source'...
[INFO] [stderr] done.
[INFO] validating manifest of git repo https://github.com/cleverhero/Graphics-engine on toolchain 1.69.0
[INFO] running `Command { std: CARGO_HOME="/workspace/cargo-home" RUSTUP_HOME="/workspace/rustup-home" "/workspace/cargo-home/bin/cargo" "+1.69.0" "metadata" "--manifest-path" "Cargo.toml" "--no-deps", kill_on_drop: false }`
[INFO] started tweaking git repo https://github.com/cleverhero/Graphics-engine
[INFO] finished tweaking git repo https://github.com/cleverhero/Graphics-engine
[INFO] tweaked toml for git repo https://github.com/cleverhero/Graphics-engine written to /workspace/builds/worker-2-tc1/source/Cargo.toml
[INFO] crate git repo https://github.com/cleverhero/Graphics-engine already has a lockfile, it will not be regenerated
[INFO] running `Command { std: CARGO_HOME="/workspace/cargo-home" RUSTUP_HOME="/workspace/rustup-home" "/workspace/cargo-home/bin/cargo" "+1.69.0" "fetch" "--manifest-path" "Cargo.toml", kill_on_drop: false }`
[INFO] [stderr]  Downloading crates ...
[INFO] [stderr]   Downloaded siphasher v0.2.1
[INFO] [stderr]   Downloaded android_glue v0.2.2
[INFO] [stderr]   Downloaded libloading v0.3.2
[INFO] [stderr]   Downloaded glium_text v0.11.0
[INFO] [stderr]   Downloaded jpeg-decoder v0.1.11
[INFO] [stderr]   Downloaded glium v0.16.0
[INFO] [stderr]   Downloaded num-complex v0.1.36
[INFO] [stderr]   Downloaded x11-dl v2.12.0
[INFO] [stderr]   Downloaded cgmath v0.9.1
[INFO] [stderr]   Downloaded freetype-sys v0.4.0
[INFO] [stderr]   Downloaded target_build_utils v0.3.0
[INFO] [stderr]   Downloaded num-rational v0.1.36
[INFO] [stderr]   Downloaded gif v0.9.1
[INFO] [stderr]   Downloaded rayon v0.6.0
[INFO] [stderr]   Downloaded num-bigint v0.1.37
[INFO] [stderr]   Downloaded image v0.12.3
[INFO] [stderr]   Downloaded deflate v0.7.5
[INFO] [stderr]   Downloaded gcc v0.3.43
[INFO] running `Command { std: "docker" "create" "-v" "/var/lib/crater-agent-workspace/builds/worker-2-tc1/target:/opt/rustwide/target:rw,Z" "-v" "/var/lib/crater-agent-workspace/builds/worker-2-tc1/source:/opt/rustwide/workdir:ro,Z" "-v" "/var/lib/crater-agent-workspace/cargo-home:/opt/rustwide/cargo-home:ro,Z" "-v" "/var/lib/crater-agent-workspace/rustup-home:/opt/rustwide/rustup-home:ro,Z" "-e" "SOURCE_DIR=/opt/rustwide/workdir" "-e" "CARGO_TARGET_DIR=/opt/rustwide/target" "-e" "CARGO_HOME=/opt/rustwide/cargo-home" "-e" "RUSTUP_HOME=/opt/rustwide/rustup-home" "-w" "/opt/rustwide/workdir" "-m" "1610612736" "--user" "0:0" "--network" "none" "ghcr.io/rust-lang/crates-build-env/linux@sha256:5ff2268d62e97bff2cde7d5815dd6ed5b47097566f13b8d0ca110b04b60e07ed" "/opt/rustwide/cargo-home/bin/cargo" "+1.69.0" "metadata" "--no-deps" "--format-version=1", kill_on_drop: false }`
[INFO] [stdout] 03e1a12095e3a72a1941e84cffdcb5b771866ae1f6177b087b2b91ae39255b81
[INFO] running `Command { std: "docker" "start" "-a" "03e1a12095e3a72a1941e84cffdcb5b771866ae1f6177b087b2b91ae39255b81", kill_on_drop: false }`
[INFO] running `Command { std: "docker" "inspect" "03e1a12095e3a72a1941e84cffdcb5b771866ae1f6177b087b2b91ae39255b81", kill_on_drop: false }`
[INFO] running `Command { std: "docker" "rm" "-f" "03e1a12095e3a72a1941e84cffdcb5b771866ae1f6177b087b2b91ae39255b81", kill_on_drop: false }`
[INFO] [stdout] 03e1a12095e3a72a1941e84cffdcb5b771866ae1f6177b087b2b91ae39255b81
[INFO] running `Command { std: "docker" "create" "-v" "/var/lib/crater-agent-workspace/builds/worker-2-tc1/target:/opt/rustwide/target:rw,Z" "-v" "/var/lib/crater-agent-workspace/builds/worker-2-tc1/source:/opt/rustwide/workdir:ro,Z" "-v" "/var/lib/crater-agent-workspace/cargo-home:/opt/rustwide/cargo-home:ro,Z" "-v" "/var/lib/crater-agent-workspace/rustup-home:/opt/rustwide/rustup-home:ro,Z" "-e" "SOURCE_DIR=/opt/rustwide/workdir" "-e" "CARGO_TARGET_DIR=/opt/rustwide/target" "-e" "CARGO_INCREMENTAL=0" "-e" "RUST_BACKTRACE=full" "-e" "RUSTFLAGS=--cap-lints=warn" "-e" "RUSTDOCFLAGS=--cap-lints=warn" "-e" "CARGO_HOME=/opt/rustwide/cargo-home" "-e" "RUSTUP_HOME=/opt/rustwide/rustup-home" "-w" "/opt/rustwide/workdir" "-m" "1610612736" "--user" "0:0" "--network" "none" "ghcr.io/rust-lang/crates-build-env/linux@sha256:5ff2268d62e97bff2cde7d5815dd6ed5b47097566f13b8d0ca110b04b60e07ed" "/opt/rustwide/cargo-home/bin/cargo" "+1.69.0" "build" "--frozen" "--message-format=json", kill_on_drop: false }`
[INFO] [stdout] 24456ea75dbd9044fdd6433fcce87ccdd600f0559e1cf04a5b8c01a3240c8b85
[INFO] running `Command { std: "docker" "start" "-a" "24456ea75dbd9044fdd6433fcce87ccdd600f0559e1cf04a5b8c01a3240c8b85", kill_on_drop: false }`
[INFO] [stderr]    Compiling libc v0.2.21
[INFO] [stderr]    Compiling num-traits v0.1.37
[INFO] [stderr]    Compiling siphasher v0.2.1
[INFO] [stderr]    Compiling bitflags v0.7.0
[INFO] [stderr]    Compiling winapi-build v0.1.1
[INFO] [stderr]    Compiling dtoa v0.4.1
[INFO] [stderr]    Compiling serde v0.9.11
[INFO] [stderr]    Compiling itoa v0.3.1
[INFO] [stderr]    Compiling xml-rs v0.3.6
[INFO] [stderr]    Compiling pkg-config v0.3.9
[INFO] [stderr]    Compiling phf_shared v0.7.21
[INFO] [stderr]    Compiling lazy_static v0.2.4
[INFO] [stderr]    Compiling gcc v0.3.43
[INFO] [stderr]    Compiling rand v0.3.15
[INFO] [stderr]    Compiling phf v0.7.21
[INFO] [stderr]    Compiling kernel32-sys v0.2.2
[INFO] [stderr]    Compiling winapi v0.2.8
[INFO] [stderr]    Compiling byteorder v1.0.0
[INFO] [stderr]    Compiling semver v0.1.20
[INFO] [stderr]    Compiling log v0.3.7
[INFO] [stderr]    Compiling khronos_api v1.0.0
[INFO] [stderr]    Compiling wayland-scanner v0.7.8
[INFO] [stderr]    Compiling gl_generator v0.5.2
[INFO] [stderr]    Compiling rustc_version v0.1.7
[INFO] [stderr]    Compiling num-integer v0.1.33
[INFO] [stderr]    Compiling fs2 v0.2.5
[INFO] [stderr]    Compiling phf_generator v0.7.21
[INFO] [stderr]    Compiling tempfile v2.1.5
[INFO] [stderr]    Compiling x11-dl v2.12.0
[INFO] [stderr]    Compiling dbghelp-sys v0.2.0
[INFO] [stderr]    Compiling phf_codegen v0.7.21
[INFO] [stderr]    Compiling wayland-client v0.7.8
[INFO] [stderr]    Compiling rustc-serialize v0.3.22
[INFO] [stderr]    Compiling memmap v0.4.0
[INFO] [stderr]    Compiling target_build_utils v0.3.0
[INFO] [stderr]    Compiling libz-sys v1.0.13
[INFO] [stderr]    Compiling backtrace-sys v0.1.10
[INFO] [stderr]    Compiling shared_library v0.1.5
[INFO] [stderr]    Compiling glutin v0.7.4
[INFO] [stderr]    Compiling num-iter v0.1.33
[INFO] [stderr]    Compiling backtrace v0.2.3
[INFO] [stderr]    Compiling serde_json v0.9.9
[INFO] [stderr]    Compiling osmesa-sys v0.1.2
[INFO] [stderr]    Compiling glium v0.16.0
[INFO] [stderr]    Compiling deque v0.3.1
[INFO] [stderr]    Compiling freetype-sys v0.4.0
[INFO] [stderr]    Compiling num_cpus v1.3.0
[INFO] [stderr]    Compiling num-bigint v0.1.37
[INFO] [stderr]    Compiling cfg-if v0.1.0
[INFO] [stderr]    Compiling adler32 v1.0.0
[INFO] [stderr]    Compiling rustc-demangle v0.1.4
[INFO] [stderr]    Compiling odds v0.2.25
[INFO] [stderr]    Compiling num-rational v0.1.36
[INFO] [stderr]    Compiling deflate v0.7.5
[INFO] [stderr]    Compiling nodrop v0.1.9
[INFO] [stderr]    Compiling num-complex v0.1.36
[INFO] [stderr]    Compiling rayon v0.6.0
[INFO] [stderr]    Compiling color_quant v1.0.0
[INFO] [stderr]    Compiling smallvec v0.1.8
[INFO] [stderr]    Compiling fnv v1.0.5
[INFO] [stderr]    Compiling lzw v0.10.0
[INFO] [stderr]    Compiling inflate v0.1.1
[INFO] [stderr]    Compiling byteorder v0.4.2
[INFO] [stderr]    Compiling jpeg-decoder v0.1.11
[INFO] [stderr]    Compiling stb_truetype v0.2.1
[INFO] [stderr]    Compiling gif v0.9.1
[INFO] [stderr]    Compiling num v0.1.37
[INFO] [stderr]    Compiling arrayvec v0.3.23
[INFO] [stderr]    Compiling enum_primitive v0.1.1
[INFO] [stderr]    Compiling scoped_threadpool v0.1.7
[INFO] [stderr]    Compiling linked-hash-map v0.0.10
[INFO] [stderr]    Compiling glob v0.2.11
[INFO] [stderr]    Compiling rusttype v0.2.1
[INFO] [stderr]    Compiling png v0.6.2
[INFO] [stdout] error[E0311]: the parameter type `K` may not live long enough
[INFO] [stdout]   --> /opt/rustwide/cargo-home/registry/src/github.com-1ecc6299db9ec823/rusttype-0.2.1/src/support/bst/map.rs:81:19
[INFO] [stdout]    |
[INFO] [stdout] 81 |             match node.force() {
[INFO] [stdout]    |                   ^^^^
[INFO] [stdout]    |
[INFO] [stdout] note: the parameter type `K` must be valid for the anonymous lifetime defined here...
[INFO] [stdout]   --> /opt/rustwide/cargo-home/registry/src/github.com-1ecc6299db9ec823/rusttype-0.2.1/src/support/bst/map.rs:78:37
[INFO] [stdout]    |
[INFO] [stdout] 78 |                 node: node::NodeRef<marker::Immut, K, V, marker::LeafOrInternal>)
[INFO] [stdout]    |                                     ^^^^^^^^^^^^^
[INFO] [stdout] note: ...so that the type `K` will meet its required lifetime bounds
[INFO] [stdout]   --> /opt/rustwide/cargo-home/registry/src/github.com-1ecc6299db9ec823/rusttype-0.2.1/src/support/bst/map.rs:81:19
[INFO] [stdout]    |
[INFO] [stdout] 81 |             match node.force() {
[INFO] [stdout]    |                   ^^^^
[INFO] [stdout] help: consider adding an explicit lifetime bound...
[INFO] [stdout]    |
[INFO] [stdout] 77 ~         fn clone_subtree<'a, K: Clone + 'a, V: Clone>(
[INFO] [stdout] 78 ~                 node: node::NodeRef<marker::Immut<'a>, K, V, marker::LeafOrInternal>)
[INFO] [stdout]    |
[INFO] [stdout] 
[INFO] [stdout] 
[INFO] [stdout] error[E0311]: the parameter type `V` may not live long enough
[INFO] [stdout]   --> /opt/rustwide/cargo-home/registry/src/github.com-1ecc6299db9ec823/rusttype-0.2.1/src/support/bst/map.rs:81:19
[INFO] [stdout]    |
[INFO] [stdout] 81 |             match node.force() {
[INFO] [stdout]    |                   ^^^^
[INFO] [stdout]    |
[INFO] [stdout] note: the parameter type `V` must be valid for the anonymous lifetime defined here...
[INFO] [stdout]   --> /opt/rustwide/cargo-home/registry/src/github.com-1ecc6299db9ec823/rusttype-0.2.1/src/support/bst/map.rs:78:37
[INFO] [stdout]    |
[INFO] [stdout] 78 |                 node: node::NodeRef<marker::Immut, K, V, marker::LeafOrInternal>)
[INFO] [stdout]    |                                     ^^^^^^^^^^^^^
[INFO] [stdout] note: ...so that the type `V` will meet its required lifetime bounds
[INFO] [stdout]   --> /opt/rustwide/cargo-home/registry/src/github.com-1ecc6299db9ec823/rusttype-0.2.1/src/support/bst/map.rs:81:19
[INFO] [stdout]    |
[INFO] [stdout] 81 |             match node.force() {
[INFO] [stdout]    |                   ^^^^
[INFO] [stdout] help: consider adding an explicit lifetime bound...
[INFO] [stdout]    |
[INFO] [stdout] 77 ~         fn clone_subtree<'a, K: Clone, V: Clone + 'a>(
[INFO] [stdout] 78 ~                 node: node::NodeRef<marker::Immut<'a>, K, V, marker::LeafOrInternal>)
[INFO] [stdout]    |
[INFO] [stdout] 
[INFO] [stdout] 
[INFO] [stderr]    Compiling cgmath v0.9.1
[INFO] [stdout] error: aborting due to 2 previous errors
[INFO] [stdout] 
[INFO] [stdout] 
[INFO] [stdout] For more information about this error, try `rustc --explain E0311`.
[INFO] [stdout] 
[INFO] [stderr] error: could not compile `rusttype` due to 3 previous errors
[INFO] [stderr] warning: build failed, waiting for other jobs to finish...
[INFO] [stdout] error[E0369]: binary operation `==` cannot be applied to type `Matrix2<S>`
[INFO] [stdout]    --> /opt/rustwide/cargo-home/registry/src/github.com-1ecc6299db9ec823/cgmath-0.9.1/src/rotation.rs:166:5
[INFO] [stdout]     |
[INFO] [stdout] 164 | #[derive(PartialEq, Copy, Clone, RustcEncodable, RustcDecodable)]
[INFO] [stdout]     |          --------- in this derive macro expansion
[INFO] [stdout] 165 | pub struct Basis2<S> {
[INFO] [stdout] 166 |     mat: Matrix2<S>
[INFO] [stdout]     |     ^^^^^^^^^^^^^^^
[INFO] [stdout]     |
[INFO] [stdout]     = note: this error originates in the derive macro `PartialEq` (in Nightly builds, run with -Z macro-backtrace for more info)
[INFO] [stdout] help: consider restricting type parameter `S`
[INFO] [stdout]     |
[INFO] [stdout] 165 | pub struct Basis2<S: std::marker::Copy> {
[INFO] [stdout]     |                    +++++++++++++++++++
[INFO] [stdout] 
[INFO] [stdout] 
[INFO] [stdout] error[E0277]: the trait bound `S: Copy` is not satisfied
[INFO] [stdout]    --> /opt/rustwide/cargo-home/registry/src/github.com-1ecc6299db9ec823/cgmath-0.9.1/src/rotation.rs:166:5
[INFO] [stdout]     |
[INFO] [stdout] 164 | #[derive(PartialEq, Copy, Clone, RustcEncodable, RustcDecodable)]
[INFO] [stdout]     |                           ----- in this derive macro expansion
[INFO] [stdout] 165 | pub struct Basis2<S> {
[INFO] [stdout] 166 |     mat: Matrix2<S>
[INFO] [stdout]     |     ^^^^^^^^^^^^^^^ the trait `Copy` is not implemented for `S`
[INFO] [stdout]     |
[INFO] [stdout] note: required for `Matrix2<S>` to implement `Clone`
[INFO] [stdout]    --> /opt/rustwide/cargo-home/registry/src/github.com-1ecc6299db9ec823/cgmath-0.9.1/src/matrix.rs:37:16
[INFO] [stdout]     |
[INFO] [stdout] 37  | #[derive(Copy, Clone, PartialEq, RustcEncodable, RustcDecodable)]
[INFO] [stdout]     |                ^^^^^ unsatisfied trait bound introduced in this `derive` macro
[INFO] [stdout]     = note: this error originates in the derive macro `Clone` (in Nightly builds, run with -Z macro-backtrace for more info)
[INFO] [stdout] help: consider restricting type parameter `S`
[INFO] [stdout]     |
[INFO] [stdout] 165 | pub struct Basis2<S: std::marker::Copy> {
[INFO] [stdout]     |                    +++++++++++++++++++
[INFO] [stdout] 
[INFO] [stdout] 
[INFO] [stdout] error[E0277]: the trait bound `S: Copy` is not satisfied
[INFO] [stdout]    --> /opt/rustwide/cargo-home/registry/src/github.com-1ecc6299db9ec823/cgmath-0.9.1/src/rotation.rs:166:5
[INFO] [stdout]     |
[INFO] [stdout] 164 | #[derive(PartialEq, Copy, Clone, RustcEncodable, RustcDecodable)]
[INFO] [stdout]     |                                  --------------
[INFO] [stdout]     |                                  |
[INFO] [stdout]     |                                  required by a bound introduced by this call
[INFO] [stdout]     |                                  in this derive macro expansion
[INFO] [stdout] 165 | pub struct Basis2<S> {
[INFO] [stdout] 166 |     mat: Matrix2<S>
[INFO] [stdout]     |     ^^^^^^^^^^^^^^^ the trait `Copy` is not implemented for `S`
[INFO] [stdout]     |
[INFO] [stdout] note: required for `Matrix2<S>` to implement `Encodable`
[INFO] [stdout]    --> /opt/rustwide/cargo-home/registry/src/github.com-1ecc6299db9ec823/cgmath-0.9.1/src/matrix.rs:37:34
[INFO] [stdout]     |
[INFO] [stdout] 37  | #[derive(Copy, Clone, PartialEq, RustcEncodable, RustcDecodable)]
[INFO] [stdout]     |                                  ^^^^^^^^^^^^^^ unsatisfied trait bound introduced in this `derive` macro
[INFO] [stdout]     = note: 1 redundant requirement hidden
[INFO] [stdout]     = note: required for `&Matrix2<S>` to implement `Encodable`
[INFO] [stdout]     = note: this error originates in the derive macro `RustcEncodable` (in Nightly builds, run with -Z macro-backtrace for more info)
[INFO] [stdout] help: consider restricting type parameter `S`
[INFO] [stdout]     |
[INFO] [stdout] 165 | pub struct Basis2<S: std::marker::Copy> {
[INFO] [stdout]     |                    +++++++++++++++++++
[INFO] [stdout] 
[INFO] [stdout] 
[INFO] [stdout] error[E0277]: the trait bound `S: Copy` is not satisfied
[INFO] [stdout]    --> /opt/rustwide/cargo-home/registry/src/github.com-1ecc6299db9ec823/cgmath-0.9.1/src/rotation.rs:166:5
[INFO] [stdout]     |
[INFO] [stdout] 164 | #[derive(PartialEq, Copy, Clone, RustcEncodable, RustcDecodable)]
[INFO] [stdout]     |                                                  -------------- in this derive macro expansion
[INFO] [stdout] 165 | pub struct Basis2<S> {
[INFO] [stdout] 166 |     mat: Matrix2<S>
[INFO] [stdout]     |     ^^^^^^^^^^^^^^^ the trait `Copy` is not implemented for `S`
[INFO] [stdout]     |
[INFO] [stdout] note: required for `Matrix2<S>` to implement `Decodable`
[INFO] [stdout]    --> /opt/rustwide/cargo-home/registry/src/github.com-1ecc6299db9ec823/cgmath-0.9.1/src/matrix.rs:37:50
[INFO] [stdout]     |
[INFO] [stdout] 37  | #[derive(Copy, Clone, PartialEq, RustcEncodable, RustcDecodable)]
[INFO] [stdout]     |                                                  ^^^^^^^^^^^^^^ unsatisfied trait bound introduced in this `derive` macro
[INFO] [stdout]     = note: this error originates in the derive macro `RustcDecodable` (in Nightly builds, run with -Z macro-backtrace for more info)
[INFO] [stdout] help: consider restricting type parameter `S`
[INFO] [stdout]     |
[INFO] [stdout] 165 | pub struct Basis2<S: std::marker::Copy> {
[INFO] [stdout]     |                    +++++++++++++++++++
[INFO] [stdout] 
[INFO] [stdout] 
[INFO] [stdout] error[E0277]: the trait bound `S: Copy` is not satisfied
[INFO] [stdout]    --> /opt/rustwide/cargo-home/registry/src/github.com-1ecc6299db9ec823/cgmath-0.9.1/src/rotation.rs:164:50
[INFO] [stdout]     |
[INFO] [stdout] 164 | #[derive(PartialEq, Copy, Clone, RustcEncodable, RustcDecodable)]
[INFO] [stdout]     |                                                  ^^^^^^^^^^^^^^ the trait `Copy` is not implemented for `S`
[INFO] [stdout]     |
[INFO] [stdout] note: required for `Matrix2<S>` to implement `Decodable`
[INFO] [stdout]    --> /opt/rustwide/cargo-home/registry/src/github.com-1ecc6299db9ec823/cgmath-0.9.1/src/matrix.rs:37:50
[INFO] [stdout]     |
[INFO] [stdout] 37  | #[derive(Copy, Clone, PartialEq, RustcEncodable, RustcDecodable)]
[INFO] [stdout]     |                                                  ^^^^^^^^^^^^^^ unsatisfied trait bound introduced in this `derive` macro
[INFO] [stdout]     = note: this error originates in the derive macro `RustcDecodable` (in Nightly builds, run with -Z macro-backtrace for more info)
[INFO] [stdout] help: consider restricting type parameter `S`
[INFO] [stdout]     |
[INFO] [stdout] 165 | pub struct Basis2<S: std::marker::Copy> {
[INFO] [stdout]     |                    +++++++++++++++++++
[INFO] [stdout] 
[INFO] [stdout] 
[INFO] [stdout] error[E0369]: binary operation `==` cannot be applied to type `Matrix3<S>`
[INFO] [stdout]    --> /opt/rustwide/cargo-home/registry/src/github.com-1ecc6299db9ec823/cgmath-0.9.1/src/rotation.rs:243:5
[INFO] [stdout]     |
[INFO] [stdout] 241 | #[derive(PartialEq, Copy, Clone, RustcEncodable, RustcDecodable)]
[INFO] [stdout]     |          --------- in this derive macro expansion
[INFO] [stdout] 242 | pub struct Basis3<S> {
[INFO] [stdout] 243 |     mat: Matrix3<S>
[INFO] [stdout]     |     ^^^^^^^^^^^^^^^
[INFO] [stdout]     |
[INFO] [stdout]     = note: this error originates in the derive macro `PartialEq` (in Nightly builds, run with -Z macro-backtrace for more info)
[INFO] [stdout] help: consider restricting type parameter `S`
[INFO] [stdout]     |
[INFO] [stdout] 242 | pub struct Basis3<S: std::marker::Copy> {
[INFO] [stdout]     |                    +++++++++++++++++++
[INFO] [stdout] 
[INFO] [stdout] 
[INFO] [stdout] error[E0277]: the trait bound `S: Copy` is not satisfied
[INFO] [stdout]    --> /opt/rustwide/cargo-home/registry/src/github.com-1ecc6299db9ec823/cgmath-0.9.1/src/rotation.rs:243:5
[INFO] [stdout]     |
[INFO] [stdout] 241 | #[derive(PartialEq, Copy, Clone, RustcEncodable, RustcDecodable)]
[INFO] [stdout]     |                           ----- in this derive macro expansion
[INFO] [stdout] 242 | pub struct Basis3<S> {
[INFO] [stdout] 243 |     mat: Matrix3<S>
[INFO] [stdout]     |     ^^^^^^^^^^^^^^^ the trait `Copy` is not implemented for `S`
[INFO] [stdout]     |
[INFO] [stdout] note: required for `Matrix3<S>` to implement `Clone`
[INFO] [stdout]    --> /opt/rustwide/cargo-home/registry/src/github.com-1ecc6299db9ec823/cgmath-0.9.1/src/matrix.rs:49:16
[INFO] [stdout]     |
[INFO] [stdout] 49  | #[derive(Copy, Clone, PartialEq, RustcEncodable, RustcDecodable)]
[INFO] [stdout]     |                ^^^^^ unsatisfied trait bound introduced in this `derive` macro
[INFO] [stdout]     = note: this error originates in the derive macro `Clone` (in Nightly builds, run with -Z macro-backtrace for more info)
[INFO] [stdout] help: consider restricting type parameter `S`
[INFO] [stdout]     |
[INFO] [stdout] 242 | pub struct Basis3<S: std::marker::Copy> {
[INFO] [stdout]     |                    +++++++++++++++++++
[INFO] [stdout] 
[INFO] [stdout] 
[INFO] [stdout] error[E0277]: the trait bound `S: Copy` is not satisfied
[INFO] [stdout]    --> /opt/rustwide/cargo-home/registry/src/github.com-1ecc6299db9ec823/cgmath-0.9.1/src/rotation.rs:243:5
[INFO] [stdout]     |
[INFO] [stdout] 241 | #[derive(PartialEq, Copy, Clone, RustcEncodable, RustcDecodable)]
[INFO] [stdout]     |                                  --------------
[INFO] [stdout]     |                                  |
[INFO] [stdout]     |                                  required by a bound introduced by this call
[INFO] [stdout]     |                                  in this derive macro expansion
[INFO] [stdout] 242 | pub struct Basis3<S> {
[INFO] [stdout] 243 |     mat: Matrix3<S>
[INFO] [stdout]     |     ^^^^^^^^^^^^^^^ the trait `Copy` is not implemented for `S`
[INFO] [stdout]     |
[INFO] [stdout] note: required for `Matrix3<S>` to implement `Encodable`
[INFO] [stdout]    --> /opt/rustwide/cargo-home/registry/src/github.com-1ecc6299db9ec823/cgmath-0.9.1/src/matrix.rs:49:34
[INFO] [stdout]     |
[INFO] [stdout] 49  | #[derive(Copy, Clone, PartialEq, RustcEncodable, RustcDecodable)]
[INFO] [stdout]     |                                  ^^^^^^^^^^^^^^ unsatisfied trait bound introduced in this `derive` macro
[INFO] [stdout]     = note: 1 redundant requirement hidden
[INFO] [stdout]     = note: required for `&Matrix3<S>` to implement `Encodable`
[INFO] [stdout]     = note: this error originates in the derive macro `RustcEncodable` (in Nightly builds, run with -Z macro-backtrace for more info)
[INFO] [stdout] help: consider restricting type parameter `S`
[INFO] [stdout]     |
[INFO] [stdout] 242 | pub struct Basis3<S: std::marker::Copy> {
[INFO] [stdout]     |                    +++++++++++++++++++
[INFO] [stdout] 
[INFO] [stdout] 
[INFO] [stdout] error[E0277]: the trait bound `S: Copy` is not satisfied
[INFO] [stdout]    --> /opt/rustwide/cargo-home/registry/src/github.com-1ecc6299db9ec823/cgmath-0.9.1/src/rotation.rs:243:5
[INFO] [stdout]     |
[INFO] [stdout] 241 | #[derive(PartialEq, Copy, Clone, RustcEncodable, RustcDecodable)]
[INFO] [stdout]     |                                                  -------------- in this derive macro expansion
[INFO] [stdout] 242 | pub struct Basis3<S> {
[INFO] [stdout] 243 |     mat: Matrix3<S>
[INFO] [stdout]     |     ^^^^^^^^^^^^^^^ the trait `Copy` is not implemented for `S`
[INFO] [stdout]     |
[INFO] [stdout] note: required for `Matrix3<S>` to implement `Decodable`
[INFO] [stdout]    --> /opt/rustwide/cargo-home/registry/src/github.com-1ecc6299db9ec823/cgmath-0.9.1/src/matrix.rs:49:50
[INFO] [stdout]     |
[INFO] [stdout] 49  | #[derive(Copy, Clone, PartialEq, RustcEncodable, RustcDecodable)]
[INFO] [stdout]     |                                                  ^^^^^^^^^^^^^^ unsatisfied trait bound introduced in this `derive` macro
[INFO] [stdout]     = note: this error originates in the derive macro `RustcDecodable` (in Nightly builds, run with -Z macro-backtrace for more info)
[INFO] [stdout] help: consider restricting type parameter `S`
[INFO] [stdout]     |
[INFO] [stdout] 242 | pub struct Basis3<S: std::marker::Copy> {
[INFO] [stdout]     |                    +++++++++++++++++++
[INFO] [stdout] 
[INFO] [stdout] 
[INFO] [stdout] error[E0277]: the trait bound `S: Copy` is not satisfied
[INFO] [stdout]    --> /opt/rustwide/cargo-home/registry/src/github.com-1ecc6299db9ec823/cgmath-0.9.1/src/rotation.rs:241:50
[INFO] [stdout]     |
[INFO] [stdout] 241 | #[derive(PartialEq, Copy, Clone, RustcEncodable, RustcDecodable)]
[INFO] [stdout]     |                                                  ^^^^^^^^^^^^^^ the trait `Copy` is not implemented for `S`
[INFO] [stdout]     |
[INFO] [stdout] note: required for `Matrix3<S>` to implement `Decodable`
[INFO] [stdout]    --> /opt/rustwide/cargo-home/registry/src/github.com-1ecc6299db9ec823/cgmath-0.9.1/src/matrix.rs:49:50
[INFO] [stdout]     |
[INFO] [stdout] 49  | #[derive(Copy, Clone, PartialEq, RustcEncodable, RustcDecodable)]
[INFO] [stdout]     |                                                  ^^^^^^^^^^^^^^ unsatisfied trait bound introduced in this `derive` macro
[INFO] [stdout]     = note: this error originates in the derive macro `RustcDecodable` (in Nightly builds, run with -Z macro-backtrace for more info)
[INFO] [stdout] help: consider restricting type parameter `S`
[INFO] [stdout]     |
[INFO] [stdout] 242 | pub struct Basis3<S: std::marker::Copy> {
[INFO] [stdout]     |                    +++++++++++++++++++
[INFO] [stdout] 
[INFO] [stdout] 
[INFO] [stdout] error[E0277]: the trait bound `S: Copy` is not satisfied
[INFO] [stdout]    --> /opt/rustwide/cargo-home/registry/src/github.com-1ecc6299db9ec823/cgmath-0.9.1/src/transform.rs:171:5
[INFO] [stdout]     |
[INFO] [stdout] 169 | #[derive(Copy, Clone, RustcEncodable, RustcDecodable)]
[INFO] [stdout]     |                ----- in this derive macro expansion
[INFO] [stdout] 170 | pub struct AffineMatrix3<S> {
[INFO] [stdout] 171 |     pub mat: Matrix4<S>,
[INFO] [stdout]     |     ^^^^^^^^^^^^^^^^^^^ the trait `Copy` is not implemented for `S`
[INFO] [stdout]     |
[INFO] [stdout] note: required for `Matrix4<S>` to implement `Clone`
[INFO] [stdout]    --> /opt/rustwide/cargo-home/registry/src/github.com-1ecc6299db9ec823/cgmath-0.9.1/src/matrix.rs:63:16
[INFO] [stdout]     |
[INFO] [stdout] 63  | #[derive(Copy, Clone, PartialEq, RustcEncodable, RustcDecodable)]
[INFO] [stdout]     |                ^^^^^ unsatisfied trait bound introduced in this `derive` macro
[INFO] [stdout]     = note: this error originates in the derive macro `Clone` (in Nightly builds, run with -Z macro-backtrace for more info)
[INFO] [stdout] help: consider restricting type parameter `S`
[INFO] [stdout]     |
[INFO] [stdout] 170 | pub struct AffineMatrix3<S: std::marker::Copy> {
[INFO] [stdout]     |                           +++++++++++++++++++
[INFO] [stdout] 
[INFO] [stdout] 
[INFO] [stdout] error[E0277]: the trait bound `S: Copy` is not satisfied
[INFO] [stdout]    --> /opt/rustwide/cargo-home/registry/src/github.com-1ecc6299db9ec823/cgmath-0.9.1/src/transform.rs:171:5
[INFO] [stdout]     |
[INFO] [stdout] 169 | #[derive(Copy, Clone, RustcEncodable, RustcDecodable)]
[INFO] [stdout]     |                       --------------
[INFO] [stdout]     |                       |
[INFO] [stdout]     |                       required by a bound introduced by this call
[INFO] [stdout]     |                       in this derive macro expansion
[INFO] [stdout] 170 | pub struct AffineMatrix3<S> {
[INFO] [stdout] 171 |     pub mat: Matrix4<S>,
[INFO] [stdout]     |     ^^^^^^^^^^^^^^^^^^^ the trait `Copy` is not implemented for `S`
[INFO] [stdout]     |
[INFO] [stdout] note: required for `Matrix4<S>` to implement `Encodable`
[INFO] [stdout]    --> /opt/rustwide/cargo-home/registry/src/github.com-1ecc6299db9ec823/cgmath-0.9.1/src/matrix.rs:63:34
[INFO] [stdout]     |
[INFO] [stdout] 63  | #[derive(Copy, Clone, PartialEq, RustcEncodable, RustcDecodable)]
[INFO] [stdout]     |                                  ^^^^^^^^^^^^^^ unsatisfied trait bound introduced in this `derive` macro
[INFO] [stdout]     = note: 1 redundant requirement hidden
[INFO] [stdout]     = note: required for `&Matrix4<S>` to implement `Encodable`
[INFO] [stdout]     = note: this error originates in the derive macro `RustcEncodable` (in Nightly builds, run with -Z macro-backtrace for more info)
[INFO] [stdout] help: consider restricting type parameter `S`
[INFO] [stdout]     |
[INFO] [stdout] 170 | pub struct AffineMatrix3<S: std::marker::Copy> {
[INFO] [stdout]     |                           +++++++++++++++++++
[INFO] [stdout] 
[INFO] [stdout] 
[INFO] [stdout] error[E0277]: the trait bound `S: Copy` is not satisfied
[INFO] [stdout]    --> /opt/rustwide/cargo-home/registry/src/github.com-1ecc6299db9ec823/cgmath-0.9.1/src/transform.rs:171:5
[INFO] [stdout]     |
[INFO] [stdout] 169 | #[derive(Copy, Clone, RustcEncodable, RustcDecodable)]
[INFO] [stdout]     |                                       -------------- in this derive macro expansion
[INFO] [stdout] 170 | pub struct AffineMatrix3<S> {
[INFO] [stdout] 171 |     pub mat: Matrix4<S>,
[INFO] [stdout]     |     ^^^^^^^^^^^^^^^^^^^ the trait `Copy` is not implemented for `S`
[INFO] [stdout]     |
[INFO] [stdout] note: required for `Matrix4<S>` to implement `Decodable`
[INFO] [stdout]    --> /opt/rustwide/cargo-home/registry/src/github.com-1ecc6299db9ec823/cgmath-0.9.1/src/matrix.rs:63:50
[INFO] [stdout]     |
[INFO] [stdout] 63  | #[derive(Copy, Clone, PartialEq, RustcEncodable, RustcDecodable)]
[INFO] [stdout]     |                                                  ^^^^^^^^^^^^^^ unsatisfied trait bound introduced in this `derive` macro
[INFO] [stdout]     = note: this error originates in the derive macro `RustcDecodable` (in Nightly builds, run with -Z macro-backtrace for more info)
[INFO] [stdout] help: consider restricting type parameter `S`
[INFO] [stdout]     |
[INFO] [stdout] 170 | pub struct AffineMatrix3<S: std::marker::Copy> {
[INFO] [stdout]     |                           +++++++++++++++++++
[INFO] [stdout] 
[INFO] [stdout] 
[INFO] [stdout] error[E0277]: the trait bound `S: Copy` is not satisfied
[INFO] [stdout]    --> /opt/rustwide/cargo-home/registry/src/github.com-1ecc6299db9ec823/cgmath-0.9.1/src/transform.rs:169:39
[INFO] [stdout]     |
[INFO] [stdout] 169 | #[derive(Copy, Clone, RustcEncodable, RustcDecodable)]
[INFO] [stdout]     |                                       ^^^^^^^^^^^^^^ the trait `Copy` is not implemented for `S`
[INFO] [stdout]     |
[INFO] [stdout] note: required for `Matrix4<S>` to implement `Decodable`
[INFO] [stdout]    --> /opt/rustwide/cargo-home/registry/src/github.com-1ecc6299db9ec823/cgmath-0.9.1/src/matrix.rs:63:50
[INFO] [stdout]     |
[INFO] [stdout] 63  | #[derive(Copy, Clone, PartialEq, RustcEncodable, RustcDecodable)]
[INFO] [stdout]     |                                                  ^^^^^^^^^^^^^^ unsatisfied trait bound introduced in this `derive` macro
[INFO] [stdout]     = note: this error originates in the derive macro `RustcDecodable` (in Nightly builds, run with -Z macro-backtrace for more info)
[INFO] [stdout] help: consider restricting type parameter `S`
[INFO] [stdout]     |
[INFO] [stdout] 170 | pub struct AffineMatrix3<S: std::marker::Copy> {
[INFO] [stdout]     |                           +++++++++++++++++++
[INFO] [stdout] 
[INFO] [stdout] 
[INFO] [stdout] error[E0277]: the trait bound `S: Copy` is not satisfied
[INFO] [stdout]   --> /opt/rustwide/cargo-home/registry/src/github.com-1ecc6299db9ec823/cgmath-0.9.1/src/projection.rs:71:5
[INFO] [stdout]    |
[INFO] [stdout] 69 | #[derive(Copy, Clone, Debug, PartialEq, RustcEncodable, RustcDecodable)]
[INFO] [stdout]    |                ----- in this derive macro expansion
[INFO] [stdout] 70 | pub struct PerspectiveFov<S> {
[INFO] [stdout] 71 |     pub fovy:   Rad<S>,
[INFO] [stdout]    |     ^^^^^^^^^^^^^^^^^^ the trait `Copy` is not implemented for `S`
[INFO] [stdout]    |
[INFO] [stdout] note: required for `Rad<S>` to implement `Clone`
[INFO] [stdout]   --> /opt/rustwide/cargo-home/registry/src/github.com-1ecc6299db9ec823/cgmath-0.9.1/src/angle.rs:36:16
[INFO] [stdout]    |
[INFO] [stdout] 36 | #[derive(Copy, Clone, PartialEq, PartialOrd, RustcEncodable, RustcDecodable)]
[INFO] [stdout]    |                ^^^^^ unsatisfied trait bound introduced in this `derive` macro
[INFO] [stdout]    = note: this error originates in the derive macro `Clone` (in Nightly builds, run with -Z macro-backtrace for more info)
[INFO] [stdout] help: consider restricting type parameter `S`
[INFO] [stdout]    |
[INFO] [stdout] 70 | pub struct PerspectiveFov<S: std::marker::Copy> {
[INFO] [stdout]    |                            +++++++++++++++++++
[INFO] [stdout] 
[INFO] [stdout] 
[INFO] [stdout] error[E0369]: binary operation `==` cannot be applied to type `Rad<S>`
[INFO] [stdout]   --> /opt/rustwide/cargo-home/registry/src/github.com-1ecc6299db9ec823/cgmath-0.9.1/src/projection.rs:71:5
[INFO] [stdout]    |
[INFO] [stdout] 69 | #[derive(Copy, Clone, Debug, PartialEq, RustcEncodable, RustcDecodable)]
[INFO] [stdout]    |                              --------- in this derive macro expansion
[INFO] [stdout] 70 | pub struct PerspectiveFov<S> {
[INFO] [stdout] 71 |     pub fovy:   Rad<S>,
[INFO] [stdout]    |     ^^^^^^^^^^^^^^^^^^
[INFO] [stdout]    |
[INFO] [stdout]    = note: this error originates in the derive macro `PartialEq` (in Nightly builds, run with -Z macro-backtrace for more info)
[INFO] [stdout] help: consider restricting type parameter `S`
[INFO] [stdout]    |
[INFO] [stdout] 70 | pub struct PerspectiveFov<S: std::marker::Copy> {
[INFO] [stdout]    |                            +++++++++++++++++++
[INFO] [stdout] 
[INFO] [stdout] 
[INFO] [stdout] error[E0277]: the trait bound `S: Copy` is not satisfied
[INFO] [stdout]   --> /opt/rustwide/cargo-home/registry/src/github.com-1ecc6299db9ec823/cgmath-0.9.1/src/projection.rs:71:5
[INFO] [stdout]    |
[INFO] [stdout] 69 | #[derive(Copy, Clone, Debug, PartialEq, RustcEncodable, RustcDecodable)]
[INFO] [stdout]    |                                         --------------
[INFO] [stdout]    |                                         |
[INFO] [stdout]    |                                         required by a bound introduced by this call
[INFO] [stdout]    |                                         in this derive macro expansion
[INFO] [stdout] 70 | pub struct PerspectiveFov<S> {
[INFO] [stdout] 71 |     pub fovy:   Rad<S>,
[INFO] [stdout]    |     ^^^^^^^^^^^^^^^^^^ the trait `Copy` is not implemented for `S`
[INFO] [stdout]    |
[INFO] [stdout] note: required for `Rad<S>` to implement `Encodable`
[INFO] [stdout]   --> /opt/rustwide/cargo-home/registry/src/github.com-1ecc6299db9ec823/cgmath-0.9.1/src/angle.rs:36:46
[INFO] [stdout]    |
[INFO] [stdout] 36 | #[derive(Copy, Clone, PartialEq, PartialOrd, RustcEncodable, RustcDecodable)]
[INFO] [stdout]    |                                              ^^^^^^^^^^^^^^ unsatisfied trait bound introduced in this `derive` macro
[INFO] [stdout]    = note: 1 redundant requirement hidden
[INFO] [stdout]    = note: required for `&Rad<S>` to implement `Encodable`
[INFO] [stdout]    = note: this error originates in the derive macro `RustcEncodable` (in Nightly builds, run with -Z macro-backtrace for more info)
[INFO] [stdout] help: consider restricting type parameter `S`
[INFO] [stdout]    |
[INFO] [stdout] 70 | pub struct PerspectiveFov<S: std::marker::Copy> {
[INFO] [stdout]    |                            +++++++++++++++++++
[INFO] [stdout] 
[INFO] [stdout] 
[INFO] [stdout] error[E0277]: the trait bound `S: Copy` is not satisfied
[INFO] [stdout]   --> /opt/rustwide/cargo-home/registry/src/github.com-1ecc6299db9ec823/cgmath-0.9.1/src/projection.rs:71:5
[INFO] [stdout]    |
[INFO] [stdout] 69 | #[derive(Copy, Clone, Debug, PartialEq, RustcEncodable, RustcDecodable)]
[INFO] [stdout]    |                                                         -------------- in this derive macro expansion
[INFO] [stdout] 70 | pub struct PerspectiveFov<S> {
[INFO] [stdout] 71 |     pub fovy:   Rad<S>,
[INFO] [stdout]    |     ^^^^^^^^^^^^^^^^^^ the trait `Copy` is not implemented for `S`
[INFO] [stdout]    |
[INFO] [stdout] note: required for `Rad<S>` to implement `Decodable`
[INFO] [stdout]   --> /opt/rustwide/cargo-home/registry/src/github.com-1ecc6299db9ec823/cgmath-0.9.1/src/angle.rs:36:62
[INFO] [stdout]    |
[INFO] [stdout] 36 | #[derive(Copy, Clone, PartialEq, PartialOrd, RustcEncodable, RustcDecodable)]
[INFO] [stdout]    |                                                              ^^^^^^^^^^^^^^ unsatisfied trait bound introduced in this `derive` macro
[INFO] [stdout]    = note: this error originates in the derive macro `RustcDecodable` (in Nightly builds, run with -Z macro-backtrace for more info)
[INFO] [stdout] help: consider restricting type parameter `S`
[INFO] [stdout]    |
[INFO] [stdout] 70 | pub struct PerspectiveFov<S: std::marker::Copy> {
[INFO] [stdout]    |                            +++++++++++++++++++
[INFO] [stdout] 
[INFO] [stdout] 
[INFO] [stdout] error[E0277]: the trait bound `S: Copy` is not satisfied
[INFO] [stdout]   --> /opt/rustwide/cargo-home/registry/src/github.com-1ecc6299db9ec823/cgmath-0.9.1/src/projection.rs:69:57
[INFO] [stdout]    |
[INFO] [stdout] 69 | #[derive(Copy, Clone, Debug, PartialEq, RustcEncodable, RustcDecodable)]
[INFO] [stdout]    |                                                         ^^^^^^^^^^^^^^ the trait `Copy` is not implemented for `S`
[INFO] [stdout]    |
[INFO] [stdout] note: required for `Rad<S>` to implement `Decodable`
[INFO] [stdout]   --> /opt/rustwide/cargo-home/registry/src/github.com-1ecc6299db9ec823/cgmath-0.9.1/src/angle.rs:36:62
[INFO] [stdout]    |
[INFO] [stdout] 36 | #[derive(Copy, Clone, PartialEq, PartialOrd, RustcEncodable, RustcDecodable)]
[INFO] [stdout]    |                                                              ^^^^^^^^^^^^^^ unsatisfied trait bound introduced in this `derive` macro
[INFO] [stdout]    = note: this error originates in the derive macro `RustcDecodable` (in Nightly builds, run with -Z macro-backtrace for more info)
[INFO] [stdout] help: consider restricting type parameter `S`
[INFO] [stdout]    |
[INFO] [stdout] 70 | pub struct PerspectiveFov<S: std::marker::Copy> {
[INFO] [stdout]    |                            +++++++++++++++++++
[INFO] [stdout] 
[INFO] [stdout] 
[INFO] [stdout] error: aborting due to 19 previous errors
[INFO] [stdout] 
[INFO] [stdout] 
[INFO] [stdout] Some errors have detailed explanations: E0277, E0369.
[INFO] [stdout] 
[INFO] [stdout] For more information about an error, try `rustc --explain E0277`.
[INFO] [stdout] 
[INFO] [stderr] error: could not compile `cgmath` due to 20 previous errors
[INFO] running `Command { std: "docker" "inspect" "24456ea75dbd9044fdd6433fcce87ccdd600f0559e1cf04a5b8c01a3240c8b85", kill_on_drop: false }`
[INFO] running `Command { std: "docker" "rm" "-f" "24456ea75dbd9044fdd6433fcce87ccdd600f0559e1cf04a5b8c01a3240c8b85", kill_on_drop: false }`
[INFO] [stdout] 24456ea75dbd9044fdd6433fcce87ccdd600f0559e1cf04a5b8c01a3240c8b85
