[INFO] cloning repository https://github.com/citizen-stig/aoc_2019
[INFO] running `Command { std: "git" "-c" "credential.helper=" "-c" "credential.helper=/workspace/cargo-home/bin/git-credential-null" "clone" "--bare" "https://github.com/citizen-stig/aoc_2019" "/workspace/cache/git-repos/https%3A%2F%2Fgithub.com%2Fcitizen-stig%2Faoc_2019", kill_on_drop: false }`
[INFO] [stderr] Cloning into bare repository '/workspace/cache/git-repos/https%3A%2F%2Fgithub.com%2Fcitizen-stig%2Faoc_2019'...
[INFO] running `Command { std: "git" "rev-parse" "HEAD", kill_on_drop: false }`
[INFO] [stdout] 70fd3f9de7e4d22fff6a437b20c796a37c1f2284
[INFO] testing citizen-stig/aoc_2019 against beta-2023-04-20 for beta-1.70-1
[INFO] running `Command { std: "git" "clone" "/workspace/cache/git-repos/https%3A%2F%2Fgithub.com%2Fcitizen-stig%2Faoc_2019" "/workspace/builds/worker-0-tc2/source", kill_on_drop: false }`
[INFO] [stderr] Cloning into '/workspace/builds/worker-0-tc2/source'...
[INFO] [stderr] done.
[INFO] validating manifest of git repo https://github.com/citizen-stig/aoc_2019 on toolchain beta-2023-04-20
[INFO] running `Command { std: CARGO_HOME="/workspace/cargo-home" RUSTUP_HOME="/workspace/rustup-home" "/workspace/cargo-home/bin/cargo" "+beta-2023-04-20" "metadata" "--manifest-path" "Cargo.toml" "--no-deps", kill_on_drop: false }`
[INFO] started tweaking git repo https://github.com/citizen-stig/aoc_2019
[INFO] finished tweaking git repo https://github.com/citizen-stig/aoc_2019
[INFO] tweaked toml for git repo https://github.com/citizen-stig/aoc_2019 written to /workspace/builds/worker-0-tc2/source/Cargo.toml
[INFO] crate git repo https://github.com/citizen-stig/aoc_2019 already has a lockfile, it will not be regenerated
[INFO] running `Command { std: CARGO_HOME="/workspace/cargo-home" RUSTUP_HOME="/workspace/rustup-home" "/workspace/cargo-home/bin/cargo" "+beta-2023-04-20" "fetch" "--manifest-path" "Cargo.toml", kill_on_drop: false }`
[INFO] [stderr]     Blocking waiting for file lock on package cache
[INFO] running `Command { std: "docker" "create" "-v" "/var/lib/crater-agent-workspace/builds/worker-0-tc2/target:/opt/rustwide/target:rw,Z" "-v" "/var/lib/crater-agent-workspace/builds/worker-0-tc2/source:/opt/rustwide/workdir:ro,Z" "-v" "/var/lib/crater-agent-workspace/cargo-home:/opt/rustwide/cargo-home:ro,Z" "-v" "/var/lib/crater-agent-workspace/rustup-home:/opt/rustwide/rustup-home:ro,Z" "-e" "SOURCE_DIR=/opt/rustwide/workdir" "-e" "CARGO_TARGET_DIR=/opt/rustwide/target" "-e" "CARGO_HOME=/opt/rustwide/cargo-home" "-e" "RUSTUP_HOME=/opt/rustwide/rustup-home" "-w" "/opt/rustwide/workdir" "-m" "1610612736" "--user" "0:0" "--network" "none" "ghcr.io/rust-lang/crates-build-env/linux@sha256:5ff2268d62e97bff2cde7d5815dd6ed5b47097566f13b8d0ca110b04b60e07ed" "/opt/rustwide/cargo-home/bin/cargo" "+beta-2023-04-20" "metadata" "--no-deps" "--format-version=1", kill_on_drop: false }`
[INFO] [stdout] 43cf4c8244d22488af7e130eca30018aa94b76dcb882f738b7d277cda409e17e
[INFO] running `Command { std: "docker" "start" "-a" "43cf4c8244d22488af7e130eca30018aa94b76dcb882f738b7d277cda409e17e", kill_on_drop: false }`
[INFO] running `Command { std: "docker" "inspect" "43cf4c8244d22488af7e130eca30018aa94b76dcb882f738b7d277cda409e17e", kill_on_drop: false }`
[INFO] running `Command { std: "docker" "rm" "-f" "43cf4c8244d22488af7e130eca30018aa94b76dcb882f738b7d277cda409e17e", kill_on_drop: false }`
[INFO] [stdout] 43cf4c8244d22488af7e130eca30018aa94b76dcb882f738b7d277cda409e17e
[INFO] running `Command { std: "docker" "create" "-v" "/var/lib/crater-agent-workspace/builds/worker-0-tc2/target:/opt/rustwide/target:rw,Z" "-v" "/var/lib/crater-agent-workspace/builds/worker-0-tc2/source:/opt/rustwide/workdir:ro,Z" "-v" "/var/lib/crater-agent-workspace/cargo-home:/opt/rustwide/cargo-home:ro,Z" "-v" "/var/lib/crater-agent-workspace/rustup-home:/opt/rustwide/rustup-home:ro,Z" "-e" "SOURCE_DIR=/opt/rustwide/workdir" "-e" "CARGO_TARGET_DIR=/opt/rustwide/target" "-e" "CARGO_INCREMENTAL=0" "-e" "RUST_BACKTRACE=full" "-e" "RUSTFLAGS=--cap-lints=warn" "-e" "RUSTDOCFLAGS=--cap-lints=warn" "-e" "CARGO_HOME=/opt/rustwide/cargo-home" "-e" "RUSTUP_HOME=/opt/rustwide/rustup-home" "-w" "/opt/rustwide/workdir" "-m" "1610612736" "--user" "0:0" "--network" "none" "ghcr.io/rust-lang/crates-build-env/linux@sha256:5ff2268d62e97bff2cde7d5815dd6ed5b47097566f13b8d0ca110b04b60e07ed" "/opt/rustwide/cargo-home/bin/cargo" "+beta-2023-04-20" "build" "--frozen" "--message-format=json", kill_on_drop: false }`
[INFO] [stdout] 0fc6372809b0f258eb9331d4869dc244082d32f3c35176293d94ffd0fcdaf9f1
[INFO] running `Command { std: "docker" "start" "-a" "0fc6372809b0f258eb9331d4869dc244082d32f3c35176293d94ffd0fcdaf9f1", kill_on_drop: false }`
[INFO] [stderr]    Compiling permutohedron v0.2.4
[INFO] [stderr]    Compiling advent_of_code_2019 v0.1.0 (/opt/rustwide/workdir)
[INFO] [stdout] warning: unused variable: `output`
[INFO] [stdout]  --> src/day5.rs:6:9
[INFO] [stdout]   |
[INFO] [stdout] 6 |     let output = intcode::program(&mut original_input, ||5, None);
[INFO] [stdout]   |         ^^^^^^ help: if this is intentional, prefix it with an underscore: `_output`
[INFO] [stdout]   |
[INFO] [stdout]   = note: `#[warn(unused_variables)]` on by default
[INFO] [stdout] 
[INFO] [stdout] 
[INFO] [stdout] warning: 1 warning emitted
[INFO] [stdout] 
[INFO] [stdout] 
[INFO] [stderr]     Finished dev [unoptimized + debuginfo] target(s) in 0.83s
[INFO] running `Command { std: "docker" "inspect" "0fc6372809b0f258eb9331d4869dc244082d32f3c35176293d94ffd0fcdaf9f1", kill_on_drop: false }`
[INFO] running `Command { std: "docker" "rm" "-f" "0fc6372809b0f258eb9331d4869dc244082d32f3c35176293d94ffd0fcdaf9f1", kill_on_drop: false }`
[INFO] [stdout] 0fc6372809b0f258eb9331d4869dc244082d32f3c35176293d94ffd0fcdaf9f1
[INFO] running `Command { std: "docker" "create" "-v" "/var/lib/crater-agent-workspace/builds/worker-0-tc2/target:/opt/rustwide/target:rw,Z" "-v" "/var/lib/crater-agent-workspace/builds/worker-0-tc2/source:/opt/rustwide/workdir:ro,Z" "-v" "/var/lib/crater-agent-workspace/cargo-home:/opt/rustwide/cargo-home:ro,Z" "-v" "/var/lib/crater-agent-workspace/rustup-home:/opt/rustwide/rustup-home:ro,Z" "-e" "SOURCE_DIR=/opt/rustwide/workdir" "-e" "CARGO_TARGET_DIR=/opt/rustwide/target" "-e" "CARGO_INCREMENTAL=0" "-e" "RUST_BACKTRACE=full" "-e" "RUSTFLAGS=--cap-lints=warn" "-e" "RUSTDOCFLAGS=--cap-lints=warn" "-e" "CARGO_HOME=/opt/rustwide/cargo-home" "-e" "RUSTUP_HOME=/opt/rustwide/rustup-home" "-w" "/opt/rustwide/workdir" "-m" "1610612736" "--user" "0:0" "--network" "none" "ghcr.io/rust-lang/crates-build-env/linux@sha256:5ff2268d62e97bff2cde7d5815dd6ed5b47097566f13b8d0ca110b04b60e07ed" "/opt/rustwide/cargo-home/bin/cargo" "+beta-2023-04-20" "test" "--frozen" "--no-run" "--message-format=json", kill_on_drop: false }`
[INFO] [stdout] ec61ab4d5c96c39f1be8acda64625496fd6940c9ef099430dc288f121ddda18f
[INFO] running `Command { std: "docker" "start" "-a" "ec61ab4d5c96c39f1be8acda64625496fd6940c9ef099430dc288f121ddda18f", kill_on_drop: false }`
[INFO] [stderr]    Compiling advent_of_code_2019 v0.1.0 (/opt/rustwide/workdir)
[INFO] [stdout] error[E0061]: this function takes 3 arguments but 2 arguments were supplied
[INFO] [stdout]    --> src/intcode.rs:193:23
[INFO] [stdout]     |
[INFO] [stdout] 193 |         let _output = program(&mut data, ||0);
[INFO] [stdout]     |                       ^^^^^^^---------------- an argument of type `Option<usize>` is missing
[INFO] [stdout]     |
[INFO] [stdout] note: function defined here
[INFO] [stdout]    --> src/intcode.rs:84:8
[INFO] [stdout]     |
[INFO] [stdout] 84  | pub fn program<F>(data: &mut [i64], mut input: F, position: Option<usize>) -> ProgramResult where
[INFO] [stdout]     |        ^^^^^^^    ----------------  ------------  -----------------------
[INFO] [stdout] help: provide the argument
[INFO] [stdout]     |
[INFO] [stdout] 193 |         let _output = program(&mut data, ||0, /* Option<usize> */);
[INFO] [stdout]     |                              ~~~~~~~~~~~~~~~~~~~~~~~~~~~~~~~~~~~~~
[INFO] [stdout] 
[INFO] [stdout] 
[INFO] [stdout] error[E0061]: this function takes 3 arguments but 2 arguments were supplied
[INFO] [stdout]    --> src/intcode.rs:201:9
[INFO] [stdout]     |
[INFO] [stdout] 201 |         program(&mut data, ||0);
[INFO] [stdout]     |         ^^^^^^^---------------- an argument of type `Option<usize>` is missing
[INFO] [stdout]     |
[INFO] [stdout] note: function defined here
[INFO] [stdout]    --> src/intcode.rs:84:8
[INFO] [stdout]     |
[INFO] [stdout] 84  | pub fn program<F>(data: &mut [i64], mut input: F, position: Option<usize>) -> ProgramResult where
[INFO] [stdout]     |        ^^^^^^^    ----------------  ------------  -----------------------
[INFO] [stdout] help: provide the argument
[INFO] [stdout]     |
[INFO] [stdout] 201 |         program(&mut data, ||0, /* Option<usize> */);
[INFO] [stdout]     |                ~~~~~~~~~~~~~~~~~~~~~~~~~~~~~~~~~~~~~
[INFO] [stdout] 
[INFO] [stdout] 
[INFO] [stdout] error[E0061]: this function takes 3 arguments but 2 arguments were supplied
[INFO] [stdout]    --> src/intcode.rs:209:9
[INFO] [stdout]     |
[INFO] [stdout] 209 |         program(&mut data, ||0);
[INFO] [stdout]     |         ^^^^^^^---------------- an argument of type `Option<usize>` is missing
[INFO] [stdout]     |
[INFO] [stdout] note: function defined here
[INFO] [stdout]    --> src/intcode.rs:84:8
[INFO] [stdout]     |
[INFO] [stdout] 84  | pub fn program<F>(data: &mut [i64], mut input: F, position: Option<usize>) -> ProgramResult where
[INFO] [stdout]     |        ^^^^^^^    ----------------  ------------  -----------------------
[INFO] [stdout] help: provide the argument
[INFO] [stdout]     |
[INFO] [stdout] 209 |         program(&mut data, ||0, /* Option<usize> */);
[INFO] [stdout]     |                ~~~~~~~~~~~~~~~~~~~~~~~~~~~~~~~~~~~~~
[INFO] [stdout] 
[INFO] [stdout] 
[INFO] [stdout] error[E0061]: this function takes 3 arguments but 2 arguments were supplied
[INFO] [stdout]    --> src/intcode.rs:217:9
[INFO] [stdout]     |
[INFO] [stdout] 217 |         program(&mut data, ||0);
[INFO] [stdout]     |         ^^^^^^^---------------- an argument of type `Option<usize>` is missing
[INFO] [stdout]     |
[INFO] [stdout] note: function defined here
[INFO] [stdout]    --> src/intcode.rs:84:8
[INFO] [stdout]     |
[INFO] [stdout] 84  | pub fn program<F>(data: &mut [i64], mut input: F, position: Option<usize>) -> ProgramResult where
[INFO] [stdout]     |        ^^^^^^^    ----------------  ------------  -----------------------
[INFO] [stdout] help: provide the argument
[INFO] [stdout]     |
[INFO] [stdout] 217 |         program(&mut data, ||0, /* Option<usize> */);
[INFO] [stdout]     |                ~~~~~~~~~~~~~~~~~~~~~~~~~~~~~~~~~~~~~
[INFO] [stdout] 
[INFO] [stdout] 
[INFO] [stdout] error[E0061]: this function takes 3 arguments but 2 arguments were supplied
[INFO] [stdout]    --> src/intcode.rs:225:22
[INFO] [stdout]     |
[INFO] [stdout] 225 |         let output = program(&mut data, input);
[INFO] [stdout]     |                      ^^^^^^^------------------ an argument of type `Option<usize>` is missing
[INFO] [stdout]     |
[INFO] [stdout] note: function defined here
[INFO] [stdout]    --> src/intcode.rs:84:8
[INFO] [stdout]     |
[INFO] [stdout] 84  | pub fn program<F>(data: &mut [i64], mut input: F, position: Option<usize>) -> ProgramResult where
[INFO] [stdout]     |        ^^^^^^^    ----------------  ------------  -----------------------
[INFO] [stdout] help: provide the argument
[INFO] [stdout]     |
[INFO] [stdout] 225 |         let output = program(&mut data, input, /* Option<usize> */);
[INFO] [stdout]     |                             ~~~~~~~~~~~~~~~~~~~~~~~~~~~~~~~~~~~~~~~
[INFO] [stdout] 
[INFO] [stdout] 
[INFO] [stdout] error[E0599]: no method named `unwrap` found for enum `ProgramResult` in the current scope
[INFO] [stdout]    --> src/intcode.rs:226:34
[INFO] [stdout]     |
[INFO] [stdout] 79  | pub enum ProgramResult {
[INFO] [stdout]     | ---------------------- method `unwrap` not found for this enum
[INFO] [stdout] ...
[INFO] [stdout] 226 |         assert_eq!(31337, output.unwrap());
[INFO] [stdout]     |                                  ^^^^^^ method not found in `ProgramResult`
[INFO] [stdout] 
[INFO] [stdout] 
[INFO] [stdout] error: aborting due to 6 previous errors
[INFO] [stdout] 
[INFO] [stdout] 
[INFO] [stdout] Some errors have detailed explanations: E0061, E0599.
[INFO] [stdout] 
[INFO] [stdout] For more information about an error, try `rustc --explain E0061`.
[INFO] [stdout] 
[INFO] [stderr] error: could not compile `advent_of_code_2019` (bin "advent_of_code_2019" test) due to 7 previous errors
[INFO] running `Command { std: "docker" "inspect" "ec61ab4d5c96c39f1be8acda64625496fd6940c9ef099430dc288f121ddda18f", kill_on_drop: false }`
[INFO] running `Command { std: "docker" "rm" "-f" "ec61ab4d5c96c39f1be8acda64625496fd6940c9ef099430dc288f121ddda18f", kill_on_drop: false }`
[INFO] [stdout] ec61ab4d5c96c39f1be8acda64625496fd6940c9ef099430dc288f121ddda18f
