[INFO] cloning repository https://github.com/chronoslynx/lispers
[INFO] running `Command { std: "git" "-c" "credential.helper=" "-c" "credential.helper=/workspace/cargo-home/bin/git-credential-null" "clone" "--bare" "https://github.com/chronoslynx/lispers" "/workspace/cache/git-repos/https%3A%2F%2Fgithub.com%2Fchronoslynx%2Flispers", kill_on_drop: false }`
[INFO] [stderr] Cloning into bare repository '/workspace/cache/git-repos/https%3A%2F%2Fgithub.com%2Fchronoslynx%2Flispers'...
[INFO] running `Command { std: "git" "rev-parse" "HEAD", kill_on_drop: false }`
[INFO] [stdout] 77bf85414b63baeec09f8dfb05686efd293a3d60
[INFO] testing chronoslynx/lispers against beta-2023-04-20 for beta-1.70-1
[INFO] running `Command { std: "git" "clone" "/workspace/cache/git-repos/https%3A%2F%2Fgithub.com%2Fchronoslynx%2Flispers" "/workspace/builds/worker-5-tc2/source", kill_on_drop: false }`
[INFO] [stderr] Cloning into '/workspace/builds/worker-5-tc2/source'...
[INFO] [stderr] done.
[INFO] validating manifest of git repo https://github.com/chronoslynx/lispers on toolchain beta-2023-04-20
[INFO] running `Command { std: CARGO_HOME="/workspace/cargo-home" RUSTUP_HOME="/workspace/rustup-home" "/workspace/cargo-home/bin/cargo" "+beta-2023-04-20" "metadata" "--manifest-path" "Cargo.toml" "--no-deps", kill_on_drop: false }`
[INFO] started tweaking git repo https://github.com/chronoslynx/lispers
[INFO] finished tweaking git repo https://github.com/chronoslynx/lispers
[INFO] tweaked toml for git repo https://github.com/chronoslynx/lispers written to /workspace/builds/worker-5-tc2/source/Cargo.toml
[INFO] crate git repo https://github.com/chronoslynx/lispers already has a lockfile, it will not be regenerated
[INFO] running `Command { std: CARGO_HOME="/workspace/cargo-home" RUSTUP_HOME="/workspace/rustup-home" "/workspace/cargo-home/bin/cargo" "+beta-2023-04-20" "fetch" "--manifest-path" "Cargo.toml", kill_on_drop: false }`
[INFO] [stderr]     Blocking waiting for file lock on package cache
[INFO] running `Command { std: "docker" "create" "-v" "/var/lib/crater-agent-workspace/builds/worker-5-tc2/target:/opt/rustwide/target:rw,Z" "-v" "/var/lib/crater-agent-workspace/builds/worker-5-tc2/source:/opt/rustwide/workdir:ro,Z" "-v" "/var/lib/crater-agent-workspace/cargo-home:/opt/rustwide/cargo-home:ro,Z" "-v" "/var/lib/crater-agent-workspace/rustup-home:/opt/rustwide/rustup-home:ro,Z" "-e" "SOURCE_DIR=/opt/rustwide/workdir" "-e" "CARGO_TARGET_DIR=/opt/rustwide/target" "-e" "CARGO_HOME=/opt/rustwide/cargo-home" "-e" "RUSTUP_HOME=/opt/rustwide/rustup-home" "-w" "/opt/rustwide/workdir" "-m" "1610612736" "--user" "0:0" "--network" "none" "ghcr.io/rust-lang/crates-build-env/linux@sha256:5ff2268d62e97bff2cde7d5815dd6ed5b47097566f13b8d0ca110b04b60e07ed" "/opt/rustwide/cargo-home/bin/cargo" "+beta-2023-04-20" "metadata" "--no-deps" "--format-version=1", kill_on_drop: false }`
[INFO] [stdout] 7676314861ffcfd4f3d4c673e3f218817631d315cd54c6cc30cc165f9f08ed41
[INFO] running `Command { std: "docker" "start" "-a" "7676314861ffcfd4f3d4c673e3f218817631d315cd54c6cc30cc165f9f08ed41", kill_on_drop: false }`
[INFO] running `Command { std: "docker" "inspect" "7676314861ffcfd4f3d4c673e3f218817631d315cd54c6cc30cc165f9f08ed41", kill_on_drop: false }`
[INFO] running `Command { std: "docker" "rm" "-f" "7676314861ffcfd4f3d4c673e3f218817631d315cd54c6cc30cc165f9f08ed41", kill_on_drop: false }`
[INFO] [stdout] 7676314861ffcfd4f3d4c673e3f218817631d315cd54c6cc30cc165f9f08ed41
[INFO] running `Command { std: "docker" "create" "-v" "/var/lib/crater-agent-workspace/builds/worker-5-tc2/target:/opt/rustwide/target:rw,Z" "-v" "/var/lib/crater-agent-workspace/builds/worker-5-tc2/source:/opt/rustwide/workdir:ro,Z" "-v" "/var/lib/crater-agent-workspace/cargo-home:/opt/rustwide/cargo-home:ro,Z" "-v" "/var/lib/crater-agent-workspace/rustup-home:/opt/rustwide/rustup-home:ro,Z" "-e" "SOURCE_DIR=/opt/rustwide/workdir" "-e" "CARGO_TARGET_DIR=/opt/rustwide/target" "-e" "CARGO_INCREMENTAL=0" "-e" "RUST_BACKTRACE=full" "-e" "RUSTFLAGS=--cap-lints=warn" "-e" "RUSTDOCFLAGS=--cap-lints=warn" "-e" "CARGO_HOME=/opt/rustwide/cargo-home" "-e" "RUSTUP_HOME=/opt/rustwide/rustup-home" "-w" "/opt/rustwide/workdir" "-m" "1610612736" "--user" "0:0" "--network" "none" "ghcr.io/rust-lang/crates-build-env/linux@sha256:5ff2268d62e97bff2cde7d5815dd6ed5b47097566f13b8d0ca110b04b60e07ed" "/opt/rustwide/cargo-home/bin/cargo" "+beta-2023-04-20" "build" "--frozen" "--message-format=json", kill_on_drop: false }`
[INFO] [stdout] a2af750d88469648477ecfec3c2b4b94553c10ad4a69562059af88a52dfd8c19
[INFO] running `Command { std: "docker" "start" "-a" "a2af750d88469648477ecfec3c2b4b94553c10ad4a69562059af88a52dfd8c19", kill_on_drop: false }`
[INFO] [stderr]    Compiling proc-macro2 v1.0.30
[INFO] [stderr]    Compiling libc v0.2.104
[INFO] [stderr]    Compiling syn v1.0.80
[INFO] [stderr]    Compiling doc-comment v0.3.3
[INFO] [stderr]    Compiling regex-syntax v0.6.25
[INFO] [stderr]    Compiling anyhow v1.0.44
[INFO] [stderr]    Compiling quote v1.0.10
[INFO] [stderr]    Compiling atty v0.2.14
[INFO] [stderr]    Compiling regex v1.5.4
[INFO] [stderr]    Compiling env_logger v0.9.0
[INFO] [stderr]    Compiling snafu-derive v0.6.10
[INFO] [stderr]    Compiling snafu v0.6.10
[INFO] [stderr]    Compiling lispers v0.1.0 (/opt/rustwide/workdir)
[INFO] [stderr]     Finished dev [unoptimized + debuginfo] target(s) in 6.67s
[INFO] running `Command { std: "docker" "inspect" "a2af750d88469648477ecfec3c2b4b94553c10ad4a69562059af88a52dfd8c19", kill_on_drop: false }`
[INFO] running `Command { std: "docker" "rm" "-f" "a2af750d88469648477ecfec3c2b4b94553c10ad4a69562059af88a52dfd8c19", kill_on_drop: false }`
[INFO] [stdout] a2af750d88469648477ecfec3c2b4b94553c10ad4a69562059af88a52dfd8c19
[INFO] running `Command { std: "docker" "create" "-v" "/var/lib/crater-agent-workspace/builds/worker-5-tc2/target:/opt/rustwide/target:rw,Z" "-v" "/var/lib/crater-agent-workspace/builds/worker-5-tc2/source:/opt/rustwide/workdir:ro,Z" "-v" "/var/lib/crater-agent-workspace/cargo-home:/opt/rustwide/cargo-home:ro,Z" "-v" "/var/lib/crater-agent-workspace/rustup-home:/opt/rustwide/rustup-home:ro,Z" "-e" "SOURCE_DIR=/opt/rustwide/workdir" "-e" "CARGO_TARGET_DIR=/opt/rustwide/target" "-e" "CARGO_INCREMENTAL=0" "-e" "RUST_BACKTRACE=full" "-e" "RUSTFLAGS=--cap-lints=warn" "-e" "RUSTDOCFLAGS=--cap-lints=warn" "-e" "CARGO_HOME=/opt/rustwide/cargo-home" "-e" "RUSTUP_HOME=/opt/rustwide/rustup-home" "-w" "/opt/rustwide/workdir" "-m" "1610612736" "--user" "0:0" "--network" "none" "ghcr.io/rust-lang/crates-build-env/linux@sha256:5ff2268d62e97bff2cde7d5815dd6ed5b47097566f13b8d0ca110b04b60e07ed" "/opt/rustwide/cargo-home/bin/cargo" "+beta-2023-04-20" "test" "--frozen" "--no-run" "--message-format=json", kill_on_drop: false }`
[INFO] [stdout] 2fe8eeef95c3d472275e501e9b457b1a5f9bf1e8054caa0f767aaefe60e14c4f
[INFO] running `Command { std: "docker" "start" "-a" "2fe8eeef95c3d472275e501e9b457b1a5f9bf1e8054caa0f767aaefe60e14c4f", kill_on_drop: false }`
[INFO] [stderr]    Compiling lispers v0.1.0 (/opt/rustwide/workdir)
[INFO] [stdout] error[E0164]: expected tuple struct or tuple variant, found struct variant `Error::UnexpectedChar`
[INFO] [stdout]   --> tests/tokenize.rs:66:9
[INFO] [stdout]    |
[INFO] [stdout] 66 |         Error::UnexpectedChar(c, l) => {
[INFO] [stdout]    |         ^^^^^^^^^^^^^^^^^^^^^^^^^^^ not a tuple struct or tuple variant
[INFO] [stdout] 
[INFO] [stdout] 
[INFO] [stdout] error: aborting due to previous error
[INFO] [stdout] 
[INFO] [stdout] 
[INFO] [stdout] For more information about this error, try `rustc --explain E0164`.
[INFO] [stdout] 
[INFO] [stderr] error: could not compile `lispers` (test "tokenize") due to 2 previous errors
[INFO] [stderr] warning: build failed, waiting for other jobs to finish...
[INFO] [stdout] error[E0308]: mismatched types
[INFO] [stdout]   --> tests/parse.rs:81:17
[INFO] [stdout]    |
[INFO] [stdout] 81 |                 Literal(Ident("a".to_string())),
[INFO] [stdout]    |                 ^^^^^^^^^^^^^^^^^^^^^^^^^^^^^^^- help: try using a conversion method: `.to_string()`
[INFO] [stdout]    |                 |
[INFO] [stdout]    |                 expected `String`, found `Expr`
[INFO] [stdout] 
[INFO] [stdout] 
[INFO] [stdout] error[E0308]: mismatched types
[INFO] [stdout]   --> tests/parse.rs:80:13
[INFO] [stdout]    |
[INFO] [stdout] 80 | /             Vector(vec![
[INFO] [stdout] 81 | |                 Literal(Ident("a".to_string())),
[INFO] [stdout] 82 | |                 Literal(Ident("b".to_string())),
[INFO] [stdout] 83 | |             ]),
[INFO] [stdout]    | |              ^- help: try using a conversion method: `.to_string()`
[INFO] [stdout]    | |______________|
[INFO] [stdout]    |                expected `String`, found `Expr`
[INFO] [stdout] 
[INFO] [stdout] 
[INFO] [stdout] error[E0061]: this enum variant takes 2 arguments but 1 argument was supplied
[INFO] [stdout]   --> tests/parse.rs:79:9
[INFO] [stdout]    |
[INFO] [stdout] 79 |           Lambda(vec![
[INFO] [stdout]    |  _________^^^^^^-
[INFO] [stdout] 80 | |             Vector(vec![
[INFO] [stdout] 81 | |                 Literal(Ident("a".to_string())),
[INFO] [stdout] 82 | |                 Literal(Ident("b".to_string())),
[INFO] [stdout] ...  |
[INFO] [stdout] 90 | |             ),
[INFO] [stdout] 91 | |         ]),
[INFO] [stdout]    | |__________- an argument of type `Box<Expr>` is missing
[INFO] [stdout]    |
[INFO] [stdout] note: tuple variant defined here
[INFO] [stdout]   --> /opt/rustwide/workdir/src/parse.rs:49:5
[INFO] [stdout]    |
[INFO] [stdout] 49 |     Lambda(Vec<Binding>, Box<Expr>),
[INFO] [stdout]    |     ^^^^^^
[INFO] [stdout] help: provide the argument
[INFO] [stdout]    |
[INFO] [stdout] 79 ~         Lambda(vec![
[INFO] [stdout] 80 +             Vector(vec![
[INFO] [stdout] 81 +                 Literal(Ident("a".to_string())),
[INFO] [stdout] 82 +                 Literal(Ident("b".to_string())),
[INFO] [stdout] 83 +             ]),
[INFO] [stdout] 84 +             Call(
[INFO] [stdout] 85 +                 "*".to_string(),
[INFO] [stdout] 86 +                 vec![
[INFO] [stdout] 87 +                     Literal(Ident("a".to_string())),
[INFO] [stdout] 88 +                     Literal(Ident("b".to_string())),
[INFO] [stdout] 89 +                 ],
[INFO] [stdout] 90 +             ),
[INFO] [stdout] 91 ~         ], /* Box<Expr> */),
[INFO] [stdout]    |
[INFO] [stdout] 
[INFO] [stdout] 
[INFO] [stdout] error[E0308]: mismatched types
[INFO] [stdout]   --> tests/parse.rs:95:5
[INFO] [stdout]    |
[INFO] [stdout] 95 |     assert_eq!(goal, ast);
[INFO] [stdout]    |     ^^^^^^^^^^^^^^^^^^^^^
[INFO] [stdout]    |     |
[INFO] [stdout]    |     expected `Expr`, found `Vec<Expr>`
[INFO] [stdout]    |     expected because this is `Expr`
[INFO] [stdout]    |
[INFO] [stdout]    = note: expected enum `Expr`
[INFO] [stdout]             found struct `Vec<Expr>`
[INFO] [stdout]    = note: this error originates in the macro `assert_eq` (in Nightly builds, run with -Z macro-backtrace for more info)
[INFO] [stdout] 
[INFO] [stdout] 
[INFO] [stdout] error: aborting due to 4 previous errors
[INFO] [stdout] 
[INFO] [stdout] 
[INFO] [stdout] Some errors have detailed explanations: E0061, E0308.
[INFO] [stdout] 
[INFO] [stdout] For more information about an error, try `rustc --explain E0061`.
[INFO] [stdout] 
[INFO] [stderr] error: could not compile `lispers` (test "parse") due to 5 previous errors
[INFO] running `Command { std: "docker" "inspect" "2fe8eeef95c3d472275e501e9b457b1a5f9bf1e8054caa0f767aaefe60e14c4f", kill_on_drop: false }`
[INFO] running `Command { std: "docker" "rm" "-f" "2fe8eeef95c3d472275e501e9b457b1a5f9bf1e8054caa0f767aaefe60e14c4f", kill_on_drop: false }`
[INFO] [stdout] 2fe8eeef95c3d472275e501e9b457b1a5f9bf1e8054caa0f767aaefe60e14c4f
