[INFO] cloning repository https://github.com/christofdamian/gpodderid3
[INFO] running `Command { std: "git" "-c" "credential.helper=" "-c" "credential.helper=/workspace/cargo-home/bin/git-credential-null" "clone" "--bare" "https://github.com/christofdamian/gpodderid3" "/workspace/cache/git-repos/https%3A%2F%2Fgithub.com%2Fchristofdamian%2Fgpodderid3", kill_on_drop: false }`
[INFO] [stderr] Cloning into bare repository '/workspace/cache/git-repos/https%3A%2F%2Fgithub.com%2Fchristofdamian%2Fgpodderid3'...
[INFO] running `Command { std: "git" "rev-parse" "HEAD", kill_on_drop: false }`
[INFO] [stdout] ca6008945c7fc60fc73e3a48a94f1c5330e56554
[INFO] testing christofdamian/gpodderid3 against beta-2023-04-20 for beta-1.70-1
[INFO] running `Command { std: "git" "clone" "/workspace/cache/git-repos/https%3A%2F%2Fgithub.com%2Fchristofdamian%2Fgpodderid3" "/workspace/builds/worker-0-tc2/source", kill_on_drop: false }`
[INFO] [stderr] Cloning into '/workspace/builds/worker-0-tc2/source'...
[INFO] [stderr] done.
[INFO] validating manifest of git repo https://github.com/christofdamian/gpodderid3 on toolchain beta-2023-04-20
[INFO] running `Command { std: CARGO_HOME="/workspace/cargo-home" RUSTUP_HOME="/workspace/rustup-home" "/workspace/cargo-home/bin/cargo" "+beta-2023-04-20" "metadata" "--manifest-path" "Cargo.toml" "--no-deps", kill_on_drop: false }`
[INFO] started tweaking git repo https://github.com/christofdamian/gpodderid3
[INFO] finished tweaking git repo https://github.com/christofdamian/gpodderid3
[INFO] tweaked toml for git repo https://github.com/christofdamian/gpodderid3 written to /workspace/builds/worker-0-tc2/source/Cargo.toml
[INFO] crate git repo https://github.com/christofdamian/gpodderid3 already has a lockfile, it will not be regenerated
[INFO] running `Command { std: CARGO_HOME="/workspace/cargo-home" RUSTUP_HOME="/workspace/rustup-home" "/workspace/cargo-home/bin/cargo" "+beta-2023-04-20" "fetch" "--manifest-path" "Cargo.toml", kill_on_drop: false }`
[INFO] [stderr]  Downloading crates ...
[INFO] [stderr]   Downloaded id3 v1.7.0
[INFO] [stderr]   Downloaded rustix v0.37.6
[INFO] running `Command { std: "docker" "create" "-v" "/var/lib/crater-agent-workspace/builds/worker-0-tc2/target:/opt/rustwide/target:rw,Z" "-v" "/var/lib/crater-agent-workspace/builds/worker-0-tc2/source:/opt/rustwide/workdir:ro,Z" "-v" "/var/lib/crater-agent-workspace/cargo-home:/opt/rustwide/cargo-home:ro,Z" "-v" "/var/lib/crater-agent-workspace/rustup-home:/opt/rustwide/rustup-home:ro,Z" "-e" "SOURCE_DIR=/opt/rustwide/workdir" "-e" "CARGO_TARGET_DIR=/opt/rustwide/target" "-e" "CARGO_HOME=/opt/rustwide/cargo-home" "-e" "RUSTUP_HOME=/opt/rustwide/rustup-home" "-w" "/opt/rustwide/workdir" "-m" "1610612736" "--user" "0:0" "--network" "none" "ghcr.io/rust-lang/crates-build-env/linux@sha256:5ff2268d62e97bff2cde7d5815dd6ed5b47097566f13b8d0ca110b04b60e07ed" "/opt/rustwide/cargo-home/bin/cargo" "+beta-2023-04-20" "metadata" "--no-deps" "--format-version=1", kill_on_drop: false }`
[INFO] [stdout] 0d656d8be17e1aa48610d64e8ea93f6dea5fea7665e08d25bc6bf16f04be38e9
[INFO] running `Command { std: "docker" "start" "-a" "0d656d8be17e1aa48610d64e8ea93f6dea5fea7665e08d25bc6bf16f04be38e9", kill_on_drop: false }`
[INFO] running `Command { std: "docker" "inspect" "0d656d8be17e1aa48610d64e8ea93f6dea5fea7665e08d25bc6bf16f04be38e9", kill_on_drop: false }`
[INFO] running `Command { std: "docker" "rm" "-f" "0d656d8be17e1aa48610d64e8ea93f6dea5fea7665e08d25bc6bf16f04be38e9", kill_on_drop: false }`
[INFO] [stdout] 0d656d8be17e1aa48610d64e8ea93f6dea5fea7665e08d25bc6bf16f04be38e9
[INFO] running `Command { std: "docker" "create" "-v" "/var/lib/crater-agent-workspace/builds/worker-0-tc2/target:/opt/rustwide/target:rw,Z" "-v" "/var/lib/crater-agent-workspace/builds/worker-0-tc2/source:/opt/rustwide/workdir:ro,Z" "-v" "/var/lib/crater-agent-workspace/cargo-home:/opt/rustwide/cargo-home:ro,Z" "-v" "/var/lib/crater-agent-workspace/rustup-home:/opt/rustwide/rustup-home:ro,Z" "-e" "SOURCE_DIR=/opt/rustwide/workdir" "-e" "CARGO_TARGET_DIR=/opt/rustwide/target" "-e" "CARGO_INCREMENTAL=0" "-e" "RUST_BACKTRACE=full" "-e" "RUSTFLAGS=--cap-lints=warn" "-e" "RUSTDOCFLAGS=--cap-lints=warn" "-e" "CARGO_HOME=/opt/rustwide/cargo-home" "-e" "RUSTUP_HOME=/opt/rustwide/rustup-home" "-w" "/opt/rustwide/workdir" "-m" "1610612736" "--user" "0:0" "--network" "none" "ghcr.io/rust-lang/crates-build-env/linux@sha256:5ff2268d62e97bff2cde7d5815dd6ed5b47097566f13b8d0ca110b04b60e07ed" "/opt/rustwide/cargo-home/bin/cargo" "+beta-2023-04-20" "build" "--frozen" "--message-format=json", kill_on_drop: false }`
[INFO] [stdout] e6e39aec45bf3393987a2dfd14add37efab68b425318849f9d861d71ea5956b4
[INFO] running `Command { std: "docker" "start" "-a" "e6e39aec45bf3393987a2dfd14add37efab68b425318849f9d861d71ea5956b4", kill_on_drop: false }`
[INFO] [stderr]    Compiling libc v0.2.140
[INFO] [stderr]    Compiling cfg-if v1.0.0
[INFO] [stderr]    Compiling io-lifetimes v1.0.5
[INFO] [stderr]    Compiling version_check v0.9.4
[INFO] [stderr]    Compiling rustix v0.37.6
[INFO] [stderr]    Compiling bitflags v1.3.2
[INFO] [stderr]    Compiling linux-raw-sys v0.3.1
[INFO] [stderr]    Compiling once_cell v1.16.0
[INFO] [stderr]    Compiling pkg-config v0.3.26
[INFO] [stderr]    Compiling utf8parse v0.2.1
[INFO] [stderr]    Compiling crc32fast v1.3.2
[INFO] [stderr]    Compiling vcpkg v0.2.15
[INFO] [stderr]    Compiling anstyle v1.0.0
[INFO] [stderr]    Compiling colorchoice v1.0.0
[INFO] [stderr]    Compiling adler v1.0.2
[INFO] [stderr]    Compiling anstyle-query v1.0.0
[INFO] [stderr]    Compiling bitflags v2.0.2
[INFO] [stderr]    Compiling clap_lex v0.4.1
[INFO] [stderr]    Compiling anstyle-parse v0.2.0
[INFO] [stderr]    Compiling strsim v0.10.0
[INFO] [stderr]    Compiling fallible-streaming-iterator v0.1.9
[INFO] [stderr]    Compiling miniz_oxide v0.6.2
[INFO] [stderr]    Compiling smallvec v1.10.0
[INFO] [stderr]    Compiling byteorder v1.4.3
[INFO] [stderr]    Compiling fallible-iterator v0.2.0
[INFO] [stderr]    Compiling ahash v0.7.6
[INFO] [stderr]    Compiling flate2 v1.0.25
[INFO] [stderr]    Compiling libsqlite3-sys v0.26.0
[INFO] [stderr]    Compiling id3 v1.7.0
[INFO] [stderr]    Compiling getrandom v0.2.8
[INFO] [stderr]    Compiling hashbrown v0.12.3
[INFO] [stderr]    Compiling hashlink v0.8.1
[INFO] [stderr]    Compiling rusqlite v0.29.0
[INFO] [stderr]    Compiling is-terminal v0.4.6
[INFO] [stderr]    Compiling anstream v0.3.0
[INFO] [stderr]    Compiling clap_builder v4.2.4
[INFO] [stderr]    Compiling clap v4.2.4
[INFO] [stderr]    Compiling gpodderid3 v0.1.0 (/opt/rustwide/workdir)
[INFO] [stdout] error[E0432]: unresolved import `clap::App`
[INFO] [stdout]  --> src/main.rs:3:12
[INFO] [stdout]   |
[INFO] [stdout] 3 | use clap::{App, Arg};
[INFO] [stdout]   |            ^^^ no `App` in the root
[INFO] [stdout] 
[INFO] [stdout] 
[INFO] [stdout] error[E0599]: no function or associated item named `with_name` found for struct `Arg` in the current scope
[INFO] [stdout]   --> src/main.rs:24:18
[INFO] [stdout]    |
[INFO] [stdout] 24 |             Arg::with_name("database")
[INFO] [stdout]    |                  ^^^^^^^^^ function or associated item not found in `Arg`
[INFO] [stdout] 
[INFO] [stdout] 
[INFO] [stdout] error[E0599]: no function or associated item named `with_name` found for struct `Arg` in the current scope
[INFO] [stdout]   --> src/main.rs:32:18
[INFO] [stdout]    |
[INFO] [stdout] 32 |             Arg::with_name("path")
[INFO] [stdout]    |                  ^^^^^^^^^ function or associated item not found in `Arg`
[INFO] [stdout] 
[INFO] [stdout] 
[INFO] [stdout] error[E0599]: no method named `title` found for struct `id3::Tag` in the current scope
[INFO] [stdout]    --> src/main.rs:91:16
[INFO] [stdout]     |
[INFO] [stdout] 91  |         if tag.title().unwrap_or("")=="" {
[INFO] [stdout]     |                ^^^^^ method not found in `id3::Tag`
[INFO] [stdout]     |
[INFO] [stdout]    ::: /opt/rustwide/cargo-home/registry/src/index.crates.io-6f17d22bba15001f/id3-1.7.0/src/taglike.rs:536:8
[INFO] [stdout]     |
[INFO] [stdout] 536 |     fn title(&self) -> Option<&str> {
[INFO] [stdout]     |        ----- the method is available for `id3::Tag` here
[INFO] [stdout]     |
[INFO] [stdout]     = help: items from traits can only be used if the trait is in scope
[INFO] [stdout] help: the following trait is implemented but not in scope; perhaps add a `use` for it:
[INFO] [stdout]     |
[INFO] [stdout] 1   + use id3::TagLike;
[INFO] [stdout]     |
[INFO] [stdout] 
[INFO] [stdout] 
[INFO] [stdout] error[E0599]: no method named `set_title` found for struct `id3::Tag` in the current scope
[INFO] [stdout]    --> src/main.rs:92:17
[INFO] [stdout]     |
[INFO] [stdout] 92  |             tag.set_title(
[INFO] [stdout]     |             ----^^^^^^^^^ method not found in `id3::Tag`
[INFO] [stdout]     |
[INFO] [stdout]    ::: /opt/rustwide/cargo-home/registry/src/index.crates.io-6f17d22bba15001f/id3-1.7.0/src/taglike.rs:550:8
[INFO] [stdout]     |
[INFO] [stdout] 550 |     fn set_title(&mut self, title: impl Into<String>) {
[INFO] [stdout]     |        --------- the method is available for `id3::Tag` here
[INFO] [stdout]     |
[INFO] [stdout]     = help: items from traits can only be used if the trait is in scope
[INFO] [stdout] help: the following trait is implemented but not in scope; perhaps add a `use` for it:
[INFO] [stdout]     |
[INFO] [stdout] 1   + use id3::TagLike;
[INFO] [stdout]     |
[INFO] [stdout] 
[INFO] [stdout] 
[INFO] [stdout] error[E0599]: no method named `title` found for struct `id3::Tag` in the current scope
[INFO] [stdout]    --> src/main.rs:93:21
[INFO] [stdout]     |
[INFO] [stdout] 93  |                 tag.title().unwrap_or_else(|| episode.title.as_str()).to_owned()
[INFO] [stdout]     |                     ^^^^^ method not found in `id3::Tag`
[INFO] [stdout]     |
[INFO] [stdout]    ::: /opt/rustwide/cargo-home/registry/src/index.crates.io-6f17d22bba15001f/id3-1.7.0/src/taglike.rs:536:8
[INFO] [stdout]     |
[INFO] [stdout] 536 |     fn title(&self) -> Option<&str> {
[INFO] [stdout]     |        ----- the method is available for `id3::Tag` here
[INFO] [stdout]     |
[INFO] [stdout]     = help: items from traits can only be used if the trait is in scope
[INFO] [stdout] help: the following trait is implemented but not in scope; perhaps add a `use` for it:
[INFO] [stdout]     |
[INFO] [stdout] 1   + use id3::TagLike;
[INFO] [stdout]     |
[INFO] [stdout] 
[INFO] [stdout] 
[INFO] [stdout] error[E0599]: no method named `album` found for struct `id3::Tag` in the current scope
[INFO] [stdout]    --> src/main.rs:97:16
[INFO] [stdout]     |
[INFO] [stdout] 97  |         if tag.album().unwrap_or("")=="" {
[INFO] [stdout]     |                ^^^^^ method not found in `id3::Tag`
[INFO] [stdout]     |
[INFO] [stdout]    ::: /opt/rustwide/cargo-home/registry/src/index.crates.io-6f17d22bba15001f/id3-1.7.0/src/taglike.rs:490:8
[INFO] [stdout]     |
[INFO] [stdout] 490 |     fn album(&self) -> Option<&str> {
[INFO] [stdout]     |        ----- the method is available for `id3::Tag` here
[INFO] [stdout]     |
[INFO] [stdout]     = help: items from traits can only be used if the trait is in scope
[INFO] [stdout] help: the following trait is implemented but not in scope; perhaps add a `use` for it:
[INFO] [stdout]     |
[INFO] [stdout] 1   + use id3::TagLike;
[INFO] [stdout]     |
[INFO] [stdout] 
[INFO] [stdout] 
[INFO] [stdout] error[E0599]: no method named `set_album` found for struct `id3::Tag` in the current scope
[INFO] [stdout]    --> src/main.rs:98:17
[INFO] [stdout]     |
[INFO] [stdout] 98  |             tag.set_album(
[INFO] [stdout]     |             ----^^^^^^^^^ method not found in `id3::Tag`
[INFO] [stdout]     |
[INFO] [stdout]    ::: /opt/rustwide/cargo-home/registry/src/index.crates.io-6f17d22bba15001f/id3-1.7.0/src/taglike.rs:504:8
[INFO] [stdout]     |
[INFO] [stdout] 504 |     fn set_album(&mut self, album: impl Into<String>) {
[INFO] [stdout]     |        --------- the method is available for `id3::Tag` here
[INFO] [stdout]     |
[INFO] [stdout]     = help: items from traits can only be used if the trait is in scope
[INFO] [stdout] help: the following trait is implemented but not in scope; perhaps add a `use` for it:
[INFO] [stdout]     |
[INFO] [stdout] 1   + use id3::TagLike;
[INFO] [stdout]     |
[INFO] [stdout] 
[INFO] [stdout] 
[INFO] [stdout] error[E0599]: no method named `album` found for struct `id3::Tag` in the current scope
[INFO] [stdout]    --> src/main.rs:99:21
[INFO] [stdout]     |
[INFO] [stdout] 99  |                 tag.album().unwrap_or_else(|| episode.podcast_title.as_str()).to_owned()
[INFO] [stdout]     |                     ^^^^^ method not found in `id3::Tag`
[INFO] [stdout]     |
[INFO] [stdout]    ::: /opt/rustwide/cargo-home/registry/src/index.crates.io-6f17d22bba15001f/id3-1.7.0/src/taglike.rs:490:8
[INFO] [stdout]     |
[INFO] [stdout] 490 |     fn album(&self) -> Option<&str> {
[INFO] [stdout]     |        ----- the method is available for `id3::Tag` here
[INFO] [stdout]     |
[INFO] [stdout]     = help: items from traits can only be used if the trait is in scope
[INFO] [stdout] help: the following trait is implemented but not in scope; perhaps add a `use` for it:
[INFO] [stdout]     |
[INFO] [stdout] 1   + use id3::TagLike;
[INFO] [stdout]     |
[INFO] [stdout] 
[INFO] [stdout] 
[INFO] [stdout] error: aborting due to 9 previous errors
[INFO] [stdout] 
[INFO] [stdout] 
[INFO] [stdout] Some errors have detailed explanations: E0432, E0599.
[INFO] [stdout] 
[INFO] [stdout] For more information about an error, try `rustc --explain E0432`.
[INFO] [stdout] 
[INFO] [stderr] error: could not compile `gpodderid3` (bin "gpodderid3") due to 10 previous errors
[INFO] running `Command { std: "docker" "inspect" "e6e39aec45bf3393987a2dfd14add37efab68b425318849f9d861d71ea5956b4", kill_on_drop: false }`
[INFO] running `Command { std: "docker" "rm" "-f" "e6e39aec45bf3393987a2dfd14add37efab68b425318849f9d861d71ea5956b4", kill_on_drop: false }`
[INFO] [stdout] e6e39aec45bf3393987a2dfd14add37efab68b425318849f9d861d71ea5956b4
