[INFO] cloning repository https://github.com/christianwgd/antispam
[INFO] running `Command { std: "git" "-c" "credential.helper=" "-c" "credential.helper=/workspace/cargo-home/bin/git-credential-null" "clone" "--bare" "https://github.com/christianwgd/antispam" "/workspace/cache/git-repos/https%3A%2F%2Fgithub.com%2Fchristianwgd%2Fantispam", kill_on_drop: false }`
[INFO] [stderr] Cloning into bare repository '/workspace/cache/git-repos/https%3A%2F%2Fgithub.com%2Fchristianwgd%2Fantispam'...
[INFO] running `Command { std: "git" "rev-parse" "HEAD", kill_on_drop: false }`
[INFO] [stdout] 0412593b9a015f32dd2ac651b4b9585dc9992aa7
[INFO] testing christianwgd/antispam against beta-2023-04-20 for beta-1.70-1
[INFO] running `Command { std: "git" "clone" "/workspace/cache/git-repos/https%3A%2F%2Fgithub.com%2Fchristianwgd%2Fantispam" "/workspace/builds/worker-6-tc2/source", kill_on_drop: false }`
[INFO] [stderr] Cloning into '/workspace/builds/worker-6-tc2/source'...
[INFO] [stderr] done.
[INFO] validating manifest of git repo https://github.com/christianwgd/antispam on toolchain beta-2023-04-20
[INFO] running `Command { std: CARGO_HOME="/workspace/cargo-home" RUSTUP_HOME="/workspace/rustup-home" "/workspace/cargo-home/bin/cargo" "+beta-2023-04-20" "metadata" "--manifest-path" "Cargo.toml" "--no-deps", kill_on_drop: false }`
[INFO] started tweaking git repo https://github.com/christianwgd/antispam
[INFO] finished tweaking git repo https://github.com/christianwgd/antispam
[INFO] tweaked toml for git repo https://github.com/christianwgd/antispam written to /workspace/builds/worker-6-tc2/source/Cargo.toml
[INFO] crate git repo https://github.com/christianwgd/antispam already has a lockfile, it will not be regenerated
[INFO] running `Command { std: CARGO_HOME="/workspace/cargo-home" RUSTUP_HOME="/workspace/rustup-home" "/workspace/cargo-home/bin/cargo" "+beta-2023-04-20" "fetch" "--manifest-path" "Cargo.toml", kill_on_drop: false }`
[INFO] [stderr]     Updating crates.io index
[INFO] [stderr]  Downloading crates ...
[INFO] [stderr]   Downloaded ref-cast-impl v1.0.7
[INFO] [stderr]   Downloaded bayespam v1.1.0
[INFO] [stderr]   Downloaded ref-cast v1.0.7
[INFO] [stderr]   Downloaded ubyte v0.10.2
[INFO] running `Command { std: "docker" "create" "-v" "/var/lib/crater-agent-workspace/builds/worker-6-tc2/target:/opt/rustwide/target:rw,Z" "-v" "/var/lib/crater-agent-workspace/builds/worker-6-tc2/source:/opt/rustwide/workdir:ro,Z" "-v" "/var/lib/crater-agent-workspace/cargo-home:/opt/rustwide/cargo-home:ro,Z" "-v" "/var/lib/crater-agent-workspace/rustup-home:/opt/rustwide/rustup-home:ro,Z" "-e" "SOURCE_DIR=/opt/rustwide/workdir" "-e" "CARGO_TARGET_DIR=/opt/rustwide/target" "-e" "CARGO_HOME=/opt/rustwide/cargo-home" "-e" "RUSTUP_HOME=/opt/rustwide/rustup-home" "-w" "/opt/rustwide/workdir" "-m" "1610612736" "--user" "0:0" "--network" "none" "ghcr.io/rust-lang/crates-build-env/linux@sha256:5ff2268d62e97bff2cde7d5815dd6ed5b47097566f13b8d0ca110b04b60e07ed" "/opt/rustwide/cargo-home/bin/cargo" "+beta-2023-04-20" "metadata" "--no-deps" "--format-version=1", kill_on_drop: false }`
[INFO] [stdout] cce251f19fbf77179e45bdd43900dec06fa730e8d804d49954c88b303d67cd8f
[INFO] running `Command { std: "docker" "start" "-a" "cce251f19fbf77179e45bdd43900dec06fa730e8d804d49954c88b303d67cd8f", kill_on_drop: false }`
[INFO] running `Command { std: "docker" "inspect" "cce251f19fbf77179e45bdd43900dec06fa730e8d804d49954c88b303d67cd8f", kill_on_drop: false }`
[INFO] running `Command { std: "docker" "rm" "-f" "cce251f19fbf77179e45bdd43900dec06fa730e8d804d49954c88b303d67cd8f", kill_on_drop: false }`
[INFO] [stdout] cce251f19fbf77179e45bdd43900dec06fa730e8d804d49954c88b303d67cd8f
[INFO] running `Command { std: "docker" "create" "-v" "/var/lib/crater-agent-workspace/builds/worker-6-tc2/target:/opt/rustwide/target:rw,Z" "-v" "/var/lib/crater-agent-workspace/builds/worker-6-tc2/source:/opt/rustwide/workdir:ro,Z" "-v" "/var/lib/crater-agent-workspace/cargo-home:/opt/rustwide/cargo-home:ro,Z" "-v" "/var/lib/crater-agent-workspace/rustup-home:/opt/rustwide/rustup-home:ro,Z" "-e" "SOURCE_DIR=/opt/rustwide/workdir" "-e" "CARGO_TARGET_DIR=/opt/rustwide/target" "-e" "CARGO_INCREMENTAL=0" "-e" "RUST_BACKTRACE=full" "-e" "RUSTFLAGS=--cap-lints=warn" "-e" "RUSTDOCFLAGS=--cap-lints=warn" "-e" "CARGO_HOME=/opt/rustwide/cargo-home" "-e" "RUSTUP_HOME=/opt/rustwide/rustup-home" "-w" "/opt/rustwide/workdir" "-m" "1610612736" "--user" "0:0" "--network" "none" "ghcr.io/rust-lang/crates-build-env/linux@sha256:5ff2268d62e97bff2cde7d5815dd6ed5b47097566f13b8d0ca110b04b60e07ed" "/opt/rustwide/cargo-home/bin/cargo" "+beta-2023-04-20" "build" "--frozen" "--message-format=json", kill_on_drop: false }`
[INFO] [stdout] 0ed27e4d500dc68a4885ef5e9d0f0ca1d4017bc90cad7615292c5e1c86c859fb
[INFO] running `Command { std: "docker" "start" "-a" "0ed27e4d500dc68a4885ef5e9d0f0ca1d4017bc90cad7615292c5e1c86c859fb", kill_on_drop: false }`
[INFO] [stderr]    Compiling version_check v0.9.4
[INFO] [stderr]    Compiling proc-macro2 v1.0.39
[INFO] [stderr]    Compiling unicode-ident v1.0.0
[INFO] [stderr]    Compiling syn v1.0.96
[INFO] [stderr]    Compiling libc v0.2.126
[INFO] [stderr]    Compiling cfg-if v1.0.0
[INFO] [stderr]    Compiling autocfg v1.1.0
[INFO] [stderr]    Compiling typenum v1.15.0
[INFO] [stderr]    Compiling serde_derive v1.0.137
[INFO] [stderr]    Compiling memchr v2.5.0
[INFO] [stderr]    Compiling log v0.4.17
[INFO] [stderr]    Compiling pin-project-lite v0.2.9
[INFO] [stderr]    Compiling serde v1.0.137
[INFO] [stderr]    Compiling futures-core v0.3.21
[INFO] [stderr]    Compiling once_cell v1.12.0
[INFO] [stderr]    Compiling bytes v1.1.0
[INFO] [stderr]    Compiling subtle v2.4.1
[INFO] [stderr]    Compiling itoa v1.0.2
[INFO] [stderr]    Compiling cc v1.0.73
[INFO] [stderr]    Compiling futures-sink v0.3.21
[INFO] [stderr]    Compiling yansi v0.5.1
[INFO] [stderr]    Compiling futures-channel v0.3.21
[INFO] [stderr]    Compiling futures-task v0.3.21
[INFO] [stderr]    Compiling futures-util v0.3.21
[INFO] [stderr]    Compiling generic-array v0.14.5
[INFO] [stderr]    Compiling tokio v1.25.0
[INFO] [stderr]    Compiling proc-macro2-diagnostics v0.9.1
[INFO] [stderr]    Compiling cpufeatures v0.2.2
[INFO] [stderr]    Compiling indexmap v1.8.2
[INFO] [stderr]    Compiling opaque-debug v0.3.0
[INFO] [stderr]    Compiling untrusted v0.7.1
[INFO] [stderr]    Compiling pin-utils v0.1.0
[INFO] [stderr]    Compiling futures-io v0.3.21
[INFO] [stderr]    Compiling slab v0.4.6
[INFO] [stderr]    Compiling spin v0.5.2
[INFO] [stderr]    Compiling fnv v1.0.7
[INFO] [stderr]    Compiling tracing-core v0.1.27
[INFO] [stderr]    Compiling httparse v1.7.1
[INFO] [stderr]    Compiling http v0.2.8
[INFO] [stderr]    Compiling hashbrown v0.11.2
[INFO] [stderr]    Compiling uncased v0.9.7
[INFO] [stderr]    Compiling quote v1.0.18
[INFO] [stderr]    Compiling ppv-lite86 v0.2.16
[INFO] [stderr]    Compiling bitflags v1.3.2
[INFO] [stderr]    Compiling rustls v0.20.6
[INFO] [stderr]    Compiling proc-macro-error-attr v1.0.4
[INFO] [stderr]    Compiling cookie v0.16.0
[INFO] [stderr]    Compiling mio v0.8.5
[INFO] [stderr]    Compiling signal-hook-registry v1.4.0
[INFO] [stderr]    Compiling num_cpus v1.13.1
[INFO] [stderr]    Compiling socket2 v0.4.4
[INFO] [stderr]    Compiling getrandom v0.2.6
[INFO] [stderr]    Compiling time-macros v0.2.4
[INFO] [stderr]    Compiling ring v0.16.20
[INFO] [stderr]    Compiling smallvec v1.8.0
[INFO] [stderr]    Compiling rand_core v0.6.3
[INFO] [stderr]    Compiling try-lock v0.2.3
[INFO] [stderr]    Compiling inlinable_string v0.1.15
[INFO] [stderr]    Compiling num_threads v0.1.6
[INFO] [stderr]    Compiling ref-cast v1.0.7
[INFO] [stderr]    Compiling base64 v0.13.0
[INFO] [stderr] LLVM ERROR: IO failure on output stream: No space left on device
[INFO] [stderr] LLVM ERROR: IO failure on output stream: No space left on device
[INFO] [stderr] error: could not compile `signal-hook-registry` (lib)
[INFO] [stderr] warning: build failed, waiting for other jobs to finish...
[INFO] [stderr] error: could not compile `ref-cast` (build script)
[INFO] [stderr] LLVM ERROR: IO failure on output stream: No space left on device
[INFO] [stderr] LLVM ERROR: IO failure on output stream: No space left on device
[INFO] [stderr] error: could not compile `inlinable_string` (lib)
[INFO] [stderr] LLVM ERROR: IO failure on output stream: No space left on device
[INFO] [stderr] LLVM ERROR: IO failure on output stream: No space left on device
[INFO] [stderr] LLVM ERROR: IO failure on output stream: No space left on device
[INFO] [stderr] LLVM ERROR: IO failure on output stream: No space left on device
[INFO] [stderr] LLVM ERROR: IO failure on output stream: No space left on device
[INFO] [stderr] error: could not compile `socket2` (lib)
[INFO] [stderr] error: could not compile `num_threads` (lib)
[INFO] [stderr] error: could not compile `mio` (lib)
[INFO] [stderr] error: could not compile `httparse` (lib)
[INFO] [stderr] error: could not compile `rand_core` (lib)
[INFO] [stderr] error: could not compile `num_cpus` (lib)
[INFO] [stderr] LLVM ERROR: IO failure on output stream: No space left on device
[INFO] [stderr] error: could not compile `ring` (build script)
[INFO] [stderr] LLVM ERROR: IO failure on output stream: No space left on device
[INFO] [stderr] error: could not compile `http` (lib)
[INFO] [stderr] thread 'rustc' panicked at 'assertion failed: pos.get() <= self.position()', compiler/rustc_metadata/src/rmeta/encoder.rs:433:9
[INFO] [stderr] error: could not compile `base64` (lib)
[INFO] [stderr] thread 'rustc' panicked at 'assertion failed: pos.get() <= self.position()', compiler/rustc_metadata/src/rmeta/encoder.rs:452:9
[INFO] [stdout] error: couldn't create a temp dir: No space left on device (os error 28) at path "/opt/rustwide/target/debug/deps/rmetaWGPlB0"
[INFO] [stdout] 
[INFO] [stdout] 
[INFO] [stderr] error: could not compile `time-macros` (lib) due to previous error
[INFO] [stderr] error: could not compile `generic-array` (lib)
[INFO] [stderr] thread 'rustc' panicked at 'assertion failed: pos.get() <= self.position()', compiler/rustc_metadata/src/rmeta/encoder.rs:433:9
[INFO] [stderr] error: could not compile `futures-util` (lib)
[INFO] [stderr] thread 'rustc' panicked at 'assertion failed: pos.get() <= self.position()', compiler/rustc_metadata/src/rmeta/encoder.rs:452:9
[INFO] [stderr] error: could not compile `syn` (lib)
[INFO] running `Command { std: "docker" "inspect" "0ed27e4d500dc68a4885ef5e9d0f0ca1d4017bc90cad7615292c5e1c86c859fb", kill_on_drop: false }`
[INFO] running `Command { std: "docker" "rm" "-f" "0ed27e4d500dc68a4885ef5e9d0f0ca1d4017bc90cad7615292c5e1c86c859fb", kill_on_drop: false }`
[INFO] [stdout] 0ed27e4d500dc68a4885ef5e9d0f0ca1d4017bc90cad7615292c5e1c86c859fb
