[INFO] cloning repository https://github.com/chrismooredev/aoc.2021.rs
[INFO] running `Command { std: "git" "-c" "credential.helper=" "-c" "credential.helper=/workspace/cargo-home/bin/git-credential-null" "clone" "--bare" "https://github.com/chrismooredev/aoc.2021.rs" "/workspace/cache/git-repos/https%3A%2F%2Fgithub.com%2Fchrismooredev%2Faoc.2021.rs", kill_on_drop: false }`
[INFO] [stderr] Cloning into bare repository '/workspace/cache/git-repos/https%3A%2F%2Fgithub.com%2Fchrismooredev%2Faoc.2021.rs'...
[INFO] running `Command { std: "git" "rev-parse" "HEAD", kill_on_drop: false }`
[INFO] [stdout] 96e3da564cfa5fee811358f3512872f03794ddc9
[INFO] testing chrismooredev/aoc.2021.rs against 1.69.0 for beta-1.70-1
[INFO] running `Command { std: "git" "clone" "/workspace/cache/git-repos/https%3A%2F%2Fgithub.com%2Fchrismooredev%2Faoc.2021.rs" "/workspace/builds/worker-6-tc1/source", kill_on_drop: false }`
[INFO] [stderr] Cloning into '/workspace/builds/worker-6-tc1/source'...
[INFO] [stderr] done.
[INFO] validating manifest of git repo https://github.com/chrismooredev/aoc.2021.rs on toolchain 1.69.0
[INFO] running `Command { std: CARGO_HOME="/workspace/cargo-home" RUSTUP_HOME="/workspace/rustup-home" "/workspace/cargo-home/bin/cargo" "+1.69.0" "metadata" "--manifest-path" "Cargo.toml" "--no-deps", kill_on_drop: false }`
[INFO] started tweaking git repo https://github.com/chrismooredev/aoc.2021.rs
[INFO] finished tweaking git repo https://github.com/chrismooredev/aoc.2021.rs
[INFO] tweaked toml for git repo https://github.com/chrismooredev/aoc.2021.rs written to /workspace/builds/worker-6-tc1/source/Cargo.toml
[INFO] crate git repo https://github.com/chrismooredev/aoc.2021.rs already has a lockfile, it will not be regenerated
[INFO] running `Command { std: CARGO_HOME="/workspace/cargo-home" RUSTUP_HOME="/workspace/rustup-home" "/workspace/cargo-home/bin/cargo" "+1.69.0" "fetch" "--manifest-path" "Cargo.toml", kill_on_drop: false }`
[INFO] [stderr] warning: profiles for the non root package will be ignored, specify profiles at the workspace root:
[INFO] [stderr] package:   /workspace/builds/worker-6-tc1/source/day17/Cargo.toml
[INFO] [stderr] workspace: /workspace/builds/worker-6-tc1/source/Cargo.toml
[INFO] [stderr]     Updating git repository `https://github.com/csm123199/aochelper`
[INFO] [stderr]  Downloading crates ...
[INFO] [stderr]   Downloaded bitstream-io v1.2.0
[INFO] [stderr]   Downloaded ptree v0.2.1
[INFO] [stderr]   Downloaded pathfinding v3.0.5
[INFO] running `Command { std: "docker" "create" "-v" "/var/lib/crater-agent-workspace/builds/worker-6-tc1/target:/opt/rustwide/target:rw,Z" "-v" "/var/lib/crater-agent-workspace/builds/worker-6-tc1/source:/opt/rustwide/workdir:ro,Z" "-v" "/var/lib/crater-agent-workspace/cargo-home:/opt/rustwide/cargo-home:ro,Z" "-v" "/var/lib/crater-agent-workspace/rustup-home:/opt/rustwide/rustup-home:ro,Z" "-e" "SOURCE_DIR=/opt/rustwide/workdir" "-e" "CARGO_TARGET_DIR=/opt/rustwide/target" "-e" "CARGO_HOME=/opt/rustwide/cargo-home" "-e" "RUSTUP_HOME=/opt/rustwide/rustup-home" "-w" "/opt/rustwide/workdir" "-m" "1610612736" "--user" "0:0" "--network" "none" "ghcr.io/rust-lang/crates-build-env/linux@sha256:5ff2268d62e97bff2cde7d5815dd6ed5b47097566f13b8d0ca110b04b60e07ed" "/opt/rustwide/cargo-home/bin/cargo" "+1.69.0" "metadata" "--no-deps" "--format-version=1", kill_on_drop: false }`
[INFO] [stdout] ae57ab8b57643cb65730c37c8796a8af7076d5960ced44b542db020e37c75894
[INFO] running `Command { std: "docker" "start" "-a" "ae57ab8b57643cb65730c37c8796a8af7076d5960ced44b542db020e37c75894", kill_on_drop: false }`
[INFO] running `Command { std: "docker" "inspect" "ae57ab8b57643cb65730c37c8796a8af7076d5960ced44b542db020e37c75894", kill_on_drop: false }`
[INFO] running `Command { std: "docker" "rm" "-f" "ae57ab8b57643cb65730c37c8796a8af7076d5960ced44b542db020e37c75894", kill_on_drop: false }`
[INFO] [stdout] ae57ab8b57643cb65730c37c8796a8af7076d5960ced44b542db020e37c75894
[INFO] running `Command { std: "docker" "create" "-v" "/var/lib/crater-agent-workspace/builds/worker-6-tc1/target:/opt/rustwide/target:rw,Z" "-v" "/var/lib/crater-agent-workspace/builds/worker-6-tc1/source:/opt/rustwide/workdir:ro,Z" "-v" "/var/lib/crater-agent-workspace/cargo-home:/opt/rustwide/cargo-home:ro,Z" "-v" "/var/lib/crater-agent-workspace/rustup-home:/opt/rustwide/rustup-home:ro,Z" "-e" "SOURCE_DIR=/opt/rustwide/workdir" "-e" "CARGO_TARGET_DIR=/opt/rustwide/target" "-e" "CARGO_INCREMENTAL=0" "-e" "RUST_BACKTRACE=full" "-e" "RUSTFLAGS=--cap-lints=warn" "-e" "RUSTDOCFLAGS=--cap-lints=warn" "-e" "CARGO_HOME=/opt/rustwide/cargo-home" "-e" "RUSTUP_HOME=/opt/rustwide/rustup-home" "-w" "/opt/rustwide/workdir" "-m" "1610612736" "--user" "0:0" "--network" "none" "ghcr.io/rust-lang/crates-build-env/linux@sha256:5ff2268d62e97bff2cde7d5815dd6ed5b47097566f13b8d0ca110b04b60e07ed" "/opt/rustwide/cargo-home/bin/cargo" "+1.69.0" "build" "--frozen" "--message-format=json", kill_on_drop: false }`
[INFO] [stdout] 1a6c12ceba7d9d05e85e19101cb836ff562d454ae53df8371556ae53a67c188b
[INFO] running `Command { std: "docker" "start" "-a" "1a6c12ceba7d9d05e85e19101cb836ff562d454ae53df8371556ae53a67c188b", kill_on_drop: false }`
[INFO] [stderr] warning: profiles for the non root package will be ignored, specify profiles at the workspace root:
[INFO] [stderr] package:   /opt/rustwide/workdir/day17/Cargo.toml
[INFO] [stderr] workspace: /opt/rustwide/workdir/Cargo.toml
[INFO] [stderr]    Compiling autocfg v1.0.1
[INFO] [stderr]    Compiling libc v0.2.109
[INFO] [stderr]    Compiling proc-macro2 v1.0.33
[INFO] [stderr]    Compiling unicode-xid v0.2.2
[INFO] [stderr]    Compiling serde v1.0.130
[INFO] [stderr]    Compiling syn v1.0.82
[INFO] [stderr]    Compiling memchr v2.4.1
[INFO] [stderr]    Compiling lazy_static v1.4.0
[INFO] [stderr]    Compiling version_check v0.1.5
[INFO] [stderr]    Compiling ryu v1.0.6
[INFO] [stderr]    Compiling regex-syntax v0.6.25
[INFO] [stderr]    Compiling serde v0.8.23
[INFO] [stderr]    Compiling lazy_static v0.2.11
[INFO] [stderr]    Compiling serde_json v1.0.72
[INFO] [stderr]    Compiling either v1.6.1
[INFO] [stderr]    Compiling serde_derive v1.0.130
[INFO] [stderr]    Compiling itoa v0.4.8
[INFO] [stderr]    Compiling linked-hash-map v0.5.4
[INFO] [stderr]    Compiling fixedbitset v0.1.9
[INFO] [stderr]    Compiling ordermap v0.3.5
[INFO] [stderr]    Compiling cfg-if v0.1.10
[INFO] [stderr]    Compiling yaml-rust v0.4.5
[INFO] [stderr]    Compiling rust-ini v0.13.0
[INFO] [stderr]    Compiling nom v4.2.3
[INFO] [stderr]    Compiling tint v1.0.1
[INFO] [stderr]    Compiling num-traits v0.2.14
[INFO] [stderr]    Compiling ansi_term v0.11.0
[INFO] [stderr]    Compiling itertools v0.10.3
[INFO] [stderr]    Compiling petgraph v0.4.13
[INFO] [stderr]    Compiling indexmap v1.7.0
[INFO] [stderr]    Compiling crossbeam-utils v0.8.5
[INFO] [stderr]    Compiling memoffset v0.6.5
[INFO] [stderr]    Compiling hashbrown v0.11.2
[INFO] [stderr]    Compiling quote v1.0.10
[INFO] [stderr]    Compiling aho-corasick v0.7.18
[INFO] [stderr]    Compiling atty v0.2.14
[INFO] [stderr]    Compiling directories v1.0.2
[INFO] [stderr]    Compiling isatty v0.1.9
[INFO] [stderr]    Compiling colored v1.9.3
[INFO] [stderr]    Compiling serde_test v0.8.23
[INFO] [stderr]    Compiling fixedbitset v0.4.0
[INFO] [stderr]    Compiling crossbeam-epoch v0.9.5
[INFO] [stderr]    Compiling scopeguard v1.1.0
[INFO] [stderr]    Compiling rayon-core v1.9.1
[INFO] [stderr]    Compiling crossbeam-channel v0.5.1
[INFO] [stderr]    Compiling linked-hash-map v0.3.0
[INFO] [stderr]    Compiling num_cpus v1.13.0
[INFO] [stderr]    Compiling rayon v1.5.1
[INFO] [stderr]    Compiling num-traits v0.1.43
[INFO] [stderr]    Compiling regex v1.5.4
[INFO] [stderr]    Compiling ordered-float v1.1.1
[INFO] [stderr]    Compiling version_check v0.9.3
[INFO] [stderr]    Compiling petgraph v0.6.0
[INFO] [stderr]    Compiling terminal_size v0.1.17
[INFO] [stderr]    Compiling once_cell v1.9.0
[INFO] [stderr]    Compiling integer-sqrt v0.1.5
[INFO] [stderr]    Compiling rustc-hash v1.1.0
[INFO] [stderr]    Compiling number_prefix v0.4.0
[INFO] [stderr]    Compiling minimal-lexical v0.2.1
[INFO] [stderr]    Compiling console v0.15.0
[INFO] [stderr]    Compiling crossbeam-deque v0.8.1
[INFO] [stderr]    Compiling pathfinding v3.0.5
[INFO] [stderr]    Compiling bimap v0.6.1
[INFO] [stderr]    Compiling hex v0.4.3
[INFO] [stderr]    Compiling nom v7.1.0
[INFO] [stderr]    Compiling ascii v1.0.0
[INFO] [stderr]    Compiling bitstream-io v1.2.0
[INFO] [stderr]    Compiling serde-hjson v0.8.2
[INFO] [stderr]    Compiling toml v0.4.10
[INFO] [stderr]    Compiling serde-value v0.5.3
[INFO] [stderr]    Compiling toml v0.5.8
[INFO] [stderr]    Compiling thiserror-impl v1.0.30
[INFO] [stderr]    Compiling derivative v2.2.0
[INFO] [stderr]    Compiling config v0.9.3
[INFO] [stderr]    Compiling indicatif v0.16.2
[INFO] [stderr]    Compiling thiserror v1.0.30
[INFO] [stderr]    Compiling proc-macro-crate v1.1.0
[INFO] [stderr]    Compiling num_enum_derive v0.5.5
[INFO] [stderr]    Compiling num_enum v0.5.5
[INFO] [stderr]    Compiling ptree v0.2.1
[INFO] [stderr]    Compiling aoch v0.3.7 (https://github.com/csm123199/aochelper#644fae3f)
[INFO] [stderr]    Compiling day23 v0.1.0 (/opt/rustwide/workdir/day23)
[INFO] [stderr]    Compiling day01 v0.1.0 (/opt/rustwide/workdir/day01)
[INFO] [stderr]    Compiling day16 v0.1.0 (/opt/rustwide/workdir/day16)
[INFO] [stderr]    Compiling day20 v0.1.0 (/opt/rustwide/workdir/day20)
[INFO] [stderr]    Compiling day06 v0.1.0 (/opt/rustwide/workdir/day06)
[INFO] [stderr]    Compiling day09 v0.1.0 (/opt/rustwide/workdir/day09)
[INFO] [stderr]    Compiling day03 v0.1.0 (/opt/rustwide/workdir/day03)
[INFO] [stderr]    Compiling day24 v0.1.0 (/opt/rustwide/workdir/day24)
[INFO] [stderr]    Compiling day02 v0.1.0 (/opt/rustwide/workdir/day02)
[INFO] [stderr]    Compiling day05 v0.1.0 (/opt/rustwide/workdir/day05)
[INFO] [stderr]    Compiling day17 v0.1.0 (/opt/rustwide/workdir/day17)
[INFO] [stderr]    Compiling day14 v0.1.0 (/opt/rustwide/workdir/day14)
[INFO] [stderr]    Compiling day19 v0.1.0 (/opt/rustwide/workdir/day19)
[INFO] [stderr]    Compiling day07 v0.1.0 (/opt/rustwide/workdir/day07)
[INFO] [stderr]    Compiling day10 v0.1.0 (/opt/rustwide/workdir/day10)
[INFO] [stderr]    Compiling day13 v0.1.0 (/opt/rustwide/workdir/day13)
[INFO] [stdout] error[E0554]: `#![feature]` may not be used on the stable release channel
[INFO] [stdout]  --> day03/src/lib.rs:1:12
[INFO] [stdout]   |
[INFO] [stdout] 1 | #![feature(drain_filter)]
[INFO] [stdout]   |            ^^^^^^^^^^^^
[INFO] [stdout] 
[INFO] [stdout] 
[INFO] [stdout] error[E0554]: `#![feature]` may not be used on the stable release channel
[INFO] [stdout]  --> day20/src/lib.rs:1:12
[INFO] [stdout]   |
[INFO] [stdout] 1 | #![feature(hash_drain_filter)]
[INFO] [stdout]   |            ^^^^^^^^^^^^^^^^^
[INFO] [stdout] 
[INFO] [stdout] 
[INFO] [stdout] error[E0554]: `#![feature]` may not be used on the stable release channel
[INFO] [stdout]  --> day14/src/lib.rs:1:12
[INFO] [stdout]   |
[INFO] [stdout] 1 | #![feature(int_roundings)]
[INFO] [stdout]   |            ^^^^^^^^^^^^^
[INFO] [stdout] 
[INFO] [stdout] 
[INFO] [stdout] warning: unreachable expression
[INFO] [stdout]    --> day17/src/lib.rs:145:3
[INFO] [stdout]     |
[INFO] [stdout] 128 | /         loop {
[INFO] [stdout] 129 | |             // perform bisection
[INFO] [stdout] 130 | |             let res = self.step_y(guess);
[INFO] [stdout] 131 | |             if res > target_upper {
[INFO] [stdout] ...   |
[INFO] [stdout] 135 | |             }
[INFO] [stdout] 136 | |         }
[INFO] [stdout]     | |_________- any code following this expression is unreachable
[INFO] [stdout] ...
[INFO] [stdout] 145 |           todo!()
[INFO] [stdout]     |           ^^^^^^^ unreachable expression
[INFO] [stdout]     |
[INFO] [stdout]     = note: `#[warn(unreachable_code)]` on by default
[INFO] [stdout]     = note: this warning originates in the macro `todo` (in Nightly builds, run with -Z macro-backtrace for more info)
[INFO] [stdout] 
[INFO] [stdout] 
[INFO] [stdout] error[E0554]: `#![feature]` may not be used on the stable release channel
[INFO] [stdout]  --> day23/src/lib.rs:1:1
[INFO] [stdout]   |
[INFO] [stdout] 1 | #![feature(generic_const_exprs)]
[INFO] [stdout]   | ^^^^^^^^^^^^^^^^^^^^^^^^^^^^^^^^
[INFO] [stdout] 
[INFO] [stdout] 
[INFO] [stdout] error[E0554]: `#![feature]` may not be used on the stable release channel
[INFO] [stdout]  --> day23/src/lib.rs:2:1
[INFO] [stdout]   |
[INFO] [stdout] 2 | #![feature(int_abs_diff)]
[INFO] [stdout]   | ^^^^^^^^^^^^^^^^^^^^^^^^^
[INFO] [stdout] 
[INFO] [stdout] 
[INFO] [stdout] error: aborting due to previous error
[INFO] [stdout] 
[INFO] [stdout] 
[INFO] [stdout] For more information about this error, try `rustc --explain E0554`.
[INFO] [stdout] 
[INFO] [stderr] error: could not compile `day03` due to 2 previous errors
[INFO] [stdout] error[E0554]: `#![feature]` may not be used on the stable release channel
[INFO] [stdout]  --> day23/src/lib.rs:2:12
[INFO] [stdout]   |
[INFO] [stdout] 2 | #![feature(int_abs_diff)]
[INFO] [stdout]   |            ^^^^^^^^^^^^
[INFO] [stdout] 
[INFO] [stdout] 
[INFO] [stderr] warning: build failed, waiting for other jobs to finish...
[INFO] [stdout] warning: the feature `int_abs_diff` has been stable since 1.60.0 and no longer requires an attribute to enable
[INFO] [stdout]  --> day23/src/lib.rs:2:12
[INFO] [stdout]   |
[INFO] [stdout] 2 | #![feature(int_abs_diff)]
[INFO] [stdout]   |            ^^^^^^^^^^^^
[INFO] [stdout]   |
[INFO] [stdout]   = note: `#[warn(stable_features)]` on by default
[INFO] [stdout] 
[INFO] [stdout] 
[INFO] [stdout] error[E0554]: `#![feature]` may not be used on the stable release channel
[INFO] [stdout]  --> day19/src/lib.rs:1:12
[INFO] [stdout]   |
[INFO] [stdout] 1 | #![feature(int_abs_diff)]
[INFO] [stdout]   |            ^^^^^^^^^^^^
[INFO] [stdout] 
[INFO] [stdout] 
[INFO] [stdout] warning: the feature `int_abs_diff` has been stable since 1.60.0 and no longer requires an attribute to enable
[INFO] [stdout]  --> day19/src/lib.rs:1:12
[INFO] [stdout]   |
[INFO] [stdout] 1 | #![feature(int_abs_diff)]
[INFO] [stdout]   |            ^^^^^^^^^^^^
[INFO] [stdout]   |
[INFO] [stdout]   = note: `#[warn(stable_features)]` on by default
[INFO] [stdout] 
[INFO] [stdout] 
[INFO] [stdout] warning: unused variable: `target_range`
[INFO] [stdout]    --> day17/src/lib.rs:124:7
[INFO] [stdout]     |
[INFO] [stdout] 124 |         let target_range = target.end() - target.start();
[INFO] [stdout]     |             ^^^^^^^^^^^^ help: if this is intentional, prefix it with an underscore: `_target_range`
[INFO] [stdout]     |
[INFO] [stdout]     = note: `#[warn(unused_variables)]` on by default
[INFO] [stdout] 
[INFO] [stdout] 
[INFO] [stdout] warning: unused variable: `gstep`
[INFO] [stdout]    --> day17/src/lib.rs:127:11
[INFO] [stdout]     |
[INFO] [stdout] 127 |         let mut gstep: usize = 0;
[INFO] [stdout]     |                 ^^^^^ help: if this is intentional, prefix it with an underscore: `_gstep`
[INFO] [stdout] 
[INFO] [stdout] 
[INFO] [stdout] warning: variable does not need to be mutable
[INFO] [stdout]    --> day17/src/lib.rs:126:7
[INFO] [stdout]     |
[INFO] [stdout] 126 |         let mut guess: usize = 5000;
[INFO] [stdout]     |             ----^^^^^
[INFO] [stdout]     |             |
[INFO] [stdout]     |             help: remove this `mut`
[INFO] [stdout]     |
[INFO] [stdout]     = note: `#[warn(unused_mut)]` on by default
[INFO] [stdout] 
[INFO] [stdout] 
[INFO] [stdout] warning: variable does not need to be mutable
[INFO] [stdout]    --> day17/src/lib.rs:127:7
[INFO] [stdout]     |
[INFO] [stdout] 127 |         let mut gstep: usize = 0;
[INFO] [stdout]     |             ----^^^^^
[INFO] [stdout]     |             |
[INFO] [stdout]     |             help: remove this `mut`
[INFO] [stdout] 
[INFO] [stdout] 
[INFO] [stdout] error: aborting due to previous error
[INFO] [stdout] 
[INFO] [stdout] 
[INFO] [stdout] For more information about this error, try `rustc --explain E0554`.
[INFO] [stdout] 
[INFO] [stdout] warning: variable does not need to be mutable
[INFO] [stdout]    --> day17/src/lib.rs:161:7
[INFO] [stdout]     |
[INFO] [stdout] 161 |         let mut sqrt_arg = 8*self.opp_sign*(self.offse+x)+self.x_modif.pow(2);
[INFO] [stdout]     |             ----^^^^^^^^
[INFO] [stdout]     |             |
[INFO] [stdout]     |             help: remove this `mut`
[INFO] [stdout] 
[INFO] [stdout] 
[INFO] [stderr] error: could not compile `day14` due to 2 previous errors
[INFO] [stdout] error: aborting due to previous error
[INFO] [stdout] 
[INFO] [stdout] 
[INFO] [stdout] For more information about this error, try `rustc --explain E0554`.
[INFO] [stdout] 
[INFO] [stderr] error: could not compile `day20` due to 2 previous errors
[INFO] [stdout] error[E0554]: `#![feature]` may not be used on the stable release channel
[INFO] [stdout]  --> day13/src/lib.rs:1:12
[INFO] [stdout]   |
[INFO] [stdout] 1 | #![feature(drain_filter)]
[INFO] [stdout]   |            ^^^^^^^^^^^^
[INFO] [stdout] 
[INFO] [stdout] 
[INFO] [stdout] warning: field `y_func` is never read
[INFO] [stdout]   --> day17/src/lib.rs:82:2
[INFO] [stdout]    |
[INFO] [stdout] 75 | struct Curve {
[INFO] [stdout]    |        ----- field in this struct
[INFO] [stdout] ...
[INFO] [stdout] 82 |     y_func: fn(&Curve, usize) -> isize,
[INFO] [stdout]    |     ^^^^^^
[INFO] [stdout]    |
[INFO] [stdout]    = note: `Curve` has a derived impl for the trait `Clone`, but this is intentionally ignored during dead code analysis
[INFO] [stdout]    = note: `#[warn(dead_code)]` on by default
[INFO] [stdout] 
[INFO] [stdout] 
[INFO] [stdout] warning: associated function `on_step_x` is never used
[INFO] [stdout]   --> day17/src/lib.rs:65:5
[INFO] [stdout]    |
[INFO] [stdout] 65 |     fn on_step_x(step: isize, velo: isize) -> isize {
[INFO] [stdout]    |        ^^^^^^^^^
[INFO] [stdout] 
[INFO] [stdout] 
[INFO] [stdout] warning: associated function `new` is never used
[INFO] [stdout]   --> day17/src/lib.rs:85:5
[INFO] [stdout]    |
[INFO] [stdout] 85 |     fn new(velo: isize) -> Curve {
[INFO] [stdout]    |        ^^^
[INFO] [stdout] 
[INFO] [stdout] 
[INFO] [stdout] warning: method `step_y` is never used
[INFO] [stdout]    --> day17/src/lib.rs:102:5
[INFO] [stdout]     |
[INFO] [stdout] 102 |     fn step_y(&self, n: usize) -> isize {
[INFO] [stdout]     |        ^^^^^^
[INFO] [stdout] 
[INFO] [stdout] 
[INFO] [stdout] warning: method `step_x` is never used
[INFO] [stdout]    --> day17/src/lib.rs:105:5
[INFO] [stdout]     |
[INFO] [stdout] 105 |     fn step_x(&self, n: usize) -> isize {
[INFO] [stdout]     |        ^^^^^^
[INFO] [stdout] 
[INFO] [stdout] 
[INFO] [stdout] warning: method `hits_y` is never used
[INFO] [stdout]    --> day17/src/lib.rs:119:5
[INFO] [stdout]     |
[INFO] [stdout] 119 |     fn hits_y(&self, target: &Target) -> Option<usize> {
[INFO] [stdout]     |        ^^^^^^
[INFO] [stdout] 
[INFO] [stdout] 
[INFO] [stdout] warning: method `step_y_pos` is never used
[INFO] [stdout]    --> day17/src/lib.rs:148:5
[INFO] [stdout]     |
[INFO] [stdout] 148 |     fn step_y_pos(&self, n: usize) -> isize {
[INFO] [stdout]     |        ^^^^^^^^^^
[INFO] [stdout] 
[INFO] [stdout] 
[INFO] [stdout] warning: method `step_y_neg` is never used
[INFO] [stdout]    --> day17/src/lib.rs:153:5
[INFO] [stdout]     |
[INFO] [stdout] 153 |     fn step_y_neg(&self, n: usize) -> isize {
[INFO] [stdout]     |        ^^^^^^^^^^
[INFO] [stdout] 
[INFO] [stdout] 
[INFO] [stdout] warning: method `closest_x` is never used
[INFO] [stdout]    --> day17/src/lib.rs:159:5
[INFO] [stdout]     |
[INFO] [stdout] 159 |     fn closest_x(&self, x: isize) -> f64 {
[INFO] [stdout]     |        ^^^^^^^^^
[INFO] [stdout] 
[INFO] [stdout] 
[INFO] [stdout] error: aborting due to previous error
[INFO] [stdout] 
[INFO] [stdout] 
[INFO] [stdout] For more information about this error, try `rustc --explain E0554`.
[INFO] [stdout] 
[INFO] [stderr] error: could not compile `day13` due to 2 previous errors
[INFO] [stdout] error: aborting due to 3 previous errors; 1 warning emitted
[INFO] [stdout] 
[INFO] [stdout] 
[INFO] [stdout] For more information about this error, try `rustc --explain E0554`.
[INFO] [stdout] 
[INFO] [stderr] error: could not compile `day23` due to 4 previous errors; 1 warning emitted
[INFO] [stdout] error: aborting due to previous error; 1 warning emitted
[INFO] [stdout] 
[INFO] [stdout] 
[INFO] [stdout] For more information about this error, try `rustc --explain E0554`.
[INFO] [stdout] 
[INFO] [stderr] error: could not compile `day19` due to 2 previous errors; 1 warning emitted
[INFO] [stdout] warning: 15 warnings emitted
[INFO] [stdout] 
[INFO] [stdout] 
[INFO] running `Command { std: "docker" "inspect" "1a6c12ceba7d9d05e85e19101cb836ff562d454ae53df8371556ae53a67c188b", kill_on_drop: false }`
[INFO] running `Command { std: "docker" "rm" "-f" "1a6c12ceba7d9d05e85e19101cb836ff562d454ae53df8371556ae53a67c188b", kill_on_drop: false }`
[INFO] [stdout] 1a6c12ceba7d9d05e85e19101cb836ff562d454ae53df8371556ae53a67c188b
