[INFO] cloning repository https://github.com/chloekek/snowflake
[INFO] running `Command { std: "git" "-c" "credential.helper=" "-c" "credential.helper=/workspace/cargo-home/bin/git-credential-null" "clone" "--bare" "https://github.com/chloekek/snowflake" "/workspace/cache/git-repos/https%3A%2F%2Fgithub.com%2Fchloekek%2Fsnowflake", kill_on_drop: false }`
[INFO] [stderr] Cloning into bare repository '/workspace/cache/git-repos/https%3A%2F%2Fgithub.com%2Fchloekek%2Fsnowflake'...
[INFO] running `Command { std: "git" "rev-parse" "HEAD", kill_on_drop: false }`
[INFO] [stdout] 0614c1c347a8d49d56c128b4cb74e374bbe35b17
[INFO] testing chloekek/snowflake against beta-2023-04-20 for beta-1.70-1
[INFO] running `Command { std: "git" "clone" "/workspace/cache/git-repos/https%3A%2F%2Fgithub.com%2Fchloekek%2Fsnowflake" "/workspace/builds/worker-4-tc2/source", kill_on_drop: false }`
[INFO] [stderr] Cloning into '/workspace/builds/worker-4-tc2/source'...
[INFO] [stderr] done.
[INFO] validating manifest of git repo https://github.com/chloekek/snowflake on toolchain beta-2023-04-20
[INFO] running `Command { std: CARGO_HOME="/workspace/cargo-home" RUSTUP_HOME="/workspace/rustup-home" "/workspace/cargo-home/bin/cargo" "+beta-2023-04-20" "metadata" "--manifest-path" "Cargo.toml" "--no-deps", kill_on_drop: false }`
[INFO] started tweaking git repo https://github.com/chloekek/snowflake
[INFO] finished tweaking git repo https://github.com/chloekek/snowflake
[INFO] tweaked toml for git repo https://github.com/chloekek/snowflake written to /workspace/builds/worker-4-tc2/source/Cargo.toml
[INFO] crate git repo https://github.com/chloekek/snowflake already has a lockfile, it will not be regenerated
[INFO] running `Command { std: CARGO_HOME="/workspace/cargo-home" RUSTUP_HOME="/workspace/rustup-home" "/workspace/cargo-home/bin/cargo" "+beta-2023-04-20" "fetch" "--manifest-path" "Cargo.toml", kill_on_drop: false }`
[INFO] [stderr] warning: /workspace/builds/worker-4-tc2/source/snowflake-core/Cargo.toml: the cargo feature `workspace-inheritance` has been stabilized in the 1.64 release and is no longer necessary to be listed in the manifest
[INFO] [stderr]   See https://doc.rust-lang.org/beta/cargo/reference/unstable.html#workspace-inheritance for more information about using this feature.
[INFO] [stderr] warning: /workspace/builds/worker-4-tc2/source/common/os-ext/Cargo.toml: the cargo feature `workspace-inheritance` has been stabilized in the 1.64 release and is no longer necessary to be listed in the manifest
[INFO] [stderr]   See https://doc.rust-lang.org/beta/cargo/reference/unstable.html#workspace-inheritance for more information about using this feature.
[INFO] [stderr] warning: /workspace/builds/worker-4-tc2/source/snowflake/Cargo.toml: the cargo feature `workspace-inheritance` has been stabilized in the 1.64 release and is no longer necessary to be listed in the manifest
[INFO] [stderr]   See https://doc.rust-lang.org/beta/cargo/reference/unstable.html#workspace-inheritance for more information about using this feature.
[INFO] [stderr] warning: /workspace/builds/worker-4-tc2/source/snowflake-util/Cargo.toml: the cargo feature `workspace-inheritance` has been stabilized in the 1.64 release and is no longer necessary to be listed in the manifest
[INFO] [stderr]   See https://doc.rust-lang.org/beta/cargo/reference/unstable.html#workspace-inheritance for more information about using this feature.
[INFO] [stderr] warning: /workspace/builds/worker-4-tc2/source/snowflake-actions/Cargo.toml: the cargo feature `workspace-inheritance` has been stabilized in the 1.64 release and is no longer necessary to be listed in the manifest
[INFO] [stderr]   See https://doc.rust-lang.org/beta/cargo/reference/unstable.html#workspace-inheritance for more information about using this feature.
[INFO] running `Command { std: "docker" "create" "-v" "/var/lib/crater-agent-workspace/builds/worker-4-tc2/target:/opt/rustwide/target:rw,Z" "-v" "/var/lib/crater-agent-workspace/builds/worker-4-tc2/source:/opt/rustwide/workdir:ro,Z" "-v" "/var/lib/crater-agent-workspace/cargo-home:/opt/rustwide/cargo-home:ro,Z" "-v" "/var/lib/crater-agent-workspace/rustup-home:/opt/rustwide/rustup-home:ro,Z" "-e" "SOURCE_DIR=/opt/rustwide/workdir" "-e" "CARGO_TARGET_DIR=/opt/rustwide/target" "-e" "CARGO_HOME=/opt/rustwide/cargo-home" "-e" "RUSTUP_HOME=/opt/rustwide/rustup-home" "-w" "/opt/rustwide/workdir" "-m" "1610612736" "--user" "0:0" "--network" "none" "ghcr.io/rust-lang/crates-build-env/linux@sha256:5ff2268d62e97bff2cde7d5815dd6ed5b47097566f13b8d0ca110b04b60e07ed" "/opt/rustwide/cargo-home/bin/cargo" "+beta-2023-04-20" "metadata" "--no-deps" "--format-version=1", kill_on_drop: false }`
[INFO] [stdout] 32c443f38f5096b4181415faf0a08a735530c48f488e6d3a12440c7a2ded3320
[INFO] running `Command { std: "docker" "start" "-a" "32c443f38f5096b4181415faf0a08a735530c48f488e6d3a12440c7a2ded3320", kill_on_drop: false }`
[INFO] running `Command { std: "docker" "inspect" "32c443f38f5096b4181415faf0a08a735530c48f488e6d3a12440c7a2ded3320", kill_on_drop: false }`
[INFO] running `Command { std: "docker" "rm" "-f" "32c443f38f5096b4181415faf0a08a735530c48f488e6d3a12440c7a2ded3320", kill_on_drop: false }`
[INFO] [stdout] 32c443f38f5096b4181415faf0a08a735530c48f488e6d3a12440c7a2ded3320
[INFO] running `Command { std: "docker" "create" "-v" "/var/lib/crater-agent-workspace/builds/worker-4-tc2/target:/opt/rustwide/target:rw,Z" "-v" "/var/lib/crater-agent-workspace/builds/worker-4-tc2/source:/opt/rustwide/workdir:ro,Z" "-v" "/var/lib/crater-agent-workspace/cargo-home:/opt/rustwide/cargo-home:ro,Z" "-v" "/var/lib/crater-agent-workspace/rustup-home:/opt/rustwide/rustup-home:ro,Z" "-e" "SOURCE_DIR=/opt/rustwide/workdir" "-e" "CARGO_TARGET_DIR=/opt/rustwide/target" "-e" "CARGO_INCREMENTAL=0" "-e" "RUST_BACKTRACE=full" "-e" "RUSTFLAGS=--cap-lints=warn" "-e" "RUSTDOCFLAGS=--cap-lints=warn" "-e" "CARGO_HOME=/opt/rustwide/cargo-home" "-e" "RUSTUP_HOME=/opt/rustwide/rustup-home" "-w" "/opt/rustwide/workdir" "-m" "1610612736" "--user" "0:0" "--network" "none" "ghcr.io/rust-lang/crates-build-env/linux@sha256:5ff2268d62e97bff2cde7d5815dd6ed5b47097566f13b8d0ca110b04b60e07ed" "/opt/rustwide/cargo-home/bin/cargo" "+beta-2023-04-20" "build" "--frozen" "--message-format=json", kill_on_drop: false }`
[INFO] [stdout] 380f4d6b3206f98d14985b1dcdee06c1828559eaa999177c9ea27e0d720c4b1a
[INFO] running `Command { std: "docker" "start" "-a" "380f4d6b3206f98d14985b1dcdee06c1828559eaa999177c9ea27e0d720c4b1a", kill_on_drop: false }`
[INFO] [stderr] warning: /opt/rustwide/workdir/snowflake-core/Cargo.toml: the cargo feature `workspace-inheritance` has been stabilized in the 1.64 release and is no longer necessary to be listed in the manifest
[INFO] [stderr]   See https://doc.rust-lang.org/beta/cargo/reference/unstable.html#workspace-inheritance for more information about using this feature.
[INFO] [stderr] warning: /opt/rustwide/workdir/common/os-ext/Cargo.toml: the cargo feature `workspace-inheritance` has been stabilized in the 1.64 release and is no longer necessary to be listed in the manifest
[INFO] [stderr]   See https://doc.rust-lang.org/beta/cargo/reference/unstable.html#workspace-inheritance for more information about using this feature.
[INFO] [stderr] warning: /opt/rustwide/workdir/snowflake-util/Cargo.toml: the cargo feature `workspace-inheritance` has been stabilized in the 1.64 release and is no longer necessary to be listed in the manifest
[INFO] [stderr]   See https://doc.rust-lang.org/beta/cargo/reference/unstable.html#workspace-inheritance for more information about using this feature.
[INFO] [stderr] warning: /opt/rustwide/workdir/snowflake/Cargo.toml: the cargo feature `workspace-inheritance` has been stabilized in the 1.64 release and is no longer necessary to be listed in the manifest
[INFO] [stderr]   See https://doc.rust-lang.org/beta/cargo/reference/unstable.html#workspace-inheritance for more information about using this feature.
[INFO] [stderr] warning: /opt/rustwide/workdir/snowflake-actions/Cargo.toml: the cargo feature `workspace-inheritance` has been stabilized in the 1.64 release and is no longer necessary to be listed in the manifest
[INFO] [stderr]   See https://doc.rust-lang.org/beta/cargo/reference/unstable.html#workspace-inheritance for more information about using this feature.
[INFO] [stderr]    Compiling proc-macro2 v1.0.39
[INFO] [stderr]    Compiling unicode-ident v1.0.0
[INFO] [stderr]    Compiling syn v1.0.95
[INFO] [stderr]    Compiling libc v0.2.125
[INFO] [stderr]    Compiling serde_derive v1.0.137
[INFO] [stderr]    Compiling serde v1.0.137
[INFO] [stderr]    Compiling cc v1.0.73
[INFO] [stderr]    Compiling memchr v2.5.0
[INFO] [stderr]    Compiling serde_json v1.0.81
[INFO] [stderr]    Compiling cfg-if v1.0.0
[INFO] [stderr]    Compiling anyhow v1.0.57
[INFO] [stderr]    Compiling itoa v1.0.2
[INFO] [stderr]    Compiling ryu v1.0.10
[INFO] [stderr]    Compiling regex-syntax v0.6.26
[INFO] [stderr]    Compiling scope-exit v0.0.0 (/opt/rustwide/workdir/common/scope-exit)
[INFO] [stderr]    Compiling bitflags v1.3.2
[INFO] [stderr]    Compiling dstutil v0.0.0 (/opt/rustwide/workdir/common/dstutil)
[INFO] [stdout] error[E0554]: `#![feature]` may not be used on the beta release channel
[INFO] [stdout]  --> common/dstutil/src/lib.rs:3:12
[INFO] [stdout]   |
[INFO] [stdout] 3 | #![feature(allocator_api)]
[INFO] [stdout]   |            ^^^^^^^^^^^^^
[INFO] [stdout] 
[INFO] [stdout] 
[INFO] [stdout] error[E0554]: `#![feature]` may not be used on the beta release channel
[INFO] [stdout]  --> common/dstutil/src/lib.rs:4:12
[INFO] [stdout]   |
[INFO] [stdout] 4 | #![feature(layout_for_ptr)]
[INFO] [stdout]   |            ^^^^^^^^^^^^^^
[INFO] [stdout] 
[INFO] [stdout] 
[INFO] [stdout] error[E0554]: `#![feature]` may not be used on the beta release channel
[INFO] [stdout]  --> common/dstutil/src/lib.rs:5:12
[INFO] [stdout]   |
[INFO] [stdout] 5 | #![feature(ptr_metadata)]
[INFO] [stdout]   |            ^^^^^^^^^^^^
[INFO] [stdout] 
[INFO] [stdout] 
[INFO] [stderr]    Compiling quote v1.0.18
[INFO] [stdout] error: aborting due to 3 previous errors
[INFO] [stdout] 
[INFO] [stdout] 
[INFO] [stdout] For more information about this error, try `rustc --explain E0554`.
[INFO] [stdout] 
[INFO] [stderr] error: could not compile `dstutil` (lib) due to 4 previous errors
[INFO] [stderr] warning: build failed, waiting for other jobs to finish...
[INFO] running `Command { std: "docker" "inspect" "380f4d6b3206f98d14985b1dcdee06c1828559eaa999177c9ea27e0d720c4b1a", kill_on_drop: false }`
[INFO] running `Command { std: "docker" "rm" "-f" "380f4d6b3206f98d14985b1dcdee06c1828559eaa999177c9ea27e0d720c4b1a", kill_on_drop: false }`
[INFO] [stdout] 380f4d6b3206f98d14985b1dcdee06c1828559eaa999177c9ea27e0d720c4b1a
