[INFO] cloning repository https://github.com/chisui/bsa
[INFO] running `Command { std: "git" "-c" "credential.helper=" "-c" "credential.helper=/workspace/cargo-home/bin/git-credential-null" "clone" "--bare" "https://github.com/chisui/bsa" "/workspace/cache/git-repos/https%3A%2F%2Fgithub.com%2Fchisui%2Fbsa", kill_on_drop: false }`
[INFO] [stderr] Cloning into bare repository '/workspace/cache/git-repos/https%3A%2F%2Fgithub.com%2Fchisui%2Fbsa'...
[INFO] running `Command { std: "git" "rev-parse" "HEAD", kill_on_drop: false }`
[INFO] [stdout] 896728d2b5eca20acf9609302ff8d466cb2a4347
[INFO] testing chisui/bsa against beta-2023-04-20 for beta-1.70-1
[INFO] running `Command { std: "git" "clone" "/workspace/cache/git-repos/https%3A%2F%2Fgithub.com%2Fchisui%2Fbsa" "/workspace/builds/worker-5-tc2/source", kill_on_drop: false }`
[INFO] [stderr] Cloning into '/workspace/builds/worker-5-tc2/source'...
[INFO] [stderr] done.
[INFO] validating manifest of git repo https://github.com/chisui/bsa on toolchain beta-2023-04-20
[INFO] running `Command { std: CARGO_HOME="/workspace/cargo-home" RUSTUP_HOME="/workspace/rustup-home" "/workspace/cargo-home/bin/cargo" "+beta-2023-04-20" "metadata" "--manifest-path" "Cargo.toml" "--no-deps", kill_on_drop: false }`
[INFO] removed /workspace/builds/worker-5-tc2/source/rust-toolchain
[INFO] started tweaking git repo https://github.com/chisui/bsa
[INFO] finished tweaking git repo https://github.com/chisui/bsa
[INFO] tweaked toml for git repo https://github.com/chisui/bsa written to /workspace/builds/worker-5-tc2/source/Cargo.toml
[INFO] crate git repo https://github.com/chisui/bsa already has a lockfile, it will not be regenerated
[INFO] running `Command { std: CARGO_HOME="/workspace/cargo-home" RUSTUP_HOME="/workspace/rustup-home" "/workspace/cargo-home/bin/cargo" "+beta-2023-04-20" "fetch" "--manifest-path" "Cargo.toml", kill_on_drop: false }`
[INFO] [stderr]  Downloading crates ...
[INFO] [stderr]   Downloaded enumflags2_derive v0.7.0
[INFO] [stderr]   Downloaded enumflags2 v0.7.1
[INFO] [stderr]   Downloaded libflate v1.1.0
[INFO] running `Command { std: "docker" "create" "-v" "/var/lib/crater-agent-workspace/builds/worker-5-tc2/target:/opt/rustwide/target:rw,Z" "-v" "/var/lib/crater-agent-workspace/builds/worker-5-tc2/source:/opt/rustwide/workdir:ro,Z" "-v" "/var/lib/crater-agent-workspace/cargo-home:/opt/rustwide/cargo-home:ro,Z" "-v" "/var/lib/crater-agent-workspace/rustup-home:/opt/rustwide/rustup-home:ro,Z" "-e" "SOURCE_DIR=/opt/rustwide/workdir" "-e" "CARGO_TARGET_DIR=/opt/rustwide/target" "-e" "CARGO_HOME=/opt/rustwide/cargo-home" "-e" "RUSTUP_HOME=/opt/rustwide/rustup-home" "-w" "/opt/rustwide/workdir" "-m" "1610612736" "--user" "0:0" "--network" "none" "ghcr.io/rust-lang/crates-build-env/linux@sha256:5ff2268d62e97bff2cde7d5815dd6ed5b47097566f13b8d0ca110b04b60e07ed" "/opt/rustwide/cargo-home/bin/cargo" "+beta-2023-04-20" "metadata" "--no-deps" "--format-version=1", kill_on_drop: false }`
[INFO] [stdout] 9be67b14b9c086fba6fbb8b8c4bad52bd5bc70d5e5963a990e75a975bddb2d0b
[INFO] running `Command { std: "docker" "start" "-a" "9be67b14b9c086fba6fbb8b8c4bad52bd5bc70d5e5963a990e75a975bddb2d0b", kill_on_drop: false }`
[INFO] running `Command { std: "docker" "inspect" "9be67b14b9c086fba6fbb8b8c4bad52bd5bc70d5e5963a990e75a975bddb2d0b", kill_on_drop: false }`
[INFO] running `Command { std: "docker" "rm" "-f" "9be67b14b9c086fba6fbb8b8c4bad52bd5bc70d5e5963a990e75a975bddb2d0b", kill_on_drop: false }`
[INFO] [stdout] 9be67b14b9c086fba6fbb8b8c4bad52bd5bc70d5e5963a990e75a975bddb2d0b
[INFO] running `Command { std: "docker" "create" "-v" "/var/lib/crater-agent-workspace/builds/worker-5-tc2/target:/opt/rustwide/target:rw,Z" "-v" "/var/lib/crater-agent-workspace/builds/worker-5-tc2/source:/opt/rustwide/workdir:ro,Z" "-v" "/var/lib/crater-agent-workspace/cargo-home:/opt/rustwide/cargo-home:ro,Z" "-v" "/var/lib/crater-agent-workspace/rustup-home:/opt/rustwide/rustup-home:ro,Z" "-e" "SOURCE_DIR=/opt/rustwide/workdir" "-e" "CARGO_TARGET_DIR=/opt/rustwide/target" "-e" "CARGO_INCREMENTAL=0" "-e" "RUST_BACKTRACE=full" "-e" "RUSTFLAGS=--cap-lints=warn" "-e" "RUSTDOCFLAGS=--cap-lints=warn" "-e" "CARGO_HOME=/opt/rustwide/cargo-home" "-e" "RUSTUP_HOME=/opt/rustwide/rustup-home" "-w" "/opt/rustwide/workdir" "-m" "1610612736" "--user" "0:0" "--network" "none" "ghcr.io/rust-lang/crates-build-env/linux@sha256:5ff2268d62e97bff2cde7d5815dd6ed5b47097566f13b8d0ca110b04b60e07ed" "/opt/rustwide/cargo-home/bin/cargo" "+beta-2023-04-20" "build" "--frozen" "--message-format=json", kill_on_drop: false }`
[INFO] [stdout] a7e796f2617956eea809273a925cabee282271bfa55e9fc15fe286f4d9bc3e10
[INFO] running `Command { std: "docker" "start" "-a" "a7e796f2617956eea809273a925cabee282271bfa55e9fc15fe286f4d9bc3e10", kill_on_drop: false }`
[INFO] [stderr]     Blocking waiting for file lock on package cache
[INFO] [stderr]    Compiling proc-macro2 v1.0.29
[INFO] [stderr]    Compiling unicode-xid v0.2.2
[INFO] [stderr]    Compiling syn v1.0.76
[INFO] [stderr]    Compiling serde v1.0.130
[INFO] [stderr]    Compiling libc v0.2.98
[INFO] [stderr]    Compiling version_check v0.9.3
[INFO] [stderr]    Compiling cc v1.0.69
[INFO] [stderr]    Compiling unicode-segmentation v1.8.0
[INFO] [stderr]    Compiling crc32fast v1.2.1
[INFO] [stderr]    Compiling proc-macro-error-attr v1.0.4
[INFO] [stderr]    Compiling proc-macro-error v1.0.4
[INFO] [stderr]    Compiling autocfg v1.0.1
[INFO] [stderr]    Compiling heck v0.3.3
[INFO] [stderr]    Compiling rle-decode-fast v1.0.1
[INFO] [stderr]    Compiling quote v1.0.9
[INFO] [stderr]    Compiling cfg-if v1.0.0
[INFO] [stderr]    Compiling libflate_lz77 v1.1.0
[INFO] [stderr]    Compiling indexmap v1.7.0
[INFO] [stderr]    Compiling lz4-sys v1.9.2
[INFO] [stderr]    Compiling bitflags v1.2.1
[INFO] [stderr]    Compiling adler32 v1.2.0
[INFO] [stderr]    Compiling libflate v1.1.0
[INFO] [stderr]    Compiling hashbrown v0.11.2
[INFO] [stderr]    Compiling unicode-width v0.1.8
[INFO] [stderr]    Compiling textwrap v0.14.2
[INFO] [stderr]    Compiling atty v0.2.14
[INFO] [stderr]    Compiling termcolor v1.1.2
[INFO] [stderr]    Compiling vec_map v0.8.2
[INFO] [stderr]    Compiling strsim v0.10.0
[INFO] [stderr]    Compiling os_str_bytes v3.1.0
[INFO] [stderr]    Compiling lazy_static v1.4.0
[INFO] [stderr]    Compiling glob v0.3.0
[INFO] [stderr]    Compiling toml v0.5.8
[INFO] [stderr]    Compiling thiserror-impl v1.0.29
[INFO] [stderr]    Compiling bytemuck_derive v1.0.1
[INFO] [stderr]    Compiling derivative v2.2.0
[INFO] [stderr]    Compiling enumflags2_derive v0.7.0
[INFO] [stderr]    Compiling strum_macros v0.22.0
[INFO] [stderr]    Compiling clap_derive v3.0.0-beta.4
[INFO] [stderr]    Compiling bytemuck v1.7.0
[INFO] [stderr]    Compiling enumflags2 v0.7.1
[INFO] [stderr]    Compiling clap v3.0.0-beta.4
[INFO] [stderr]    Compiling thiserror v1.0.29
[INFO] [stderr]    Compiling proc-macro-crate v1.1.0
[INFO] [stderr]    Compiling num_enum_derive v0.5.4
[INFO] [stderr]    Compiling strum v0.22.0
[INFO] [stderr]    Compiling num_enum v0.5.4
[INFO] [stderr]    Compiling lz4 v1.23.2
[INFO] [stderr]    Compiling bsa v0.2.1 (/opt/rustwide/workdir/bsa)
[INFO] [stderr]    Compiling esp v0.2.1 (/opt/rustwide/workdir/esp)
[INFO] [stdout] error[E0554]: `#![feature]` may not be used on the beta release channel
[INFO] [stdout]  --> bsa/src/lib.rs:2:1
[INFO] [stdout]   |
[INFO] [stdout] 2 | #![feature(associated_type_defaults, wrapping_int_impl, specialization)]
[INFO] [stdout]   | ^^^^^^^^^^^^^^^^^^^^^^^^^^^^^^^^^^^^^^^^^^^^^^^^^^^^^^^^^^^^^^^^^^^^^^^^
[INFO] [stdout] 
[INFO] [stdout] 
[INFO] [stdout] error[E0554]: `#![feature]` may not be used on the beta release channel
[INFO] [stdout]  --> bsa/src/lib.rs:2:38
[INFO] [stdout]   |
[INFO] [stdout] 2 | #![feature(associated_type_defaults, wrapping_int_impl, specialization)]
[INFO] [stdout]   |                                      ^^^^^^^^^^^^^^^^^
[INFO] [stdout] 
[INFO] [stdout] 
[INFO] [stdout] error[E0554]: `#![feature]` may not be used on the beta release channel
[INFO] [stdout]  --> esp/src/lib.rs:2:1
[INFO] [stdout]   |
[INFO] [stdout] 2 | #![feature(associated_type_defaults, wrapping_int_impl, specialization, seek_stream_len, buf_read_has_data_left)]
[INFO] [stdout]   | ^^^^^^^^^^^^^^^^^^^^^^^^^^^^^^^^^^^^^^^^^^^^^^^^^^^^^^^^^^^^^^^^^^^^^^^^^^^^^^^^^^^^^^^^^^^^^^^^^^^^^^^^^^^^^^^^^
[INFO] [stdout] 
[INFO] [stdout] 
[INFO] [stdout] error[E0554]: `#![feature]` may not be used on the beta release channel
[INFO] [stdout]  --> esp/src/lib.rs:2:38
[INFO] [stdout]   |
[INFO] [stdout] 2 | #![feature(associated_type_defaults, wrapping_int_impl, specialization, seek_stream_len, buf_read_has_data_left)]
[INFO] [stdout]   |                                      ^^^^^^^^^^^^^^^^^
[INFO] [stdout] 
[INFO] [stdout] 
[INFO] [stdout] error[E0554]: `#![feature]` may not be used on the beta release channel
[INFO] [stdout]  --> esp/src/lib.rs:2:73
[INFO] [stdout]   |
[INFO] [stdout] 2 | #![feature(associated_type_defaults, wrapping_int_impl, specialization, seek_stream_len, buf_read_has_data_left)]
[INFO] [stdout]   |                                                                         ^^^^^^^^^^^^^^^
[INFO] [stdout] 
[INFO] [stdout] 
[INFO] [stdout] error[E0554]: `#![feature]` may not be used on the beta release channel
[INFO] [stdout]  --> esp/src/lib.rs:2:90
[INFO] [stdout]   |
[INFO] [stdout] 2 | #![feature(associated_type_defaults, wrapping_int_impl, specialization, seek_stream_len, buf_read_has_data_left)]
[INFO] [stdout]   |                                                                                          ^^^^^^^^^^^^^^^^^^^^^^
[INFO] [stdout] 
[INFO] [stdout] 
[INFO] [stdout] error: aborting due to 2 previous errors
[INFO] [stdout] 
[INFO] [stdout] 
[INFO] [stdout] For more information about this error, try `rustc --explain E0554`.
[INFO] [stdout] 
[INFO] [stderr] error: could not compile `bsa` (lib) due to 3 previous errors
[INFO] [stderr] warning: build failed, waiting for other jobs to finish...
[INFO] [stdout] error: aborting due to 4 previous errors
[INFO] [stdout] 
[INFO] [stdout] 
[INFO] [stdout] For more information about this error, try `rustc --explain E0554`.
[INFO] [stdout] 
[INFO] [stderr] error: could not compile `esp` (lib) due to 5 previous errors
[INFO] running `Command { std: "docker" "inspect" "a7e796f2617956eea809273a925cabee282271bfa55e9fc15fe286f4d9bc3e10", kill_on_drop: false }`
[INFO] running `Command { std: "docker" "rm" "-f" "a7e796f2617956eea809273a925cabee282271bfa55e9fc15fe286f4d9bc3e10", kill_on_drop: false }`
[INFO] [stdout] a7e796f2617956eea809273a925cabee282271bfa55e9fc15fe286f4d9bc3e10
