[INFO] cloning repository https://github.com/chiral-data/rust-canonical-numbering
[INFO] running `Command { std: "git" "-c" "credential.helper=" "-c" "credential.helper=/workspace/cargo-home/bin/git-credential-null" "clone" "--bare" "https://github.com/chiral-data/rust-canonical-numbering" "/workspace/cache/git-repos/https%3A%2F%2Fgithub.com%2Fchiral-data%2Frust-canonical-numbering", kill_on_drop: false }`
[INFO] [stderr] Cloning into bare repository '/workspace/cache/git-repos/https%3A%2F%2Fgithub.com%2Fchiral-data%2Frust-canonical-numbering'...
[INFO] running `Command { std: "git" "rev-parse" "HEAD", kill_on_drop: false }`
[INFO] [stdout] 81b3dc9711243d918989e9a38afb2a9a261ffee9
[INFO] testing chiral-data/rust-canonical-numbering against 1.69.0 for beta-1.70-1
[INFO] running `Command { std: "git" "clone" "/workspace/cache/git-repos/https%3A%2F%2Fgithub.com%2Fchiral-data%2Frust-canonical-numbering" "/workspace/builds/worker-7-tc1/source", kill_on_drop: false }`
[INFO] [stderr] Cloning into '/workspace/builds/worker-7-tc1/source'...
[INFO] [stderr] done.
[INFO] validating manifest of git repo https://github.com/chiral-data/rust-canonical-numbering on toolchain 1.69.0
[INFO] running `Command { std: CARGO_HOME="/workspace/cargo-home" RUSTUP_HOME="/workspace/rustup-home" "/workspace/cargo-home/bin/cargo" "+1.69.0" "metadata" "--manifest-path" "Cargo.toml" "--no-deps", kill_on_drop: false }`
[INFO] started tweaking git repo https://github.com/chiral-data/rust-canonical-numbering
[INFO] finished tweaking git repo https://github.com/chiral-data/rust-canonical-numbering
[INFO] tweaked toml for git repo https://github.com/chiral-data/rust-canonical-numbering written to /workspace/builds/worker-7-tc1/source/Cargo.toml
[INFO] crate git repo https://github.com/chiral-data/rust-canonical-numbering already has a lockfile, it will not be regenerated
[INFO] running `Command { std: CARGO_HOME="/workspace/cargo-home" RUSTUP_HOME="/workspace/rustup-home" "/workspace/cargo-home/bin/cargo" "+1.69.0" "fetch" "--manifest-path" "Cargo.toml", kill_on_drop: false }`
[INFO] [stderr]  Downloading crates ...
[INFO] [stderr]   Downloaded chem v0.0.2
[INFO] [stderr]   Downloaded purr v0.9.0
[INFO] running `Command { std: "docker" "create" "-v" "/var/lib/crater-agent-workspace/builds/worker-7-tc1/target:/opt/rustwide/target:rw,Z" "-v" "/var/lib/crater-agent-workspace/builds/worker-7-tc1/source:/opt/rustwide/workdir:ro,Z" "-v" "/var/lib/crater-agent-workspace/cargo-home:/opt/rustwide/cargo-home:ro,Z" "-v" "/var/lib/crater-agent-workspace/rustup-home:/opt/rustwide/rustup-home:ro,Z" "-e" "SOURCE_DIR=/opt/rustwide/workdir" "-e" "CARGO_TARGET_DIR=/opt/rustwide/target" "-e" "CARGO_HOME=/opt/rustwide/cargo-home" "-e" "RUSTUP_HOME=/opt/rustwide/rustup-home" "-w" "/opt/rustwide/workdir" "-m" "1610612736" "--user" "0:0" "--network" "none" "ghcr.io/rust-lang/crates-build-env/linux@sha256:5ff2268d62e97bff2cde7d5815dd6ed5b47097566f13b8d0ca110b04b60e07ed" "/opt/rustwide/cargo-home/bin/cargo" "+1.69.0" "metadata" "--no-deps" "--format-version=1", kill_on_drop: false }`
[INFO] [stdout] dc99edf427404256c6a11741338656c83c7700d424da7176691038fbc75852c1
[INFO] running `Command { std: "docker" "start" "-a" "dc99edf427404256c6a11741338656c83c7700d424da7176691038fbc75852c1", kill_on_drop: false }`
[INFO] running `Command { std: "docker" "inspect" "dc99edf427404256c6a11741338656c83c7700d424da7176691038fbc75852c1", kill_on_drop: false }`
[INFO] running `Command { std: "docker" "rm" "-f" "dc99edf427404256c6a11741338656c83c7700d424da7176691038fbc75852c1", kill_on_drop: false }`
[INFO] [stdout] dc99edf427404256c6a11741338656c83c7700d424da7176691038fbc75852c1
[INFO] running `Command { std: "docker" "create" "-v" "/var/lib/crater-agent-workspace/builds/worker-7-tc1/target:/opt/rustwide/target:rw,Z" "-v" "/var/lib/crater-agent-workspace/builds/worker-7-tc1/source:/opt/rustwide/workdir:ro,Z" "-v" "/var/lib/crater-agent-workspace/cargo-home:/opt/rustwide/cargo-home:ro,Z" "-v" "/var/lib/crater-agent-workspace/rustup-home:/opt/rustwide/rustup-home:ro,Z" "-e" "SOURCE_DIR=/opt/rustwide/workdir" "-e" "CARGO_TARGET_DIR=/opt/rustwide/target" "-e" "CARGO_INCREMENTAL=0" "-e" "RUST_BACKTRACE=full" "-e" "RUSTFLAGS=--cap-lints=warn" "-e" "RUSTDOCFLAGS=--cap-lints=warn" "-e" "CARGO_HOME=/opt/rustwide/cargo-home" "-e" "RUSTUP_HOME=/opt/rustwide/rustup-home" "-w" "/opt/rustwide/workdir" "-m" "1610612736" "--user" "0:0" "--network" "none" "ghcr.io/rust-lang/crates-build-env/linux@sha256:5ff2268d62e97bff2cde7d5815dd6ed5b47097566f13b8d0ca110b04b60e07ed" "/opt/rustwide/cargo-home/bin/cargo" "+1.69.0" "build" "--frozen" "--message-format=json", kill_on_drop: false }`
[INFO] [stdout] 31c013226635c6ea536731173bb909456e4b9ecaf1fbd315b7f7955c9a50ab47
[INFO] running `Command { std: "docker" "start" "-a" "31c013226635c6ea536731173bb909456e4b9ecaf1fbd315b7f7955c9a50ab47", kill_on_drop: false }`
[INFO] [stderr]    Compiling purr v0.9.0
[INFO] [stderr]    Compiling chem v0.0.2
[INFO] [stderr]    Compiling graph_symmetry v0.1.0 (/opt/rustwide/workdir)
[INFO] [stderr]     Finished dev [unoptimized + debuginfo] target(s) in 1.35s
[INFO] running `Command { std: "docker" "inspect" "31c013226635c6ea536731173bb909456e4b9ecaf1fbd315b7f7955c9a50ab47", kill_on_drop: false }`
[INFO] running `Command { std: "docker" "rm" "-f" "31c013226635c6ea536731173bb909456e4b9ecaf1fbd315b7f7955c9a50ab47", kill_on_drop: false }`
[INFO] [stdout] 31c013226635c6ea536731173bb909456e4b9ecaf1fbd315b7f7955c9a50ab47
[INFO] running `Command { std: "docker" "create" "-v" "/var/lib/crater-agent-workspace/builds/worker-7-tc1/target:/opt/rustwide/target:rw,Z" "-v" "/var/lib/crater-agent-workspace/builds/worker-7-tc1/source:/opt/rustwide/workdir:ro,Z" "-v" "/var/lib/crater-agent-workspace/cargo-home:/opt/rustwide/cargo-home:ro,Z" "-v" "/var/lib/crater-agent-workspace/rustup-home:/opt/rustwide/rustup-home:ro,Z" "-e" "SOURCE_DIR=/opt/rustwide/workdir" "-e" "CARGO_TARGET_DIR=/opt/rustwide/target" "-e" "CARGO_INCREMENTAL=0" "-e" "RUST_BACKTRACE=full" "-e" "RUSTFLAGS=--cap-lints=warn" "-e" "RUSTDOCFLAGS=--cap-lints=warn" "-e" "CARGO_HOME=/opt/rustwide/cargo-home" "-e" "RUSTUP_HOME=/opt/rustwide/rustup-home" "-w" "/opt/rustwide/workdir" "-m" "1610612736" "--user" "0:0" "--network" "none" "ghcr.io/rust-lang/crates-build-env/linux@sha256:5ff2268d62e97bff2cde7d5815dd6ed5b47097566f13b8d0ca110b04b60e07ed" "/opt/rustwide/cargo-home/bin/cargo" "+1.69.0" "test" "--frozen" "--no-run" "--message-format=json", kill_on_drop: false }`
[INFO] [stdout] d2befbde950b971a5196053880a7924a4e69f1ba40ba77782216c5e772baf1f5
[INFO] running `Command { std: "docker" "start" "-a" "d2befbde950b971a5196053880a7924a4e69f1ba40ba77782216c5e772baf1f5", kill_on_drop: false }`
[INFO] [stderr]    Compiling libc v0.2.106
[INFO] [stderr]    Compiling cfg-if v1.0.0
[INFO] [stderr]    Compiling ppv-lite86 v0.2.15
[INFO] [stderr]    Compiling getrandom v0.2.3
[INFO] [stderr]    Compiling rand_core v0.6.3
[INFO] [stderr]    Compiling rand_chacha v0.3.1
[INFO] [stderr]    Compiling rand v0.8.4
[INFO] [stderr]    Compiling graph_symmetry v0.1.0 (/opt/rustwide/workdir)
[INFO] [stdout] error[E0433]: failed to resolve: use of undeclared crate or module `graph_canonicalization`
[INFO] [stdout]  --> tests/chembl_test.rs:9:5
[INFO] [stdout]   |
[INFO] [stdout] 9 | use graph_canonicalization::ext::molecule;
[INFO] [stdout]   |     ^^^^^^^^^^^^^^^^^^^^^^ use of undeclared crate or module `graph_canonicalization`
[INFO] [stdout] 
[INFO] [stdout] 
[INFO] [stdout] error[E0432]: unresolved import `graph_canonicalization`
[INFO] [stdout]   --> tests/chembl_test.rs:10:5
[INFO] [stdout]    |
[INFO] [stdout] 10 | use graph_canonicalization::core;
[INFO] [stdout]    |     ^^^^^^^^^^^^^^^^^^^^^^ use of undeclared crate or module `graph_canonicalization`
[INFO] [stdout] 
[INFO] [stdout] 
[INFO] [stdout] error[E0433]: failed to resolve: use of undeclared crate or module `graph_canonicalization`
[INFO] [stdout]  --> tests/krotko_test.rs:9:5
[INFO] [stdout]   |
[INFO] [stdout] 9 | use graph_canonicalization::ext::molecule;
[INFO] [stdout]   |     ^^^^^^^^^^^^^^^^^^^^^^ use of undeclared crate or module `graph_canonicalization`
[INFO] [stdout] 
[INFO] [stdout] 
[INFO] [stdout] error[E0432]: unresolved import `graph_canonicalization`
[INFO] [stdout]  --> tests/krotko_test.rs:8:5
[INFO] [stdout]   |
[INFO] [stdout] 8 | use graph_canonicalization::core;
[INFO] [stdout]   |     ^^^^^^^^^^^^^^^^^^^^^^ use of undeclared crate or module `graph_canonicalization`
[INFO] [stdout] 
[INFO] [stdout] 
[INFO] [stdout] error: aborting due to 2 previous errors
[INFO] [stdout] 
[INFO] [stdout] 
[INFO] [stdout] Some errors have detailed explanations: E0432, E0433.
[INFO] [stdout] 
[INFO] [stdout] For more information about an error, try `rustc --explain E0432`.
[INFO] [stdout] 
[INFO] [stdout] error: aborting due to 2 previous errors
[INFO] [stdout] 
[INFO] [stdout] 
[INFO] [stdout] Some errors have detailed explanations: E0432, E0433.
[INFO] [stdout] 
[INFO] [stdout] For more information about an error, try `rustc --explain E0432`.
[INFO] [stdout] 
[INFO] [stderr] error: could not compile `graph_symmetry` due to 3 previous errors
[INFO] [stderr] warning: build failed, waiting for other jobs to finish...
[INFO] [stderr] error: could not compile `graph_symmetry` due to 3 previous errors
[INFO] running `Command { std: "docker" "inspect" "d2befbde950b971a5196053880a7924a4e69f1ba40ba77782216c5e772baf1f5", kill_on_drop: false }`
[INFO] running `Command { std: "docker" "rm" "-f" "d2befbde950b971a5196053880a7924a4e69f1ba40ba77782216c5e772baf1f5", kill_on_drop: false }`
[INFO] [stdout] d2befbde950b971a5196053880a7924a4e69f1ba40ba77782216c5e772baf1f5
