[INFO] cloning repository https://github.com/chenminghui1/os
[INFO] running `Command { std: "git" "-c" "credential.helper=" "-c" "credential.helper=/workspace/cargo-home/bin/git-credential-null" "clone" "--bare" "https://github.com/chenminghui1/os" "/workspace/cache/git-repos/https%3A%2F%2Fgithub.com%2Fchenminghui1%2Fos", kill_on_drop: false }`
[INFO] [stderr] Cloning into bare repository '/workspace/cache/git-repos/https%3A%2F%2Fgithub.com%2Fchenminghui1%2Fos'...
[INFO] running `Command { std: "git" "rev-parse" "HEAD", kill_on_drop: false }`
[INFO] [stdout] 66a7342cf93e0be33b7b4783b4a372f95a762647
[INFO] testing chenminghui1/os against 1.69.0 for beta-1.70-1
[INFO] running `Command { std: "git" "clone" "/workspace/cache/git-repos/https%3A%2F%2Fgithub.com%2Fchenminghui1%2Fos" "/workspace/builds/worker-4-tc1/source", kill_on_drop: false }`
[INFO] [stderr] Cloning into '/workspace/builds/worker-4-tc1/source'...
[INFO] [stderr] done.
[INFO] [stderr] Updating files:  10% (535/4907)
Updating files:  11% (540/4907)
Updating files:  12% (589/4907)
Updating files:  13% (638/4907)
Updating files:  13% (678/4907)
Updating files:  14% (687/4907)
Updating files:  15% (737/4907)
Updating files:  16% (786/4907)
Updating files:  17% (835/4907)
Updating files:  18% (884/4907)
Updating files:  19% (933/4907)
Updating files:  20% (982/4907)
Updating files:  21% (1031/4907)
Updating files:  22% (1080/4907)
Updating files:  22% (1109/4907)
Updating files:  23% (1129/4907)
Updating files:  24% (1178/4907)
Updating files:  25% (1227/4907)
Updating files:  26% (1276/4907)
Updating files:  27% (1325/4907)
Updating files:  28% (1374/4907)
Updating files:  29% (1424/4907)
Updating files:  30% (1473/4907)
Updating files:  30% (1512/4907)
Updating files:  31% (1522/4907)
Updating files:  32% (1571/4907)
Updating files:  33% (1620/4907)
Updating files:  34% (1669/4907)
Updating files:  35% (1718/4907)
Updating files:  36% (1767/4907)
Updating files:  37% (1816/4907)
Updating files:  38% (1865/4907)
Updating files:  39% (1914/4907)
Updating files:  40% (1963/4907)
Updating files:  41% (2012/4907)
Updating files:  42% (2061/4907)
Updating files:  43% (2111/4907)
Updating files:  44% (2160/4907)
Updating files:  45% (2209/4907)
Updating files:  46% (2258/4907)
Updating files:  47% (2307/4907)
Updating files:  48% (2356/4907)
Updating files:  49% (2405/4907)
Updating files:  50% (2454/4907)
Updating files:  51% (2503/4907)
Updating files:  52% (2552/4907)
Updating files:  53% (2601/4907)
Updating files:  53% (2624/4907)
Updating files:  54% (2650/4907)
Updating files:  55% (2699/4907)
Updating files:  56% (2748/4907)
Updating files:  57% (2797/4907)
Updating files:  58% (2847/4907)
Updating files:  59% (2896/4907)
Updating files:  60% (2945/4907)
Updating files:  61% (2994/4907)
Updating files:  62% (3043/4907)
Updating files:  63% (3092/4907)
Updating files:  64% (3141/4907)
Updating files:  65% (3190/4907)
Updating files:  66% (3239/4907)
Updating files:  67% (3288/4907)
Updating files:  68% (3337/4907)
Updating files:  69% (3386/4907)
Updating files:  70% (3435/4907)
Updating files:  71% (3484/4907)
Updating files:  72% (3534/4907)
Updating files:  73% (3583/4907)
Updating files:  74% (3632/4907)
Updating files:  75% (3681/4907)
Updating files:  76% (3730/4907)
Updating files:  77% (3779/4907)
Updating files:  78% (3828/4907)
Updating files:  79% (3877/4907)
Updating files:  80% (3926/4907)
Updating files:  81% (3975/4907)
Updating files:  82% (4024/4907)
Updating files:  83% (4073/4907)
Updating files:  84% (4122/4907)
Updating files:  85% (4171/4907)
Updating files:  86% (4221/4907)
Updating files:  87% (4270/4907)
Updating files:  88% (4319/4907)
Updating files:  89% (4368/4907)
Updating files:  90% (4417/4907)
Updating files:  91% (4466/4907)
Updating files:  92% (4515/4907)
Updating files:  93% (4564/4907)
Updating files:  94% (4613/4907)
Updating files:  95% (4662/4907)
Updating files:  96% (4711/4907)
Updating files:  97% (4760/4907)
Updating files:  98% (4809/4907)
Updating files:  99% (4858/4907)
Updating files: 100% (4907/4907)
Updating files: 100% (4907/4907), done.
[INFO] validating manifest of git repo https://github.com/chenminghui1/os on toolchain 1.69.0
[INFO] running `Command { std: CARGO_HOME="/workspace/cargo-home" RUSTUP_HOME="/workspace/rustup-home" "/workspace/cargo-home/bin/cargo" "+1.69.0" "metadata" "--manifest-path" "Cargo.toml" "--no-deps", kill_on_drop: false }`
[INFO] removed /workspace/builds/worker-4-tc1/source/.cargo/config
[INFO] started tweaking git repo https://github.com/chenminghui1/os
[INFO] finished tweaking git repo https://github.com/chenminghui1/os
[INFO] tweaked toml for git repo https://github.com/chenminghui1/os written to /workspace/builds/worker-4-tc1/source/Cargo.toml
[INFO] crate git repo https://github.com/chenminghui1/os already has a lockfile, it will not be regenerated
[INFO] running `Command { std: CARGO_HOME="/workspace/cargo-home" RUSTUP_HOME="/workspace/rustup-home" "/workspace/cargo-home/bin/cargo" "+1.69.0" "fetch" "--manifest-path" "Cargo.toml", kill_on_drop: false }`
[INFO] [stderr]     Updating git repository `https://github.com/rcore-os/riscv`
[INFO] [stderr]  Downloading crates ...
[INFO] [stderr]   Downloaded buddy_system_allocator v0.3.9
[INFO] running `Command { std: "docker" "create" "-v" "/var/lib/crater-agent-workspace/builds/worker-4-tc1/target:/opt/rustwide/target:rw,Z" "-v" "/var/lib/crater-agent-workspace/builds/worker-4-tc1/source:/opt/rustwide/workdir:ro,Z" "-v" "/var/lib/crater-agent-workspace/cargo-home:/opt/rustwide/cargo-home:ro,Z" "-v" "/var/lib/crater-agent-workspace/rustup-home:/opt/rustwide/rustup-home:ro,Z" "-e" "SOURCE_DIR=/opt/rustwide/workdir" "-e" "CARGO_TARGET_DIR=/opt/rustwide/target" "-e" "CARGO_HOME=/opt/rustwide/cargo-home" "-e" "RUSTUP_HOME=/opt/rustwide/rustup-home" "-w" "/opt/rustwide/workdir" "-m" "1610612736" "--user" "0:0" "--network" "none" "ghcr.io/rust-lang/crates-build-env/linux@sha256:5ff2268d62e97bff2cde7d5815dd6ed5b47097566f13b8d0ca110b04b60e07ed" "/opt/rustwide/cargo-home/bin/cargo" "+1.69.0" "metadata" "--no-deps" "--format-version=1", kill_on_drop: false }`
[INFO] [stdout] 4127df33965fd8b9f6383fbe951bc71edce2c4219e7923c5524fb75418536124
[INFO] running `Command { std: "docker" "start" "-a" "4127df33965fd8b9f6383fbe951bc71edce2c4219e7923c5524fb75418536124", kill_on_drop: false }`
[INFO] running `Command { std: "docker" "inspect" "4127df33965fd8b9f6383fbe951bc71edce2c4219e7923c5524fb75418536124", kill_on_drop: false }`
[INFO] running `Command { std: "docker" "rm" "-f" "4127df33965fd8b9f6383fbe951bc71edce2c4219e7923c5524fb75418536124", kill_on_drop: false }`
[INFO] [stdout] 4127df33965fd8b9f6383fbe951bc71edce2c4219e7923c5524fb75418536124
[INFO] running `Command { std: "docker" "create" "-v" "/var/lib/crater-agent-workspace/builds/worker-4-tc1/target:/opt/rustwide/target:rw,Z" "-v" "/var/lib/crater-agent-workspace/builds/worker-4-tc1/source:/opt/rustwide/workdir:ro,Z" "-v" "/var/lib/crater-agent-workspace/cargo-home:/opt/rustwide/cargo-home:ro,Z" "-v" "/var/lib/crater-agent-workspace/rustup-home:/opt/rustwide/rustup-home:ro,Z" "-e" "SOURCE_DIR=/opt/rustwide/workdir" "-e" "CARGO_TARGET_DIR=/opt/rustwide/target" "-e" "CARGO_INCREMENTAL=0" "-e" "RUST_BACKTRACE=full" "-e" "RUSTFLAGS=--cap-lints=warn" "-e" "RUSTDOCFLAGS=--cap-lints=warn" "-e" "CARGO_HOME=/opt/rustwide/cargo-home" "-e" "RUSTUP_HOME=/opt/rustwide/rustup-home" "-w" "/opt/rustwide/workdir" "-m" "1610612736" "--user" "0:0" "--network" "none" "ghcr.io/rust-lang/crates-build-env/linux@sha256:5ff2268d62e97bff2cde7d5815dd6ed5b47097566f13b8d0ca110b04b60e07ed" "/opt/rustwide/cargo-home/bin/cargo" "+1.69.0" "build" "--frozen" "--message-format=json", kill_on_drop: false }`
[INFO] [stdout] a2ac33ea30a2d4d7f86894d8d1dbca732f3a8362f32d60dda29d31b193194851
[INFO] running `Command { std: "docker" "start" "-a" "a2ac33ea30a2d4d7f86894d8d1dbca732f3a8362f32d60dda29d31b193194851", kill_on_drop: false }`
[INFO] [stderr]    Compiling proc-macro2 v1.0.17
[INFO] [stderr]    Compiling syn v1.0.23
[INFO] [stderr]    Compiling rustversion v1.0.2
[INFO] [stderr]    Compiling log v0.4.8
[INFO] [stderr]    Compiling riscv v0.5.0 (https://github.com/rcore-os/riscv#c62af464)
[INFO] [stderr]    Compiling bit_field v0.9.0
[INFO] [stderr]    Compiling bare-metal v0.2.5
[INFO] [stderr]    Compiling spin v0.5.2
[INFO] [stdout] error[E0425]: cannot find value `ENTRY_COUNT` in this scope
[INFO] [stdout]  --> /opt/rustwide/cargo-home/git/checkouts/riscv-ab2abd16c438337b/c62af46/src/paging/page_table.rs:6:31
[INFO] [stdout]   |
[INFO] [stdout] 6 |     entries: [PageTableEntry; ENTRY_COUNT],
[INFO] [stdout]   |                               ^^^^^^^^^^^ not found in this scope
[INFO] [stdout] 
[INFO] [stdout] 
[INFO] [stdout] error[E0554]: `#![feature]` may not be used on the stable release channel
[INFO] [stdout]   --> /opt/rustwide/cargo-home/git/checkouts/riscv-ab2abd16c438337b/c62af46/src/lib.rs:20:1
[INFO] [stdout]    |
[INFO] [stdout] 20 | #![feature(nll)]
[INFO] [stdout]    | ^^^^^^^^^^^^^^^^ help: remove the attribute
[INFO] [stdout]    |
[INFO] [stdout]    = help: the feature `nll` has been stable since `1.63.0` and no longer requires an attribute to enable
[INFO] [stdout] 
[INFO] [stdout] 
[INFO] [stdout] error[E0554]: `#![feature]` may not be used on the stable release channel
[INFO] [stdout]   --> /opt/rustwide/cargo-home/git/checkouts/riscv-ab2abd16c438337b/c62af46/src/lib.rs:21:37
[INFO] [stdout]    |
[INFO] [stdout] 21 | #![cfg_attr(feature = "inline-asm", feature(asm))]
[INFO] [stdout]    |                                     ^^^^^^^^^^^^
[INFO] [stdout] 
[INFO] [stdout] 
[INFO] [stdout] error[E0554]: `#![feature]` may not be used on the stable release channel
[INFO] [stdout]   --> /opt/rustwide/cargo-home/git/checkouts/riscv-ab2abd16c438337b/c62af46/src/lib.rs:21:45
[INFO] [stdout]    |
[INFO] [stdout] 21 | #![cfg_attr(feature = "inline-asm", feature(asm))]
[INFO] [stdout]    |                                             ^^^
[INFO] [stdout] 
[INFO] [stdout] 
[INFO] [stdout] error[E0599]: no function or associated item named `new` found for struct `addr::VirtAddr` in the current scope
[INFO] [stdout]    --> /opt/rustwide/cargo-home/git/checkouts/riscv-ab2abd16c438337b/c62af46/src/addr.rs:185:24
[INFO] [stdout]     |
[INFO] [stdout] 4   | pub struct VirtAddr(usize);
[INFO] [stdout]     | ------------------- function or associated item `new` not found for this struct
[INFO] [stdout] ...
[INFO] [stdout] 185 |         Page(VirtAddr::new(vpn << 12))
[INFO] [stdout]     |                        ^^^ function or associated item not found in `VirtAddr`
[INFO] [stdout] 
[INFO] [stdout] 
[INFO] [stdout] error[E0599]: no method named `p2_index` found for struct `addr::VirtAddr` in the current scope
[INFO] [stdout]    --> /opt/rustwide/cargo-home/git/checkouts/riscv-ab2abd16c438337b/c62af46/src/addr.rs:203:16
[INFO] [stdout]     |
[INFO] [stdout] 4   | pub struct VirtAddr(usize);
[INFO] [stdout]     | ------------------- method `p2_index` not found for this struct
[INFO] [stdout] ...
[INFO] [stdout] 203 |         self.0.p2_index()
[INFO] [stdout]     |                ^^^^^^^^ method not found in `VirtAddr`
[INFO] [stdout] 
[INFO] [stdout] 
[INFO] [stdout] error[E0599]: no method named `p1_index` found for struct `addr::VirtAddr` in the current scope
[INFO] [stdout]    --> /opt/rustwide/cargo-home/git/checkouts/riscv-ab2abd16c438337b/c62af46/src/addr.rs:207:16
[INFO] [stdout]     |
[INFO] [stdout] 4   | pub struct VirtAddr(usize);
[INFO] [stdout]     | ------------------- method `p1_index` not found for this struct
[INFO] [stdout] ...
[INFO] [stdout] 207 |         self.0.p1_index()
[INFO] [stdout]     |                ^^^^^^^^ method not found in `VirtAddr`
[INFO] [stdout] 
[INFO] [stdout] 
[INFO] [stdout] error[E0599]: no method named `page_number` found for struct `addr::VirtAddr` in the current scope
[INFO] [stdout]    --> /opt/rustwide/cargo-home/git/checkouts/riscv-ab2abd16c438337b/c62af46/src/addr.rs:211:16
[INFO] [stdout]     |
[INFO] [stdout] 4   | pub struct VirtAddr(usize);
[INFO] [stdout]     | ------------------- method `page_number` not found for this struct
[INFO] [stdout] ...
[INFO] [stdout] 211 |         self.0.page_number()
[INFO] [stdout]     |                ^^^^^^^^^^^ method not found in `VirtAddr`
[INFO] [stdout] 
[INFO] [stdout] 
[INFO] [stdout] error[E0599]: no function or associated item named `new` found for struct `addr::PhysAddr` in the current scope
[INFO] [stdout]    --> /opt/rustwide/cargo-home/git/checkouts/riscv-ab2abd16c438337b/c62af46/src/addr.rs:253:25
[INFO] [stdout]     |
[INFO] [stdout] 111 | pub struct PhysAddr(usize);
[INFO] [stdout]     | ------------------- function or associated item `new` not found for this struct
[INFO] [stdout] ...
[INFO] [stdout] 253 |         Frame(PhysAddr::new(ppn << 12))
[INFO] [stdout]     |                         ^^^ function or associated item not found in `PhysAddr`
[INFO] [stdout] 
[INFO] [stdout] 
[INFO] [stdout] error[E0599]: no method named `p2_index` found for struct `addr::PhysAddr` in the current scope
[INFO] [stdout]    --> /opt/rustwide/cargo-home/git/checkouts/riscv-ab2abd16c438337b/c62af46/src/addr.rs:271:16
[INFO] [stdout]     |
[INFO] [stdout] 111 | pub struct PhysAddr(usize);
[INFO] [stdout]     | ------------------- method `p2_index` not found for this struct
[INFO] [stdout] ...
[INFO] [stdout] 271 |         self.0.p2_index()
[INFO] [stdout]     |                ^^^^^^^^ method not found in `PhysAddr`
[INFO] [stdout] 
[INFO] [stdout] 
[INFO] [stdout] error[E0599]: no method named `p1_index` found for struct `addr::PhysAddr` in the current scope
[INFO] [stdout]    --> /opt/rustwide/cargo-home/git/checkouts/riscv-ab2abd16c438337b/c62af46/src/addr.rs:275:16
[INFO] [stdout]     |
[INFO] [stdout] 111 | pub struct PhysAddr(usize);
[INFO] [stdout]     | ------------------- method `p1_index` not found for this struct
[INFO] [stdout] ...
[INFO] [stdout] 275 |         self.0.p1_index()
[INFO] [stdout]     |                ^^^^^^^^ method not found in `PhysAddr`
[INFO] [stdout] 
[INFO] [stdout] 
[INFO] [stdout] error[E0599]: no method named `page_number` found for struct `addr::PhysAddr` in the current scope
[INFO] [stdout]    --> /opt/rustwide/cargo-home/git/checkouts/riscv-ab2abd16c438337b/c62af46/src/addr.rs:279:16
[INFO] [stdout]     |
[INFO] [stdout] 111 | pub struct PhysAddr(usize);
[INFO] [stdout]     | ------------------- method `page_number` not found for this struct
[INFO] [stdout] ...
[INFO] [stdout] 279 |         self.0.page_number()
[INFO] [stdout]     |                ^^^^^^^^^^^ method not found in `PhysAddr`
[INFO] [stdout] 
[INFO] [stdout] 
[INFO] [stdout] error[E0599]: no function or associated item named `new` found for struct `addr::PhysAddr` in the current scope
[INFO] [stdout]    --> /opt/rustwide/cargo-home/git/checkouts/riscv-ab2abd16c438337b/c62af46/src/paging/page_table.rs:72:19
[INFO] [stdout]     |
[INFO] [stdout] 72  |         PhysAddr::new(self.ppn() << 12)
[INFO] [stdout]     |                   ^^^ function or associated item not found in `PhysAddr`
[INFO] [stdout]     |
[INFO] [stdout]    ::: /opt/rustwide/cargo-home/git/checkouts/riscv-ab2abd16c438337b/c62af46/src/addr.rs:111:1
[INFO] [stdout]     |
[INFO] [stdout] 111 | pub struct PhysAddr(usize);
[INFO] [stdout]     | ------------------- function or associated item `new` not found for this struct
[INFO] [stdout] 
[INFO] [stdout] 
[INFO] [stdout] error[E0599]: no function or associated item named `new` found for struct `addr::VirtAddr` in the current scope
[INFO] [stdout]   --> /opt/rustwide/cargo-home/git/checkouts/riscv-ab2abd16c438337b/c62af46/src/paging/recursive.rs:59:44
[INFO] [stdout]    |
[INFO] [stdout] 59 |         let page = Page::of_addr(VirtAddr::new(frame.start_address().as_usize()));
[INFO] [stdout]    |                                            ^^^ function or associated item not found in `VirtAddr`
[INFO] [stdout]    |
[INFO] [stdout]   ::: /opt/rustwide/cargo-home/git/checkouts/riscv-ab2abd16c438337b/c62af46/src/addr.rs:4:1
[INFO] [stdout]    |
[INFO] [stdout] 4  | pub struct VirtAddr(usize);
[INFO] [stdout]    | ------------------- function or associated item `new` not found for this struct
[INFO] [stdout] 
[INFO] [stdout] 
[INFO] [stdout] error: aborting due to 14 previous errors
[INFO] [stdout] 
[INFO] [stdout] 
[INFO] [stdout] Some errors have detailed explanations: E0425, E0554, E0599.
[INFO] [stdout] 
[INFO] [stdout] For more information about an error, try `rustc --explain E0425`.
[INFO] [stdout] 
[INFO] [stderr] error: could not compile `riscv` due to 15 previous errors
[INFO] [stderr] warning: build failed, waiting for other jobs to finish...
[INFO] running `Command { std: "docker" "inspect" "a2ac33ea30a2d4d7f86894d8d1dbca732f3a8362f32d60dda29d31b193194851", kill_on_drop: false }`
[INFO] running `Command { std: "docker" "rm" "-f" "a2ac33ea30a2d4d7f86894d8d1dbca732f3a8362f32d60dda29d31b193194851", kill_on_drop: false }`
[INFO] [stdout] a2ac33ea30a2d4d7f86894d8d1dbca732f3a8362f32d60dda29d31b193194851
