[INFO] cloning repository https://github.com/changkai09/rustdesk
[INFO] running `Command { std: "git" "-c" "credential.helper=" "-c" "credential.helper=/workspace/cargo-home/bin/git-credential-null" "clone" "--bare" "https://github.com/changkai09/rustdesk" "/workspace/cache/git-repos/https%3A%2F%2Fgithub.com%2Fchangkai09%2Frustdesk", kill_on_drop: false }`
[INFO] [stderr] Cloning into bare repository '/workspace/cache/git-repos/https%3A%2F%2Fgithub.com%2Fchangkai09%2Frustdesk'...
[INFO] running `Command { std: "git" "rev-parse" "HEAD", kill_on_drop: false }`
[INFO] [stdout] e65aa61fb7aa0caa7861c48b2b13fff940d0b312
[INFO] testing changkai09/rustdesk against 1.69.0 for beta-1.70-1
[INFO] running `Command { std: "git" "clone" "/workspace/cache/git-repos/https%3A%2F%2Fgithub.com%2Fchangkai09%2Frustdesk" "/workspace/builds/worker-5-tc1/source", kill_on_drop: false }`
[INFO] [stderr] Cloning into '/workspace/builds/worker-5-tc1/source'...
[INFO] [stderr] done.
[INFO] validating manifest of git repo https://github.com/changkai09/rustdesk on toolchain 1.69.0
[INFO] running `Command { std: CARGO_HOME="/workspace/cargo-home" RUSTUP_HOME="/workspace/rustup-home" "/workspace/cargo-home/bin/cargo" "+1.69.0" "metadata" "--manifest-path" "Cargo.toml" "--no-deps", kill_on_drop: false }`
[INFO] started tweaking git repo https://github.com/changkai09/rustdesk
[INFO] finished tweaking git repo https://github.com/changkai09/rustdesk
[INFO] tweaked toml for git repo https://github.com/changkai09/rustdesk written to /workspace/builds/worker-5-tc1/source/Cargo.toml
[INFO] crate git repo https://github.com/changkai09/rustdesk already has a lockfile, it will not be regenerated
[INFO] running `Command { std: CARGO_HOME="/workspace/cargo-home" RUSTUP_HOME="/workspace/rustup-home" "/workspace/cargo-home/bin/cargo" "+1.69.0" "fetch" "--manifest-path" "Cargo.toml", kill_on_drop: false }`
[INFO] [stderr]     Updating git repository `https://github.com/stepancheg/rust-protobuf`
[INFO] [stderr]     Updating git submodule `https://github.com/google/protobuf`
[INFO] [stderr]     Updating git submodule `https://github.com/google/benchmark.git`
[INFO] [stderr]     Updating git repository `https://github.com/rustaudio/cpal`
[INFO] [stderr]     Updating git repository `https://github.com/mullvad/windows-service-rs.git`
[INFO] [stderr]  Downloading crates ...
[INFO] [stderr]   Downloaded backtrace v0.3.58
[INFO] [stderr]   Downloaded quinn v0.6.2
[INFO] [stderr]   Downloaded coreaudio-sys v0.2.6
[INFO] [stderr]   Downloaded smithay-clipboard v0.6.3
[INFO] [stderr]   Downloaded machine-uid v0.2.0
[INFO] [stderr]   Downloaded quest v0.3.0
[INFO] [stderr]   Downloaded repng v0.2.2
[INFO] [stderr]   Downloaded futures-executor v0.3.14
[INFO] [stderr]   Downloaded futures-macro v0.3.14
[INFO] [stderr]   Downloaded dasp_signal v0.11.0
[INFO] [stderr]   Downloaded x11-clipboard v0.5.1
[INFO] [stderr]   Downloaded zstd-safe v4.1.1+zstd.1.5.0
[INFO] [stderr]   Downloaded libappindicator-sys v0.5.0
[INFO] [stderr]   Downloaded libappindicator v0.5.2
[INFO] [stderr]   Downloaded zstd v0.9.0+zstd.1.5.0
[INFO] [stderr]   Downloaded dasp_envelope v0.11.0
[INFO] [stderr]   Downloaded dasp_slice v0.11.0
[INFO] [stderr]   Downloaded dasp_window v0.11.1
[INFO] [stderr]   Downloaded bindgen v0.53.1
[INFO] [stderr]   Downloaded dasp v0.11.0
[INFO] [stderr]   Downloaded flexi_logger v0.16.3
[INFO] [stderr]   Downloaded psutil v3.2.1
[INFO] [stderr]   Downloaded regex v1.5.2
[INFO] [stderr]   Downloaded libpulse-sys v1.18.0
[INFO] [stderr]   Downloaded libpulse-simple-binding v2.23.0
[INFO] [stderr]   Downloaded webm-sys v1.0.1
[INFO] [stderr]   Downloaded quinn-proto v0.6.1
[INFO] [stderr]   Downloaded libpulse-simple-sys v1.16.1
[INFO] [stderr]   Downloaded mac_address v1.1.1
[INFO] [stderr]   Downloaded libpulse-binding v2.23.1
[INFO] [stderr]   Downloaded zstd-sys v1.6.1+zstd.1.5.0
[INFO] [stderr]   Downloaded webm v1.0.0
[INFO] [stderr]   Downloaded sodiumoxide v0.2.6
[INFO] [stderr]   Downloaded libsodium-sys v0.2.6
[INFO] running `Command { std: "docker" "create" "-v" "/var/lib/crater-agent-workspace/builds/worker-5-tc1/target:/opt/rustwide/target:rw,Z" "-v" "/var/lib/crater-agent-workspace/builds/worker-5-tc1/source:/opt/rustwide/workdir:ro,Z" "-v" "/var/lib/crater-agent-workspace/cargo-home:/opt/rustwide/cargo-home:ro,Z" "-v" "/var/lib/crater-agent-workspace/rustup-home:/opt/rustwide/rustup-home:ro,Z" "-e" "SOURCE_DIR=/opt/rustwide/workdir" "-e" "CARGO_TARGET_DIR=/opt/rustwide/target" "-e" "CARGO_HOME=/opt/rustwide/cargo-home" "-e" "RUSTUP_HOME=/opt/rustwide/rustup-home" "-w" "/opt/rustwide/workdir" "-m" "1610612736" "--user" "0:0" "--network" "none" "ghcr.io/rust-lang/crates-build-env/linux@sha256:5ff2268d62e97bff2cde7d5815dd6ed5b47097566f13b8d0ca110b04b60e07ed" "/opt/rustwide/cargo-home/bin/cargo" "+1.69.0" "metadata" "--no-deps" "--format-version=1", kill_on_drop: false }`
[INFO] [stdout] 4eebf14108cf4cca6800a483c32e41e3f9160e98d0c01f83558ec0c4cedd5518
[INFO] running `Command { std: "docker" "start" "-a" "4eebf14108cf4cca6800a483c32e41e3f9160e98d0c01f83558ec0c4cedd5518", kill_on_drop: false }`
[INFO] running `Command { std: "docker" "inspect" "4eebf14108cf4cca6800a483c32e41e3f9160e98d0c01f83558ec0c4cedd5518", kill_on_drop: false }`
[INFO] running `Command { std: "docker" "rm" "-f" "4eebf14108cf4cca6800a483c32e41e3f9160e98d0c01f83558ec0c4cedd5518", kill_on_drop: false }`
[INFO] [stdout] 4eebf14108cf4cca6800a483c32e41e3f9160e98d0c01f83558ec0c4cedd5518
[INFO] running `Command { std: "docker" "create" "-v" "/var/lib/crater-agent-workspace/builds/worker-5-tc1/target:/opt/rustwide/target:rw,Z" "-v" "/var/lib/crater-agent-workspace/builds/worker-5-tc1/source:/opt/rustwide/workdir:ro,Z" "-v" "/var/lib/crater-agent-workspace/cargo-home:/opt/rustwide/cargo-home:ro,Z" "-v" "/var/lib/crater-agent-workspace/rustup-home:/opt/rustwide/rustup-home:ro,Z" "-e" "SOURCE_DIR=/opt/rustwide/workdir" "-e" "CARGO_TARGET_DIR=/opt/rustwide/target" "-e" "CARGO_INCREMENTAL=0" "-e" "RUST_BACKTRACE=full" "-e" "RUSTFLAGS=--cap-lints=warn" "-e" "RUSTDOCFLAGS=--cap-lints=warn" "-e" "CARGO_HOME=/opt/rustwide/cargo-home" "-e" "RUSTUP_HOME=/opt/rustwide/rustup-home" "-w" "/opt/rustwide/workdir" "-m" "1610612736" "--user" "0:0" "--network" "none" "ghcr.io/rust-lang/crates-build-env/linux@sha256:5ff2268d62e97bff2cde7d5815dd6ed5b47097566f13b8d0ca110b04b60e07ed" "/opt/rustwide/cargo-home/bin/cargo" "+1.69.0" "build" "--frozen" "--message-format=json", kill_on_drop: false }`
[INFO] [stdout] faa7ef40c4b1bb9281012628fa3fa072abfd42a417f3cd59ea12ce3bf7ad2c2f
[INFO] running `Command { std: "docker" "start" "-a" "faa7ef40c4b1bb9281012628fa3fa072abfd42a417f3cd59ea12ce3bf7ad2c2f", kill_on_drop: false }`
[INFO] [stderr]    Compiling libc v0.2.94
[INFO] [stderr]    Compiling cfg-if v1.0.0
[INFO] [stderr]    Compiling proc-macro2 v1.0.26
[INFO] [stderr]    Compiling unicode-xid v0.2.2
[INFO] [stderr]    Compiling autocfg v1.0.1
[INFO] [stderr]    Compiling pkg-config v0.3.19
[INFO] [stderr]    Compiling bitflags v1.2.1
[INFO] [stderr]    Compiling memchr v2.4.0
[INFO] [stderr]    Compiling syn v1.0.71
[INFO] [stderr]    Compiling log v0.4.14
[INFO] [stderr]    Compiling autocfg v0.1.7
[INFO] [stderr]    Compiling lazy_static v1.4.0
[INFO] [stderr]    Compiling rand_core v0.4.2
[INFO] [stderr]    Compiling cfg-if v0.1.10
[INFO] [stderr]    Compiling smallvec v1.6.1
[INFO] [stderr]    Compiling regex-syntax v0.6.24
[INFO] [stderr]    Compiling once_cell v1.7.2
[INFO] [stderr]    Compiling adler v1.0.2
[INFO] [stderr]    Compiling version_check v0.9.3
[INFO] [stderr]    Compiling glob v0.3.0
[INFO] [stderr]    Compiling siphasher v0.2.3
[INFO] [stderr]    Compiling rand_core v0.3.1
[INFO] [stderr]    Compiling rand_jitter v0.1.4
[INFO] [stderr]    Compiling phf_shared v0.7.24
[INFO] [stderr]    Compiling rand_isaac v0.1.1
[INFO] [stderr]    Compiling rand_hc v0.1.0
[INFO] [stderr]    Compiling rand_pcg v0.1.2
[INFO] [stderr]    Compiling num-traits v0.2.14
[INFO] [stderr]    Compiling miniz_oxide v0.4.4
[INFO] [stderr]    Compiling rand_chacha v0.1.1
[INFO] [stderr]    Compiling rand v0.6.5
[INFO] [stderr]    Compiling rand_xorshift v0.1.1
[INFO] [stderr]    Compiling gimli v0.23.0
[INFO] [stderr]    Compiling termcolor v1.1.2
[INFO] [stderr]    Compiling xml-rs v0.8.3
[INFO] [stderr]    Compiling version_check v0.1.5
[INFO] [stderr]    Compiling rustc-demangle v0.1.18
[INFO] [stderr]    Compiling aho-corasick v0.7.18
[INFO] [stderr]    Compiling quote v1.0.9
[INFO] [stderr]    Compiling object v0.23.0
[INFO] [stderr]    Compiling clang-sys v0.28.1
[INFO] [stderr]    Compiling nom v4.2.3
[INFO] [stderr]    Compiling getrandom v0.2.2
[INFO] [stderr]    Compiling proc-macro-hack v0.5.19
[INFO] [stderr]    Compiling wayland-sys v0.28.5
[INFO] [stderr]    Compiling wayland-scanner v0.28.5
[INFO] [stderr]    Compiling instant v0.1.9
[INFO] [stderr]    Compiling libloading v0.7.0
[INFO] [stderr]    Compiling protobuf v3.0.0-pre (https://github.com/stepancheg/rust-protobuf#bbe35a98)
[INFO] [stderr]    Compiling jobserver v0.1.22
[INFO] [stderr]    Compiling atty v0.2.14
[INFO] [stderr]    Compiling rand_os v0.1.3
[INFO] [stderr]    Compiling nix v0.20.0
[INFO] [stderr]    Compiling cc v1.0.67
[INFO] [stderr]    Compiling regex v1.5.2
[INFO] [stderr]    Compiling serde v1.0.125
[INFO] [stderr]    Compiling proc-macro-nested v0.1.7
[INFO] [stderr]    Compiling pin-project-lite v0.2.6
[INFO] [stderr]    Compiling dasp_sample v0.11.0
[INFO] [stderr]    Compiling futures-core v0.3.14
[INFO] [stderr]    Compiling scopeguard v1.1.0
[INFO] [stderr]    Compiling quick-error v1.2.3
[INFO] [stderr]    Compiling futures-sink v0.3.14
[INFO] [stderr]    Compiling unicode-width v0.1.8
[INFO] [stderr]    Compiling humantime v1.3.0
[INFO] [stderr]    Compiling lock_api v0.4.4
[INFO] [stderr]    Compiling num-traits v0.1.43
[INFO] [stderr]    Compiling textwrap v0.11.0
[INFO] [stderr]    Compiling dlib v0.5.0
[INFO] [stderr]    Compiling parking_lot_core v0.8.3
[INFO] [stderr]    Compiling addr2line v0.14.1
[INFO] [stderr]    Compiling num_cpus v1.13.0
[INFO] [stderr]    Compiling phf_generator v0.7.24
[INFO] [stderr]    Compiling phf_codegen v0.7.24
[INFO] [stderr]    Compiling futures-io v0.3.14
[INFO] [stderr]    Compiling backtrace v0.3.58
[INFO] [stderr]    Compiling libloading v0.5.2
[INFO] [stderr]    Compiling target_build_utils v0.3.1
[INFO] [stderr]    Compiling zstd-sys v1.6.1+zstd.1.5.0
[INFO] [stderr]    Compiling dtoa v0.4.8
[INFO] [stderr]    Compiling ansi_term v0.11.0
[INFO] [stderr]    Compiling vec_map v0.8.2
[INFO] [stderr]    Compiling bindgen v0.53.1
[INFO] [stderr]    Compiling slab v0.4.3
[INFO] [stderr]    Compiling strsim v0.8.0
[INFO] [stderr]    Compiling serde v0.9.15
[INFO] [stderr] LLVM ERROR: IO failure on output stream: No space left on device
[INFO] [stderr] error: failed to write `/opt/rustwide/target/debug/build/backtrace-a856237980b217f1/invoked.timestamp`
[INFO] [stderr] 
[INFO] [stderr] Caused by:
[INFO] [stderr]   No space left on device (os error 28)
[INFO] [stderr] warning: build failed, waiting for other jobs to finish...
[INFO] [stderr] LLVM ERROR: IO failure on output stream: No space left on device
[INFO] [stderr] LLVM ERROR: IO failure on output stream: No space left on device
[INFO] [stderr] LLVM ERROR: IO failure on output stream: No space left on device
[INFO] [stderr] error: could not compile `ansi_term`
[INFO] [stderr] error: could not compile `bindgen`
[INFO] [stderr] LLVM ERROR: IO failure on output stream: No space left on device
[INFO] [stderr] LLVM ERROR: IO failure on output stream: No space left on device
[INFO] [stderr] error: could not compile `regex`
[INFO] [stderr] LLVM ERROR: IO failure on output stream: No space left on device
[INFO] [stderr] error: could not compile `regex-syntax`
[INFO] [stderr] error: could not compile `target_build_utils`
[INFO] [stderr] error: could not compile `proc-macro-hack`
[INFO] [stderr] error: could not compile `object`
[INFO] [stdout] error: couldn't create a temp dir: No space left on device (os error 28) at path "/opt/rustwide/target/debug/deps/rmetaNEsNUC"
[INFO] [stdout] 
[INFO] [stdout] 
[INFO] [stdout] error: couldn't create a temp dir: No space left on device (os error 28) at path "/opt/rustwide/target/debug/deps/rmetappi3FF"
[INFO] [stdout] 
[INFO] [stdout] 
[INFO] [stderr] error: could not compile `slab` due to previous error
[INFO] [stdout] error: couldn't create a temp dir: No space left on device (os error 28) at path "/opt/rustwide/target/debug/deps/rmetaEjBQPi"
[INFO] [stdout] 
[INFO] [stdout] 
[INFO] [stderr] The following warnings were emitted during compilation:
[INFO] [stderr] 
[INFO] [stderr] warning: src/os/unix/global_static.c:20:1: fatal error: error closing /tmp/ccQq5Knp.s: No space left on device
[INFO] [stderr] warning:    20 | }
[INFO] [stderr] warning:       | ^
[INFO] [stderr] warning: compilation terminated.
[INFO] [stderr] 
[INFO] [stderr] error: failed to run custom build command for `libloading v0.5.2`
[INFO] [stderr] note: To improve backtraces for build dependencies, set the CARGO_PROFILE_DEV_BUILD_OVERRIDE_DEBUG=true environment variable to enable debug information generation.
[INFO] [stderr] 
[INFO] [stderr] Caused by:
[INFO] [stderr]   process didn't exit successfully: `/opt/rustwide/target/debug/build/libloading-293f325fb9439f8f/build-script-build` (exit status: 1)
[INFO] [stderr]   --- stdout
[INFO] [stderr]   cargo:rustc-link-lib=dl
[INFO] [stderr]   TARGET = Some("x86_64-unknown-linux-gnu")
[INFO] [stderr]   OPT_LEVEL = Some("0")
[INFO] [stderr]   HOST = Some("x86_64-unknown-linux-gnu")
[INFO] [stderr]   CC_x86_64-unknown-linux-gnu = None
[INFO] [stderr]   CC_x86_64_unknown_linux_gnu = None
[INFO] [stderr]   HOST_CC = None
[INFO] [stderr]   CC = None
[INFO] [stderr]   CFLAGS_x86_64-unknown-linux-gnu = None
[INFO] [stderr]   CFLAGS_x86_64_unknown_linux_gnu = None
[INFO] [stderr]   HOST_CFLAGS = None
[INFO] [stderr]   CFLAGS = None
[INFO] [stderr]   CRATE_CC_NO_DEFAULTS = None
[INFO] [stderr]   DEBUG = Some("false")
[INFO] [stderr]   CARGO_CFG_TARGET_FEATURE = Some("fxsr,sse,sse2")
[INFO] [stderr]   running: "cc" "-O0" "-ffunction-sections" "-fdata-sections" "-fPIC" "-m64" "-Wall" "-Wextra" "-o" "/opt/rustwide/target/debug/build/libloading-f041014dd5184a1b/out/src/os/unix/global_static.o" "-c" "src/os/unix/global_static.c"
[INFO] [stderr]   cargo:warning=src/os/unix/global_static.c:20:1: fatal error: error closing /tmp/ccQq5Knp.s: No space left on device
[INFO] [stderr]   cargo:warning=   20 | }
[INFO] [stderr]   cargo:warning=      | ^
[INFO] [stderr]   cargo:warning=compilation terminated.
[INFO] [stderr]   exit status: 1
[INFO] [stderr] 
[INFO] [stderr]   --- stderr
[INFO] [stderr] 
[INFO] [stderr] 
[INFO] [stderr]   error occurred: Command "cc" "-O0" "-ffunction-sections" "-fdata-sections" "-fPIC" "-m64" "-Wall" "-Wextra" "-o" "/opt/rustwide/target/debug/build/libloading-f041014dd5184a1b/out/src/os/unix/global_static.o" "-c" "src/os/unix/global_static.c" with args "cc" did not execute successfully (status code exit status: 1).
[INFO] [stderr] 
[INFO] [stderr] 
[INFO] [stderr] LLVM ERROR: IO failure on output stream: No space left on device
[INFO] [stderr] error: could not compile `vec_map` due to previous error
[INFO] [stderr] error: could not compile `nom` due to previous error
[INFO] [stderr] error: could not compile `strsim`
[INFO] [stdout] error: linking with `cc` failed: exit status: 1
[INFO] [stdout]   |
[INFO] [stdout]   = note: LC_ALL="C" PATH="/opt/rustwide/rustup-home/toolchains/1.69.0-x86_64-unknown-linux-gnu/lib/rustlib/x86_64-unknown-linux-gnu/bin:/opt/rustwide/cargo-home/bin:/usr/local/sbin:/usr/local/bin:/usr/sbin:/usr/bin:/sbin:/bin" VSLANG="1033" "cc" "-m64" "/tmp/rustc0u8ywo/symbols.o" "/opt/rustwide/target/debug/build/zstd-sys-af964afd36d4d60a/build_script_build-af964afd36d4d60a.build_script_build.b475a823-cgu.0.rcgu.o" "/opt/rustwide/target/debug/build/zstd-sys-af964afd36d4d60a/build_script_build-af964afd36d4d60a.build_script_build.b475a823-cgu.1.rcgu.o" "/opt/rustwide/target/debug/build/zstd-sys-af964afd36d4d60a/build_script_build-af964afd36d4d60a.build_script_build.b475a823-cgu.10.rcgu.o" "/opt/rustwide/target/debug/build/zstd-sys-af964afd36d4d60a/build_script_build-af964afd36d4d60a.build_script_build.b475a823-cgu.11.rcgu.o" "/opt/rustwide/target/debug/build/zstd-sys-af964afd36d4d60a/build_script_build-af964afd36d4d60a.build_script_build.b475a823-cgu.12.rcgu.o" "/opt/rustwide/target/debug/build/zstd-sys-af964afd36d4d60a/build_script_build-af964afd36d4d60a.build_script_build.b475a823-cgu.13.rcgu.o" "/opt/rustwide/target/debug/build/zstd-sys-af964afd36d4d60a/build_script_build-af964afd36d4d60a.build_script_build.b475a823-cgu.14.rcgu.o" "/opt/rustwide/target/debug/build/zstd-sys-af964afd36d4d60a/build_script_build-af964afd36d4d60a.build_script_build.b475a823-cgu.15.rcgu.o" "/opt/rustwide/target/debug/build/zstd-sys-af964afd36d4d60a/build_script_build-af964afd36d4d60a.build_script_build.b475a823-cgu.2.rcgu.o" "/opt/rustwide/target/debug/build/zstd-sys-af964afd36d4d60a/build_script_build-af964afd36d4d60a.build_script_build.b475a823-cgu.3.rcgu.o" "/opt/rustwide/target/debug/build/zstd-sys-af964afd36d4d60a/build_script_build-af964afd36d4d60a.build_script_build.b475a823-cgu.4.rcgu.o" "/opt/rustwide/target/debug/build/zstd-sys-af964afd36d4d60a/build_script_build-af964afd36d4d60a.build_script_build.b475a823-cgu.5.rcgu.o" "/opt/rustwide/target/debug/build/zstd-sys-af964afd36d4d60a/build_script_build-af964afd36d4d60a.build_script_build.b475a823-cgu.6.rcgu.o" "/opt/rustwide/target/debug/build/zstd-sys-af964afd36d4d60a/build_script_build-af964afd36d4d60a.build_script_build.b475a823-cgu.7.rcgu.o" "/opt/rustwide/target/debug/build/zstd-sys-af964afd36d4d60a/build_script_build-af964afd36d4d60a.build_script_build.b475a823-cgu.8.rcgu.o" "/opt/rustwide/target/debug/build/zstd-sys-af964afd36d4d60a/build_script_build-af964afd36d4d60a.build_script_build.b475a823-cgu.9.rcgu.o" "/opt/rustwide/target/debug/build/zstd-sys-af964afd36d4d60a/build_script_build-af964afd36d4d60a.58s3j84ibt5tbfuy.rcgu.o" "-Wl,--as-needed" "-L" "/opt/rustwide/target/debug/deps" "-L" "/opt/rustwide/rustup-home/toolchains/1.69.0-x86_64-unknown-linux-gnu/lib/rustlib/x86_64-unknown-linux-gnu/lib" "-Wl,-Bstatic" "/opt/rustwide/target/debug/deps/libcc-631729fa91ccef65.rlib" "/opt/rustwide/target/debug/deps/libjobserver-92bd5f45ec64f59b.rlib" "/opt/rustwide/target/debug/deps/liblibc-f2446eb1c6ef0d32.rlib" "/opt/rustwide/rustup-home/toolchains/1.69.0-x86_64-unknown-linux-gnu/lib/rustlib/x86_64-unknown-linux-gnu/lib/libstd-89bc084783fdc439.rlib" "/opt/rustwide/rustup-home/toolchains/1.69.0-x86_64-unknown-linux-gnu/lib/rustlib/x86_64-unknown-linux-gnu/lib/libpanic_unwind-8bee4b287d4367c1.rlib" "/opt/rustwide/rustup-home/toolchains/1.69.0-x86_64-unknown-linux-gnu/lib/rustlib/x86_64-unknown-linux-gnu/lib/libobject-d61707aed80694c0.rlib" "/opt/rustwide/rustup-home/toolchains/1.69.0-x86_64-unknown-linux-gnu/lib/rustlib/x86_64-unknown-linux-gnu/lib/libmemchr-d85366256f22345b.rlib" "/opt/rustwide/rustup-home/toolchains/1.69.0-x86_64-unknown-linux-gnu/lib/rustlib/x86_64-unknown-linux-gnu/lib/libaddr2line-96069b86b8a8cae9.rlib" "/opt/rustwide/rustup-home/toolchains/1.69.0-x86_64-unknown-linux-gnu/lib/rustlib/x86_64-unknown-linux-gnu/lib/libgimli-d19d53abf68dfa6c.rlib" "/opt/rustwide/rustup-home/toolchains/1.69.0-x86_64-unknown-linux-gnu/lib/rustlib/x86_64-unknown-linux-gnu/lib/librustc_demangle-787cbccd19d64ac6.rlib" "/opt/rustwide/rustup-home/toolchains/1.69.0-x86_64-unknown-linux-gnu/lib/rustlib/x86_64-unknown-linux-gnu/lib/libstd_detect-b3837a36b830e0d0.rlib" "/opt/rustwide/rustup-home/toolchains/1.69.0-x86_64-unknown-linux-gnu/lib/rustlib/x86_64-unknown-linux-gnu/lib/libhashbrown-e3deb0e7e3f04966.rlib" "/opt/rustwide/rustup-home/toolchains/1.69.0-x86_64-unknown-linux-gnu/lib/rustlib/x86_64-unknown-linux-gnu/lib/libminiz_oxide-dabbb79c9815def4.rlib" "/opt/rustwide/rustup-home/toolchains/1.69.0-x86_64-unknown-linux-gnu/lib/rustlib/x86_64-unknown-linux-gnu/lib/libadler-305b01f34c9409f2.rlib" "/opt/rustwide/rustup-home/toolchains/1.69.0-x86_64-unknown-linux-gnu/lib/rustlib/x86_64-unknown-linux-gnu/lib/librustc_std_workspace_alloc-f833521df6074e73.rlib" "/opt/rustwide/rustup-home/toolchains/1.69.0-x86_64-unknown-linux-gnu/lib/rustlib/x86_64-unknown-linux-gnu/lib/libunwind-9ac333113350d171.rlib" "/opt/rustwide/rustup-home/toolchains/1.69.0-x86_64-unknown-linux-gnu/lib/rustlib/x86_64-unknown-linux-gnu/lib/libcfg_if-1c126114322d0eee.rlib" "/opt/rustwide/rustup-home/toolchains/1.69.0-x86_64-unknown-linux-gnu/lib/rustlib/x86_64-unknown-linux-gnu/lib/liblibc-bad9164fdeeecf92.rlib" "/opt/rustwide/rustup-home/toolchains/1.69.0-x86_64-unknown-linux-gnu/lib/rustlib/x86_64-unknown-linux-gnu/lib/liballoc-f9374b1e480fa681.rlib" "/opt/rustwide/rustup-home/toolchains/1.69.0-x86_64-unknown-linux-gnu/lib/rustlib/x86_64-unknown-linux-gnu/lib/librustc_std_workspace_core-207f06e41d9603af.rlib" "/opt/rustwide/rustup-home/toolchains/1.69.0-x86_64-unknown-linux-gnu/lib/rustlib/x86_64-unknown-linux-gnu/lib/libcore-7e2768e66e984e85.rlib" "/opt/rustwide/rustup-home/toolchains/1.69.0-x86_64-unknown-linux-gnu/lib/rustlib/x86_64-unknown-linux-gnu/lib/libcompiler_builtins-957b4aff41f8cd46.rlib" "-Wl,-Bdynamic" "-lgcc_s" "-lutil" "-lrt" "-lpthread" "-lm" "-ldl" "-lc" "-Wl,--eh-frame-hdr" "-Wl,-z,noexecstack" "-L" "/opt/rustwide/rustup-home/toolchains/1.69.0-x86_64-unknown-linux-gnu/lib/rustlib/x86_64-unknown-linux-gnu/lib" "-o" "/opt/rustwide/target/debug/build/zstd-sys-af964afd36d4d60a/build_script_build-af964afd36d4d60a" "-Wl,--gc-sections" "-pie" "-Wl,-z,relro,-z,now" "-nodefaultlibs"
[INFO] [stdout]   = note: /usr/bin/ld: final link failed: No space left on device
[INFO] [stdout]           collect2: error: ld returned 1 exit status
[INFO] [stdout]           
[INFO] [stdout] 
[INFO] [stdout] 
[INFO] [stderr] error: could not compile `zstd-sys` due to previous error
[INFO] running `Command { std: "docker" "inspect" "faa7ef40c4b1bb9281012628fa3fa072abfd42a417f3cd59ea12ce3bf7ad2c2f", kill_on_drop: false }`
[INFO] running `Command { std: "docker" "rm" "-f" "faa7ef40c4b1bb9281012628fa3fa072abfd42a417f3cd59ea12ce3bf7ad2c2f", kill_on_drop: false }`
[INFO] [stdout] faa7ef40c4b1bb9281012628fa3fa072abfd42a417f3cd59ea12ce3bf7ad2c2f
