[INFO] cloning repository https://github.com/chaaz/alchem-macros
[INFO] running `Command { std: "git" "-c" "credential.helper=" "-c" "credential.helper=/workspace/cargo-home/bin/git-credential-null" "clone" "--bare" "https://github.com/chaaz/alchem-macros" "/workspace/cache/git-repos/https%3A%2F%2Fgithub.com%2Fchaaz%2Falchem-macros", kill_on_drop: false }`
[INFO] [stderr] Cloning into bare repository '/workspace/cache/git-repos/https%3A%2F%2Fgithub.com%2Fchaaz%2Falchem-macros'...
[INFO] running `Command { std: "git" "rev-parse" "HEAD", kill_on_drop: false }`
[INFO] [stdout] cc8273625ef4143af6db4ca630c89b7f499bdc34
[INFO] testing chaaz/alchem-macros against beta-2023-04-20 for beta-1.70-1
[INFO] running `Command { std: "git" "clone" "/workspace/cache/git-repos/https%3A%2F%2Fgithub.com%2Fchaaz%2Falchem-macros" "/workspace/builds/worker-7-tc2/source", kill_on_drop: false }`
[INFO] [stderr] Cloning into '/workspace/builds/worker-7-tc2/source'...
[INFO] [stderr] done.
[INFO] validating manifest of git repo https://github.com/chaaz/alchem-macros on toolchain beta-2023-04-20
[INFO] running `Command { std: CARGO_HOME="/workspace/cargo-home" RUSTUP_HOME="/workspace/rustup-home" "/workspace/cargo-home/bin/cargo" "+beta-2023-04-20" "metadata" "--manifest-path" "Cargo.toml" "--no-deps", kill_on_drop: false }`
[INFO] started tweaking git repo https://github.com/chaaz/alchem-macros
[INFO] finished tweaking git repo https://github.com/chaaz/alchem-macros
[INFO] tweaked toml for git repo https://github.com/chaaz/alchem-macros written to /workspace/builds/worker-7-tc2/source/Cargo.toml
[INFO] crate git repo https://github.com/chaaz/alchem-macros already has a lockfile, it will not be regenerated
[INFO] running `Command { std: CARGO_HOME="/workspace/cargo-home" RUSTUP_HOME="/workspace/rustup-home" "/workspace/cargo-home/bin/cargo" "+beta-2023-04-20" "fetch" "--manifest-path" "Cargo.toml", kill_on_drop: false }`
[INFO] running `Command { std: "docker" "create" "-v" "/var/lib/crater-agent-workspace/builds/worker-7-tc2/target:/opt/rustwide/target:rw,Z" "-v" "/var/lib/crater-agent-workspace/builds/worker-7-tc2/source:/opt/rustwide/workdir:ro,Z" "-v" "/var/lib/crater-agent-workspace/cargo-home:/opt/rustwide/cargo-home:ro,Z" "-v" "/var/lib/crater-agent-workspace/rustup-home:/opt/rustwide/rustup-home:ro,Z" "-e" "SOURCE_DIR=/opt/rustwide/workdir" "-e" "CARGO_TARGET_DIR=/opt/rustwide/target" "-e" "CARGO_HOME=/opt/rustwide/cargo-home" "-e" "RUSTUP_HOME=/opt/rustwide/rustup-home" "-w" "/opt/rustwide/workdir" "-m" "1610612736" "--user" "0:0" "--network" "none" "ghcr.io/rust-lang/crates-build-env/linux@sha256:5ff2268d62e97bff2cde7d5815dd6ed5b47097566f13b8d0ca110b04b60e07ed" "/opt/rustwide/cargo-home/bin/cargo" "+beta-2023-04-20" "metadata" "--no-deps" "--format-version=1", kill_on_drop: false }`
[INFO] [stdout] bcdacc79684412234b3b5bc1e073ab3ecb1c523ad7f3d16aba6eb8e805e38966
[INFO] running `Command { std: "docker" "start" "-a" "bcdacc79684412234b3b5bc1e073ab3ecb1c523ad7f3d16aba6eb8e805e38966", kill_on_drop: false }`
[INFO] running `Command { std: "docker" "inspect" "bcdacc79684412234b3b5bc1e073ab3ecb1c523ad7f3d16aba6eb8e805e38966", kill_on_drop: false }`
[INFO] running `Command { std: "docker" "rm" "-f" "bcdacc79684412234b3b5bc1e073ab3ecb1c523ad7f3d16aba6eb8e805e38966", kill_on_drop: false }`
[INFO] [stdout] bcdacc79684412234b3b5bc1e073ab3ecb1c523ad7f3d16aba6eb8e805e38966
[INFO] running `Command { std: "docker" "create" "-v" "/var/lib/crater-agent-workspace/builds/worker-7-tc2/target:/opt/rustwide/target:rw,Z" "-v" "/var/lib/crater-agent-workspace/builds/worker-7-tc2/source:/opt/rustwide/workdir:ro,Z" "-v" "/var/lib/crater-agent-workspace/cargo-home:/opt/rustwide/cargo-home:ro,Z" "-v" "/var/lib/crater-agent-workspace/rustup-home:/opt/rustwide/rustup-home:ro,Z" "-e" "SOURCE_DIR=/opt/rustwide/workdir" "-e" "CARGO_TARGET_DIR=/opt/rustwide/target" "-e" "CARGO_INCREMENTAL=0" "-e" "RUST_BACKTRACE=full" "-e" "RUSTFLAGS=--cap-lints=warn" "-e" "RUSTDOCFLAGS=--cap-lints=warn" "-e" "CARGO_HOME=/opt/rustwide/cargo-home" "-e" "RUSTUP_HOME=/opt/rustwide/rustup-home" "-w" "/opt/rustwide/workdir" "-m" "1610612736" "--user" "0:0" "--network" "none" "ghcr.io/rust-lang/crates-build-env/linux@sha256:5ff2268d62e97bff2cde7d5815dd6ed5b47097566f13b8d0ca110b04b60e07ed" "/opt/rustwide/cargo-home/bin/cargo" "+beta-2023-04-20" "build" "--frozen" "--message-format=json", kill_on_drop: false }`
[INFO] [stdout] aad53eae872940c2bffa277058a9e368bfd84704e2af2d8163b1b9b15efc56f5
[INFO] running `Command { std: "docker" "start" "-a" "aad53eae872940c2bffa277058a9e368bfd84704e2af2d8163b1b9b15efc56f5", kill_on_drop: false }`
[INFO] [stderr]    Compiling proc-macro2 v1.0.24
[INFO] [stderr]    Compiling unicode-xid v0.2.1
[INFO] [stderr]    Compiling syn v1.0.60
[INFO] [stderr]    Compiling quote v1.0.9
[INFO] [stderr]    Compiling alchem-macros v0.1.1 (/opt/rustwide/workdir)
[INFO] [stderr]     Finished dev [unoptimized + debuginfo] target(s) in 7.32s
[INFO] running `Command { std: "docker" "inspect" "aad53eae872940c2bffa277058a9e368bfd84704e2af2d8163b1b9b15efc56f5", kill_on_drop: false }`
[INFO] running `Command { std: "docker" "rm" "-f" "aad53eae872940c2bffa277058a9e368bfd84704e2af2d8163b1b9b15efc56f5", kill_on_drop: false }`
[INFO] [stdout] aad53eae872940c2bffa277058a9e368bfd84704e2af2d8163b1b9b15efc56f5
[INFO] running `Command { std: "docker" "create" "-v" "/var/lib/crater-agent-workspace/builds/worker-7-tc2/target:/opt/rustwide/target:rw,Z" "-v" "/var/lib/crater-agent-workspace/builds/worker-7-tc2/source:/opt/rustwide/workdir:ro,Z" "-v" "/var/lib/crater-agent-workspace/cargo-home:/opt/rustwide/cargo-home:ro,Z" "-v" "/var/lib/crater-agent-workspace/rustup-home:/opt/rustwide/rustup-home:ro,Z" "-e" "SOURCE_DIR=/opt/rustwide/workdir" "-e" "CARGO_TARGET_DIR=/opt/rustwide/target" "-e" "CARGO_INCREMENTAL=0" "-e" "RUST_BACKTRACE=full" "-e" "RUSTFLAGS=--cap-lints=warn" "-e" "RUSTDOCFLAGS=--cap-lints=warn" "-e" "CARGO_HOME=/opt/rustwide/cargo-home" "-e" "RUSTUP_HOME=/opt/rustwide/rustup-home" "-w" "/opt/rustwide/workdir" "-m" "1610612736" "--user" "0:0" "--network" "none" "ghcr.io/rust-lang/crates-build-env/linux@sha256:5ff2268d62e97bff2cde7d5815dd6ed5b47097566f13b8d0ca110b04b60e07ed" "/opt/rustwide/cargo-home/bin/cargo" "+beta-2023-04-20" "test" "--frozen" "--no-run" "--message-format=json", kill_on_drop: false }`
[INFO] [stdout] 300ba580905873b3b60ce576e895308bde5c4a1ff40cf79d68e6671562085d5b
[INFO] running `Command { std: "docker" "start" "-a" "300ba580905873b3b60ce576e895308bde5c4a1ff40cf79d68e6671562085d5b", kill_on_drop: false }`
[INFO] [stderr]    Compiling libc v0.2.86
[INFO] [stderr]    Compiling unicode-xid v0.2.1
[INFO] [stderr]    Compiling memchr v2.3.4
[INFO] [stderr]    Compiling once_cell v1.5.2
[INFO] [stderr]    Compiling proc-macro-hack v0.5.19
[INFO] [stderr]    Compiling proc-macro2 v1.0.24
[INFO] [stderr]    Compiling syn v1.0.60
[INFO] [stderr]    Compiling proc-macro-nested v0.1.7
[INFO] [stderr]    Compiling bitflags v1.2.1
[INFO] [stderr]    Compiling miniz_oxide v0.4.3
[INFO] [stderr]    Compiling futures-sink v0.3.12
[INFO] [stderr]    Compiling pin-project-lite v0.2.4
[INFO] [stderr]    Compiling futures-core v0.3.12
[INFO] [stderr]    Compiling futures-channel v0.3.12
[INFO] [stderr]    Compiling quote v1.0.9
[INFO] [stderr]    Compiling futures-task v0.3.12
[INFO] [stderr]    Compiling gimli v0.23.0
[INFO] [stderr]    Compiling slab v0.4.2
[INFO] [stderr]    Compiling adler v0.2.3
[INFO] [stderr]    Compiling futures-io v0.3.12
[INFO] [stderr]    Compiling serde v1.0.123
[INFO] [stderr]    Compiling ryu v1.0.5
[INFO] [stderr]    Compiling pin-utils v0.1.0
[INFO] [stderr]    Compiling version_check v0.9.2
[INFO] [stderr]    Compiling log v0.4.14
[INFO] [stderr]    Compiling term_size v0.3.2
[INFO] [stderr]    Compiling atty v0.2.14
[INFO] [stderr]    Compiling error-chain v0.12.4
[INFO] [stderr]    Compiling aho-corasick v0.7.15
[INFO] [stderr]    Compiling thread_local v1.1.3
[INFO] [stderr]    Compiling tokio v1.2.0
[INFO] [stderr]    Compiling rustc-demangle v0.1.18
[INFO] [stderr]    Compiling regex-syntax v0.6.22
[INFO] [stderr]    Compiling unicode-width v0.1.8
[INFO] [stderr]    Compiling quick-error v1.2.3
[INFO] [stderr]    Compiling object v0.23.0
[INFO] [stderr]    Compiling serde_json v1.0.62
[INFO] [stderr]    Compiling humantime v1.3.0
[INFO] [stderr]    Compiling nix v0.18.0
[INFO] [stderr]    Compiling textwrap v0.11.0
[INFO] [stderr]    Compiling addr2line v0.14.1
[INFO] [stderr]    Compiling num_cpus v1.13.0
[INFO] [stderr]    Compiling alchem v0.1.0 (https://github.com/chaaz/alchem?branch=main#f52fdb3d)
[INFO] [stderr]    Compiling strsim v0.8.0
[INFO] [stderr]    Compiling backtrace v0.3.56
[INFO] [stderr]    Compiling regex v1.4.3
[INFO] [stderr]    Compiling termcolor v1.1.2
[INFO] [stderr]    Compiling itoa v0.4.7
[INFO] [stderr]    Compiling ansi_term v0.11.0
[INFO] [stderr]    Compiling clap v2.33.3
[INFO] [stderr]    Compiling ctrlc v3.1.7
[INFO] [stderr]    Compiling env_logger v0.7.1
[INFO] [stderr]    Compiling futures-macro v0.3.12
[INFO] [stderr]    Compiling tokio-macros v1.1.0
[INFO] [stderr]    Compiling alchem-macros v0.1.0 (https://github.com/chaaz/alchem-macros?branch=main#9e5a8d65)
[INFO] [stderr]    Compiling alchem-macros v0.1.1 (/opt/rustwide/workdir)
[INFO] [stderr]    Compiling futures-util v0.3.12
[INFO] [stderr]    Compiling futures-executor v0.3.12
[INFO] [stderr]    Compiling futures v0.3.12
[INFO] [stdout] error: custom attribute panicked
[INFO] [stdout]   --> tests/smoke.rs:16:1
[INFO] [stdout]    |
[INFO] [stdout] 16 | #[native_tfn]
[INFO] [stdout]    | ^^^^^^^^^^^^^
[INFO] [stdout]    |
[INFO] [stdout]    = help: message: called `Option::unwrap()` on a `None` value
[INFO] [stdout] 
[INFO] [stdout] 
[INFO] [stdout] error: custom attribute panicked
[INFO] [stdout]   --> tests/smoke.rs:21:1
[INFO] [stdout]    |
[INFO] [stdout] 21 | #[native_fn]
[INFO] [stdout]    | ^^^^^^^^^^^^
[INFO] [stdout]    |
[INFO] [stdout]    = help: message: called `Option::unwrap()` on a `None` value
[INFO] [stdout] 
[INFO] [stdout] 
[INFO] [stdout] error: custom attribute panicked
[INFO] [stdout]   --> tests/smoke.rs:26:1
[INFO] [stdout]    |
[INFO] [stdout] 26 | #[native_tfn]
[INFO] [stdout]    | ^^^^^^^^^^^^^
[INFO] [stdout]    |
[INFO] [stdout]    = help: message: called `Option::unwrap()` on a `None` value
[INFO] [stdout] 
[INFO] [stdout] 
[INFO] [stdout] error: custom attribute panicked
[INFO] [stdout]   --> tests/smoke.rs:32:1
[INFO] [stdout]    |
[INFO] [stdout] 32 | #[native_fn]
[INFO] [stdout]    | ^^^^^^^^^^^^
[INFO] [stdout]    |
[INFO] [stdout]    = help: message: called `Option::unwrap()` on a `None` value
[INFO] [stdout] 
[INFO] [stdout] 
[INFO] [stdout] warning: unused import: `CustomType`
[INFO] [stdout]  --> tests/smoke.rs:4:21
[INFO] [stdout]   |
[INFO] [stdout] 4 | use alchem::value::{CustomType, Globals, MorphStatus, NativeInfo, NoCustom, Type, Value};
[INFO] [stdout]   |                     ^^^^^^^^^^
[INFO] [stdout]   |
[INFO] [stdout]   = note: `#[warn(unused_imports)]` on by default
[INFO] [stdout] 
[INFO] [stdout] 
[INFO] [stdout] error[E0425]: cannot find function `ntvt_number` in this scope
[INFO] [stdout]   --> tests/smoke.rs:41:11
[INFO] [stdout]    |
[INFO] [stdout] 41 |   assert!(ntvt_number(Vec::new(), &None).await.is_known());
[INFO] [stdout]    |           ^^^^^^^^^^^ not found in this scope
[INFO] [stdout] 
[INFO] [stdout] 
[INFO] [stdout] error[E0425]: cannot find function `ntv_recall` in this scope
[INFO] [stdout]   --> tests/smoke.rs:46:14
[INFO] [stdout]    |
[INFO] [stdout] 46 |   assert_eq!(ntv_recall(Vec::new(), None, &mut None).await.as_str(), "hello");
[INFO] [stdout]    |              ^^^^^^^^^^ not found in this scope
[INFO] [stdout] 
[INFO] [stdout] 
[INFO] [stdout] error[E0425]: cannot find function `ntvt_eval` in this scope
[INFO] [stdout]   --> tests/smoke.rs:51:11
[INFO] [stdout]    |
[INFO] [stdout] 51 |   assert!(ntvt_eval(Vec::new(), &Gl::new()).await.is_known());
[INFO] [stdout]    |           ^^^^^^^^^ not found in this scope
[INFO] [stdout] 
[INFO] [stdout] 
[INFO] [stdout] error[E0425]: cannot find function `ntv_eval` in this scope
[INFO] [stdout]   --> tests/smoke.rs:56:14
[INFO] [stdout]    |
[INFO] [stdout] 56 |   assert_eq!(ntv_eval(vec![Val::Int(1)], None, &mut None).await.as_str(), "fake");
[INFO] [stdout]    |              ^^^^^^^^ not found in this scope
[INFO] [stdout] 
[INFO] [stdout] 
[INFO] [stdout] error: aborting due to 8 previous errors; 1 warning emitted
[INFO] [stdout] 
[INFO] [stdout] 
[INFO] [stdout] For more information about this error, try `rustc --explain E0425`.
[INFO] [stdout] 
[INFO] [stderr] error: could not compile `alchem-macros` (test "smoke") due to 9 previous errors; 1 warning emitted
[INFO] [stderr] warning: build failed, waiting for other jobs to finish...
[INFO] running `Command { std: "docker" "inspect" "300ba580905873b3b60ce576e895308bde5c4a1ff40cf79d68e6671562085d5b", kill_on_drop: false }`
[INFO] running `Command { std: "docker" "rm" "-f" "300ba580905873b3b60ce576e895308bde5c4a1ff40cf79d68e6671562085d5b", kill_on_drop: false }`
[INFO] [stdout] 300ba580905873b3b60ce576e895308bde5c4a1ff40cf79d68e6671562085d5b
