[INFO] cloning repository https://github.com/caswang0117/2D-Game-Engine
[INFO] running `Command { std: "git" "-c" "credential.helper=" "-c" "credential.helper=/workspace/cargo-home/bin/git-credential-null" "clone" "--bare" "https://github.com/caswang0117/2D-Game-Engine" "/workspace/cache/git-repos/https%3A%2F%2Fgithub.com%2Fcaswang0117%2F2D-Game-Engine", kill_on_drop: false }`
[INFO] [stderr] Cloning into bare repository '/workspace/cache/git-repos/https%3A%2F%2Fgithub.com%2Fcaswang0117%2F2D-Game-Engine'...
[INFO] [stderr] fatal: write error: No space left on device
[INFO] [stderr] fatal: index-pack failed
[WARN] Retrying crate fetch in 3 seconds (attempt 1)
[INFO] cloning repository https://github.com/caswang0117/2D-Game-Engine
[INFO] running `Command { std: "git" "-c" "credential.helper=" "-c" "credential.helper=/workspace/cargo-home/bin/git-credential-null" "clone" "--bare" "https://github.com/caswang0117/2D-Game-Engine" "/workspace/cache/git-repos/https%3A%2F%2Fgithub.com%2Fcaswang0117%2F2D-Game-Engine", kill_on_drop: false }`
[INFO] [stderr] Cloning into bare repository '/workspace/cache/git-repos/https%3A%2F%2Fgithub.com%2Fcaswang0117%2F2D-Game-Engine'...
[INFO] [stderr] fatal: write error: No space left on device
[INFO] [stderr] fatal: index-pack failed
[WARN] Retrying crate fetch in 3 seconds (attempt 2)
[INFO] cloning repository https://github.com/caswang0117/2D-Game-Engine
[INFO] running `Command { std: "git" "-c" "credential.helper=" "-c" "credential.helper=/workspace/cargo-home/bin/git-credential-null" "clone" "--bare" "https://github.com/caswang0117/2D-Game-Engine" "/workspace/cache/git-repos/https%3A%2F%2Fgithub.com%2Fcaswang0117%2F2D-Game-Engine", kill_on_drop: false }`
[INFO] [stderr] Cloning into bare repository '/workspace/cache/git-repos/https%3A%2F%2Fgithub.com%2Fcaswang0117%2F2D-Game-Engine'...
[INFO] [stderr] /workspace/cache/git-repos/https%3A%2F%2Fgithub.com%2Fcaswang0117%2F2D-Game-Engine: No space left on device
[WARN] Retrying crate fetch in 3 seconds (attempt 3)
[INFO] cloning repository https://github.com/caswang0117/2D-Game-Engine
[INFO] running `Command { std: "git" "-c" "credential.helper=" "-c" "credential.helper=/workspace/cargo-home/bin/git-credential-null" "clone" "--bare" "https://github.com/caswang0117/2D-Game-Engine" "/workspace/cache/git-repos/https%3A%2F%2Fgithub.com%2Fcaswang0117%2F2D-Game-Engine", kill_on_drop: false }`
[INFO] [stderr] Cloning into bare repository '/workspace/cache/git-repos/https%3A%2F%2Fgithub.com%2Fcaswang0117%2F2D-Game-Engine'...
[INFO] running `Command { std: "git" "rev-parse" "HEAD", kill_on_drop: false }`
[INFO] [stdout] 9c5c145d964aae2a08405b95f97410d20ae3b797
[INFO] testing caswang0117/2D-Game-Engine against 1.69.0 for beta-1.70-1
[INFO] running `Command { std: "git" "clone" "/workspace/cache/git-repos/https%3A%2F%2Fgithub.com%2Fcaswang0117%2F2D-Game-Engine" "/workspace/builds/worker-2-tc1/source", kill_on_drop: false }`
[INFO] [stderr] Cloning into '/workspace/builds/worker-2-tc1/source'...
[INFO] [stderr] done.
[INFO] validating manifest of git repo https://github.com/caswang0117/2D-Game-Engine on toolchain 1.69.0
[INFO] running `Command { std: CARGO_HOME="/workspace/cargo-home" RUSTUP_HOME="/workspace/rustup-home" "/workspace/cargo-home/bin/cargo" "+1.69.0" "metadata" "--manifest-path" "Cargo.toml" "--no-deps", kill_on_drop: false }`
[INFO] started tweaking git repo https://github.com/caswang0117/2D-Game-Engine
[INFO] finished tweaking git repo https://github.com/caswang0117/2D-Game-Engine
[INFO] tweaked toml for git repo https://github.com/caswang0117/2D-Game-Engine written to /workspace/builds/worker-2-tc1/source/Cargo.toml
[INFO] crate git repo https://github.com/caswang0117/2D-Game-Engine already has a lockfile, it will not be regenerated
[INFO] running `Command { std: CARGO_HOME="/workspace/cargo-home" RUSTUP_HOME="/workspace/rustup-home" "/workspace/cargo-home/bin/cargo" "+1.69.0" "fetch" "--manifest-path" "Cargo.toml", kill_on_drop: false }`
[INFO] [stderr]  Downloading crates ...
[INFO] [stderr]   Downloaded basedrop v0.1.1
[INFO] [stderr]   Downloaded ringbuf v0.2.3
[INFO] [stderr]   Downloaded pollster v0.2.2
[INFO] [stderr]   Downloaded cpal v0.13.2
[INFO] [stderr]   Downloaded clang-sys v1.1.1
[INFO] [stderr]   Downloaded kira v0.5.1
[INFO] [stderr]   Downloaded pixels v0.2.0
[INFO] [stderr]   Downloaded winit_input_helper v0.6.0
[INFO] running `Command { std: "docker" "create" "-v" "/var/lib/crater-agent-workspace/builds/worker-2-tc1/target:/opt/rustwide/target:rw,Z" "-v" "/var/lib/crater-agent-workspace/builds/worker-2-tc1/source:/opt/rustwide/workdir:ro,Z" "-v" "/var/lib/crater-agent-workspace/cargo-home:/opt/rustwide/cargo-home:ro,Z" "-v" "/var/lib/crater-agent-workspace/rustup-home:/opt/rustwide/rustup-home:ro,Z" "-e" "SOURCE_DIR=/opt/rustwide/workdir" "-e" "CARGO_TARGET_DIR=/opt/rustwide/target" "-e" "CARGO_HOME=/opt/rustwide/cargo-home" "-e" "RUSTUP_HOME=/opt/rustwide/rustup-home" "-w" "/opt/rustwide/workdir" "-m" "1610612736" "--user" "0:0" "--network" "none" "ghcr.io/rust-lang/crates-build-env/linux@sha256:5ff2268d62e97bff2cde7d5815dd6ed5b47097566f13b8d0ca110b04b60e07ed" "/opt/rustwide/cargo-home/bin/cargo" "+1.69.0" "metadata" "--no-deps" "--format-version=1", kill_on_drop: false }`
[INFO] [stdout] bfe153b4fec14123290be9a237deefc07463cd14a73a388b493b32c3e04d7bf5
[INFO] running `Command { std: "docker" "start" "-a" "bfe153b4fec14123290be9a237deefc07463cd14a73a388b493b32c3e04d7bf5", kill_on_drop: false }`
[INFO] running `Command { std: "docker" "inspect" "bfe153b4fec14123290be9a237deefc07463cd14a73a388b493b32c3e04d7bf5", kill_on_drop: false }`
[INFO] running `Command { std: "docker" "rm" "-f" "bfe153b4fec14123290be9a237deefc07463cd14a73a388b493b32c3e04d7bf5", kill_on_drop: false }`
[INFO] [stdout] bfe153b4fec14123290be9a237deefc07463cd14a73a388b493b32c3e04d7bf5
[INFO] running `Command { std: "docker" "create" "-v" "/var/lib/crater-agent-workspace/builds/worker-2-tc1/target:/opt/rustwide/target:rw,Z" "-v" "/var/lib/crater-agent-workspace/builds/worker-2-tc1/source:/opt/rustwide/workdir:ro,Z" "-v" "/var/lib/crater-agent-workspace/cargo-home:/opt/rustwide/cargo-home:ro,Z" "-v" "/var/lib/crater-agent-workspace/rustup-home:/opt/rustwide/rustup-home:ro,Z" "-e" "SOURCE_DIR=/opt/rustwide/workdir" "-e" "CARGO_TARGET_DIR=/opt/rustwide/target" "-e" "CARGO_INCREMENTAL=0" "-e" "RUST_BACKTRACE=full" "-e" "RUSTFLAGS=--cap-lints=warn" "-e" "RUSTDOCFLAGS=--cap-lints=warn" "-e" "CARGO_HOME=/opt/rustwide/cargo-home" "-e" "RUSTUP_HOME=/opt/rustwide/rustup-home" "-w" "/opt/rustwide/workdir" "-m" "1610612736" "--user" "0:0" "--network" "none" "ghcr.io/rust-lang/crates-build-env/linux@sha256:5ff2268d62e97bff2cde7d5815dd6ed5b47097566f13b8d0ca110b04b60e07ed" "/opt/rustwide/cargo-home/bin/cargo" "+1.69.0" "build" "--frozen" "--message-format=json", kill_on_drop: false }`
[INFO] [stdout] ef1cb7e059f8fcd65c16563cd76044664974c47e0b151e244b7b555401fd89f2
[INFO] running `Command { std: "docker" "start" "-a" "ef1cb7e059f8fcd65c16563cd76044664974c47e0b151e244b7b555401fd89f2", kill_on_drop: false }`
[INFO] [stderr]    Compiling autocfg v1.0.1
[INFO] [stderr]    Compiling libc v0.2.90
[INFO] [stderr]    Compiling cfg-if v1.0.0
[INFO] [stderr]    Compiling bitflags v1.2.1
[INFO] [stderr]    Compiling lazy_static v1.4.0
[INFO] [stderr]    Compiling byteorder v1.4.3
[INFO] [stderr]    Compiling proc-macro2 v1.0.24
[INFO] [stderr]    Compiling unicode-xid v0.2.1
[INFO] [stderr]    Compiling syn v1.0.64
[INFO] [stderr]    Compiling log v0.4.14
[INFO] [stderr]    Compiling scopeguard v1.1.0
[INFO] [stderr]    Compiling pkg-config v0.3.19
[INFO] [stderr]    Compiling slab v0.4.2
[INFO] [stderr]    Compiling proc-macro2 v0.4.30
[INFO] [stderr]    Compiling cfg-if v0.1.10
[INFO] [stderr]    Compiling smallvec v1.6.1
[INFO] [stderr]    Compiling libloading v0.6.7
[INFO] [stderr]    Compiling unicode-xid v0.1.0
[INFO] [stderr]    Compiling xml-rs v0.8.3
[INFO] [stderr]    Compiling instant v0.1.9
[INFO] [stderr]    Compiling nix v0.14.1
[INFO] [stderr]    Compiling proc-macro-hack v0.5.19
[INFO] [stderr]    Compiling void v1.0.2
[INFO] [stderr]    Compiling lazycell v1.3.0
[INFO] [stderr]    Compiling dlib v0.4.2
[INFO] [stderr]    Compiling rayon-core v1.9.0
[INFO] [stderr]    Compiling proc-macro-nested v0.1.7
[INFO] [stderr]    Compiling getrandom v0.2.2
[INFO] [stderr]    Compiling pin-project-lite v0.2.6
[INFO] [stderr]    Compiling memchr v2.3.4
[INFO] [stderr]    Compiling wayland-sys v0.23.6
[INFO] [stderr]    Compiling num-traits v0.2.14
[INFO] [stderr]    Compiling crossbeam-utils v0.8.3
[INFO] [stderr]    Compiling memoffset v0.6.1
[INFO] [stderr]    Compiling num-integer v0.1.44
[INFO] [stderr]    Compiling stb_truetype v0.3.1
[INFO] [stderr]    Compiling fxhash v0.2.1
[INFO] [stderr]    Compiling x11 v2.18.2
[INFO] [stderr]    Compiling lock_api v0.4.2
[INFO] [stderr]    Compiling futures-core v0.3.13
[INFO] [stderr]    Compiling futures-sink v0.3.13
[INFO] [stderr]    Compiling alsa-sys v0.3.1
[INFO] [stderr]    Compiling rayon v1.5.0
[INFO] [stderr]    Compiling quote v1.0.9
[INFO] [stderr]    Compiling futures-channel v0.3.13
[INFO] [stderr]    Compiling num-bigint v0.3.2
[INFO] [stderr]    Compiling quote v0.6.13
[INFO] [stderr]    Compiling futures-task v0.3.13
[INFO] [stderr]    Compiling downcast-rs v1.2.0
[INFO] [stderr]    Compiling wayland-scanner v0.23.6
[INFO] [stderr]    Compiling same-file v1.0.6
[INFO] [stderr]    Compiling futures-io v0.3.13
[INFO] [stderr]    Compiling bit-vec v0.6.3
[INFO] [stderr]    Compiling pin-utils v0.1.0
[INFO] [stderr]    Compiling maybe-uninit v2.0.0
[INFO] [stderr]    Compiling arrayvec v0.5.2
[INFO] [stderr]    Compiling x11-dl v2.18.5
[INFO] [stderr]    Compiling walkdir v2.3.2
[INFO] [stderr]    Compiling miniz_oxide v0.4.4
[INFO] [stderr]    Compiling bit-set v0.5.2
[INFO] [stderr]    Compiling num-iter v0.1.42
[INFO] [stderr]    Compiling num-rational v0.3.2
[INFO] [stderr]    Compiling ash v0.31.0
[INFO] [stderr]    Compiling crossbeam-epoch v0.9.3
[INFO] [stderr]    Compiling crossbeam-channel v0.5.0
[INFO] [stderr]    Compiling tracing-core v0.1.17
[INFO] [stderr]    Compiling xdg v2.2.0
[INFO] [stderr]    Compiling bytemuck v1.5.1
[INFO] [stderr]    Compiling serde_derive v1.0.125
[INFO] [stderr]    Compiling raw-window-handle v0.3.3
[INFO] [stderr]    Compiling iovec v0.1.4
[INFO] [stderr]    Compiling net2 v0.2.37
[INFO] [stderr]    Compiling approx v0.3.2
[INFO] [stderr]    Compiling gfx-hal v0.6.0
[INFO] [stderr] LLVM ERROR: IO failure on output stream: No space left on device
[INFO] [stderr] LLVM ERROR: IO failure on output stream: No space left on device
[INFO] [stderr] LLVM ERROR: IO failure on output stream: No space left on device
[INFO] [stderr] thread 'rustc' panicked at 'assertion failed: pos.get() <= self.position()', compiler/rustc_metadata/src/rmeta/encoder.rs:435:9
[INFO] [stderr] LLVM ERROR: IO failure on output stream: No space left on device
[INFO] [stderr] LLVM ERROR: IO failure on output stream: No space left on device
[INFO] [stderr] error: could not compile `crossbeam-utils`
[INFO] [stderr] warning: build failed, waiting for other jobs to finish...
[INFO] [stderr] error: could not compile `xdg`
[INFO] [stderr] error: could not compile `crossbeam-epoch`
[INFO] [stderr] error: could not compile `iovec`
[INFO] [stderr] LLVM ERROR: IO failure on output stream: No space left on device
[INFO] [stderr] The following warnings were emitted during compilation:
[INFO] [stderr] 
[INFO] [stderr] warning: "libc's use_std cargo feature is deprecated since libc 0.2.55; please consider using the `std` cargo feature instead"
[INFO] [stderr] 
[INFO] [stderr] error: could not compile `libc`
[INFO] [stderr] error: could not compile `walkdir`
[INFO] [stdout] error: couldn't create a temp dir: No space left on device (os error 28) at path "/opt/rustwide/target/debug/deps/rmetaU3qXHJ"
[INFO] [stdout] 
[INFO] [stdout] 
[INFO] [stdout] error: couldn't create a temp dir: No space left on device (os error 28) at path "/opt/rustwide/target/debug/deps/rmeta5WsC60"
[INFO] [stdout] 
[INFO] [stdout] 
[INFO] [stderr] error: could not compile `crossbeam-channel` due to previous error
[INFO] [stderr] error: could not compile `wayland-scanner` due to previous error
[INFO] [stderr] error: could not compile `tracing-core`
[INFO] [stdout] error: linking with `cc` failed: exit status: 1
[INFO] [stdout]   |
[INFO] [stdout]   = note: LC_ALL="C" PATH="/opt/rustwide/rustup-home/toolchains/1.69.0-x86_64-unknown-linux-gnu/lib/rustlib/x86_64-unknown-linux-gnu/bin:/opt/rustwide/cargo-home/bin:/usr/local/sbin:/usr/local/bin:/usr/sbin:/usr/bin:/sbin:/bin" VSLANG="1033" "cc" "-m64" "/tmp/rustcHwWMfM/symbols.o" "/opt/rustwide/target/debug/build/serde_derive-f6df3ef33650a14b/build_script_build-f6df3ef33650a14b.build_script_build.f43c9b68-cgu.0.rcgu.o" "/opt/rustwide/target/debug/build/serde_derive-f6df3ef33650a14b/build_script_build-f6df3ef33650a14b.build_script_build.f43c9b68-cgu.1.rcgu.o" "/opt/rustwide/target/debug/build/serde_derive-f6df3ef33650a14b/build_script_build-f6df3ef33650a14b.build_script_build.f43c9b68-cgu.10.rcgu.o" "/opt/rustwide/target/debug/build/serde_derive-f6df3ef33650a14b/build_script_build-f6df3ef33650a14b.build_script_build.f43c9b68-cgu.11.rcgu.o" "/opt/rustwide/target/debug/build/serde_derive-f6df3ef33650a14b/build_script_build-f6df3ef33650a14b.build_script_build.f43c9b68-cgu.12.rcgu.o" "/opt/rustwide/target/debug/build/serde_derive-f6df3ef33650a14b/build_script_build-f6df3ef33650a14b.build_script_build.f43c9b68-cgu.13.rcgu.o" "/opt/rustwide/target/debug/build/serde_derive-f6df3ef33650a14b/build_script_build-f6df3ef33650a14b.build_script_build.f43c9b68-cgu.14.rcgu.o" "/opt/rustwide/target/debug/build/serde_derive-f6df3ef33650a14b/build_script_build-f6df3ef33650a14b.build_script_build.f43c9b68-cgu.15.rcgu.o" "/opt/rustwide/target/debug/build/serde_derive-f6df3ef33650a14b/build_script_build-f6df3ef33650a14b.build_script_build.f43c9b68-cgu.2.rcgu.o" "/opt/rustwide/target/debug/build/serde_derive-f6df3ef33650a14b/build_script_build-f6df3ef33650a14b.build_script_build.f43c9b68-cgu.3.rcgu.o" "/opt/rustwide/target/debug/build/serde_derive-f6df3ef33650a14b/build_script_build-f6df3ef33650a14b.build_script_build.f43c9b68-cgu.4.rcgu.o" "/opt/rustwide/target/debug/build/serde_derive-f6df3ef33650a14b/build_script_build-f6df3ef33650a14b.build_script_build.f43c9b68-cgu.5.rcgu.o" "/opt/rustwide/target/debug/build/serde_derive-f6df3ef33650a14b/build_script_build-f6df3ef33650a14b.build_script_build.f43c9b68-cgu.6.rcgu.o" "/opt/rustwide/target/debug/build/serde_derive-f6df3ef33650a14b/build_script_build-f6df3ef33650a14b.build_script_build.f43c9b68-cgu.7.rcgu.o" "/opt/rustwide/target/debug/build/serde_derive-f6df3ef33650a14b/build_script_build-f6df3ef33650a14b.build_script_build.f43c9b68-cgu.8.rcgu.o" "/opt/rustwide/target/debug/build/serde_derive-f6df3ef33650a14b/build_script_build-f6df3ef33650a14b.build_script_build.f43c9b68-cgu.9.rcgu.o" "/opt/rustwide/target/debug/build/serde_derive-f6df3ef33650a14b/build_script_build-f6df3ef33650a14b.119t8ot1ztpuhtlx.rcgu.o" "-Wl,--as-needed" "-L" "/opt/rustwide/target/debug/deps" "-L" "/opt/rustwide/rustup-home/toolchains/1.69.0-x86_64-unknown-linux-gnu/lib/rustlib/x86_64-unknown-linux-gnu/lib" "-Wl,-Bstatic" "/opt/rustwide/rustup-home/toolchains/1.69.0-x86_64-unknown-linux-gnu/lib/rustlib/x86_64-unknown-linux-gnu/lib/libstd-89bc084783fdc439.rlib" "/opt/rustwide/rustup-home/toolchains/1.69.0-x86_64-unknown-linux-gnu/lib/rustlib/x86_64-unknown-linux-gnu/lib/libpanic_unwind-8bee4b287d4367c1.rlib" "/opt/rustwide/rustup-home/toolchains/1.69.0-x86_64-unknown-linux-gnu/lib/rustlib/x86_64-unknown-linux-gnu/lib/libobject-d61707aed80694c0.rlib" "/opt/rustwide/rustup-home/toolchains/1.69.0-x86_64-unknown-linux-gnu/lib/rustlib/x86_64-unknown-linux-gnu/lib/libmemchr-d85366256f22345b.rlib" "/opt/rustwide/rustup-home/toolchains/1.69.0-x86_64-unknown-linux-gnu/lib/rustlib/x86_64-unknown-linux-gnu/lib/libaddr2line-96069b86b8a8cae9.rlib" "/opt/rustwide/rustup-home/toolchains/1.69.0-x86_64-unknown-linux-gnu/lib/rustlib/x86_64-unknown-linux-gnu/lib/libgimli-d19d53abf68dfa6c.rlib" "/opt/rustwide/rustup-home/toolchains/1.69.0-x86_64-unknown-linux-gnu/lib/rustlib/x86_64-unknown-linux-gnu/lib/librustc_demangle-787cbccd19d64ac6.rlib" "/opt/rustwide/rustup-home/toolchains/1.69.0-x86_64-unknown-linux-gnu/lib/rustlib/x86_64-unknown-linux-gnu/lib/libstd_detect-b3837a36b830e0d0.rlib" "/opt/rustwide/rustup-home/toolchains/1.69.0-x86_64-unknown-linux-gnu/lib/rustlib/x86_64-unknown-linux-gnu/lib/libhashbrown-e3deb0e7e3f04966.rlib" "/opt/rustwide/rustup-home/toolchains/1.69.0-x86_64-unknown-linux-gnu/lib/rustlib/x86_64-unknown-linux-gnu/lib/libminiz_oxide-dabbb79c9815def4.rlib" "/opt/rustwide/rustup-home/toolchains/1.69.0-x86_64-unknown-linux-gnu/lib/rustlib/x86_64-unknown-linux-gnu/lib/libadler-305b01f34c9409f2.rlib" "/opt/rustwide/rustup-home/toolchains/1.69.0-x86_64-unknown-linux-gnu/lib/rustlib/x86_64-unknown-linux-gnu/lib/librustc_std_workspace_alloc-f833521df6074e73.rlib" "/opt/rustwide/rustup-home/toolchains/1.69.0-x86_64-unknown-linux-gnu/lib/rustlib/x86_64-unknown-linux-gnu/lib/libunwind-9ac333113350d171.rlib" "/opt/rustwide/rustup-home/toolchains/1.69.0-x86_64-unknown-linux-gnu/lib/rustlib/x86_64-unknown-linux-gnu/lib/libcfg_if-1c126114322d0eee.rlib" "/opt/rustwide/rustup-home/toolchains/1.69.0-x86_64-unknown-linux-gnu/lib/rustlib/x86_64-unknown-linux-gnu/lib/liblibc-bad9164fdeeecf92.rlib" "/opt/rustwide/rustup-home/toolchains/1.69.0-x86_64-unknown-linux-gnu/lib/rustlib/x86_64-unknown-linux-gnu/lib/liballoc-f9374b1e480fa681.rlib" "/opt/rustwide/rustup-home/toolchains/1.69.0-x86_64-unknown-linux-gnu/lib/rustlib/x86_64-unknown-linux-gnu/lib/librustc_std_workspace_core-207f06e41d9603af.rlib" "/opt/rustwide/rustup-home/toolchains/1.69.0-x86_64-unknown-linux-gnu/lib/rustlib/x86_64-unknown-linux-gnu/lib/libcore-7e2768e66e984e85.rlib" "/opt/rustwide/rustup-home/toolchains/1.69.0-x86_64-unknown-linux-gnu/lib/rustlib/x86_64-unknown-linux-gnu/lib/libcompiler_builtins-957b4aff41f8cd46.rlib" "-Wl,-Bdynamic" "-lgcc_s" "-lutil" "-lrt" "-lpthread" "-lm" "-ldl" "-lc" "-Wl,--eh-frame-hdr" "-Wl,-z,noexecstack" "-L" "/opt/rustwide/rustup-home/toolchains/1.69.0-x86_64-unknown-linux-gnu/lib/rustlib/x86_64-unknown-linux-gnu/lib" "-o" "/opt/rustwide/target/debug/build/serde_derive-f6df3ef33650a14b/build_script_build-f6df3ef33650a14b" "-Wl,--gc-sections" "-pie" "-Wl,-z,relro,-z,now" "-nodefaultlibs"
[INFO] [stdout]   = note: /usr/bin/ld: final link failed: No space left on device
[INFO] [stdout]           collect2: error: ld returned 1 exit status
[INFO] [stdout]           
[INFO] [stdout] 
[INFO] [stdout] 
[INFO] [stdout] error: aborting due to previous error
[INFO] [stdout] 
[INFO] [stdout] 
[INFO] [stderr] error: could not compile `serde_derive` due to 2 previous errors
[INFO] [stderr] thread 'rustc' panicked at 'assertion failed: pos.get() <= self.position()', compiler/rustc_metadata/src/rmeta/encoder.rs:435:9
[INFO] [stdout] error: failed to write /tmp/rustcojbXoN/lib.rmeta: No space left on device (os error 28)
[INFO] [stdout] 
[INFO] [stdout] 
[INFO] [stderr] error: could not compile `approx` due to previous error
[INFO] [stderr] error: could not compile `net2`
[INFO] [stdout] error: error writing dependencies to `/opt/rustwide/target/debug/deps/nix-4320dac6f328c8b3.d`: No space left on device (os error 28)
[INFO] [stdout] 
[INFO] [stdout] 
[INFO] [stderr] error: could not compile `nix` due to previous error
[INFO] [stdout] error: error writing dependencies to `/opt/rustwide/target/debug/deps/ash-6a86f137f0dcfd04.d`: No space left on device (os error 28)
[INFO] [stdout] 
[INFO] [stdout] 
[INFO] [stderr] error: could not compile `ash` due to previous error
[INFO] [stdout] error: couldn't create a temp dir: No space left on device (os error 28) at path "/opt/rustwide/target/debug/deps/rmetaS90sss"
[INFO] [stdout] 
[INFO] [stdout] 
[INFO] [stderr] error: could not compile `gfx-hal` due to previous error
[INFO] [stdout] error: couldn't create a temp dir: No space left on device (os error 28) at path "/opt/rustwide/target/debug/deps/rmetaO5f2TN"
[INFO] [stdout] 
[INFO] [stdout] 
[INFO] [stderr] error: could not compile `syn` due to previous error
[INFO] running `Command { std: "docker" "inspect" "ef1cb7e059f8fcd65c16563cd76044664974c47e0b151e244b7b555401fd89f2", kill_on_drop: false }`
[INFO] running `Command { std: "docker" "rm" "-f" "ef1cb7e059f8fcd65c16563cd76044664974c47e0b151e244b7b555401fd89f2", kill_on_drop: false }`
[INFO] [stdout] ef1cb7e059f8fcd65c16563cd76044664974c47e0b151e244b7b555401fd89f2
