[INFO] cloning repository https://github.com/cassiersg/straps
[INFO] running `Command { std: "git" "-c" "credential.helper=" "-c" "credential.helper=/workspace/cargo-home/bin/git-credential-null" "clone" "--bare" "https://github.com/cassiersg/straps" "/workspace/cache/git-repos/https%3A%2F%2Fgithub.com%2Fcassiersg%2Fstraps", kill_on_drop: false }`
[INFO] [stderr] Cloning into bare repository '/workspace/cache/git-repos/https%3A%2F%2Fgithub.com%2Fcassiersg%2Fstraps'...
[INFO] running `Command { std: "git" "rev-parse" "HEAD", kill_on_drop: false }`
[INFO] [stdout] a780e8f6074d6f43a465e6df76bff0211b6b78a9
[INFO] testing cassiersg/straps against 1.69.0 for beta-1.70-1
[INFO] running `Command { std: "git" "clone" "/workspace/cache/git-repos/https%3A%2F%2Fgithub.com%2Fcassiersg%2Fstraps" "/workspace/builds/worker-4-tc1/source", kill_on_drop: false }`
[INFO] [stderr] Cloning into '/workspace/builds/worker-4-tc1/source'...
[INFO] [stderr] done.
[INFO] validating manifest of git repo https://github.com/cassiersg/straps on toolchain 1.69.0
[INFO] running `Command { std: CARGO_HOME="/workspace/cargo-home" RUSTUP_HOME="/workspace/rustup-home" "/workspace/cargo-home/bin/cargo" "+1.69.0" "metadata" "--manifest-path" "Cargo.toml" "--no-deps", kill_on_drop: false }`
[INFO] started tweaking git repo https://github.com/cassiersg/straps
[INFO] finished tweaking git repo https://github.com/cassiersg/straps
[INFO] tweaked toml for git repo https://github.com/cassiersg/straps written to /workspace/builds/worker-4-tc1/source/Cargo.toml
[INFO] crate git repo https://github.com/cassiersg/straps already has a lockfile, it will not be regenerated
[INFO] running `Command { std: CARGO_HOME="/workspace/cargo-home" RUSTUP_HOME="/workspace/rustup-home" "/workspace/cargo-home/bin/cargo" "+1.69.0" "fetch" "--manifest-path" "Cargo.toml", kill_on_drop: false }`
[INFO] [stderr]  Downloading crates ...
[INFO] [stderr]   Downloaded hytra v0.1.2
[INFO] [stderr]   Downloaded ordered-float v2.1.1
[INFO] [stderr]   Downloaded numpy v0.13.0
[INFO] [stderr]   Downloaded pyo3-macros-backend v0.13.2
[INFO] [stderr]   Downloaded pyo3-macros v0.13.2
[INFO] [stderr]   Downloaded pyo3 v0.13.2
[INFO] [stderr]   Downloaded firestorm v0.4.5
[INFO] running `Command { std: "docker" "create" "-v" "/var/lib/crater-agent-workspace/builds/worker-4-tc1/target:/opt/rustwide/target:rw,Z" "-v" "/var/lib/crater-agent-workspace/builds/worker-4-tc1/source:/opt/rustwide/workdir:ro,Z" "-v" "/var/lib/crater-agent-workspace/cargo-home:/opt/rustwide/cargo-home:ro,Z" "-v" "/var/lib/crater-agent-workspace/rustup-home:/opt/rustwide/rustup-home:ro,Z" "-e" "SOURCE_DIR=/opt/rustwide/workdir" "-e" "CARGO_TARGET_DIR=/opt/rustwide/target" "-e" "CARGO_HOME=/opt/rustwide/cargo-home" "-e" "RUSTUP_HOME=/opt/rustwide/rustup-home" "-w" "/opt/rustwide/workdir" "-m" "1610612736" "--user" "0:0" "--network" "none" "ghcr.io/rust-lang/crates-build-env/linux@sha256:5ff2268d62e97bff2cde7d5815dd6ed5b47097566f13b8d0ca110b04b60e07ed" "/opt/rustwide/cargo-home/bin/cargo" "+1.69.0" "metadata" "--no-deps" "--format-version=1", kill_on_drop: false }`
[INFO] [stdout] 0d03aca423d788b6c19976511a9fc63582aad904da9d76de9a2f17fd3b46d24e
[INFO] running `Command { std: "docker" "start" "-a" "0d03aca423d788b6c19976511a9fc63582aad904da9d76de9a2f17fd3b46d24e", kill_on_drop: false }`
[INFO] running `Command { std: "docker" "inspect" "0d03aca423d788b6c19976511a9fc63582aad904da9d76de9a2f17fd3b46d24e", kill_on_drop: false }`
[INFO] running `Command { std: "docker" "rm" "-f" "0d03aca423d788b6c19976511a9fc63582aad904da9d76de9a2f17fd3b46d24e", kill_on_drop: false }`
[INFO] [stdout] 0d03aca423d788b6c19976511a9fc63582aad904da9d76de9a2f17fd3b46d24e
[INFO] running `Command { std: "docker" "create" "-v" "/var/lib/crater-agent-workspace/builds/worker-4-tc1/target:/opt/rustwide/target:rw,Z" "-v" "/var/lib/crater-agent-workspace/builds/worker-4-tc1/source:/opt/rustwide/workdir:ro,Z" "-v" "/var/lib/crater-agent-workspace/cargo-home:/opt/rustwide/cargo-home:ro,Z" "-v" "/var/lib/crater-agent-workspace/rustup-home:/opt/rustwide/rustup-home:ro,Z" "-e" "SOURCE_DIR=/opt/rustwide/workdir" "-e" "CARGO_TARGET_DIR=/opt/rustwide/target" "-e" "CARGO_INCREMENTAL=0" "-e" "RUST_BACKTRACE=full" "-e" "RUSTFLAGS=--cap-lints=warn" "-e" "RUSTDOCFLAGS=--cap-lints=warn" "-e" "CARGO_HOME=/opt/rustwide/cargo-home" "-e" "RUSTUP_HOME=/opt/rustwide/rustup-home" "-w" "/opt/rustwide/workdir" "-m" "1610612736" "--user" "0:0" "--network" "none" "ghcr.io/rust-lang/crates-build-env/linux@sha256:5ff2268d62e97bff2cde7d5815dd6ed5b47097566f13b8d0ca110b04b60e07ed" "/opt/rustwide/cargo-home/bin/cargo" "+1.69.0" "build" "--frozen" "--message-format=json", kill_on_drop: false }`
[INFO] [stdout] 2d313613a806b5cc03b579ea142eb030e4231126e8f8afe0d46417be21cde011
[INFO] running `Command { std: "docker" "start" "-a" "2d313613a806b5cc03b579ea142eb030e4231126e8f8afe0d46417be21cde011", kill_on_drop: false }`
[INFO] [stderr]    Compiling autocfg v1.0.1
[INFO] [stderr]    Compiling libc v0.2.86
[INFO] [stderr]    Compiling cfg-if v1.0.0
[INFO] [stderr]    Compiling proc-macro2 v1.0.24
[INFO] [stderr]    Compiling unicode-xid v0.2.1
[INFO] [stderr]    Compiling syn v1.0.60
[INFO] [stderr]    Compiling lazy_static v1.4.0
[INFO] [stderr]    Compiling scopeguard v1.1.0
[INFO] [stderr]    Compiling const_fn v0.4.5
[INFO] [stderr]    Compiling proc-macro-hack v0.5.19
[INFO] [stderr]    Compiling rayon-core v1.9.0
[INFO] [stderr]    Compiling memchr v2.3.4
[INFO] [stderr]    Compiling crossbeam-utils v0.8.3
[INFO] [stderr]    Compiling memoffset v0.6.1
[INFO] [stderr]    Compiling num-traits v0.2.14
[INFO] [stderr]    Compiling getrandom v0.1.16
[INFO] [stderr]    Compiling once_cell v1.5.2
[INFO] [stderr]    Compiling quote v1.0.9
[INFO] [stderr]    Compiling num_cpus v1.13.0
[INFO] [stderr]    Compiling thread_local v1.1.3
[INFO] [stderr]    Compiling rayon v1.5.0
[INFO] [stderr]    Compiling crossbeam-epoch v0.9.1
[INFO] [stderr]    Compiling crossbeam-channel v0.5.0
[INFO] [stderr]    Compiling either v1.6.1
[INFO] [stderr]    Compiling crossbeam-deque v0.8.0
[INFO] [stderr]    Compiling aho-corasick v0.7.15
[INFO] [stderr]    Compiling num-integer v0.1.44
[INFO] [stderr]    Compiling instant v0.1.9
[INFO] [stderr]    Compiling unindent v0.1.7
[INFO] [stderr]    Compiling regex-syntax v0.6.22
[INFO] [stderr]    Compiling inventory v0.1.10
[INFO] [stderr]    Compiling smallvec v1.6.1
[INFO] [stderr]    Compiling rand_core v0.5.1
[INFO] [stderr]    Compiling parking_lot_core v0.8.3
[INFO] [stderr]    Compiling paste-impl v0.1.18
[INFO] [stderr]    Compiling atomic v0.5.0
[INFO] [stderr]    Compiling lock_api v0.4.2
[INFO] [stderr]    Compiling ppv-lite86 v0.2.10
[INFO] [stderr]    Compiling rawpointer v0.2.1
[INFO] [stderr]    Compiling pyo3 v0.13.2
[INFO] [stderr]    Compiling ndarray v0.14.0
[INFO] [stderr]    Compiling log v0.4.14
[INFO] [stderr]    Compiling rand_chacha v0.2.2
[INFO] [stderr]    Compiling parking_lot v0.11.1
[INFO] [stderr]    Compiling regex v1.4.3
[INFO] [stderr]    Compiling matrixmultiply v0.2.4
[INFO] [stderr]    Compiling pyo3-macros-backend v0.13.2
[INFO] [stderr]    Compiling paste v0.1.18
[INFO] [stderr]    Compiling num-complex v0.3.1
[INFO] [stderr]    Compiling terminal_size v0.1.16
[INFO] [stderr]    Compiling quick-error v1.2.3
[INFO] [stderr]    Compiling unicode-width v0.1.8
[INFO] [stderr]    Compiling cc v1.0.66
[INFO] [stderr]    Compiling humantime v1.3.0
[INFO] [stderr]    Compiling console v0.14.0
[INFO] [stderr]    Compiling inventory-impl v0.1.10
[INFO] [stderr]    Compiling indoc-impl v0.3.6
[INFO] [stderr]    Compiling ghost v0.1.2
[INFO] [stderr]    Compiling ctor v0.1.19
[INFO] [stderr]    Compiling pyo3-macros v0.13.2
[INFO] [stderr]    Compiling indoc v0.3.6
[INFO] [stderr]    Compiling straps v0.1.0 (/opt/rustwide/workdir)
[INFO] [stderr]    Compiling rand v0.7.3
[INFO] [stderr]    Compiling atty v0.2.14
[INFO] [stderr]    Compiling cfg-if v0.1.10
[INFO] [stderr]    Compiling byteorder v1.4.2
[INFO] [stderr]    Compiling bit-vec v0.6.3
[INFO] [stderr]    Compiling number_prefix v0.3.0
[INFO] [stderr]    Compiling termcolor v1.1.2
[INFO] [stderr]    Compiling indicatif v0.15.0
[INFO] [stderr]    Compiling statrs v0.12.0
[INFO] [stderr]    Compiling env_logger v0.6.2
[INFO] [stderr]    Compiling fxhash v0.2.1
[INFO] [stderr]    Compiling bit-set v0.5.2
[INFO] [stderr]    Compiling hytra v0.1.2
[INFO] [stderr]    Compiling itertools v0.10.0
[INFO] [stderr]    Compiling ordered-float v2.1.1
[INFO] [stderr]    Compiling firestorm v0.4.5
[INFO] [stderr]    Compiling numpy v0.13.0
[INFO] [stdout] warning: field `indices_final` is never read
[INFO] [stdout]   --> src/pd/combinatorics.rs:27:5
[INFO] [stdout]    |
[INFO] [stdout] 22 | pub(crate) struct MWCombinations<'a> {
[INFO] [stdout]    |                   -------------- field in this struct
[INFO] [stdout] ...
[INFO] [stdout] 27 |     indices_final: Vec<usize>,
[INFO] [stdout]    |     ^^^^^^^^^^^^^
[INFO] [stdout]    |
[INFO] [stdout]    = note: `MWCombinations` has derived impls for the traits `Clone` and `Debug`, but these are intentionally ignored during dead code analysis
[INFO] [stdout]    = note: `#[warn(dead_code)]` on by default
[INFO] [stdout] 
[INFO] [stdout] 
[INFO] [stdout] warning: 1 warning emitted
[INFO] [stdout] 
[INFO] [stdout] 
[INFO] [stderr]     Finished dev [optimized + debuginfo] target(s) in 1m 53s
[INFO] [stderr] warning: the following packages contain code that will be rejected by a future version of Rust: pyo3 v0.13.2, pyo3-macros-backend v0.13.2
[INFO] [stderr] note: to see what the problems were, use the option `--future-incompat-report`, or run `cargo report future-incompatibilities --id 2`
[INFO] running `Command { std: "docker" "inspect" "2d313613a806b5cc03b579ea142eb030e4231126e8f8afe0d46417be21cde011", kill_on_drop: false }`
[INFO] running `Command { std: "docker" "rm" "-f" "2d313613a806b5cc03b579ea142eb030e4231126e8f8afe0d46417be21cde011", kill_on_drop: false }`
[INFO] [stdout] 2d313613a806b5cc03b579ea142eb030e4231126e8f8afe0d46417be21cde011
[INFO] running `Command { std: "docker" "create" "-v" "/var/lib/crater-agent-workspace/builds/worker-4-tc1/target:/opt/rustwide/target:rw,Z" "-v" "/var/lib/crater-agent-workspace/builds/worker-4-tc1/source:/opt/rustwide/workdir:ro,Z" "-v" "/var/lib/crater-agent-workspace/cargo-home:/opt/rustwide/cargo-home:ro,Z" "-v" "/var/lib/crater-agent-workspace/rustup-home:/opt/rustwide/rustup-home:ro,Z" "-e" "SOURCE_DIR=/opt/rustwide/workdir" "-e" "CARGO_TARGET_DIR=/opt/rustwide/target" "-e" "CARGO_INCREMENTAL=0" "-e" "RUST_BACKTRACE=full" "-e" "RUSTFLAGS=--cap-lints=warn" "-e" "RUSTDOCFLAGS=--cap-lints=warn" "-e" "CARGO_HOME=/opt/rustwide/cargo-home" "-e" "RUSTUP_HOME=/opt/rustwide/rustup-home" "-w" "/opt/rustwide/workdir" "-m" "1610612736" "--user" "0:0" "--network" "none" "ghcr.io/rust-lang/crates-build-env/linux@sha256:5ff2268d62e97bff2cde7d5815dd6ed5b47097566f13b8d0ca110b04b60e07ed" "/opt/rustwide/cargo-home/bin/cargo" "+1.69.0" "test" "--frozen" "--no-run" "--message-format=json", kill_on_drop: false }`
[INFO] [stdout] 33cb79850460548b4645cd7bb683a0f2cf12f90b6c561b4f5733ce7d951a4d3d
[INFO] running `Command { std: "docker" "start" "-a" "33cb79850460548b4645cd7bb683a0f2cf12f90b6c561b4f5733ce7d951a4d3d", kill_on_drop: false }`
[INFO] [stderr]    Compiling straps v0.1.0 (/opt/rustwide/workdir)
[INFO] [stdout] error[E0308]: mismatched types
[INFO] [stdout]    --> src/pd/combinatorics.rs:205:30
[INFO] [stdout]     |
[INFO] [stdout] 205 |             count_selections(res_len, &problem).to_vec(),
[INFO] [stdout]     |             ---------------- ^^^^^^^ expected `Range<usize>`, found integer
[INFO] [stdout]     |             |
[INFO] [stdout]     |             arguments to this function are incorrect
[INFO] [stdout]     |
[INFO] [stdout]     = note: expected struct `std::ops::Range<usize>`
[INFO] [stdout]                  found type `{integer}`
[INFO] [stdout] note: function defined here
[INFO] [stdout]    --> src/pd/combinatorics.rs:140:15
[INFO] [stdout]     |
[INFO] [stdout] 140 | pub(crate) fn count_selections(
[INFO] [stdout]     |               ^^^^^^^^^^^^^^^^
[INFO] [stdout] 141 |     range_selected: std::ops::Range<usize>,
[INFO] [stdout]     |     --------------------------------------
[INFO] [stdout] 
[INFO] [stdout] 
[INFO] [stdout] error[E0425]: cannot find function `count_selections2` in this scope
[INFO] [stdout]    --> src/pd/combinatorics.rs:214:21
[INFO] [stdout]     |
[INFO] [stdout] 140 | / pub(crate) fn count_selections(
[INFO] [stdout] 141 | |     range_selected: std::ops::Range<usize>,
[INFO] [stdout] 142 | |     use_counts: &[usize],
[INFO] [stdout] 143 | | ) -> ndarray::Array1<u64> {
[INFO] [stdout] ...   |
[INFO] [stdout] 183 | |     return scratch_space.slice(s![range_selected]).to_owned();
[INFO] [stdout] 184 | | }
[INFO] [stdout]     | |_- similarly named function `count_selections` defined here
[INFO] [stdout] ...
[INFO] [stdout] 214 |                       count_selections2(i..j, &problem).as_slice().unwrap(),
[INFO] [stdout]     |                       ^^^^^^^^^^^^^^^^^ help: a function with a similar name exists: `count_selections`
[INFO] [stdout] 
[INFO] [stdout] 
[INFO] [stdout] error[E0425]: cannot find function `count_selections3` in this scope
[INFO] [stdout]    --> src/pd/combinatorics.rs:223:21
[INFO] [stdout]     |
[INFO] [stdout] 140 | / pub(crate) fn count_selections(
[INFO] [stdout] 141 | |     range_selected: std::ops::Range<usize>,
[INFO] [stdout] 142 | |     use_counts: &[usize],
[INFO] [stdout] 143 | | ) -> ndarray::Array1<u64> {
[INFO] [stdout] ...   |
[INFO] [stdout] 183 | |     return scratch_space.slice(s![range_selected]).to_owned();
[INFO] [stdout] 184 | | }
[INFO] [stdout]     | |_- similarly named function `count_selections` defined here
[INFO] [stdout] ...
[INFO] [stdout] 223 |                       count_selections3(i..j, &problem).as_slice().unwrap(),
[INFO] [stdout]     |                       ^^^^^^^^^^^^^^^^^ help: a function with a similar name exists: `count_selections`
[INFO] [stdout] 
[INFO] [stdout] 
[INFO] [stdout] error: aborting due to 3 previous errors
[INFO] [stdout] 
[INFO] [stdout] 
[INFO] [stdout] Some errors have detailed explanations: E0308, E0425.
[INFO] [stdout] 
[INFO] [stdout] For more information about an error, try `rustc --explain E0308`.
[INFO] [stdout] 
[INFO] [stderr] error: could not compile `straps` due to 4 previous errors
[INFO] running `Command { std: "docker" "inspect" "33cb79850460548b4645cd7bb683a0f2cf12f90b6c561b4f5733ce7d951a4d3d", kill_on_drop: false }`
[INFO] running `Command { std: "docker" "rm" "-f" "33cb79850460548b4645cd7bb683a0f2cf12f90b6c561b4f5733ce7d951a4d3d", kill_on_drop: false }`
[INFO] [stdout] 33cb79850460548b4645cd7bb683a0f2cf12f90b6c561b4f5733ce7d951a4d3d
