[INFO] cloning repository https://github.com/cars10/simprox
[INFO] running `Command { std: "git" "-c" "credential.helper=" "-c" "credential.helper=/workspace/cargo-home/bin/git-credential-null" "clone" "--bare" "https://github.com/cars10/simprox" "/workspace/cache/git-repos/https%3A%2F%2Fgithub.com%2Fcars10%2Fsimprox", kill_on_drop: false }`
[INFO] [stderr] Cloning into bare repository '/workspace/cache/git-repos/https%3A%2F%2Fgithub.com%2Fcars10%2Fsimprox'...
[INFO] running `Command { std: "git" "rev-parse" "HEAD", kill_on_drop: false }`
[INFO] [stdout] ea9bef2a551457b0bc75ee634476d22ea4fcf323
[INFO] testing cars10/simprox against 1.69.0 for beta-1.70-1
[INFO] running `Command { std: "git" "clone" "/workspace/cache/git-repos/https%3A%2F%2Fgithub.com%2Fcars10%2Fsimprox" "/workspace/builds/worker-4-tc1/source", kill_on_drop: false }`
[INFO] [stderr] Cloning into '/workspace/builds/worker-4-tc1/source'...
[INFO] [stderr] done.
[INFO] validating manifest of git repo https://github.com/cars10/simprox on toolchain 1.69.0
[INFO] running `Command { std: CARGO_HOME="/workspace/cargo-home" RUSTUP_HOME="/workspace/rustup-home" "/workspace/cargo-home/bin/cargo" "+1.69.0" "metadata" "--manifest-path" "Cargo.toml" "--no-deps", kill_on_drop: false }`
[INFO] removed /workspace/builds/worker-4-tc1/source/rust-toolchain
[INFO] started tweaking git repo https://github.com/cars10/simprox
[INFO] finished tweaking git repo https://github.com/cars10/simprox
[INFO] tweaked toml for git repo https://github.com/cars10/simprox written to /workspace/builds/worker-4-tc1/source/Cargo.toml
[INFO] crate git repo https://github.com/cars10/simprox already has a lockfile, it will not be regenerated
[INFO] running `Command { std: CARGO_HOME="/workspace/cargo-home" RUSTUP_HOME="/workspace/rustup-home" "/workspace/cargo-home/bin/cargo" "+1.69.0" "fetch" "--manifest-path" "Cargo.toml", kill_on_drop: false }`
[INFO] running `Command { std: "docker" "create" "-v" "/var/lib/crater-agent-workspace/builds/worker-4-tc1/target:/opt/rustwide/target:rw,Z" "-v" "/var/lib/crater-agent-workspace/builds/worker-4-tc1/source:/opt/rustwide/workdir:ro,Z" "-v" "/var/lib/crater-agent-workspace/cargo-home:/opt/rustwide/cargo-home:ro,Z" "-v" "/var/lib/crater-agent-workspace/rustup-home:/opt/rustwide/rustup-home:ro,Z" "-e" "SOURCE_DIR=/opt/rustwide/workdir" "-e" "CARGO_TARGET_DIR=/opt/rustwide/target" "-e" "CARGO_HOME=/opt/rustwide/cargo-home" "-e" "RUSTUP_HOME=/opt/rustwide/rustup-home" "-w" "/opt/rustwide/workdir" "-m" "1610612736" "--user" "0:0" "--network" "none" "ghcr.io/rust-lang/crates-build-env/linux@sha256:5ff2268d62e97bff2cde7d5815dd6ed5b47097566f13b8d0ca110b04b60e07ed" "/opt/rustwide/cargo-home/bin/cargo" "+1.69.0" "metadata" "--no-deps" "--format-version=1", kill_on_drop: false }`
[INFO] [stdout] 47aac0dacc73e3911de0cc30d1e1edeaf9026f3bb41fab5588762f0412bfcd89
[INFO] running `Command { std: "docker" "start" "-a" "47aac0dacc73e3911de0cc30d1e1edeaf9026f3bb41fab5588762f0412bfcd89", kill_on_drop: false }`
[INFO] running `Command { std: "docker" "inspect" "47aac0dacc73e3911de0cc30d1e1edeaf9026f3bb41fab5588762f0412bfcd89", kill_on_drop: false }`
[INFO] running `Command { std: "docker" "rm" "-f" "47aac0dacc73e3911de0cc30d1e1edeaf9026f3bb41fab5588762f0412bfcd89", kill_on_drop: false }`
[INFO] [stdout] 47aac0dacc73e3911de0cc30d1e1edeaf9026f3bb41fab5588762f0412bfcd89
[INFO] running `Command { std: "docker" "create" "-v" "/var/lib/crater-agent-workspace/builds/worker-4-tc1/target:/opt/rustwide/target:rw,Z" "-v" "/var/lib/crater-agent-workspace/builds/worker-4-tc1/source:/opt/rustwide/workdir:ro,Z" "-v" "/var/lib/crater-agent-workspace/cargo-home:/opt/rustwide/cargo-home:ro,Z" "-v" "/var/lib/crater-agent-workspace/rustup-home:/opt/rustwide/rustup-home:ro,Z" "-e" "SOURCE_DIR=/opt/rustwide/workdir" "-e" "CARGO_TARGET_DIR=/opt/rustwide/target" "-e" "CARGO_INCREMENTAL=0" "-e" "RUST_BACKTRACE=full" "-e" "RUSTFLAGS=--cap-lints=warn" "-e" "RUSTDOCFLAGS=--cap-lints=warn" "-e" "CARGO_HOME=/opt/rustwide/cargo-home" "-e" "RUSTUP_HOME=/opt/rustwide/rustup-home" "-w" "/opt/rustwide/workdir" "-m" "1610612736" "--user" "0:0" "--network" "none" "ghcr.io/rust-lang/crates-build-env/linux@sha256:5ff2268d62e97bff2cde7d5815dd6ed5b47097566f13b8d0ca110b04b60e07ed" "/opt/rustwide/cargo-home/bin/cargo" "+1.69.0" "build" "--frozen" "--message-format=json", kill_on_drop: false }`
[INFO] [stdout] 67a00f159ead992f695a74efa621c12b1bd3d1f063fd913369c1680cd0644849
[INFO] running `Command { std: "docker" "start" "-a" "67a00f159ead992f695a74efa621c12b1bd3d1f063fd913369c1680cd0644849", kill_on_drop: false }`
[INFO] [stderr]    Compiling autocfg v1.1.0
[INFO] [stderr]    Compiling libc v0.2.137
[INFO] [stderr]    Compiling cfg-if v1.0.0
[INFO] [stderr]    Compiling proc-macro2 v1.0.47
[INFO] [stderr]    Compiling quote v1.0.21
[INFO] [stderr]    Compiling unicode-ident v1.0.5
[INFO] [stderr]    Compiling syn v1.0.103
[INFO] [stderr]    Compiling version_check v0.9.4
[INFO] [stderr]    Compiling log v0.4.17
[INFO] [stderr]    Compiling bytes v1.2.1
[INFO] [stderr]    Compiling memchr v2.5.0
[INFO] [stderr]    Compiling pin-project-lite v0.2.9
[INFO] [stderr]    Compiling parking_lot_core v0.9.4
[INFO] [stderr]    Compiling typenum v1.15.0
[INFO] [stderr]    Compiling itoa v1.0.4
[INFO] [stderr]    Compiling smallvec v1.10.0
[INFO] [stderr]    Compiling futures-core v0.3.25
[INFO] [stderr]    Compiling once_cell v1.15.0
[INFO] [stderr]    Compiling scopeguard v1.1.0
[INFO] [stderr]    Compiling fnv v1.0.7
[INFO] [stderr]    Compiling bitflags v1.3.2
[INFO] [stderr]    Compiling pkg-config v0.3.26
[INFO] [stderr]    Compiling cc v1.0.73
[INFO] [stderr]    Compiling futures-sink v0.3.25
[INFO] [stderr]    Compiling futures-task v0.3.25
[INFO] [stderr]    Compiling httparse v1.8.0
[INFO] [stderr]    Compiling tinyvec_macros v0.1.0
[INFO] [stderr]    Compiling futures-util v0.3.25
[INFO] [stderr]    Compiling generic-array v0.14.6
[INFO] [stderr]    Compiling lock_api v0.4.9
[INFO] [stderr]    Compiling tokio v1.21.2
[INFO] [stderr]    Compiling http v0.2.8
[INFO] [stderr]    Compiling slab v0.4.7
[INFO] [stderr]    Compiling unicase v2.6.0
[INFO] [stderr]    Compiling tinyvec v1.6.0
[INFO] [stderr]    Compiling indexmap v1.9.1
[INFO] [stderr]    Compiling tracing-core v0.1.30
[INFO] [stderr]    Compiling ppv-lite86 v0.2.16
[INFO] [stderr]    Compiling pin-utils v0.1.0
[INFO] [stderr]    Compiling cpufeatures v0.2.5
[INFO] [stderr]    Compiling percent-encoding v2.2.0
[INFO] [stderr]    Compiling unicode-bidi v0.3.8
[INFO] [stderr]    Compiling form_urlencoded v1.1.0
[INFO] [stderr]    Compiling tracing v0.1.37
[INFO] [stderr]    Compiling futures-channel v0.3.25
[INFO] [stderr]    Compiling thiserror v1.0.37
[INFO] [stderr]    Compiling hashbrown v0.12.3
[INFO] [stderr]    Compiling serde v1.0.147
[INFO] [stderr]    Compiling foreign-types-shared v0.1.1
[INFO] [stderr]    Compiling openssl v0.10.42
[INFO] [stderr]    Compiling openssl-sys v0.9.77
[INFO] [stderr]    Compiling base64 v0.13.1
[INFO] [stderr]    Compiling foreign-types v0.3.2
[INFO] [stderr] error: could not parse/generate dep info at: /opt/rustwide/target/debug/deps/foreign_types-f2b053f84105065c.d
[INFO] [stderr] 
[INFO] [stderr] Caused by:
[INFO] [stderr]   failed to write `/opt/rustwide/target/debug/.fingerprint/foreign-types-f2b053f84105065c/dep-lib-foreign-types`
[INFO] [stderr] 
[INFO] [stderr] Caused by:
[INFO] [stderr]   No space left on device (os error 28)
[INFO] [stderr] warning: build failed, waiting for other jobs to finish...
[INFO] [stderr] LLVM ERROR: IO failure on output stream: No space left on device
[INFO] [stdout] error: couldn't create a temp dir: No space left on device (os error 28) at path "/opt/rustwide/target/debug/deps/rmetaErlTQc"
[INFO] [stdout] 
[INFO] [stdout] 
[INFO] [stderr] error: could not compile `thiserror` due to 2 previous errors
[INFO] [stdout] error: linking with `cc` failed: exit status: 1
[INFO] [stdout]   |
[INFO] [stdout]   = note: LC_ALL="C" PATH="/opt/rustwide/rustup-home/toolchains/1.69.0-x86_64-unknown-linux-gnu/lib/rustlib/x86_64-unknown-linux-gnu/bin:/opt/rustwide/cargo-home/bin:/usr/local/sbin:/usr/local/bin:/usr/sbin:/usr/bin:/sbin:/bin" VSLANG="1033" "cc" "-m64" "/tmp/rustcksjXTo/symbols.o" "/opt/rustwide/target/debug/build/thiserror-5b6785a533c1b31b/build_script_build-5b6785a533c1b31b.build_script_build.f2f12313-cgu.0.rcgu.o" "/opt/rustwide/target/debug/build/thiserror-5b6785a533c1b31b/build_script_build-5b6785a533c1b31b.build_script_build.f2f12313-cgu.1.rcgu.o" "/opt/rustwide/target/debug/build/thiserror-5b6785a533c1b31b/build_script_build-5b6785a533c1b31b.build_script_build.f2f12313-cgu.10.rcgu.o" "/opt/rustwide/target/debug/build/thiserror-5b6785a533c1b31b/build_script_build-5b6785a533c1b31b.build_script_build.f2f12313-cgu.11.rcgu.o" "/opt/rustwide/target/debug/build/thiserror-5b6785a533c1b31b/build_script_build-5b6785a533c1b31b.build_script_build.f2f12313-cgu.12.rcgu.o" "/opt/rustwide/target/debug/build/thiserror-5b6785a533c1b31b/build_script_build-5b6785a533c1b31b.build_script_build.f2f12313-cgu.13.rcgu.o" "/opt/rustwide/target/debug/build/thiserror-5b6785a533c1b31b/build_script_build-5b6785a533c1b31b.build_script_build.f2f12313-cgu.14.rcgu.o" "/opt/rustwide/target/debug/build/thiserror-5b6785a533c1b31b/build_script_build-5b6785a533c1b31b.build_script_build.f2f12313-cgu.15.rcgu.o" "/opt/rustwide/target/debug/build/thiserror-5b6785a533c1b31b/build_script_build-5b6785a533c1b31b.build_script_build.f2f12313-cgu.2.rcgu.o" "/opt/rustwide/target/debug/build/thiserror-5b6785a533c1b31b/build_script_build-5b6785a533c1b31b.build_script_build.f2f12313-cgu.3.rcgu.o" "/opt/rustwide/target/debug/build/thiserror-5b6785a533c1b31b/build_script_build-5b6785a533c1b31b.build_script_build.f2f12313-cgu.4.rcgu.o" "/opt/rustwide/target/debug/build/thiserror-5b6785a533c1b31b/build_script_build-5b6785a533c1b31b.build_script_build.f2f12313-cgu.5.rcgu.o" "/opt/rustwide/target/debug/build/thiserror-5b6785a533c1b31b/build_script_build-5b6785a533c1b31b.build_script_build.f2f12313-cgu.6.rcgu.o" "/opt/rustwide/target/debug/build/thiserror-5b6785a533c1b31b/build_script_build-5b6785a533c1b31b.build_script_build.f2f12313-cgu.7.rcgu.o" "/opt/rustwide/target/debug/build/thiserror-5b6785a533c1b31b/build_script_build-5b6785a533c1b31b.build_script_build.f2f12313-cgu.8.rcgu.o" "/opt/rustwide/target/debug/build/thiserror-5b6785a533c1b31b/build_script_build-5b6785a533c1b31b.build_script_build.f2f12313-cgu.9.rcgu.o" "/opt/rustwide/target/debug/build/thiserror-5b6785a533c1b31b/build_script_build-5b6785a533c1b31b.15vs9pnr7brc3x2z.rcgu.o" "-Wl,--as-needed" "-L" "/opt/rustwide/target/debug/deps" "-L" "/opt/rustwide/rustup-home/toolchains/1.69.0-x86_64-unknown-linux-gnu/lib/rustlib/x86_64-unknown-linux-gnu/lib" "-Wl,-Bstatic" "/opt/rustwide/rustup-home/toolchains/1.69.0-x86_64-unknown-linux-gnu/lib/rustlib/x86_64-unknown-linux-gnu/lib/libstd-89bc084783fdc439.rlib" "/opt/rustwide/rustup-home/toolchains/1.69.0-x86_64-unknown-linux-gnu/lib/rustlib/x86_64-unknown-linux-gnu/lib/libpanic_unwind-8bee4b287d4367c1.rlib" "/opt/rustwide/rustup-home/toolchains/1.69.0-x86_64-unknown-linux-gnu/lib/rustlib/x86_64-unknown-linux-gnu/lib/libobject-d61707aed80694c0.rlib" "/opt/rustwide/rustup-home/toolchains/1.69.0-x86_64-unknown-linux-gnu/lib/rustlib/x86_64-unknown-linux-gnu/lib/libmemchr-d85366256f22345b.rlib" "/opt/rustwide/rustup-home/toolchains/1.69.0-x86_64-unknown-linux-gnu/lib/rustlib/x86_64-unknown-linux-gnu/lib/libaddr2line-96069b86b8a8cae9.rlib" "/opt/rustwide/rustup-home/toolchains/1.69.0-x86_64-unknown-linux-gnu/lib/rustlib/x86_64-unknown-linux-gnu/lib/libgimli-d19d53abf68dfa6c.rlib" "/opt/rustwide/rustup-home/toolchains/1.69.0-x86_64-unknown-linux-gnu/lib/rustlib/x86_64-unknown-linux-gnu/lib/librustc_demangle-787cbccd19d64ac6.rlib" "/opt/rustwide/rustup-home/toolchains/1.69.0-x86_64-unknown-linux-gnu/lib/rustlib/x86_64-unknown-linux-gnu/lib/libstd_detect-b3837a36b830e0d0.rlib" "/opt/rustwide/rustup-home/toolchains/1.69.0-x86_64-unknown-linux-gnu/lib/rustlib/x86_64-unknown-linux-gnu/lib/libhashbrown-e3deb0e7e3f04966.rlib" "/opt/rustwide/rustup-home/toolchains/1.69.0-x86_64-unknown-linux-gnu/lib/rustlib/x86_64-unknown-linux-gnu/lib/libminiz_oxide-dabbb79c9815def4.rlib" "/opt/rustwide/rustup-home/toolchains/1.69.0-x86_64-unknown-linux-gnu/lib/rustlib/x86_64-unknown-linux-gnu/lib/libadler-305b01f34c9409f2.rlib" "/opt/rustwide/rustup-home/toolchains/1.69.0-x86_64-unknown-linux-gnu/lib/rustlib/x86_64-unknown-linux-gnu/lib/librustc_std_workspace_alloc-f833521df6074e73.rlib" "/opt/rustwide/rustup-home/toolchains/1.69.0-x86_64-unknown-linux-gnu/lib/rustlib/x86_64-unknown-linux-gnu/lib/libunwind-9ac333113350d171.rlib" "/opt/rustwide/rustup-home/toolchains/1.69.0-x86_64-unknown-linux-gnu/lib/rustlib/x86_64-unknown-linux-gnu/lib/libcfg_if-1c126114322d0eee.rlib" "/opt/rustwide/rustup-home/toolchains/1.69.0-x86_64-unknown-linux-gnu/lib/rustlib/x86_64-unknown-linux-gnu/lib/liblibc-bad9164fdeeecf92.rlib" "/opt/rustwide/rustup-home/toolchains/1.69.0-x86_64-unknown-linux-gnu/lib/rustlib/x86_64-unknown-linux-gnu/lib/liballoc-f9374b1e480fa681.rlib" "/opt/rustwide/rustup-home/toolchains/1.69.0-x86_64-unknown-linux-gnu/lib/rustlib/x86_64-unknown-linux-gnu/lib/librustc_std_workspace_core-207f06e41d9603af.rlib" "/opt/rustwide/rustup-home/toolchains/1.69.0-x86_64-unknown-linux-gnu/lib/rustlib/x86_64-unknown-linux-gnu/lib/libcore-7e2768e66e984e85.rlib" "/opt/rustwide/rustup-home/toolchains/1.69.0-x86_64-unknown-linux-gnu/lib/rustlib/x86_64-unknown-linux-gnu/lib/libcompiler_builtins-957b4aff41f8cd46.rlib" "-Wl,-Bdynamic" "-lgcc_s" "-lutil" "-lrt" "-lpthread" "-lm" "-ldl" "-lc" "-Wl,--eh-frame-hdr" "-Wl,-z,noexecstack" "-L" "/opt/rustwide/rustup-home/toolchains/1.69.0-x86_64-unknown-linux-gnu/lib/rustlib/x86_64-unknown-linux-gnu/lib" "-o" "/opt/rustwide/target/debug/build/thiserror-5b6785a533c1b31b/build_script_build-5b6785a533c1b31b" "-Wl,--gc-sections" "-pie" "-Wl,-z,relro,-z,now" "-nodefaultlibs"
[INFO] [stdout]   = note: /usr/bin/ld: final link failed: No space left on device
[INFO] [stdout]           collect2: error: ld returned 1 exit status
[INFO] [stdout]           
[INFO] [stdout] 
[INFO] [stdout] 
[INFO] [stdout] error: aborting due to previous error
[INFO] [stdout] 
[INFO] [stdout] 
[INFO] [stderr] error: could not compile `unicode-bidi`
[INFO] [stdout] error: failed to write /tmp/rustc22jn2I/lib.rmeta: No space left on device (os error 28)
[INFO] [stdout] 
[INFO] [stdout] 
[INFO] [stdout] error: aborting due to previous error
[INFO] [stdout] 
[INFO] [stdout] 
[INFO] [stdout] error: aborting due to previous error
[INFO] [stdout] 
[INFO] [stdout] 
[INFO] [stderr] error: could not compile `tinyvec` due to 2 previous errors
[INFO] [stderr] error: could not compile `libc` due to 2 previous errors
[INFO] [stderr] LLVM ERROR: IO failure on output stream: No space left on device
[INFO] [stderr] error: could not compile `tracing-core`
[INFO] [stderr] LLVM ERROR: IO failure on output stream: No space left on device
[INFO] [stderr] error: could not compile `http`
[INFO] [stdout] error: linking with `cc` failed: exit status: 1
[INFO] [stdout]   |
[INFO] [stdout]   = note: LC_ALL="C" PATH="/opt/rustwide/rustup-home/toolchains/1.69.0-x86_64-unknown-linux-gnu/lib/rustlib/x86_64-unknown-linux-gnu/bin:/opt/rustwide/cargo-home/bin:/usr/local/sbin:/usr/local/bin:/usr/sbin:/usr/bin:/sbin:/bin" VSLANG="1033" "cc" "-m64" "/tmp/rustcqLlYS0/symbols.o" "/opt/rustwide/target/debug/build/serde-70f0117dd4a20839/build_script_build-70f0117dd4a20839.build_script_build.94fc0e3f-cgu.0.rcgu.o" "/opt/rustwide/target/debug/build/serde-70f0117dd4a20839/build_script_build-70f0117dd4a20839.build_script_build.94fc0e3f-cgu.1.rcgu.o" "/opt/rustwide/target/debug/build/serde-70f0117dd4a20839/build_script_build-70f0117dd4a20839.build_script_build.94fc0e3f-cgu.10.rcgu.o" "/opt/rustwide/target/debug/build/serde-70f0117dd4a20839/build_script_build-70f0117dd4a20839.build_script_build.94fc0e3f-cgu.11.rcgu.o" "/opt/rustwide/target/debug/build/serde-70f0117dd4a20839/build_script_build-70f0117dd4a20839.build_script_build.94fc0e3f-cgu.12.rcgu.o" "/opt/rustwide/target/debug/build/serde-70f0117dd4a20839/build_script_build-70f0117dd4a20839.build_script_build.94fc0e3f-cgu.13.rcgu.o" "/opt/rustwide/target/debug/build/serde-70f0117dd4a20839/build_script_build-70f0117dd4a20839.build_script_build.94fc0e3f-cgu.14.rcgu.o" "/opt/rustwide/target/debug/build/serde-70f0117dd4a20839/build_script_build-70f0117dd4a20839.build_script_build.94fc0e3f-cgu.15.rcgu.o" "/opt/rustwide/target/debug/build/serde-70f0117dd4a20839/build_script_build-70f0117dd4a20839.build_script_build.94fc0e3f-cgu.2.rcgu.o" "/opt/rustwide/target/debug/build/serde-70f0117dd4a20839/build_script_build-70f0117dd4a20839.build_script_build.94fc0e3f-cgu.3.rcgu.o" "/opt/rustwide/target/debug/build/serde-70f0117dd4a20839/build_script_build-70f0117dd4a20839.build_script_build.94fc0e3f-cgu.4.rcgu.o" "/opt/rustwide/target/debug/build/serde-70f0117dd4a20839/build_script_build-70f0117dd4a20839.build_script_build.94fc0e3f-cgu.5.rcgu.o" "/opt/rustwide/target/debug/build/serde-70f0117dd4a20839/build_script_build-70f0117dd4a20839.build_script_build.94fc0e3f-cgu.6.rcgu.o" "/opt/rustwide/target/debug/build/serde-70f0117dd4a20839/build_script_build-70f0117dd4a20839.build_script_build.94fc0e3f-cgu.7.rcgu.o" "/opt/rustwide/target/debug/build/serde-70f0117dd4a20839/build_script_build-70f0117dd4a20839.build_script_build.94fc0e3f-cgu.8.rcgu.o" "/opt/rustwide/target/debug/build/serde-70f0117dd4a20839/build_script_build-70f0117dd4a20839.build_script_build.94fc0e3f-cgu.9.rcgu.o" "/opt/rustwide/target/debug/build/serde-70f0117dd4a20839/build_script_build-70f0117dd4a20839.2nmcqgudk4a5nb88.rcgu.o" "-Wl,--as-needed" "-L" "/opt/rustwide/target/debug/deps" "-L" "/opt/rustwide/rustup-home/toolchains/1.69.0-x86_64-unknown-linux-gnu/lib/rustlib/x86_64-unknown-linux-gnu/lib" "-Wl,-Bstatic" "/opt/rustwide/rustup-home/toolchains/1.69.0-x86_64-unknown-linux-gnu/lib/rustlib/x86_64-unknown-linux-gnu/lib/libstd-89bc084783fdc439.rlib" "/opt/rustwide/rustup-home/toolchains/1.69.0-x86_64-unknown-linux-gnu/lib/rustlib/x86_64-unknown-linux-gnu/lib/libpanic_unwind-8bee4b287d4367c1.rlib" "/opt/rustwide/rustup-home/toolchains/1.69.0-x86_64-unknown-linux-gnu/lib/rustlib/x86_64-unknown-linux-gnu/lib/libobject-d61707aed80694c0.rlib" "/opt/rustwide/rustup-home/toolchains/1.69.0-x86_64-unknown-linux-gnu/lib/rustlib/x86_64-unknown-linux-gnu/lib/libmemchr-d85366256f22345b.rlib" "/opt/rustwide/rustup-home/toolchains/1.69.0-x86_64-unknown-linux-gnu/lib/rustlib/x86_64-unknown-linux-gnu/lib/libaddr2line-96069b86b8a8cae9.rlib" "/opt/rustwide/rustup-home/toolchains/1.69.0-x86_64-unknown-linux-gnu/lib/rustlib/x86_64-unknown-linux-gnu/lib/libgimli-d19d53abf68dfa6c.rlib" "/opt/rustwide/rustup-home/toolchains/1.69.0-x86_64-unknown-linux-gnu/lib/rustlib/x86_64-unknown-linux-gnu/lib/librustc_demangle-787cbccd19d64ac6.rlib" "/opt/rustwide/rustup-home/toolchains/1.69.0-x86_64-unknown-linux-gnu/lib/rustlib/x86_64-unknown-linux-gnu/lib/libstd_detect-b3837a36b830e0d0.rlib" "/opt/rustwide/rustup-home/toolchains/1.69.0-x86_64-unknown-linux-gnu/lib/rustlib/x86_64-unknown-linux-gnu/lib/libhashbrown-e3deb0e7e3f04966.rlib" "/opt/rustwide/rustup-home/toolchains/1.69.0-x86_64-unknown-linux-gnu/lib/rustlib/x86_64-unknown-linux-gnu/lib/libminiz_oxide-dabbb79c9815def4.rlib" "/opt/rustwide/rustup-home/toolchains/1.69.0-x86_64-unknown-linux-gnu/lib/rustlib/x86_64-unknown-linux-gnu/lib/libadler-305b01f34c9409f2.rlib" "/opt/rustwide/rustup-home/toolchains/1.69.0-x86_64-unknown-linux-gnu/lib/rustlib/x86_64-unknown-linux-gnu/lib/librustc_std_workspace_alloc-f833521df6074e73.rlib" "/opt/rustwide/rustup-home/toolchains/1.69.0-x86_64-unknown-linux-gnu/lib/rustlib/x86_64-unknown-linux-gnu/lib/libunwind-9ac333113350d171.rlib" "/opt/rustwide/rustup-home/toolchains/1.69.0-x86_64-unknown-linux-gnu/lib/rustlib/x86_64-unknown-linux-gnu/lib/libcfg_if-1c126114322d0eee.rlib" "/opt/rustwide/rustup-home/toolchains/1.69.0-x86_64-unknown-linux-gnu/lib/rustlib/x86_64-unknown-linux-gnu/lib/liblibc-bad9164fdeeecf92.rlib" "/opt/rustwide/rustup-home/toolchains/1.69.0-x86_64-unknown-linux-gnu/lib/rustlib/x86_64-unknown-linux-gnu/lib/liballoc-f9374b1e480fa681.rlib" "/opt/rustwide/rustup-home/toolchains/1.69.0-x86_64-unknown-linux-gnu/lib/rustlib/x86_64-unknown-linux-gnu/lib/librustc_std_workspace_core-207f06e41d9603af.rlib" "/opt/rustwide/rustup-home/toolchains/1.69.0-x86_64-unknown-linux-gnu/lib/rustlib/x86_64-unknown-linux-gnu/lib/libcore-7e2768e66e984e85.rlib" "/opt/rustwide/rustup-home/toolchains/1.69.0-x86_64-unknown-linux-gnu/lib/rustlib/x86_64-unknown-linux-gnu/lib/libcompiler_builtins-957b4aff41f8cd46.rlib" "-Wl,-Bdynamic" "-lgcc_s" "-lutil" "-lrt" "-lpthread" "-lm" "-ldl" "-lc" "-Wl,--eh-frame-hdr" "-Wl,-z,noexecstack" "-L" "/opt/rustwide/rustup-home/toolchains/1.69.0-x86_64-unknown-linux-gnu/lib/rustlib/x86_64-unknown-linux-gnu/lib" "-o" "/opt/rustwide/target/debug/build/serde-70f0117dd4a20839/build_script_build-70f0117dd4a20839" "-Wl,--gc-sections" "-pie" "-Wl,-z,relro,-z,now" "-nodefaultlibs"
[INFO] [stdout]   = note: /usr/bin/ld: final link failed: No space left on device
[INFO] [stdout]           collect2: error: ld returned 1 exit status
[INFO] [stdout]           
[INFO] [stdout] 
[INFO] [stdout] 
[INFO] [stderr] error: could not compile `serde` due to previous error
[INFO] [stderr] LLVM ERROR: IO failure on output stream: No space left on device
[INFO] [stdout] error: linking with `cc` failed: exit status: 1
[INFO] [stdout]   |
[INFO] [stdout]   = note: LC_ALL="C" PATH="/opt/rustwide/rustup-home/toolchains/1.69.0-x86_64-unknown-linux-gnu/lib/rustlib/x86_64-unknown-linux-gnu/bin:/opt/rustwide/cargo-home/bin:/usr/local/sbin:/usr/local/bin:/usr/sbin:/usr/bin:/sbin:/bin" VSLANG="1033" "cc" "-m64" "/tmp/rustci3fmZr/symbols.o" "/opt/rustwide/target/debug/build/openssl-6ab3b202219696da/build_script_build-6ab3b202219696da.build_script_build.81d23908-cgu.0.rcgu.o" "/opt/rustwide/target/debug/build/openssl-6ab3b202219696da/build_script_build-6ab3b202219696da.build_script_build.81d23908-cgu.1.rcgu.o" "/opt/rustwide/target/debug/build/openssl-6ab3b202219696da/build_script_build-6ab3b202219696da.build_script_build.81d23908-cgu.10.rcgu.o" "/opt/rustwide/target/debug/build/openssl-6ab3b202219696da/build_script_build-6ab3b202219696da.build_script_build.81d23908-cgu.11.rcgu.o" "/opt/rustwide/target/debug/build/openssl-6ab3b202219696da/build_script_build-6ab3b202219696da.build_script_build.81d23908-cgu.12.rcgu.o" "/opt/rustwide/target/debug/build/openssl-6ab3b202219696da/build_script_build-6ab3b202219696da.build_script_build.81d23908-cgu.13.rcgu.o" "/opt/rustwide/target/debug/build/openssl-6ab3b202219696da/build_script_build-6ab3b202219696da.build_script_build.81d23908-cgu.14.rcgu.o" "/opt/rustwide/target/debug/build/openssl-6ab3b202219696da/build_script_build-6ab3b202219696da.build_script_build.81d23908-cgu.15.rcgu.o" "/opt/rustwide/target/debug/build/openssl-6ab3b202219696da/build_script_build-6ab3b202219696da.build_script_build.81d23908-cgu.2.rcgu.o" "/opt/rustwide/target/debug/build/openssl-6ab3b202219696da/build_script_build-6ab3b202219696da.build_script_build.81d23908-cgu.3.rcgu.o" "/opt/rustwide/target/debug/build/openssl-6ab3b202219696da/build_script_build-6ab3b202219696da.build_script_build.81d23908-cgu.4.rcgu.o" "/opt/rustwide/target/debug/build/openssl-6ab3b202219696da/build_script_build-6ab3b202219696da.build_script_build.81d23908-cgu.5.rcgu.o" "/opt/rustwide/target/debug/build/openssl-6ab3b202219696da/build_script_build-6ab3b202219696da.build_script_build.81d23908-cgu.6.rcgu.o" "/opt/rustwide/target/debug/build/openssl-6ab3b202219696da/build_script_build-6ab3b202219696da.build_script_build.81d23908-cgu.7.rcgu.o" "/opt/rustwide/target/debug/build/openssl-6ab3b202219696da/build_script_build-6ab3b202219696da.build_script_build.81d23908-cgu.8.rcgu.o" "/opt/rustwide/target/debug/build/openssl-6ab3b202219696da/build_script_build-6ab3b202219696da.build_script_build.81d23908-cgu.9.rcgu.o" "/opt/rustwide/target/debug/build/openssl-6ab3b202219696da/build_script_build-6ab3b202219696da.14cccvw0w3sqzr3h.rcgu.o" "-Wl,--as-needed" "-L" "/opt/rustwide/target/debug/deps" "-L" "/opt/rustwide/rustup-home/toolchains/1.69.0-x86_64-unknown-linux-gnu/lib/rustlib/x86_64-unknown-linux-gnu/lib" "-Wl,-Bstatic" "/opt/rustwide/rustup-home/toolchains/1.69.0-x86_64-unknown-linux-gnu/lib/rustlib/x86_64-unknown-linux-gnu/lib/libstd-89bc084783fdc439.rlib" "/opt/rustwide/rustup-home/toolchains/1.69.0-x86_64-unknown-linux-gnu/lib/rustlib/x86_64-unknown-linux-gnu/lib/libpanic_unwind-8bee4b287d4367c1.rlib" "/opt/rustwide/rustup-home/toolchains/1.69.0-x86_64-unknown-linux-gnu/lib/rustlib/x86_64-unknown-linux-gnu/lib/libobject-d61707aed80694c0.rlib" "/opt/rustwide/rustup-home/toolchains/1.69.0-x86_64-unknown-linux-gnu/lib/rustlib/x86_64-unknown-linux-gnu/lib/libmemchr-d85366256f22345b.rlib" "/opt/rustwide/rustup-home/toolchains/1.69.0-x86_64-unknown-linux-gnu/lib/rustlib/x86_64-unknown-linux-gnu/lib/libaddr2line-96069b86b8a8cae9.rlib" "/opt/rustwide/rustup-home/toolchains/1.69.0-x86_64-unknown-linux-gnu/lib/rustlib/x86_64-unknown-linux-gnu/lib/libgimli-d19d53abf68dfa6c.rlib" "/opt/rustwide/rustup-home/toolchains/1.69.0-x86_64-unknown-linux-gnu/lib/rustlib/x86_64-unknown-linux-gnu/lib/librustc_demangle-787cbccd19d64ac6.rlib" "/opt/rustwide/rustup-home/toolchains/1.69.0-x86_64-unknown-linux-gnu/lib/rustlib/x86_64-unknown-linux-gnu/lib/libstd_detect-b3837a36b830e0d0.rlib" "/opt/rustwide/rustup-home/toolchains/1.69.0-x86_64-unknown-linux-gnu/lib/rustlib/x86_64-unknown-linux-gnu/lib/libhashbrown-e3deb0e7e3f04966.rlib" "/opt/rustwide/rustup-home/toolchains/1.69.0-x86_64-unknown-linux-gnu/lib/rustlib/x86_64-unknown-linux-gnu/lib/libminiz_oxide-dabbb79c9815def4.rlib" "/opt/rustwide/rustup-home/toolchains/1.69.0-x86_64-unknown-linux-gnu/lib/rustlib/x86_64-unknown-linux-gnu/lib/libadler-305b01f34c9409f2.rlib" "/opt/rustwide/rustup-home/toolchains/1.69.0-x86_64-unknown-linux-gnu/lib/rustlib/x86_64-unknown-linux-gnu/lib/librustc_std_workspace_alloc-f833521df6074e73.rlib" "/opt/rustwide/rustup-home/toolchains/1.69.0-x86_64-unknown-linux-gnu/lib/rustlib/x86_64-unknown-linux-gnu/lib/libunwind-9ac333113350d171.rlib" "/opt/rustwide/rustup-home/toolchains/1.69.0-x86_64-unknown-linux-gnu/lib/rustlib/x86_64-unknown-linux-gnu/lib/libcfg_if-1c126114322d0eee.rlib" "/opt/rustwide/rustup-home/toolchains/1.69.0-x86_64-unknown-linux-gnu/lib/rustlib/x86_64-unknown-linux-gnu/lib/liblibc-bad9164fdeeecf92.rlib" "/opt/rustwide/rustup-home/toolchains/1.69.0-x86_64-unknown-linux-gnu/lib/rustlib/x86_64-unknown-linux-gnu/lib/liballoc-f9374b1e480fa681.rlib" "/opt/rustwide/rustup-home/toolchains/1.69.0-x86_64-unknown-linux-gnu/lib/rustlib/x86_64-unknown-linux-gnu/lib/librustc_std_workspace_core-207f06e41d9603af.rlib" "/opt/rustwide/rustup-home/toolchains/1.69.0-x86_64-unknown-linux-gnu/lib/rustlib/x86_64-unknown-linux-gnu/lib/libcore-7e2768e66e984e85.rlib" "/opt/rustwide/rustup-home/toolchains/1.69.0-x86_64-unknown-linux-gnu/lib/rustlib/x86_64-unknown-linux-gnu/lib/libcompiler_builtins-957b4aff41f8cd46.rlib" "-Wl,-Bdynamic" "-lgcc_s" "-lutil" "-lrt" "-lpthread" "-lm" "-ldl" "-lc" "-Wl,--eh-frame-hdr" "-Wl,-z,noexecstack" "-L" "/opt/rustwide/rustup-home/toolchains/1.69.0-x86_64-unknown-linux-gnu/lib/rustlib/x86_64-unknown-linux-gnu/lib" "-o" "/opt/rustwide/target/debug/build/openssl-6ab3b202219696da/build_script_build-6ab3b202219696da" "-Wl,--gc-sections" "-pie" "-Wl,-z,relro,-z,now" "-nodefaultlibs"
[INFO] [stdout]   = note: /usr/bin/ld: final link failed: No space left on device
[INFO] [stdout]           collect2: error: ld returned 1 exit status
[INFO] [stdout]           
[INFO] [stdout] 
[INFO] [stdout] 
[INFO] [stderr] error: could not compile `openssl` due to previous error
[INFO] [stderr] error: could not compile `openssl-sys`
[INFO] [stdout] error: couldn't create a temp dir: No space left on device (os error 28) at path "/opt/rustwide/target/debug/deps/rmetaJJU0bi"
[INFO] [stdout] 
[INFO] [stdout] 
[INFO] [stderr] error: could not compile `base64` due to previous error
[INFO] [stdout] error: couldn't create a temp dir: No space left on device (os error 28) at path "/opt/rustwide/target/debug/deps/rmetaCMbYy5"
[INFO] [stdout] 
[INFO] [stdout] 
[INFO] [stderr] error: could not compile `hashbrown` due to previous error
[INFO] [stdout] error: couldn't create a temp dir: No space left on device (os error 28) at path "/opt/rustwide/target/debug/deps/rmetah2b1Wc"
[INFO] [stdout] 
[INFO] [stdout] 
[INFO] [stderr] error: could not compile `generic-array` due to previous error
[INFO] [stdout] error: couldn't create a temp dir: No space left on device (os error 28) at path "/opt/rustwide/target/debug/deps/rmetawn8Pz9"
[INFO] [stdout] 
[INFO] [stdout] 
[INFO] [stderr] error: could not compile `futures-util` due to previous error
[INFO] [stdout] error: couldn't create a temp dir: No space left on device (os error 28) at path "/opt/rustwide/target/debug/deps/rmetaSBomg7"
[INFO] [stdout] 
[INFO] [stdout] 
[INFO] [stderr] error: could not compile `syn` due to previous error
[INFO] running `Command { std: "docker" "inspect" "67a00f159ead992f695a74efa621c12b1bd3d1f063fd913369c1680cd0644849", kill_on_drop: false }`
[INFO] running `Command { std: "docker" "rm" "-f" "67a00f159ead992f695a74efa621c12b1bd3d1f063fd913369c1680cd0644849", kill_on_drop: false }`
[INFO] [stdout] 67a00f159ead992f695a74efa621c12b1bd3d1f063fd913369c1680cd0644849
