[INFO] cloning repository https://github.com/camhux/burn
[INFO] running `Command { std: "git" "-c" "credential.helper=" "-c" "credential.helper=/workspace/cargo-home/bin/git-credential-null" "clone" "--bare" "https://github.com/camhux/burn" "/workspace/cache/git-repos/https%3A%2F%2Fgithub.com%2Fcamhux%2Fburn", kill_on_drop: false }`
[INFO] [stderr] Cloning into bare repository '/workspace/cache/git-repos/https%3A%2F%2Fgithub.com%2Fcamhux%2Fburn'...
[INFO] running `Command { std: "git" "rev-parse" "HEAD", kill_on_drop: false }`
[INFO] [stdout] 8c036de0baffd7fd13891018fc6ba9a7904058fc
[INFO] testing camhux/burn against beta-2023-04-20 for beta-1.70-1
[INFO] running `Command { std: "git" "clone" "/workspace/cache/git-repos/https%3A%2F%2Fgithub.com%2Fcamhux%2Fburn" "/workspace/builds/worker-6-tc2/source", kill_on_drop: false }`
[INFO] [stderr] Cloning into '/workspace/builds/worker-6-tc2/source'...
[INFO] [stderr] done.
[INFO] validating manifest of git repo https://github.com/camhux/burn on toolchain beta-2023-04-20
[INFO] running `Command { std: CARGO_HOME="/workspace/cargo-home" RUSTUP_HOME="/workspace/rustup-home" "/workspace/cargo-home/bin/cargo" "+beta-2023-04-20" "metadata" "--manifest-path" "Cargo.toml" "--no-deps", kill_on_drop: false }`
[INFO] started tweaking git repo https://github.com/camhux/burn
[INFO] finished tweaking git repo https://github.com/camhux/burn
[INFO] tweaked toml for git repo https://github.com/camhux/burn written to /workspace/builds/worker-6-tc2/source/Cargo.toml
[INFO] crate git repo https://github.com/camhux/burn already has a lockfile, it will not be regenerated
[INFO] running `Command { std: CARGO_HOME="/workspace/cargo-home" RUSTUP_HOME="/workspace/rustup-home" "/workspace/cargo-home/bin/cargo" "+beta-2023-04-20" "fetch" "--manifest-path" "Cargo.toml", kill_on_drop: false }`
[INFO] running `Command { std: "docker" "create" "-v" "/var/lib/crater-agent-workspace/builds/worker-6-tc2/target:/opt/rustwide/target:rw,Z" "-v" "/var/lib/crater-agent-workspace/builds/worker-6-tc2/source:/opt/rustwide/workdir:ro,Z" "-v" "/var/lib/crater-agent-workspace/cargo-home:/opt/rustwide/cargo-home:ro,Z" "-v" "/var/lib/crater-agent-workspace/rustup-home:/opt/rustwide/rustup-home:ro,Z" "-e" "SOURCE_DIR=/opt/rustwide/workdir" "-e" "CARGO_TARGET_DIR=/opt/rustwide/target" "-e" "CARGO_HOME=/opt/rustwide/cargo-home" "-e" "RUSTUP_HOME=/opt/rustwide/rustup-home" "-w" "/opt/rustwide/workdir" "-m" "1610612736" "--user" "0:0" "--network" "none" "ghcr.io/rust-lang/crates-build-env/linux@sha256:5ff2268d62e97bff2cde7d5815dd6ed5b47097566f13b8d0ca110b04b60e07ed" "/opt/rustwide/cargo-home/bin/cargo" "+beta-2023-04-20" "metadata" "--no-deps" "--format-version=1", kill_on_drop: false }`
[INFO] [stdout] c97434ba0838b07f615eaa223353a528b70a5c4b6c5c5d912b2321c9234c4bb8
[INFO] running `Command { std: "docker" "start" "-a" "c97434ba0838b07f615eaa223353a528b70a5c4b6c5c5d912b2321c9234c4bb8", kill_on_drop: false }`
[INFO] running `Command { std: "docker" "inspect" "c97434ba0838b07f615eaa223353a528b70a5c4b6c5c5d912b2321c9234c4bb8", kill_on_drop: false }`
[INFO] running `Command { std: "docker" "rm" "-f" "c97434ba0838b07f615eaa223353a528b70a5c4b6c5c5d912b2321c9234c4bb8", kill_on_drop: false }`
[INFO] [stdout] c97434ba0838b07f615eaa223353a528b70a5c4b6c5c5d912b2321c9234c4bb8
[INFO] running `Command { std: "docker" "create" "-v" "/var/lib/crater-agent-workspace/builds/worker-6-tc2/target:/opt/rustwide/target:rw,Z" "-v" "/var/lib/crater-agent-workspace/builds/worker-6-tc2/source:/opt/rustwide/workdir:ro,Z" "-v" "/var/lib/crater-agent-workspace/cargo-home:/opt/rustwide/cargo-home:ro,Z" "-v" "/var/lib/crater-agent-workspace/rustup-home:/opt/rustwide/rustup-home:ro,Z" "-e" "SOURCE_DIR=/opt/rustwide/workdir" "-e" "CARGO_TARGET_DIR=/opt/rustwide/target" "-e" "CARGO_INCREMENTAL=0" "-e" "RUST_BACKTRACE=full" "-e" "RUSTFLAGS=--cap-lints=warn" "-e" "RUSTDOCFLAGS=--cap-lints=warn" "-e" "CARGO_HOME=/opt/rustwide/cargo-home" "-e" "RUSTUP_HOME=/opt/rustwide/rustup-home" "-w" "/opt/rustwide/workdir" "-m" "1610612736" "--user" "0:0" "--network" "none" "ghcr.io/rust-lang/crates-build-env/linux@sha256:5ff2268d62e97bff2cde7d5815dd6ed5b47097566f13b8d0ca110b04b60e07ed" "/opt/rustwide/cargo-home/bin/cargo" "+beta-2023-04-20" "build" "--frozen" "--message-format=json", kill_on_drop: false }`
[INFO] [stdout] cb014575846d70f49afc2666d905b7c3142957c333307697947fd4b2e0b0eec7
[INFO] running `Command { std: "docker" "start" "-a" "cb014575846d70f49afc2666d905b7c3142957c333307697947fd4b2e0b0eec7", kill_on_drop: false }`
[INFO] [stderr]    Compiling libc v0.2.34
[INFO] [stderr]    Compiling rand v0.3.18
[INFO] [stderr]    Compiling termion v1.5.1
[INFO] [stderr]    Compiling burn v0.1.0 (/opt/rustwide/workdir)
[INFO] [stdout] warning: unused import: `termion::raw::IntoRawMode`
[INFO] [stdout]   --> src/main.rs:13:5
[INFO] [stdout]    |
[INFO] [stdout] 13 | use termion::raw::IntoRawMode;
[INFO] [stdout]    |     ^^^^^^^^^^^^^^^^^^^^^^^^^
[INFO] [stdout]    |
[INFO] [stdout]    = note: `#[warn(unused_imports)]` on by default
[INFO] [stdout] 
[INFO] [stdout] 
[INFO] [stdout] warning: unused import: `state::FireState`
[INFO] [stdout]  --> src/layers.rs:1:5
[INFO] [stdout]   |
[INFO] [stdout] 1 | use state::FireState;
[INFO] [stdout]   |     ^^^^^^^^^^^^^^^^
[INFO] [stdout] 
[INFO] [stdout] 
[INFO] [stdout] warning: unused import: `SmokeLayer`
[INFO] [stdout]  --> src/state/mod.rs:7:37
[INFO] [stdout]   |
[INFO] [stdout] 7 | use self::smoke_state::{SmokeState, SmokeLayer};
[INFO] [stdout]   |                                     ^^^^^^^^^^
[INFO] [stdout] 
[INFO] [stdout] 
[INFO] [stdout] warning: unused import: `Layerable`
[INFO] [stdout]   --> src/main.rs:20:38
[INFO] [stdout]    |
[INFO] [stdout] 20 | use layers::{BasicLayer, Compositor, Layerable};
[INFO] [stdout]    |                                      ^^^^^^^^^
[INFO] [stdout] 
[INFO] [stdout] 
[INFO] [stdout] warning: unused imports: `FireLayer`, `FireState`
[INFO] [stdout]   --> src/main.rs:22:13
[INFO] [stdout]    |
[INFO] [stdout] 22 | use state::{FireState, FireLayer};
[INFO] [stdout]    |             ^^^^^^^^^  ^^^^^^^^^
[INFO] [stdout] 
[INFO] [stdout] 
[INFO] [stdout] warning: trait objects without an explicit `dyn` are deprecated
[INFO] [stdout]   --> src/layers.rs:59:40
[INFO] [stdout]    |
[INFO] [stdout] 59 |     pub fn composite(&self, layers: &[&Layerable]) -> Vec<Vec<u8>> {
[INFO] [stdout]    |                                        ^^^^^^^^^
[INFO] [stdout]    |
[INFO] [stdout]    = warning: this is accepted in the current edition (Rust 2015) but is a hard error in Rust 2021!
[INFO] [stdout]    = note: for more information, see <https://doc.rust-lang.org/nightly/edition-guide/rust-2021/warnings-promoted-to-error.html>
[INFO] [stdout]    = note: `#[warn(bare_trait_objects)]` on by default
[INFO] [stdout] help: use `dyn`
[INFO] [stdout]    |
[INFO] [stdout] 59 |     pub fn composite(&self, layers: &[&dyn Layerable]) -> Vec<Vec<u8>> {
[INFO] [stdout]    |                                        +++
[INFO] [stdout] 
[INFO] [stdout] 
[INFO] [stdout] warning: trait objects without an explicit `dyn` are deprecated
[INFO] [stdout]   --> src/layers.rs:78:53
[INFO] [stdout]    |
[INFO] [stdout] 78 |     pub fn intermediate_composite(&self, layers: &[&Layerable]) -> IntermediateLayer {
[INFO] [stdout]    |                                                     ^^^^^^^^^
[INFO] [stdout]    |
[INFO] [stdout]    = warning: this is accepted in the current edition (Rust 2015) but is a hard error in Rust 2021!
[INFO] [stdout]    = note: for more information, see <https://doc.rust-lang.org/nightly/edition-guide/rust-2021/warnings-promoted-to-error.html>
[INFO] [stdout] help: use `dyn`
[INFO] [stdout]    |
[INFO] [stdout] 78 |     pub fn intermediate_composite(&self, layers: &[&dyn Layerable]) -> IntermediateLayer {
[INFO] [stdout]    |                                                     +++
[INFO] [stdout] 
[INFO] [stdout] 
[INFO] [stdout] warning: use of deprecated method `std::error::Error::description`: use the Display impl or to_string()
[INFO] [stdout]   --> src/main.rs:46:34
[INFO] [stdout]    |
[INFO] [stdout] 46 |             println!("{}", error.description());
[INFO] [stdout]    |                                  ^^^^^^^^^^^
[INFO] [stdout]    |
[INFO] [stdout]    = note: `#[warn(deprecated)]` on by default
[INFO] [stdout] 
[INFO] [stdout] 
[INFO] [stdout] warning: function `check_can_unlink_file` is never used
[INFO] [stdout]    --> src/main.rs:129:4
[INFO] [stdout]     |
[INFO] [stdout] 129 | fn check_can_unlink_file(file: fs::File) -> Result<()> {
[INFO] [stdout]     |    ^^^^^^^^^^^^^^^^^^^^^
[INFO] [stdout]     |
[INFO] [stdout]     = note: `#[warn(dead_code)]` on by default
[INFO] [stdout] 
[INFO] [stdout] 
[INFO] [stdout] warning: fields `row` and `col` are never read
[INFO] [stdout]   --> src/state/fire_state.rs:60:5
[INFO] [stdout]    |
[INFO] [stdout] 59 | struct Neighbors {
[INFO] [stdout]    |        --------- fields in this struct
[INFO] [stdout] 60 |     row: usize,
[INFO] [stdout]    |     ^^^
[INFO] [stdout] 61 |     col: usize,
[INFO] [stdout]    |     ^^^
[INFO] [stdout] 
[INFO] [stdout] 
[INFO] [stdout] warning: method `fire_in_neighborhood` is never used
[INFO] [stdout]   --> src/state/fire_state.rs:74:8
[INFO] [stdout]    |
[INFO] [stdout] 69 | impl Neighbors {
[INFO] [stdout]    | -------------- method in this implementation
[INFO] [stdout] ...
[INFO] [stdout] 74 |     fn fire_in_neighborhood(&self) -> bool {
[INFO] [stdout]    |        ^^^^^^^^^^^^^^^^^^^^
[INFO] [stdout] 
[INFO] [stdout] 
[INFO] [stdout] warning: this method call resolves to `<&[T; N] as IntoIterator>::into_iter` (due to backwards compatibility), but will resolve to <[T; N] as IntoIterator>::into_iter in Rust 2021
[INFO] [stdout]   --> src/state/fire_state.rs:71:56
[INFO] [stdout]    |
[INFO] [stdout] 71 | ...   [self.top, self.right, self.bottom, self.left].into_iter().filter(|&&cell| if let FireCell::Lit {..} = cell { true } else { false }...
[INFO] [stdout]    |                                                      ^^^^^^^^^
[INFO] [stdout]    |
[INFO] [stdout]    = warning: this changes meaning in Rust 2021
[INFO] [stdout]    = note: for more information, see <https://doc.rust-lang.org/nightly/edition-guide/rust-2021/IntoIterator-for-arrays.html>
[INFO] [stdout]    = note: `#[warn(array_into_iter)]` on by default
[INFO] [stdout] help: use `.iter()` instead of `.into_iter()` to avoid ambiguity
[INFO] [stdout]    |
[INFO] [stdout] 71 |         [self.top, self.right, self.bottom, self.left].iter().filter(|&&cell| if let FireCell::Lit {..} = cell { true } else { false }).count()
[INFO] [stdout]    |                                                        ~~~~
[INFO] [stdout] help: or use `IntoIterator::into_iter(..)` instead of `.into_iter()` to explicitly iterate by value
[INFO] [stdout]    |
[INFO] [stdout] 71 |         IntoIterator::into_iter([self.top, self.right, self.bottom, self.left]).filter(|&&cell| if let FireCell::Lit {..} = cell { true } else { false }).count()
[INFO] [stdout]    |         ++++++++++++++++++++++++                                              ~
[INFO] [stdout] 
[INFO] [stdout] 
[INFO] [stdout] warning: 12 warnings emitted
[INFO] [stdout] 
[INFO] [stdout] 
[INFO] [stderr]     Finished dev [unoptimized + debuginfo] target(s) in 1.78s
[INFO] running `Command { std: "docker" "inspect" "cb014575846d70f49afc2666d905b7c3142957c333307697947fd4b2e0b0eec7", kill_on_drop: false }`
[INFO] running `Command { std: "docker" "rm" "-f" "cb014575846d70f49afc2666d905b7c3142957c333307697947fd4b2e0b0eec7", kill_on_drop: false }`
[INFO] [stdout] cb014575846d70f49afc2666d905b7c3142957c333307697947fd4b2e0b0eec7
[INFO] running `Command { std: "docker" "create" "-v" "/var/lib/crater-agent-workspace/builds/worker-6-tc2/target:/opt/rustwide/target:rw,Z" "-v" "/var/lib/crater-agent-workspace/builds/worker-6-tc2/source:/opt/rustwide/workdir:ro,Z" "-v" "/var/lib/crater-agent-workspace/cargo-home:/opt/rustwide/cargo-home:ro,Z" "-v" "/var/lib/crater-agent-workspace/rustup-home:/opt/rustwide/rustup-home:ro,Z" "-e" "SOURCE_DIR=/opt/rustwide/workdir" "-e" "CARGO_TARGET_DIR=/opt/rustwide/target" "-e" "CARGO_INCREMENTAL=0" "-e" "RUST_BACKTRACE=full" "-e" "RUSTFLAGS=--cap-lints=warn" "-e" "RUSTDOCFLAGS=--cap-lints=warn" "-e" "CARGO_HOME=/opt/rustwide/cargo-home" "-e" "RUSTUP_HOME=/opt/rustwide/rustup-home" "-w" "/opt/rustwide/workdir" "-m" "1610612736" "--user" "0:0" "--network" "none" "ghcr.io/rust-lang/crates-build-env/linux@sha256:5ff2268d62e97bff2cde7d5815dd6ed5b47097566f13b8d0ca110b04b60e07ed" "/opt/rustwide/cargo-home/bin/cargo" "+beta-2023-04-20" "test" "--frozen" "--no-run" "--message-format=json", kill_on_drop: false }`
[INFO] [stdout] ee840c0e2d37abc555c085c8d8a4cab6287eeca6056b29c83fa3f3f91cdf572f
[INFO] running `Command { std: "docker" "start" "-a" "ee840c0e2d37abc555c085c8d8a4cab6287eeca6056b29c83fa3f3f91cdf572f", kill_on_drop: false }`
[INFO] [stderr]    Compiling burn v0.1.0 (/opt/rustwide/workdir)
[INFO] [stdout] warning: unused import: `termion::raw::IntoRawMode`
[INFO] [stdout]   --> src/main.rs:13:5
[INFO] [stdout]    |
[INFO] [stdout] 13 | use termion::raw::IntoRawMode;
[INFO] [stdout]    |     ^^^^^^^^^^^^^^^^^^^^^^^^^
[INFO] [stdout]    |
[INFO] [stdout]    = note: `#[warn(unused_imports)]` on by default
[INFO] [stdout] 
[INFO] [stdout] 
[INFO] [stdout] warning: unused import: `state::FireState`
[INFO] [stdout]  --> src/layers.rs:1:5
[INFO] [stdout]   |
[INFO] [stdout] 1 | use state::FireState;
[INFO] [stdout]   |     ^^^^^^^^^^^^^^^^
[INFO] [stdout] 
[INFO] [stdout] 
[INFO] [stdout] warning: unused import: `SmokeLayer`
[INFO] [stdout]  --> src/state/mod.rs:7:37
[INFO] [stdout]   |
[INFO] [stdout] 7 | use self::smoke_state::{SmokeState, SmokeLayer};
[INFO] [stdout]   |                                     ^^^^^^^^^^
[INFO] [stdout] 
[INFO] [stdout] 
[INFO] [stdout] warning: unused import: `Layerable`
[INFO] [stdout]   --> src/main.rs:20:38
[INFO] [stdout]    |
[INFO] [stdout] 20 | use layers::{BasicLayer, Compositor, Layerable};
[INFO] [stdout]    |                                      ^^^^^^^^^
[INFO] [stdout] 
[INFO] [stdout] 
[INFO] [stdout] warning: unused imports: `FireLayer`, `FireState`
[INFO] [stdout]   --> src/main.rs:22:13
[INFO] [stdout]    |
[INFO] [stdout] 22 | use state::{FireState, FireLayer};
[INFO] [stdout]    |             ^^^^^^^^^  ^^^^^^^^^
[INFO] [stdout] 
[INFO] [stdout] 
[INFO] [stdout] warning: trait objects without an explicit `dyn` are deprecated
[INFO] [stdout]   --> src/layers.rs:59:40
[INFO] [stdout]    |
[INFO] [stdout] 59 |     pub fn composite(&self, layers: &[&Layerable]) -> Vec<Vec<u8>> {
[INFO] [stdout]    |                                        ^^^^^^^^^
[INFO] [stdout]    |
[INFO] [stdout]    = warning: this is accepted in the current edition (Rust 2015) but is a hard error in Rust 2021!
[INFO] [stdout]    = note: for more information, see <https://doc.rust-lang.org/nightly/edition-guide/rust-2021/warnings-promoted-to-error.html>
[INFO] [stdout]    = note: `#[warn(bare_trait_objects)]` on by default
[INFO] [stdout] help: use `dyn`
[INFO] [stdout]    |
[INFO] [stdout] 59 |     pub fn composite(&self, layers: &[&dyn Layerable]) -> Vec<Vec<u8>> {
[INFO] [stdout]    |                                        +++
[INFO] [stdout] 
[INFO] [stdout] 
[INFO] [stdout] warning: trait objects without an explicit `dyn` are deprecated
[INFO] [stdout]   --> src/layers.rs:78:53
[INFO] [stdout]    |
[INFO] [stdout] 78 |     pub fn intermediate_composite(&self, layers: &[&Layerable]) -> IntermediateLayer {
[INFO] [stdout]    |                                                     ^^^^^^^^^
[INFO] [stdout]    |
[INFO] [stdout]    = warning: this is accepted in the current edition (Rust 2015) but is a hard error in Rust 2021!
[INFO] [stdout]    = note: for more information, see <https://doc.rust-lang.org/nightly/edition-guide/rust-2021/warnings-promoted-to-error.html>
[INFO] [stdout] help: use `dyn`
[INFO] [stdout]    |
[INFO] [stdout] 78 |     pub fn intermediate_composite(&self, layers: &[&dyn Layerable]) -> IntermediateLayer {
[INFO] [stdout]    |                                                     +++
[INFO] [stdout] 
[INFO] [stdout] 
[INFO] [stdout] error[E0308]: mismatched types
[INFO] [stdout]    --> src/layers.rs:116:29
[INFO] [stdout]     |
[INFO] [stdout] 116 |             b"bonjour".map(|&x| Some(x)).collect(),
[INFO] [stdout]     |                             ^-
[INFO] [stdout]     |                             ||
[INFO] [stdout]     |                             |expected due to this
[INFO] [stdout]     |                             expected `u8`, found `&_`
[INFO] [stdout]     |
[INFO] [stdout]     = note:   expected type `u8`
[INFO] [stdout]             found reference `&_`
[INFO] [stdout] help: consider removing `&` from the pattern
[INFO] [stdout]     |
[INFO] [stdout] 116 -             b"bonjour".map(|&x| Some(x)).collect(),
[INFO] [stdout] 116 +             b"bonjour".map(|x| Some(x)).collect(),
[INFO] [stdout]     |
[INFO] [stdout] 
[INFO] [stdout] 
[INFO] [stdout] error[E0599]: `[Option<_>; 7]` is not an iterator
[INFO] [stdout]    --> src/layers.rs:116:42
[INFO] [stdout]     |
[INFO] [stdout] 116 |             b"bonjour".map(|&x| Some(x)).collect(),
[INFO] [stdout]     |                                          ^^^^^^^ `[Option<_>; 7]` is not an iterator; try calling `.into_iter()` or `.iter()`
[INFO] [stdout]     |
[INFO] [stdout]     = note: the following trait bounds were not satisfied:
[INFO] [stdout]             `[Option<_>; 7]: Iterator`
[INFO] [stdout]             which is required by `&mut [Option<_>; 7]: Iterator`
[INFO] [stdout]             `[Option<_>]: Iterator`
[INFO] [stdout]             which is required by `&mut [Option<_>]: Iterator`
[INFO] [stdout] 
[INFO] [stdout] 
[INFO] [stdout] error[E0308]: mismatched types
[INFO] [stdout]    --> src/layers.rs:117:26
[INFO] [stdout]     |
[INFO] [stdout] 117 |             b"allo".map(|&x| Some(x)).collect(),
[INFO] [stdout]     |                          ^-
[INFO] [stdout]     |                          ||
[INFO] [stdout]     |                          |expected due to this
[INFO] [stdout]     |                          expected `u8`, found `&_`
[INFO] [stdout]     |
[INFO] [stdout]     = note:   expected type `u8`
[INFO] [stdout]             found reference `&_`
[INFO] [stdout] help: consider removing `&` from the pattern
[INFO] [stdout]     |
[INFO] [stdout] 117 -             b"allo".map(|&x| Some(x)).collect(),
[INFO] [stdout] 117 +             b"allo".map(|x| Some(x)).collect(),
[INFO] [stdout]     |
[INFO] [stdout] 
[INFO] [stdout] 
[INFO] [stdout] error[E0599]: `[Option<_>; 4]` is not an iterator
[INFO] [stdout]    --> src/layers.rs:117:39
[INFO] [stdout]     |
[INFO] [stdout] 117 |             b"allo".map(|&x| Some(x)).collect(),
[INFO] [stdout]     |                                       ^^^^^^^ `[Option<_>; 4]` is not an iterator; try calling `.into_iter()` or `.iter()`
[INFO] [stdout]     |
[INFO] [stdout]     = note: the following trait bounds were not satisfied:
[INFO] [stdout]             `[Option<_>; 4]: Iterator`
[INFO] [stdout]             which is required by `&mut [Option<_>; 4]: Iterator`
[INFO] [stdout]             `[Option<_>]: Iterator`
[INFO] [stdout]             which is required by `&mut [Option<_>]: Iterator`
[INFO] [stdout] 
[INFO] [stdout] 
[INFO] [stdout] error[E0308]: mismatched types
[INFO] [stdout]    --> src/layers.rs:121:13
[INFO] [stdout]     |
[INFO] [stdout] 121 |             features,
[INFO] [stdout]     |             ^^^^^^^^ expected `Vec<Vec<Option<String>>>`, found `Vec<Vec<Option<u8>>>`
[INFO] [stdout]     |
[INFO] [stdout]     = note: expected struct `Vec<Vec<Option<String>>>`
[INFO] [stdout]                found struct `Vec<Vec<Option<u8>>>`
[INFO] [stdout] 
[INFO] [stdout] 
[INFO] [stdout] error[E0308]: mismatched types
[INFO] [stdout]    --> src/layers.rs:126:9
[INFO] [stdout]     |
[INFO] [stdout] 126 |         assert_eq!(layer.get(0, 2), Some(b'n'));
[INFO] [stdout]     |         ^^^^^^^^^^^^^^^^^^^^^^^^^^^^^^^^^^^^^^^ expected `Option<String>`, found `Option<u8>`
[INFO] [stdout]     |
[INFO] [stdout]     = note: expected enum `Option<String>`
[INFO] [stdout]                found enum `Option<u8>`
[INFO] [stdout]     = note: this error originates in the macro `assert_eq` (in Nightly builds, run with -Z macro-backtrace for more info)
[INFO] [stdout] 
[INFO] [stdout] 
[INFO] [stdout] error[E0308]: mismatched types
[INFO] [stdout]    --> src/layers.rs:127:9
[INFO] [stdout]     |
[INFO] [stdout] 127 |         assert_eq!(layer.get(1, 0), Some(b'a'));
[INFO] [stdout]     |         ^^^^^^^^^^^^^^^^^^^^^^^^^^^^^^^^^^^^^^^ expected `Option<String>`, found `Option<u8>`
[INFO] [stdout]     |
[INFO] [stdout]     = note: expected enum `Option<String>`
[INFO] [stdout]                found enum `Option<u8>`
[INFO] [stdout]     = note: this error originates in the macro `assert_eq` (in Nightly builds, run with -Z macro-backtrace for more info)
[INFO] [stdout] 
[INFO] [stdout] 
[INFO] [stdout] error[E0308]: mismatched types
[INFO] [stdout]    --> src/state/fire_state.rs:220:90
[INFO] [stdout]     |
[INFO] [stdout] 220 |         let fire_cell_count = last_row.into_iter().fold(0, |acc, &mut cell| match cell { Some(_) => acc + 1, None => acc });
[INFO] [stdout]     |                                                                                   ----   ^^^^^^^ expected `FireCell`, found `Option<_>`
[INFO] [stdout]     |                                                                                   |
[INFO] [stdout]     |                                                                                   this expression has type `FireCell`
[INFO] [stdout]     |
[INFO] [stdout]     = note: expected enum `FireCell`
[INFO] [stdout]                found enum `Option<_>`
[INFO] [stdout] 
[INFO] [stdout] 
[INFO] [stdout] error[E0308]: mismatched types
[INFO] [stdout]    --> src/state/fire_state.rs:220:110
[INFO] [stdout]     |
[INFO] [stdout] 220 |         let fire_cell_count = last_row.into_iter().fold(0, |acc, &mut cell| match cell { Some(_) => acc + 1, None => acc });
[INFO] [stdout]     |                                                                                   ----                       ^^^^ expected `FireCell`, found `Option<_>`
[INFO] [stdout]     |                                                                                   |
[INFO] [stdout]     |                                                                                   this expression has type `FireCell`
[INFO] [stdout]     |
[INFO] [stdout]     = note: expected enum `FireCell`
[INFO] [stdout]                found enum `Option<_>`
[INFO] [stdout] 
[INFO] [stdout] 
[INFO] [stdout] warning: use of deprecated method `std::error::Error::description`: use the Display impl or to_string()
[INFO] [stdout]   --> src/main.rs:46:34
[INFO] [stdout]    |
[INFO] [stdout] 46 |             println!("{}", error.description());
[INFO] [stdout]    |                                  ^^^^^^^^^^^
[INFO] [stdout]    |
[INFO] [stdout]    = note: `#[warn(deprecated)]` on by default
[INFO] [stdout] 
[INFO] [stdout] 
[INFO] [stdout] error: aborting due to 9 previous errors; 8 warnings emitted
[INFO] [stdout] 
[INFO] [stdout] 
[INFO] [stdout] Some errors have detailed explanations: E0308, E0599.
[INFO] [stdout] 
[INFO] [stdout] For more information about an error, try `rustc --explain E0308`.
[INFO] [stdout] 
[INFO] [stderr] error: could not compile `burn` (bin "burn" test) due to 10 previous errors; 8 warnings emitted
[INFO] running `Command { std: "docker" "inspect" "ee840c0e2d37abc555c085c8d8a4cab6287eeca6056b29c83fa3f3f91cdf572f", kill_on_drop: false }`
[INFO] running `Command { std: "docker" "rm" "-f" "ee840c0e2d37abc555c085c8d8a4cab6287eeca6056b29c83fa3f3f91cdf572f", kill_on_drop: false }`
[INFO] [stdout] ee840c0e2d37abc555c085c8d8a4cab6287eeca6056b29c83fa3f3f91cdf572f
