[INFO] cloning repository https://github.com/c4ln/Collector
[INFO] running `Command { std: "git" "-c" "credential.helper=" "-c" "credential.helper=/workspace/cargo-home/bin/git-credential-null" "clone" "--bare" "https://github.com/c4ln/Collector" "/workspace/cache/git-repos/https%3A%2F%2Fgithub.com%2Fc4ln%2FCollector", kill_on_drop: false }`
[INFO] [stderr] Cloning into bare repository '/workspace/cache/git-repos/https%3A%2F%2Fgithub.com%2Fc4ln%2FCollector'...
[INFO] running `Command { std: "git" "rev-parse" "HEAD", kill_on_drop: false }`
[INFO] [stdout] f18d963ddb0ba2b314098bdaabb6c2cdf35dba0d
[INFO] testing c4ln/Collector against beta-2023-04-20 for beta-1.70-1
[INFO] running `Command { std: "git" "clone" "/workspace/cache/git-repos/https%3A%2F%2Fgithub.com%2Fc4ln%2FCollector" "/workspace/builds/worker-7-tc2/source", kill_on_drop: false }`
[INFO] [stderr] Cloning into '/workspace/builds/worker-7-tc2/source'...
[INFO] [stderr] done.
[INFO] validating manifest of git repo https://github.com/c4ln/Collector on toolchain beta-2023-04-20
[INFO] running `Command { std: CARGO_HOME="/workspace/cargo-home" RUSTUP_HOME="/workspace/rustup-home" "/workspace/cargo-home/bin/cargo" "+beta-2023-04-20" "metadata" "--manifest-path" "Cargo.toml" "--no-deps", kill_on_drop: false }`
[INFO] started tweaking git repo https://github.com/c4ln/Collector
[INFO] finished tweaking git repo https://github.com/c4ln/Collector
[INFO] tweaked toml for git repo https://github.com/c4ln/Collector written to /workspace/builds/worker-7-tc2/source/Cargo.toml
[INFO] crate git repo https://github.com/c4ln/Collector already has a lockfile, it will not be regenerated
[INFO] running `Command { std: CARGO_HOME="/workspace/cargo-home" RUSTUP_HOME="/workspace/rustup-home" "/workspace/cargo-home/bin/cargo" "+beta-2023-04-20" "fetch" "--manifest-path" "Cargo.toml", kill_on_drop: false }`
[INFO] [stderr]     Updating crates.io index
[INFO] [stderr]  Downloading crates ...
[INFO] [stderr]   Downloaded telegram_notifyrs v0.1.3
[INFO] [stderr]   Downloaded ureq v1.5.5
[INFO] [stderr]   Downloaded ureq v2.4.0
[INFO] [stderr]   Downloaded rusqlite v0.25.4
[INFO] running `Command { std: "docker" "create" "-v" "/var/lib/crater-agent-workspace/builds/worker-7-tc2/target:/opt/rustwide/target:rw,Z" "-v" "/var/lib/crater-agent-workspace/builds/worker-7-tc2/source:/opt/rustwide/workdir:ro,Z" "-v" "/var/lib/crater-agent-workspace/cargo-home:/opt/rustwide/cargo-home:ro,Z" "-v" "/var/lib/crater-agent-workspace/rustup-home:/opt/rustwide/rustup-home:ro,Z" "-e" "SOURCE_DIR=/opt/rustwide/workdir" "-e" "CARGO_TARGET_DIR=/opt/rustwide/target" "-e" "CARGO_HOME=/opt/rustwide/cargo-home" "-e" "RUSTUP_HOME=/opt/rustwide/rustup-home" "-w" "/opt/rustwide/workdir" "-m" "1610612736" "--user" "0:0" "--network" "none" "ghcr.io/rust-lang/crates-build-env/linux@sha256:5ff2268d62e97bff2cde7d5815dd6ed5b47097566f13b8d0ca110b04b60e07ed" "/opt/rustwide/cargo-home/bin/cargo" "+beta-2023-04-20" "metadata" "--no-deps" "--format-version=1", kill_on_drop: false }`
[INFO] [stdout] 42c6e2cbb9c453b2ed800c99b68dfd4a5ca1774c303db13e0e8d690ac2957073
[INFO] running `Command { std: "docker" "start" "-a" "42c6e2cbb9c453b2ed800c99b68dfd4a5ca1774c303db13e0e8d690ac2957073", kill_on_drop: false }`
[INFO] running `Command { std: "docker" "inspect" "42c6e2cbb9c453b2ed800c99b68dfd4a5ca1774c303db13e0e8d690ac2957073", kill_on_drop: false }`
[INFO] running `Command { std: "docker" "rm" "-f" "42c6e2cbb9c453b2ed800c99b68dfd4a5ca1774c303db13e0e8d690ac2957073", kill_on_drop: false }`
[INFO] [stdout] 42c6e2cbb9c453b2ed800c99b68dfd4a5ca1774c303db13e0e8d690ac2957073
[INFO] running `Command { std: "docker" "create" "-v" "/var/lib/crater-agent-workspace/builds/worker-7-tc2/target:/opt/rustwide/target:rw,Z" "-v" "/var/lib/crater-agent-workspace/builds/worker-7-tc2/source:/opt/rustwide/workdir:ro,Z" "-v" "/var/lib/crater-agent-workspace/cargo-home:/opt/rustwide/cargo-home:ro,Z" "-v" "/var/lib/crater-agent-workspace/rustup-home:/opt/rustwide/rustup-home:ro,Z" "-e" "SOURCE_DIR=/opt/rustwide/workdir" "-e" "CARGO_TARGET_DIR=/opt/rustwide/target" "-e" "CARGO_INCREMENTAL=0" "-e" "RUST_BACKTRACE=full" "-e" "RUSTFLAGS=--cap-lints=warn" "-e" "RUSTDOCFLAGS=--cap-lints=warn" "-e" "CARGO_HOME=/opt/rustwide/cargo-home" "-e" "RUSTUP_HOME=/opt/rustwide/rustup-home" "-w" "/opt/rustwide/workdir" "-m" "1610612736" "--user" "0:0" "--network" "none" "ghcr.io/rust-lang/crates-build-env/linux@sha256:5ff2268d62e97bff2cde7d5815dd6ed5b47097566f13b8d0ca110b04b60e07ed" "/opt/rustwide/cargo-home/bin/cargo" "+beta-2023-04-20" "build" "--frozen" "--message-format=json", kill_on_drop: false }`
[INFO] [stdout] 10b8cee3b30723542ed18d8776e2601a57f5cd7af3fc62fb9473f2061c15a125
[INFO] running `Command { std: "docker" "start" "-a" "10b8cee3b30723542ed18d8776e2601a57f5cd7af3fc62fb9473f2061c15a125", kill_on_drop: false }`
[INFO] [stderr]    Compiling version_check v0.9.4
[INFO] [stderr]    Compiling libc v0.2.117
[INFO] [stderr]    Compiling cc v1.0.72
[INFO] [stderr]    Compiling once_cell v1.9.0
[INFO] [stderr]    Compiling proc-macro2 v1.0.36
[INFO] [stderr]    Compiling unicode-xid v0.2.2
[INFO] [stderr]    Compiling syn v1.0.86
[INFO] [stderr]    Compiling spin v0.5.2
[INFO] [stderr]    Compiling untrusted v0.7.1
[INFO] [stderr]    Compiling typenum v1.15.0
[INFO] [stderr]    Compiling percent-encoding v2.1.0
[INFO] [stderr]    Compiling proc-macro-hack v0.5.19
[INFO] [stderr]    Compiling generic-array v0.14.5
[INFO] [stderr]    Compiling standback v0.2.17
[INFO] [stderr]    Compiling tinyvec v1.5.1
[INFO] [stderr]    Compiling log v0.4.14
[INFO] [stderr]    Compiling matches v0.1.9
[INFO] [stderr]    Compiling serde_derive v1.0.136
[INFO] [stderr]    Compiling quote v1.0.15
[INFO] [stderr]    Compiling ring v0.16.20
[INFO] [stderr]    Compiling const_fn v0.4.9
[INFO] [stderr]    Compiling unicode-bidi v0.3.7
[INFO] [stderr]    Compiling serde v1.0.136
[INFO] [stderr]    Compiling unicode-normalization v0.1.19
[INFO] [stderr]    Compiling form_urlencoded v1.0.1
[INFO] [stderr]    Compiling time v0.2.27
[INFO] [stderr]    Compiling serde_json v1.0.78
[INFO] [stderr]    Compiling idna v0.2.3
[INFO] [stderr]    Compiling ahash v0.7.6
[INFO] [stderr]    Compiling cookie v0.14.4
[INFO] [stderr]    Compiling autocfg v1.1.0
[INFO] [stderr]    Compiling itoa v1.0.1
[INFO] [stderr]    Compiling ryu v1.0.9
[INFO] [stderr]    Compiling url v2.2.2
[INFO] [stderr]    Compiling getrandom v0.2.4
[INFO] [stderr]    Compiling base64 v0.13.0
[INFO] [stderr]    Compiling cpufeatures v0.2.1
[INFO] [stderr]    Compiling miniz_oxide v0.4.4
[INFO] [stderr]    Compiling opaque-debug v0.3.0
[INFO] [stderr]    Compiling crc32fast v1.3.2
[INFO] [stderr]    Compiling subtle v2.4.1
[INFO] [stderr]    Compiling pkg-config v0.3.24
[INFO] [stderr]    Compiling publicsuffix v1.5.6
[INFO] [stderr]    Compiling universal-hash v0.4.1
[INFO] [stderr]    Compiling cipher v0.3.0
[INFO] [stderr]    Compiling memchr v2.4.1
[INFO] [stderr]    Compiling adler v1.0.2
[INFO] [stderr]    Compiling encoding_rs v0.8.30
[INFO] [stderr]    Compiling libsqlite3-sys v0.22.2
[INFO] [stderr]    Compiling chunked_transfer v1.4.0
[INFO] [stderr]    Compiling hashbrown v0.11.2
[INFO] [stderr]    Compiling polyval v0.5.3
[INFO] [stderr]    Compiling dirs-sys-next v0.1.2
[INFO] [stderr]    Compiling time-macros-impl v0.1.2
[INFO] [stderr]    Compiling qstring v0.7.2
[INFO] [stderr]    Compiling winapi v0.3.9
[INFO] [stderr]    Compiling flate2 v1.0.22
[INFO] [stderr]    Compiling hashlink v0.7.0
[INFO] [stderr]    Compiling webpki v0.21.4
[INFO] [stderr]    Compiling webpki v0.22.0
[INFO] [stderr]    Compiling sct v0.6.1
[INFO] [stderr]    Compiling time-macros v0.1.1
[INFO] [stderr]    Compiling rustls v0.19.1
[INFO] [stderr]    Compiling webpki-roots v0.21.1
[INFO] [stderr]    Compiling sct v0.7.0
[INFO] [stderr]    Compiling webpki-roots v0.22.2
[INFO] [stderr]    Compiling dirs-next v1.0.2
[INFO] [stderr]    Compiling ghash v0.4.4
[INFO] [stderr]    Compiling rustls v0.20.2
[INFO] [stderr]    Compiling aes v0.7.5
[INFO] [stderr]    Compiling ctr v0.8.0
[INFO] [stderr]    Compiling aead v0.4.3
[INFO] [stderr]    Compiling smallvec v1.8.0
[INFO] [stderr]    Compiling bitflags v1.3.2
[INFO] [stderr]    Compiling fallible-streaming-iterator v0.1.9
[INFO] [stderr]    Compiling fallible-iterator v0.2.0
[INFO] [stderr]    Compiling aes-gcm v0.9.4
[INFO] [stderr]    Compiling platform-dirs v0.3.0
[INFO] [stderr]    Compiling whoami v1.2.1
[INFO] [stderr]    Compiling rusqlite v0.25.4
[INFO] [stderr]    Compiling cookie_store v0.12.0
[INFO] [stderr]    Compiling ureq v2.4.0
[INFO] [stderr]    Compiling ureq v1.5.5
[INFO] [stderr]    Compiling telegram_notifyrs v0.1.3
[INFO] [stderr]    Compiling stealer v0.1.0 (/opt/rustwide/workdir)
[INFO] [stdout] error[E0433]: failed to resolve: could not find `um` in `winapi`
[INFO] [stdout]  --> src/main.rs:7:14
[INFO] [stdout]   |
[INFO] [stdout] 7 | use winapi::{um::wincrypt::CRYPTOAPI_BLOB, um::dpapi::CryptUnprotectData, shared::minwindef::BYTE};
[INFO] [stdout]   |              ^^ could not find `um` in `winapi`
[INFO] [stdout] 
[INFO] [stdout] 
[INFO] [stdout] error[E0433]: failed to resolve: could not find `um` in `winapi`
[INFO] [stdout]  --> src/main.rs:7:44
[INFO] [stdout]   |
[INFO] [stdout] 7 | use winapi::{um::wincrypt::CRYPTOAPI_BLOB, um::dpapi::CryptUnprotectData, shared::minwindef::BYTE};
[INFO] [stdout]   |                                            ^^ could not find `um` in `winapi`
[INFO] [stdout] 
[INFO] [stdout] 
[INFO] [stdout] error[E0433]: failed to resolve: could not find `shared` in `winapi`
[INFO] [stdout]  --> src/main.rs:7:75
[INFO] [stdout]   |
[INFO] [stdout] 7 | use winapi::{um::wincrypt::CRYPTOAPI_BLOB, um::dpapi::CryptUnprotectData, shared::minwindef::BYTE};
[INFO] [stdout]   |                                                                           ^^^^^^ could not find `shared` in `winapi`
[INFO] [stdout] 
[INFO] [stdout] 
[INFO] [stdout] error[E0433]: failed to resolve: could not find `_core` in `winapi`
[INFO] [stdout]    --> src/main.rs:124:55
[INFO] [stdout]     |
[INFO] [stdout] 124 |     fn decrypt_password(password: Vec<u8>) -> winapi::_core::result::Result<String, Error> {
[INFO] [stdout]     |                                                       ^^^^^ could not find `_core` in `winapi`
[INFO] [stdout] 
[INFO] [stdout] 
[INFO] [stdout] error: aborting due to 4 previous errors
[INFO] [stdout] 
[INFO] [stdout] 
[INFO] [stdout] For more information about this error, try `rustc --explain E0433`.
[INFO] [stdout] 
[INFO] [stderr] error: could not compile `stealer` (bin "stealer") due to 5 previous errors
[INFO] running `Command { std: "docker" "inspect" "10b8cee3b30723542ed18d8776e2601a57f5cd7af3fc62fb9473f2061c15a125", kill_on_drop: false }`
[INFO] running `Command { std: "docker" "rm" "-f" "10b8cee3b30723542ed18d8776e2601a57f5cd7af3fc62fb9473f2061c15a125", kill_on_drop: false }`
[INFO] [stdout] 10b8cee3b30723542ed18d8776e2601a57f5cd7af3fc62fb9473f2061c15a125
