[INFO] cloning repository https://github.com/c1wren/actix-session
[INFO] running `Command { std: "git" "-c" "credential.helper=" "-c" "credential.helper=/workspace/cargo-home/bin/git-credential-null" "clone" "--bare" "https://github.com/c1wren/actix-session" "/workspace/cache/git-repos/https%3A%2F%2Fgithub.com%2Fc1wren%2Factix-session", kill_on_drop: false }`
[INFO] [stderr] Cloning into bare repository '/workspace/cache/git-repos/https%3A%2F%2Fgithub.com%2Fc1wren%2Factix-session'...
[INFO] running `Command { std: "git" "rev-parse" "HEAD", kill_on_drop: false }`
[INFO] [stdout] 65cd231891319c7ba96d1eefe0f33f25aab955e4
[INFO] testing c1wren/actix-session against beta-2023-04-20 for beta-1.70-1
[INFO] running `Command { std: "git" "clone" "/workspace/cache/git-repos/https%3A%2F%2Fgithub.com%2Fc1wren%2Factix-session" "/workspace/builds/worker-6-tc2/source", kill_on_drop: false }`
[INFO] [stderr] Cloning into '/workspace/builds/worker-6-tc2/source'...
[INFO] [stderr] done.
[INFO] validating manifest of git repo https://github.com/c1wren/actix-session on toolchain beta-2023-04-20
[INFO] running `Command { std: CARGO_HOME="/workspace/cargo-home" RUSTUP_HOME="/workspace/rustup-home" "/workspace/cargo-home/bin/cargo" "+beta-2023-04-20" "metadata" "--manifest-path" "Cargo.toml" "--no-deps", kill_on_drop: false }`
[INFO] started tweaking git repo https://github.com/c1wren/actix-session
[INFO] removed 0 missing examples
[INFO] finished tweaking git repo https://github.com/c1wren/actix-session
[INFO] tweaked toml for git repo https://github.com/c1wren/actix-session written to /workspace/builds/worker-6-tc2/source/Cargo.toml
[INFO] crate git repo https://github.com/c1wren/actix-session already has a lockfile, it will not be regenerated
[INFO] running `Command { std: CARGO_HOME="/workspace/cargo-home" RUSTUP_HOME="/workspace/rustup-home" "/workspace/cargo-home/bin/cargo" "+beta-2023-04-20" "fetch" "--manifest-path" "Cargo.toml", kill_on_drop: false }`
[INFO] [stderr]     Updating crates.io index
[INFO] [stderr]  Downloading crates ...
[INFO] [stderr]   Downloaded redis-protocol v4.0.1
[INFO] [stderr]   Downloaded actix-test v0.1.0-beta.13
[INFO] [stderr]   Downloaded crc16 v0.4.0
[INFO] [stderr]   Downloaded arcstr v1.1.3
[INFO] [stderr]   Downloaded actix-http-test v3.0.0-beta.13
[INFO] [stderr]   Downloaded fred v5.0.0-beta.1
[INFO] running `Command { std: "docker" "create" "-v" "/var/lib/crater-agent-workspace/builds/worker-6-tc2/target:/opt/rustwide/target:rw,Z" "-v" "/var/lib/crater-agent-workspace/builds/worker-6-tc2/source:/opt/rustwide/workdir:ro,Z" "-v" "/var/lib/crater-agent-workspace/cargo-home:/opt/rustwide/cargo-home:ro,Z" "-v" "/var/lib/crater-agent-workspace/rustup-home:/opt/rustwide/rustup-home:ro,Z" "-e" "SOURCE_DIR=/opt/rustwide/workdir" "-e" "CARGO_TARGET_DIR=/opt/rustwide/target" "-e" "CARGO_HOME=/opt/rustwide/cargo-home" "-e" "RUSTUP_HOME=/opt/rustwide/rustup-home" "-w" "/opt/rustwide/workdir" "-m" "1610612736" "--user" "0:0" "--network" "none" "ghcr.io/rust-lang/crates-build-env/linux@sha256:5ff2268d62e97bff2cde7d5815dd6ed5b47097566f13b8d0ca110b04b60e07ed" "/opt/rustwide/cargo-home/bin/cargo" "+beta-2023-04-20" "metadata" "--no-deps" "--format-version=1", kill_on_drop: false }`
[INFO] [stdout] ca7f5f59814cdff6ed0f38a484de7db6c9e544f0a6152b9e0996dbd8eb64b040
[INFO] running `Command { std: "docker" "start" "-a" "ca7f5f59814cdff6ed0f38a484de7db6c9e544f0a6152b9e0996dbd8eb64b040", kill_on_drop: false }`
[INFO] running `Command { std: "docker" "inspect" "ca7f5f59814cdff6ed0f38a484de7db6c9e544f0a6152b9e0996dbd8eb64b040", kill_on_drop: false }`
[INFO] running `Command { std: "docker" "rm" "-f" "ca7f5f59814cdff6ed0f38a484de7db6c9e544f0a6152b9e0996dbd8eb64b040", kill_on_drop: false }`
[INFO] [stdout] ca7f5f59814cdff6ed0f38a484de7db6c9e544f0a6152b9e0996dbd8eb64b040
[INFO] running `Command { std: "docker" "create" "-v" "/var/lib/crater-agent-workspace/builds/worker-6-tc2/target:/opt/rustwide/target:rw,Z" "-v" "/var/lib/crater-agent-workspace/builds/worker-6-tc2/source:/opt/rustwide/workdir:ro,Z" "-v" "/var/lib/crater-agent-workspace/cargo-home:/opt/rustwide/cargo-home:ro,Z" "-v" "/var/lib/crater-agent-workspace/rustup-home:/opt/rustwide/rustup-home:ro,Z" "-e" "SOURCE_DIR=/opt/rustwide/workdir" "-e" "CARGO_TARGET_DIR=/opt/rustwide/target" "-e" "CARGO_INCREMENTAL=0" "-e" "RUST_BACKTRACE=full" "-e" "RUSTFLAGS=--cap-lints=warn" "-e" "RUSTDOCFLAGS=--cap-lints=warn" "-e" "CARGO_HOME=/opt/rustwide/cargo-home" "-e" "RUSTUP_HOME=/opt/rustwide/rustup-home" "-w" "/opt/rustwide/workdir" "-m" "1610612736" "--user" "0:0" "--network" "none" "ghcr.io/rust-lang/crates-build-env/linux@sha256:5ff2268d62e97bff2cde7d5815dd6ed5b47097566f13b8d0ca110b04b60e07ed" "/opt/rustwide/cargo-home/bin/cargo" "+beta-2023-04-20" "build" "--frozen" "--message-format=json", kill_on_drop: false }`
[INFO] [stdout] eb74141ab6abf6c2a3db298bf9c4338727fb894930ca9ad7428bda8f5ec76ed9
[INFO] running `Command { std: "docker" "start" "-a" "eb74141ab6abf6c2a3db298bf9c4338727fb894930ca9ad7428bda8f5ec76ed9", kill_on_drop: false }`
[INFO] [stderr]    Compiling cfg-if v1.0.0
[INFO] [stderr]    Compiling libc v0.2.120
[INFO] [stderr]    Compiling version_check v0.9.4
[INFO] [stderr]    Compiling memchr v2.4.1
[INFO] [stderr]    Compiling typenum v1.15.0
[INFO] [stderr]    Compiling proc-macro2 v1.0.36
[INFO] [stderr]    Compiling unicode-xid v0.2.2
[INFO] [stderr]    Compiling syn v1.0.89
[INFO] [stderr]    Compiling log v0.4.14
[INFO] [stderr]    Compiling pin-project-lite v0.2.8
[INFO] [stderr]    Compiling autocfg v1.1.0
[INFO] [stderr]    Compiling futures-core v0.3.21
[INFO] [stderr]    Compiling bytes v1.1.0
[INFO] [stderr]    Compiling smallvec v1.8.0
[INFO] [stderr]    Compiling scopeguard v1.1.0
[INFO] [stderr]    Compiling once_cell v1.10.0
[INFO] [stderr]    Compiling parking_lot_core v0.9.1
[INFO] [stderr]    Compiling lock_api v0.4.6
[INFO] [stderr]    Compiling futures-sink v0.3.21
[INFO] [stderr]    Compiling subtle v2.4.1
[INFO] [stderr]    Compiling futures-task v0.3.21
[INFO] [stderr]    Compiling futures-channel v0.3.21
[INFO] [stderr]    Compiling cpufeatures v0.2.1
[INFO] [stderr]    Compiling bitflags v1.3.2
[INFO] [stderr]    Compiling futures-util v0.3.21
[INFO] [stderr]    Compiling pin-utils v0.1.0
[INFO] [stderr]    Compiling slab v0.4.5
[INFO] [stderr]    Compiling generic-array v0.14.5
[INFO] [stderr]    Compiling pkg-config v0.3.24
[INFO] [stderr]    Compiling itoa v1.0.1
[INFO] [stderr]    Compiling futures-io v0.3.21
[INFO] [stderr]    Compiling cc v1.0.73
[INFO] [stderr]    Compiling opaque-debug v0.3.0
[INFO] [stderr]    Compiling percent-encoding v2.1.0
[INFO] [stderr]    Compiling ryu v1.0.9
[INFO] [stderr]    Compiling lazy_static v1.4.0
[INFO] [stderr]    Compiling radium v0.5.3
[INFO] [stderr]    Compiling matches v0.1.9
[INFO] [stderr]    Compiling regex-syntax v0.6.25
[INFO] [stderr]    Compiling tinyvec_macros v0.1.0
[INFO] [stderr]    Compiling ppv-lite86 v0.2.16
[INFO] [stderr]    Compiling serde v1.0.136
[INFO] [stderr]    Compiling tracing-core v0.1.23
[INFO] [stderr]    Compiling indexmap v1.8.0
[INFO] [stderr]    Compiling tinyvec v1.5.1
[INFO] [stderr]    Compiling aho-corasick v0.7.18
[INFO] [stderr]    Compiling lexical-core v0.7.6
[INFO] [stderr]    Compiling local-waker v0.1.2
[INFO] [stderr]    Compiling quote v1.0.16
[INFO] [stderr]    Compiling fnv v1.0.7
[INFO] [stderr]    Compiling openssl v0.10.38
[INFO] [stderr]    Compiling socket2 v0.4.4
[INFO] [stderr]    Compiling signal-hook-registry v1.4.0
[INFO] [stderr]    Compiling mio v0.8.2
[INFO] [stderr]    Compiling num_cpus v1.13.1
[INFO] [stderr]    Compiling getrandom v0.2.5
[INFO] [stderr]    Compiling parking_lot v0.12.0
[INFO] [stderr]    Compiling foreign-types-shared v0.1.1
[INFO] [stderr]    Compiling rand_core v0.6.3
[INFO] [stderr]    Compiling foreign-types v0.3.2
[INFO] [stderr]    Compiling tracing v0.1.32
[INFO] [stderr]    Compiling http v0.2.6
[INFO] [stderr]    Compiling openssl-sys v0.9.72
[INFO] [stderr]    Compiling rand_chacha v0.3.1
[INFO] [stderr]    Compiling unicode-normalization v0.1.19
[INFO] [stderr]    Compiling form_urlencoded v1.0.1
[INFO] [stderr]    Compiling nom v6.1.2
[INFO] [stderr]    Compiling ahash v0.7.6
[INFO] [stderr]    Compiling num-traits v0.2.14
[INFO] [stderr]    Compiling funty v1.1.0
[INFO] [stderr]    Compiling rand v0.8.5
[INFO] [stderr]    Compiling static_assertions v1.1.0
[INFO] [stderr]    Compiling unicode-bidi v0.3.7
[INFO] [stderr]    Compiling parking_lot_core v0.8.5
[INFO] [stderr]    Compiling encoding_rs v0.8.30
[INFO] [stderr]    Compiling paste v1.0.6
[INFO] [stderr]    Compiling hashbrown v0.11.2
[INFO] [stderr]    Compiling crypto-common v0.1.3
[INFO] [stderr]    Compiling block-buffer v0.10.2
[INFO] [stderr]    Compiling universal-hash v0.4.1
[INFO] [stderr]    Compiling cipher v0.3.0
[INFO] [stderr]    Compiling digest v0.10.3
[INFO] [stderr]    Compiling polyval v0.5.3
[INFO] [stderr]    Compiling crc16 v0.4.0
[INFO] [stderr]    Compiling arrayvec v0.5.2
[INFO] [stderr]    Compiling wyz v0.2.0
[INFO] [stderr]    Compiling tap v1.0.1
[INFO] [stderr]    Compiling native-tls v0.2.8
[INFO] [stderr]    Compiling regex v1.5.5
[INFO] [stderr]    Compiling quick-error v1.2.3
[INFO] [stderr]    Compiling httparse v1.6.0
[INFO] [stderr]    Compiling actix-service v2.0.2
[INFO] [stderr]    Compiling bitvec v0.19.6
[INFO] [stderr]    Compiling hmac v0.12.1
[INFO] [stderr]    Compiling humantime v1.3.0
[INFO] [stderr]    Compiling ghash v0.4.4
[INFO] [stderr]    Compiling idna v0.2.3
[INFO] [stderr]    Compiling ctr v0.8.0
[INFO] [stderr]    Compiling aes v0.7.5
[INFO] [stderr]    Compiling aead v0.4.3
[INFO] [stderr]    Compiling atty v0.2.14
[INFO] [stderr]    Compiling actix-utils v3.0.0
[INFO] [stderr]    Compiling bytestring v1.0.0
[INFO] [stderr]    Compiling cookie v0.16.0
[INFO] [stderr]    Compiling instant v0.1.12
[INFO] [stderr]    Compiling semver v1.0.6
[INFO] [stderr]    Compiling time-macros v0.2.3
[INFO] [stderr]    Compiling async-trait v0.1.52
[INFO] [stderr]    Compiling num_threads v0.1.5
[INFO] [stderr]    Compiling serde_json v1.0.79
[INFO] [stderr]    Compiling openssl-probe v0.1.5
[INFO] [stderr]    Compiling base64 v0.13.0
[INFO] [stderr]    Compiling either v1.6.1
[INFO] [stderr]    Compiling termcolor v1.1.3
[INFO] [stderr]    Compiling convert_case v0.4.0
[INFO] [stderr]    Compiling bytes-utils v0.1.1
[INFO] [stderr]    Compiling url v2.2.2
[INFO] [stderr]    Compiling aes-gcm v0.9.4
[INFO] [stderr]    Compiling env_logger v0.7.1
[INFO] [stderr]    Compiling hkdf v0.12.3
[INFO] [stderr]    Compiling sha-1 v0.10.0
[INFO] [stderr]    Compiling sha2 v0.10.2
[INFO] [stderr]    Compiling digest v0.9.0
[INFO] [stderr]    Compiling block-buffer v0.9.0
[INFO] [stderr]    Compiling firestorm v0.5.0
[INFO] [stderr]    Compiling mime v0.3.16
[INFO] [stderr]    Compiling language-tags v0.3.2
[INFO] [stderr]    Compiling anyhow v1.0.56
[INFO] [stderr]    Compiling httpdate v1.0.2
[INFO] [stderr]    Compiling time v0.3.7
[INFO] [stderr]    Compiling cookie-factory v0.3.2
[INFO] [stderr]    Compiling sha-1 v0.9.8
[INFO] [stderr]    Compiling float-cmp v0.8.0
[INFO] [stderr]    Compiling actix-router v0.5.0
[INFO] [stderr]    Compiling serde_urlencoded v0.7.1
[INFO] [stderr]    Compiling pretty_env_logger v0.4.0
[INFO] [stderr]    Compiling parking_lot v0.11.2
[INFO] [stderr]    Compiling arc-swap v1.5.0
[INFO] [stderr]    Compiling arcstr v1.1.3
[INFO] [stderr]    Compiling tokio-macros v1.7.0
[INFO] [stderr]    Compiling futures-macro v0.3.21
[INFO] [stderr]    Compiling derive_more v0.99.17
[INFO] [stderr]    Compiling redis-protocol v4.0.1
[INFO] [stderr]    Compiling tokio v1.17.0
[INFO] [stderr]    Compiling local-channel v0.1.2
[INFO] [stderr]    Compiling futures-executor v0.3.21
[INFO] [stderr]    Compiling futures v0.3.21
[INFO] [stderr]    Compiling tokio-util v0.6.9
[INFO] [stderr]    Compiling actix-rt v2.7.0
[INFO] [stderr]    Compiling tokio-util v0.7.0
[INFO] [stderr]    Compiling tokio-stream v0.1.8
[INFO] [stderr]    Compiling tokio-native-tls v0.3.0
[INFO] [stderr]    Compiling actix-server v2.1.1
[INFO] [stderr]    Compiling actix-codec v0.5.0
[INFO] [stderr]    Compiling h2 v0.3.12
[INFO] [stderr]    Compiling fred v5.0.0-beta.1
[INFO] [stderr]    Compiling actix-http v3.0.4
[INFO] [stderr]    Compiling actix-web v4.0.1
[INFO] [stderr]    Compiling actix-session v0.6.0 (/opt/rustwide/workdir)
[INFO] [stderr]     Finished dev [unoptimized + debuginfo] target(s) in 23.47s
[INFO] [stderr] warning: the following packages contain code that will be rejected by a future version of Rust: nom v6.1.2
[INFO] [stderr] note: to see what the problems were, use the option `--future-incompat-report`, or run `cargo report future-incompatibilities --id 1`
[INFO] running `Command { std: "docker" "inspect" "eb74141ab6abf6c2a3db298bf9c4338727fb894930ca9ad7428bda8f5ec76ed9", kill_on_drop: false }`
[INFO] running `Command { std: "docker" "rm" "-f" "eb74141ab6abf6c2a3db298bf9c4338727fb894930ca9ad7428bda8f5ec76ed9", kill_on_drop: false }`
[INFO] [stdout] eb74141ab6abf6c2a3db298bf9c4338727fb894930ca9ad7428bda8f5ec76ed9
[INFO] running `Command { std: "docker" "create" "-v" "/var/lib/crater-agent-workspace/builds/worker-6-tc2/target:/opt/rustwide/target:rw,Z" "-v" "/var/lib/crater-agent-workspace/builds/worker-6-tc2/source:/opt/rustwide/workdir:ro,Z" "-v" "/var/lib/crater-agent-workspace/cargo-home:/opt/rustwide/cargo-home:ro,Z" "-v" "/var/lib/crater-agent-workspace/rustup-home:/opt/rustwide/rustup-home:ro,Z" "-e" "SOURCE_DIR=/opt/rustwide/workdir" "-e" "CARGO_TARGET_DIR=/opt/rustwide/target" "-e" "CARGO_INCREMENTAL=0" "-e" "RUST_BACKTRACE=full" "-e" "RUSTFLAGS=--cap-lints=warn" "-e" "RUSTDOCFLAGS=--cap-lints=warn" "-e" "CARGO_HOME=/opt/rustwide/cargo-home" "-e" "RUSTUP_HOME=/opt/rustwide/rustup-home" "-w" "/opt/rustwide/workdir" "-m" "1610612736" "--user" "0:0" "--network" "none" "ghcr.io/rust-lang/crates-build-env/linux@sha256:5ff2268d62e97bff2cde7d5815dd6ed5b47097566f13b8d0ca110b04b60e07ed" "/opt/rustwide/cargo-home/bin/cargo" "+beta-2023-04-20" "test" "--frozen" "--no-run" "--message-format=json", kill_on_drop: false }`
[INFO] [stdout] c07d17b5e3f3f363838e1d8c157b163f91532aa30518b9043a8b1e02af031f24
[INFO] running `Command { std: "docker" "start" "-a" "c07d17b5e3f3f363838e1d8c157b163f91532aa30518b9043a8b1e02af031f24", kill_on_drop: false }`
[INFO] [stderr]    Compiling serde_derive v1.0.136
[INFO] [stderr]    Compiling serde v1.0.136
[INFO] [stderr]    Compiling actix-macros v0.2.3
[INFO] [stderr]    Compiling memchr v2.4.1
[INFO] [stderr]    Compiling log v0.4.14
[INFO] [stderr]    Compiling humantime v2.1.0
[INFO] [stderr]    Compiling env_logger v0.8.4
[INFO] [stderr]    Compiling actix-rt v2.7.0
[INFO] [stderr]    Compiling aho-corasick v0.7.18
[INFO] [stderr]    Compiling actix-http v3.0.4
[INFO] [stderr]    Compiling actix-server v2.1.1
[INFO] [stderr]    Compiling actix-tls v3.0.3
[INFO] [stderr]    Compiling regex v1.5.5
[INFO] [stderr]    Compiling actix-router v0.5.0
[INFO] [stderr]    Compiling actix-web-codegen v4.0.0
[INFO] [stderr]    Compiling serde_urlencoded v0.7.1
[INFO] [stderr]    Compiling serde_json v1.0.79
[INFO] [stderr]    Compiling awc v3.0.0
[INFO] [stderr]    Compiling actix-web v4.0.1
[INFO] [stderr]    Compiling actix-http-test v3.0.0-beta.13
[INFO] [stderr]    Compiling actix-session v0.6.0 (/opt/rustwide/workdir)
[INFO] [stderr]    Compiling actix-test v0.1.0-beta.13
[INFO] [stdout] error[E0432]: unresolved import `redis`
[INFO] [stdout]    --> src/storage/redis_rs.rs:312:9
[INFO] [stdout]     |
[INFO] [stdout] 312 |     use redis::AsyncCommands;
[INFO] [stdout]     |         ^^^^^ use of undeclared crate or module `redis`
[INFO] [stdout] 
[INFO] [stdout] 
[INFO] [stdout] error[E0308]: mismatched types
[INFO] [stdout]    --> src/storage/redis_rs.rs:316:32
[INFO] [stdout]     |
[INFO] [stdout] 316 |         RedisSessionStore::new("redis://127.0.0.1:6379")
[INFO] [stdout]     |         ---------------------- ^^^^^^^^^^^^^^^^^^^^^^^^ expected `ConnectionInfo`, found `&str`
[INFO] [stdout]     |         |
[INFO] [stdout]     |         arguments to this function are incorrect
[INFO] [stdout]     |
[INFO] [stdout] note: associated function defined here
[INFO] [stdout]    --> src/storage/redis_rs.rs:96:18
[INFO] [stdout]     |
[INFO] [stdout] 96  |     pub async fn new(connection_info: ConnectionInfo) -> Result<RedisSessionStore, anyhow::Error> {
[INFO] [stdout]     |                  ^^^ -------------------------------
[INFO] [stdout] 
[INFO] [stdout] 
[INFO] [stdout] error[E0599]: no method named `set` found for struct `RedisPool` in the current scope
[INFO] [stdout]    --> src/storage/redis_rs.rs:341:14
[INFO] [stdout]     |
[INFO] [stdout] 338 | /         store
[INFO] [stdout] 339 | |             .client
[INFO] [stdout] 340 | |             .clone()
[INFO] [stdout] 341 | |             .set::<_, _, ()>(session_key.as_ref(), "random-thing-which-is-not-json")
[INFO] [stdout]     | |             -^^^ method not found in `RedisPool`
[INFO] [stdout]     | |_____________|
[INFO] [stdout]     | 
[INFO] [stdout]     |
[INFO] [stdout]     = help: items from traits can only be used if the trait is in scope
[INFO] [stdout] help: the following trait is implemented but not in scope; perhaps add a `use` for it:
[INFO] [stdout]     |
[INFO] [stdout] 308 +     use fred::interfaces::KeysInterface;
[INFO] [stdout]     |
[INFO] [stdout] 
[INFO] [stdout] 
[INFO] [stdout] error[E0599]: no variant or associated item named `DeserializationError` found for enum `interface::LoadError` in the current scope
[INFO] [stdout]    --> src/storage/redis_rs.rs:346:24
[INFO] [stdout]     |
[INFO] [stdout] 346 |             LoadError::DeserializationError(_),
[INFO] [stdout]     |                        ^^^^^^^^^^^^^^^^^^^^
[INFO] [stdout]     |                        |
[INFO] [stdout]     |                        variant or associated item not found in `LoadError`
[INFO] [stdout]     |                        help: there is a variant with a similar name: `Deserialization`
[INFO] [stdout]     |
[INFO] [stdout]    ::: src/storage/interface.rs:43:1
[INFO] [stdout]     |
[INFO] [stdout] 43  | pub enum LoadError {
[INFO] [stdout]     | ------------------ variant or associated item `DeserializationError` not found for this enum
[INFO] [stdout] 
[INFO] [stdout] 
[INFO] [stdout] error: aborting due to 4 previous errors
[INFO] [stdout] 
[INFO] [stdout] 
[INFO] [stdout] Some errors have detailed explanations: E0308, E0432, E0599.
[INFO] [stdout] 
[INFO] [stdout] For more information about an error, try `rustc --explain E0308`.
[INFO] [stdout] 
[INFO] [stderr] error: could not compile `actix-session` (lib test) due to 5 previous errors
[INFO] [stderr] warning: build failed, waiting for other jobs to finish...
[INFO] [stdout] error: linking with `cc` failed: exit status: 1
[INFO] [stdout]   |
[INFO] [stdout]   = note: LC_ALL="C" PATH="/opt/rustwide/rustup-home/toolchains/beta-2023-04-20-x86_64-unknown-linux-gnu/lib/rustlib/x86_64-unknown-linux-gnu/bin:/opt/rustwide/cargo-home/bin:/usr/local/sbin:/usr/local/bin:/usr/sbin:/usr/bin:/sbin:/bin" VSLANG="1033" "cc" "-m64" "/tmp/rustcCytcQb/symbols.o" "/opt/rustwide/target/debug/deps/middleware-5f94a32195f4f230.middleware.cc6a7ccc-cgu.0.rcgu.o" "/opt/rustwide/target/debug/deps/middleware-5f94a32195f4f230.middleware.cc6a7ccc-cgu.1.rcgu.o" "/opt/rustwide/target/debug/deps/middleware-5f94a32195f4f230.middleware.cc6a7ccc-cgu.10.rcgu.o" "/opt/rustwide/target/debug/deps/middleware-5f94a32195f4f230.middleware.cc6a7ccc-cgu.11.rcgu.o" "/opt/rustwide/target/debug/deps/middleware-5f94a32195f4f230.middleware.cc6a7ccc-cgu.12.rcgu.o" "/opt/rustwide/target/debug/deps/middleware-5f94a32195f4f230.middleware.cc6a7ccc-cgu.13.rcgu.o" "/opt/rustwide/target/debug/deps/middleware-5f94a32195f4f230.middleware.cc6a7ccc-cgu.14.rcgu.o" "/opt/rustwide/target/debug/deps/middleware-5f94a32195f4f230.middleware.cc6a7ccc-cgu.15.rcgu.o" "/opt/rustwide/target/debug/deps/middleware-5f94a32195f4f230.middleware.cc6a7ccc-cgu.2.rcgu.o" "/opt/rustwide/target/debug/deps/middleware-5f94a32195f4f230.middleware.cc6a7ccc-cgu.3.rcgu.o" "/opt/rustwide/target/debug/deps/middleware-5f94a32195f4f230.middleware.cc6a7ccc-cgu.4.rcgu.o" "/opt/rustwide/target/debug/deps/middleware-5f94a32195f4f230.middleware.cc6a7ccc-cgu.5.rcgu.o" "/opt/rustwide/target/debug/deps/middleware-5f94a32195f4f230.middleware.cc6a7ccc-cgu.6.rcgu.o" "/opt/rustwide/target/debug/deps/middleware-5f94a32195f4f230.middleware.cc6a7ccc-cgu.7.rcgu.o" "/opt/rustwide/target/debug/deps/middleware-5f94a32195f4f230.middleware.cc6a7ccc-cgu.8.rcgu.o" "/opt/rustwide/target/debug/deps/middleware-5f94a32195f4f230.middleware.cc6a7ccc-cgu.9.rcgu.o" "/opt/rustwide/target/debug/deps/middleware-5f94a32195f4f230.3192yae50w2txjx0.rcgu.o" "-Wl,--as-needed" "-L" "/opt/rustwide/target/debug/deps" "-L" "/opt/rustwide/rustup-home/toolchains/beta-2023-04-20-x86_64-unknown-linux-gnu/lib/rustlib/x86_64-unknown-linux-gnu/lib" "-Wl,-Bstatic" "/opt/rustwide/rustup-home/toolchains/beta-2023-04-20-x86_64-unknown-linux-gnu/lib/rustlib/x86_64-unknown-linux-gnu/lib/libtest-2bcc87e061734fce.rlib" "/opt/rustwide/rustup-home/toolchains/beta-2023-04-20-x86_64-unknown-linux-gnu/lib/rustlib/x86_64-unknown-linux-gnu/lib/libgetopts-4c2368e8367904c3.rlib" "/opt/rustwide/rustup-home/toolchains/beta-2023-04-20-x86_64-unknown-linux-gnu/lib/rustlib/x86_64-unknown-linux-gnu/lib/libunicode_width-06b9dcb8e6d4191c.rlib" "/opt/rustwide/rustup-home/toolchains/beta-2023-04-20-x86_64-unknown-linux-gnu/lib/rustlib/x86_64-unknown-linux-gnu/lib/librustc_std_workspace_std-23a78788aee51060.rlib" "/opt/rustwide/target/debug/deps/libactix_session-4e70f7448549d293.rlib" "/opt/rustwide/target/debug/deps/libfred-95416e2ffec7a8e2.rlib" "/opt/rustwide/target/debug/deps/libsha1-b397800a3badc9bd.rlib" "/opt/rustwide/target/debug/deps/libblock_buffer-03c522e9dda25746.rlib" "/opt/rustwide/target/debug/deps/libdigest-1c996b9bb7591d1a.rlib" "/opt/rustwide/target/debug/deps/libfloat_cmp-e897d0d335423994.rlib" "/opt/rustwide/target/debug/deps/libnum_traits-f6bdd2f90afec9ac.rlib" "/opt/rustwide/target/debug/deps/libsemver-ac4314600205cd96.rlib" "/opt/rustwide/target/debug/deps/libarc_swap-ec15a52916c8d722.rlib" "/opt/rustwide/target/debug/deps/libparking_lot-07d3adea1d9ba7f5.rlib" "/opt/rustwide/target/debug/deps/libparking_lot_core-b345ab68f4590e25.rlib" "/opt/rustwide/target/debug/deps/libinstant-939f0c301cdc968a.rlib" "/opt/rustwide/target/debug/deps/libtokio_stream-4f13b9b78a7692cb.rlib" "/opt/rustwide/target/debug/deps/libfutures-1d4b2e235db03fc7.rlib" "/opt/rustwide/target/debug/deps/libfutures_executor-c4970d30cee46307.rlib" "/opt/rustwide/target/debug/deps/libredis_protocol-110a687a279cb3e4.rlib" "/opt/rustwide/target/debug/deps/libnom-2d4c66929f498d5c.rlib" "/opt/rustwide/target/debug/deps/liblexical_core-22fd00984a2914f3.rlib" "/opt/rustwide/target/debug/deps/libstatic_assertions-62b1a5cbf56a9f5f.rlib" "/opt/rustwide/target/debug/deps/libarrayvec-60f29610b80e56b0.rlib" "/opt/rustwide/target/debug/deps/libbitvec-97f7e814a714ded4.rlib" "/opt/rustwide/target/debug/deps/libfunty-38500dc869d25497.rlib" "/opt/rustwide/target/debug/deps/libwyz-034be59ddb5e1968.rlib" "/opt/rustwide/target/debug/deps/libtap-a30d5c744f315154.rlib" "/opt/rustwide/target/debug/deps/libradium-d6cc7a46dae2c421.rlib" "/opt/rustwide/target/debug/deps/libcrc16-a102556d36cf35c9.rlib" "/opt/rustwide/target/debug/deps/libcookie_factory-66c7b729a16f6470.rlib" "/opt/rustwide/target/debug/deps/libtokio_native_tls-03b51781b97e74d9.rlib" "/opt/rustwide/target/debug/deps/libnative_tls-49435fa75ec8efd6.rlib" "/opt/rustwide/target/debug/deps/libopenssl_probe-361016bdcb077fee.rlib" "/opt/rustwide/target/debug/deps/libopenssl-231d78d91af795c4.rlib" "/opt/rustwide/target/debug/deps/libforeign_types-3138d685ddde873e.rlib" "/opt/rustwide/target/debug/deps/libforeign_types_shared-1df85ef0ce08cbc3.rlib" "/opt/rustwide/target/debug/deps/libopenssl_sys-af2468a9498196a9.rlib" "/opt/rustwide/target/debug/deps/libbytes_utils-8d23baa2b7551c3e.rlib" "/opt/rustwide/target/debug/deps/libeither-e3062db716b81c8a.rlib" "/opt/rustwide/target/debug/deps/libanyhow-b919e368edeaebf1.rlib" "/opt/rustwide/target/debug/deps/libactix_web-fbd1adc774076fd3.rlib" "/opt/rustwide/target/debug/deps/libcookie-9c614927b54a3813.rlib" "/opt/rustwide/target/debug/deps/libhkdf-8d938d2a2df32754.rlib" "/opt/rustwide/target/debug/deps/libhmac-7ba403f704f7fb82.rlib" "/opt/rustwide/target/debug/deps/libsha2-a7e7b16d9fe52b51.rlib" "/opt/rustwide/target/debug/deps/libaes_gcm-d866e8121edadb9d.rlib" "/opt/rustwide/target/debug/deps/libghash-c52675e250d267b9.rlib" "/opt/rustwide/target/debug/deps/libpolyval-3ca3878fb323dc17.rlib" "/opt/rustwide/target/debug/deps/libuniversal_hash-988e0d257349de2b.rlib" "/opt/rustwide/target/debug/deps/libctr-0335985925ed82a6.rlib" "/opt/rustwide/target/debug/deps/libaes-592e20f6aeefc243.rlib" "/opt/rustwide/target/debug/deps/libopaque_debug-ffbe13ab2928830a.rlib" "/opt/rustwide/target/debug/deps/libcipher-066ed1c40bf909f9.rlib" "/opt/rustwide/target/debug/deps/libaead-f056526ba2724d82.rlib" "/opt/rustwide/target/debug/deps/libtime-84ea00e35eea5da3.rlib" "/opt/rustwide/target/debug/deps/liburl-a02fb8fdb5737796.rlib" "/opt/rustwide/target/debug/deps/libidna-6f8cd264df389d63.rlib" "/opt/rustwide/target/debug/deps/libunicode_normalization-78a01cc621c7dad6.rlib" "/opt/rustwide/target/debug/deps/libtinyvec-c348951c3414c332.rlib" "/opt/rustwide/target/debug/deps/libtinyvec_macros-c8728763a1cfbcab.rlib" "/opt/rustwide/target/debug/deps/libunicode_bidi-a69ffc9ceeb64fbb.rlib" "/opt/rustwide/target/debug/deps/libserde_urlencoded-c09d14c89eafd420.rlib" "/opt/rustwide/target/debug/deps/libform_urlencoded-a5e98da7c1c4a0eb.rlib" "/opt/rustwide/target/debug/deps/libmatches-bfb4602457f1458f.rlib" "/opt/rustwide/target/debug/deps/libserde_json-edc8308144c6f4b5.rlib" "/opt/rustwide/target/debug/deps/libryu-1f87c9e09d988964.rlib" "/opt/rustwide/target/debug/deps/libactix_server-69c5442598050536.rlib" "/opt/rustwide/target/debug/deps/libactix_router-ca4ad333684e95cc.rlib" "/opt/rustwide/target/debug/deps/libregex-f78fc9c49904f1e2.rlib" "/opt/rustwide/target/debug/deps/libaho_corasick-69e9ea0b66ada307.rlib" "/opt/rustwide/target/debug/deps/libregex_syntax-fd0c3ba7c22fa1f4.rlib" "/opt/rustwide/target/debug/deps/libfirestorm-32dbfc811be4a63f.rlib" "/opt/rustwide/target/debug/deps/libserde-f9753450f97809d9.rlib" "/opt/rustwide/target/debug/deps/libactix_http-f91dcadf29679eeb.rlib" "/opt/rustwide/target/debug/deps/libbase64-bff61f2d1660603b.rlib" "/opt/rustwide/target/debug/deps/librand-81872e1adf6c8902.rlib" "/opt/rustwide/target/debug/deps/librand_chacha-a43afdbb9ba3f1e9.rlib" "/opt/rustwide/target/debug/deps/libppv_lite86-0fa3e45be755835a.rlib" "/opt/rustwide/target/debug/deps/librand_core-e142a727e91bebe9.rlib" "/opt/rustwide/target/debug/deps/libhttparse-72ae373da43497e9.rlib" "/opt/rustwide/target/debug/deps/libhttpdate-591d2bbb0f7914fc.rlib" "/opt/rustwide/target/debug/deps/libsha1-285de29c3ccd1bf8.rlib" "/opt/rustwide/target/debug/deps/libcpufeatures-0ab975038e942af0.rlib" "/opt/rustwide/target/debug/deps/libdigest-7d59efac2ec91f47.rlib" "/opt/rustwide/target/debug/deps/libsubtle-b2522ed537185c3e.rlib" "/opt/rustwide/target/debug/deps/libblock_buffer-ceecd8d73fd64637.rlib" "/opt/rustwide/target/debug/deps/libcrypto_common-e79aff0d151dee22.rlib" "/opt/rustwide/target/debug/deps/libgeneric_array-5476c5aa279dce6a.rlib" "/opt/rustwide/target/debug/deps/libtypenum-f068cdcc1d945756.rlib" "/opt/rustwide/target/debug/deps/liblocal_channel-7f41a8bafbfb8426.rlib" "/opt/rustwide/target/debug/deps/libbytestring-c5aeca0c4eec74eb.rlib" "/opt/rustwide/target/debug/deps/libencoding_rs-dbd08aaf41facaaa.rlib" "/opt/rustwide/target/debug/deps/liblanguage_tags-215e6eaf9b62f53d.rlib" "/opt/rustwide/target/debug/deps/libmime-6adaefd5c465bdcc.rlib" "/opt/rustwide/target/debug/deps/libpercent_encoding-8c83310236959ef9.rlib" "/opt/rustwide/target/debug/deps/libh2-db783f6be43183b2.rlib" "/opt/rustwide/target/debug/deps/libtracing-c67b6422b8652840.rlib" "/opt/rustwide/target/debug/deps/libtracing_core-8ecb830b66ce96f3.rlib" "/opt/rustwide/target/debug/deps/liblazy_static-86422d76b8bd90ed.rlib" "/opt/rustwide/target/debug/deps/libindexmap-1896f1fe0fcea493.rlib" "/opt/rustwide/target/debug/deps/libhashbrown-743e8c262a81811e.rlib" "/opt/rustwide/target/debug/deps/libfutures_util-ec4672250d2774c2.rlib" "/opt/rustwide/target/debug/deps/libfutures_io-4300e281b5a02122.rlib" "/opt/rustwide/target/debug/deps/libslab-de4c8617047c1765.rlib" "/opt/rustwide/target/debug/deps/libfutures_channel-f09afe7eaea84c73.rlib" "/opt/rustwide/target/debug/deps/libfutures_task-cbab94a1bc1cf455.rlib" "/opt/rustwide/target/debug/deps/libpin_utils-501725f4e360d46d.rlib" "/opt/rustwide/target/debug/deps/libtokio_util-e6cd8ef500feb87e.rlib" "/opt/rustwide/target/debug/deps/libahash-33eefd849693df3b.rlib" "/opt/rustwide/target/debug/deps/libgetrandom-071ab587aca1ea11.rlib" "/opt/rustwide/target/debug/deps/libactix_service-e148df73919097a7.rlib" "/opt/rustwide/target/debug/deps/libactix_codec-fd41d8c31d41018f.rlib" "/opt/rustwide/target/debug/deps/libtokio_util-074b43c67059b1e3.rlib" "/opt/rustwide/target/debug/deps/libfutures_sink-2ae458a46da8d250.rlib" "/opt/rustwide/target/debug/deps/libbitflags-610a73087f46ba3b.rlib" "/opt/rustwide/target/debug/deps/libactix_rt-6187004772018808.rlib" "/opt/rustwide/target/debug/deps/libtokio-5540d775408cbeba.rlib" "/opt/rustwide/target/debug/deps/libsignal_hook_registry-f548524b577eff52.rlib" "/opt/rustwide/target/debug/deps/libnum_cpus-6ff412be619230c5.rlib" "/opt/rustwide/target/debug/deps/libsocket2-6e6c68ec0330ec24.rlib" "/opt/rustwide/target/debug/deps/libmemchr-35cc8da207e03e2e.rlib" "/opt/rustwide/target/debug/deps/libonce_cell-2001554701dc9572.rlib" "/opt/rustwide/target/debug/deps/libmio-6d85530998c8a172.rlib" "/opt/rustwide/target/debug/deps/liblog-25b121a22046e37a.rlib" "/opt/rustwide/target/debug/deps/libparking_lot-37296dfb4b91e4d5.rlib" "/opt/rustwide/target/debug/deps/libparking_lot_core-d1610a967576db36.rlib" "/opt/rustwide/target/debug/deps/liblibc-566efd7cca730560.rlib" "/opt/rustwide/target/debug/deps/libcfg_if-97437e183f3ae6e4.rlib" "/opt/rustwide/target/debug/deps/libsmallvec-9a9406f60e570d53.rlib" "/opt/rustwide/target/debug/deps/liblock_api-b68d8cfff37d1e2b.rlib" "/opt/rustwide/target/debug/deps/libscopeguard-54ff2283d814f48f.rlib" "/opt/rustwide/target/debug/deps/libfutures_core-6eb40deea68a95e1.rlib" "/opt/rustwide/target/debug/deps/libhttp-e5a60057394e8171.rlib" "/opt/rustwide/target/debug/deps/libitoa-57ac2f3fee0fa4c3.rlib" "/opt/rustwide/target/debug/deps/libbytes-44851e2768c88cca.rlib" "/opt/rustwide/target/debug/deps/libfnv-bb690c336855f248.rlib" "/opt/rustwide/target/debug/deps/libactix_utils-47e7c328394f3fe1.rlib" "/opt/rustwide/target/debug/deps/libpin_project_lite-02e5e2d23f061f41.rlib" "/opt/rustwide/target/debug/deps/liblocal_waker-4f04ca3c91ca6b05.rlib" "/opt/rustwide/rustup-home/toolchains/beta-2023-04-20-x86_64-unknown-linux-gnu/lib/rustlib/x86_64-unknown-linux-gnu/lib/libstd-0e29cc23c5e02021.rlib" "/opt/rustwide/rustup-home/toolchains/beta-2023-04-20-x86_64-unknown-linux-gnu/lib/rustlib/x86_64-unknown-linux-gnu/lib/libpanic_unwind-d903621768a861d9.rlib" "/opt/rustwide/rustup-home/toolchains/beta-2023-04-20-x86_64-unknown-linux-gnu/lib/rustlib/x86_64-unknown-linux-gnu/lib/libobject-6d0225e655f31c13.rlib" "/opt/rustwide/rustup-home/toolchains/beta-2023-04-20-x86_64-unknown-linux-gnu/lib/rustlib/x86_64-unknown-linux-gnu/lib/libmemchr-9dbaf4eac7eaa079.rlib" "/opt/rustwide/rustup-home/toolchains/beta-2023-04-20-x86_64-unknown-linux-gnu/lib/rustlib/x86_64-unknown-linux-gnu/lib/libaddr2line-27f05b3d42a66dd0.rlib" "/opt/rustwide/rustup-home/toolchains/beta-2023-04-20-x86_64-unknown-linux-gnu/lib/rustlib/x86_64-unknown-linux-gnu/lib/libgimli-4d73f1030321c9a2.rlib" "/opt/rustwide/rustup-home/toolchains/beta-2023-04-20-x86_64-unknown-linux-gnu/lib/rustlib/x86_64-unknown-linux-gnu/lib/librustc_demangle-2846c9e58abd0acb.rlib" "/opt/rustwide/rustup-home/toolchains/beta-2023-04-20-x86_64-unknown-linux-gnu/lib/rustlib/x86_64-unknown-linux-gnu/lib/libstd_detect-a53d0f50415947be.rlib" "/opt/rustwide/rustup-home/toolchains/beta-2023-04-20-x86_64-unknown-linux-gnu/lib/rustlib/x86_64-unknown-linux-gnu/lib/libhashbrown-d48e4b6abc25b9dc.rlib" "/opt/rustwide/rustup-home/toolchains/beta-2023-04-20-x86_64-unknown-linux-gnu/lib/rustlib/x86_64-unknown-linux-gnu/lib/libminiz_oxide-2991859439ef1207.rlib" "/opt/rustwide/rustup-home/toolchains/beta-2023-04-20-x86_64-unknown-linux-gnu/lib/rustlib/x86_64-unknown-linux-gnu/lib/libadler-8a687517e4221bae.rlib" "/opt/rustwide/rustup-home/toolchains/beta-2023-04-20-x86_64-unknown-linux-gnu/lib/rustlib/x86_64-unknown-linux-gnu/lib/librustc_std_workspace_alloc-e07b554f6a67f5b3.rlib" "/opt/rustwide/rustup-home/toolchains/beta-2023-04-20-x86_64-unknown-linux-gnu/lib/rustlib/x86_64-unknown-linux-gnu/lib/libunwind-b68238b7c3c619dd.rlib" "/opt/rustwide/rustup-home/toolchains/beta-2023-04-20-x86_64-unknown-linux-gnu/lib/rustlib/x86_64-unknown-linux-gnu/lib/libcfg_if-d5e213e896c017e4.rlib" "/opt/rustwide/rustup-home/toolchains/beta-2023-04-20-x86_64-unknown-linux-gnu/lib/rustlib/x86_64-unknown-linux-gnu/lib/liblibc-0211a3b2e61d8689.rlib" "/opt/rustwide/rustup-home/toolchains/beta-2023-04-20-x86_64-unknown-linux-gnu/lib/rustlib/x86_64-unknown-linux-gnu/lib/liballoc-b371f055239ba51f.rlib" "/opt/rustwide/rustup-home/toolchains/beta-2023-04-20-x86_64-unknown-linux-gnu/lib/rustlib/x86_64-unknown-linux-gnu/lib/librustc_std_workspace_core-e60518d2760eb01e.rlib" "/opt/rustwide/rustup-home/toolchains/beta-2023-04-20-x86_64-unknown-linux-gnu/lib/rustlib/x86_64-unknown-linux-gnu/lib/libcore-1ad943f92a4b1081.rlib" "/opt/rustwide/rustup-home/toolchains/beta-2023-04-20-x86_64-unknown-linux-gnu/lib/rustlib/x86_64-unknown-linux-gnu/lib/libcompiler_builtins-f0d6e4d0fc1e80b4.rlib" "-Wl,-Bdynamic" "-lssl" "-lcrypto" "-lgcc_s" "-lutil" "-lrt" "-lpthread" "-lm" "-ldl" "-lc" "-Wl,--eh-frame-hdr" "-Wl,-z,noexecstack" "-L" "/opt/rustwide/rustup-home/toolchains/beta-2023-04-20-x86_64-unknown-linux-gnu/lib/rustlib/x86_64-unknown-linux-gnu/lib" "-o" "/opt/rustwide/target/debug/deps/middleware-5f94a32195f4f230" "-Wl,--gc-sections" "-pie" "-Wl,-z,relro,-z,now" "-nodefaultlibs"
[INFO] [stdout]   = note: collect2: fatal error: ld terminated with signal 9 [Killed]
[INFO] [stdout]           compilation terminated.
[INFO] [stdout]           
[INFO] [stdout] 
[INFO] [stdout] 
[INFO] [stdout] error: aborting due to previous error
[INFO] [stdout] 
[INFO] [stdout] 
[INFO] [stderr] error: could not compile `actix-session` (test "middleware") due to 2 previous errors
[INFO] [stdout] error: linking with `cc` failed: exit status: 1
[INFO] [stdout]   |
[INFO] [stdout]   = note: LC_ALL="C" PATH="/opt/rustwide/rustup-home/toolchains/beta-2023-04-20-x86_64-unknown-linux-gnu/lib/rustlib/x86_64-unknown-linux-gnu/bin:/opt/rustwide/cargo-home/bin:/usr/local/sbin:/usr/local/bin:/usr/sbin:/usr/bin:/sbin:/bin" VSLANG="1033" "cc" "-m64" "/tmp/rustcgxixKD/symbols.o" "/opt/rustwide/target/debug/examples/authentication-7a22395743d1758a.authentication.af5b60b7-cgu.0.rcgu.o" "/opt/rustwide/target/debug/examples/authentication-7a22395743d1758a.authentication.af5b60b7-cgu.1.rcgu.o" "/opt/rustwide/target/debug/examples/authentication-7a22395743d1758a.authentication.af5b60b7-cgu.10.rcgu.o" "/opt/rustwide/target/debug/examples/authentication-7a22395743d1758a.authentication.af5b60b7-cgu.11.rcgu.o" "/opt/rustwide/target/debug/examples/authentication-7a22395743d1758a.authentication.af5b60b7-cgu.12.rcgu.o" "/opt/rustwide/target/debug/examples/authentication-7a22395743d1758a.authentication.af5b60b7-cgu.13.rcgu.o" "/opt/rustwide/target/debug/examples/authentication-7a22395743d1758a.authentication.af5b60b7-cgu.14.rcgu.o" "/opt/rustwide/target/debug/examples/authentication-7a22395743d1758a.authentication.af5b60b7-cgu.15.rcgu.o" "/opt/rustwide/target/debug/examples/authentication-7a22395743d1758a.authentication.af5b60b7-cgu.2.rcgu.o" "/opt/rustwide/target/debug/examples/authentication-7a22395743d1758a.authentication.af5b60b7-cgu.3.rcgu.o" "/opt/rustwide/target/debug/examples/authentication-7a22395743d1758a.authentication.af5b60b7-cgu.4.rcgu.o" "/opt/rustwide/target/debug/examples/authentication-7a22395743d1758a.authentication.af5b60b7-cgu.5.rcgu.o" "/opt/rustwide/target/debug/examples/authentication-7a22395743d1758a.authentication.af5b60b7-cgu.6.rcgu.o" "/opt/rustwide/target/debug/examples/authentication-7a22395743d1758a.authentication.af5b60b7-cgu.7.rcgu.o" "/opt/rustwide/target/debug/examples/authentication-7a22395743d1758a.authentication.af5b60b7-cgu.8.rcgu.o" "/opt/rustwide/target/debug/examples/authentication-7a22395743d1758a.authentication.af5b60b7-cgu.9.rcgu.o" "/opt/rustwide/target/debug/examples/authentication-7a22395743d1758a.p9baunoxg4p7q9e.rcgu.o" "-Wl,--as-needed" "-L" "/opt/rustwide/target/debug/deps" "-L" "/opt/rustwide/rustup-home/toolchains/beta-2023-04-20-x86_64-unknown-linux-gnu/lib/rustlib/x86_64-unknown-linux-gnu/lib" "-Wl,-Bstatic" "/opt/rustwide/target/debug/deps/libenv_logger-7fbd27bf61500920.rlib" "/opt/rustwide/target/debug/deps/libatty-37351e7effcc738c.rlib" "/opt/rustwide/target/debug/deps/libtermcolor-32b50f642d1e75a8.rlib" "/opt/rustwide/target/debug/deps/libhumantime-e9a3658f54825403.rlib" "/opt/rustwide/target/debug/deps/libactix_session-4e70f7448549d293.rlib" "/opt/rustwide/target/debug/deps/libfred-95416e2ffec7a8e2.rlib" "/opt/rustwide/target/debug/deps/libsha1-b397800a3badc9bd.rlib" "/opt/rustwide/target/debug/deps/libblock_buffer-03c522e9dda25746.rlib" "/opt/rustwide/target/debug/deps/libdigest-1c996b9bb7591d1a.rlib" "/opt/rustwide/target/debug/deps/libfloat_cmp-e897d0d335423994.rlib" "/opt/rustwide/target/debug/deps/libnum_traits-f6bdd2f90afec9ac.rlib" "/opt/rustwide/target/debug/deps/libsemver-ac4314600205cd96.rlib" "/opt/rustwide/target/debug/deps/libarc_swap-ec15a52916c8d722.rlib" "/opt/rustwide/target/debug/deps/libparking_lot-07d3adea1d9ba7f5.rlib" "/opt/rustwide/target/debug/deps/libparking_lot_core-b345ab68f4590e25.rlib" "/opt/rustwide/target/debug/deps/libinstant-939f0c301cdc968a.rlib" "/opt/rustwide/target/debug/deps/libtokio_stream-4f13b9b78a7692cb.rlib" "/opt/rustwide/target/debug/deps/libfutures-1d4b2e235db03fc7.rlib" "/opt/rustwide/target/debug/deps/libfutures_executor-c4970d30cee46307.rlib" "/opt/rustwide/target/debug/deps/libredis_protocol-110a687a279cb3e4.rlib" "/opt/rustwide/target/debug/deps/libnom-2d4c66929f498d5c.rlib" "/opt/rustwide/target/debug/deps/liblexical_core-22fd00984a2914f3.rlib" "/opt/rustwide/target/debug/deps/libstatic_assertions-62b1a5cbf56a9f5f.rlib" "/opt/rustwide/target/debug/deps/libarrayvec-60f29610b80e56b0.rlib" "/opt/rustwide/target/debug/deps/libbitvec-97f7e814a714ded4.rlib" "/opt/rustwide/target/debug/deps/libfunty-38500dc869d25497.rlib" "/opt/rustwide/target/debug/deps/libwyz-034be59ddb5e1968.rlib" "/opt/rustwide/target/debug/deps/libtap-a30d5c744f315154.rlib" "/opt/rustwide/target/debug/deps/libradium-d6cc7a46dae2c421.rlib" "/opt/rustwide/target/debug/deps/libcrc16-a102556d36cf35c9.rlib" "/opt/rustwide/target/debug/deps/libcookie_factory-66c7b729a16f6470.rlib" "/opt/rustwide/target/debug/deps/libtokio_native_tls-03b51781b97e74d9.rlib" "/opt/rustwide/target/debug/deps/libnative_tls-49435fa75ec8efd6.rlib" "/opt/rustwide/target/debug/deps/libopenssl_probe-361016bdcb077fee.rlib" "/opt/rustwide/target/debug/deps/libopenssl-231d78d91af795c4.rlib" "/opt/rustwide/target/debug/deps/libforeign_types-3138d685ddde873e.rlib" "/opt/rustwide/target/debug/deps/libforeign_types_shared-1df85ef0ce08cbc3.rlib" "/opt/rustwide/target/debug/deps/libopenssl_sys-af2468a9498196a9.rlib" "/opt/rustwide/target/debug/deps/libbytes_utils-8d23baa2b7551c3e.rlib" "/opt/rustwide/target/debug/deps/libeither-e3062db716b81c8a.rlib" "/opt/rustwide/target/debug/deps/libanyhow-b919e368edeaebf1.rlib" "/opt/rustwide/target/debug/deps/libactix_web-fbd1adc774076fd3.rlib" "/opt/rustwide/target/debug/deps/libcookie-9c614927b54a3813.rlib" "/opt/rustwide/target/debug/deps/libhkdf-8d938d2a2df32754.rlib" "/opt/rustwide/target/debug/deps/libhmac-7ba403f704f7fb82.rlib" "/opt/rustwide/target/debug/deps/libsha2-a7e7b16d9fe52b51.rlib" "/opt/rustwide/target/debug/deps/libaes_gcm-d866e8121edadb9d.rlib" "/opt/rustwide/target/debug/deps/libghash-c52675e250d267b9.rlib" "/opt/rustwide/target/debug/deps/libpolyval-3ca3878fb323dc17.rlib" "/opt/rustwide/target/debug/deps/libuniversal_hash-988e0d257349de2b.rlib" "/opt/rustwide/target/debug/deps/libctr-0335985925ed82a6.rlib" "/opt/rustwide/target/debug/deps/libaes-592e20f6aeefc243.rlib" "/opt/rustwide/target/debug/deps/libopaque_debug-ffbe13ab2928830a.rlib" "/opt/rustwide/target/debug/deps/libcipher-066ed1c40bf909f9.rlib" "/opt/rustwide/target/debug/deps/libaead-f056526ba2724d82.rlib" "/opt/rustwide/target/debug/deps/libtime-84ea00e35eea5da3.rlib" "/opt/rustwide/target/debug/deps/liburl-a02fb8fdb5737796.rlib" "/opt/rustwide/target/debug/deps/libidna-6f8cd264df389d63.rlib" "/opt/rustwide/target/debug/deps/libunicode_normalization-78a01cc621c7dad6.rlib" "/opt/rustwide/target/debug/deps/libtinyvec-c348951c3414c332.rlib" "/opt/rustwide/target/debug/deps/libtinyvec_macros-c8728763a1cfbcab.rlib" "/opt/rustwide/target/debug/deps/libunicode_bidi-a69ffc9ceeb64fbb.rlib" "/opt/rustwide/target/debug/deps/libserde_urlencoded-c09d14c89eafd420.rlib" "/opt/rustwide/target/debug/deps/libform_urlencoded-a5e98da7c1c4a0eb.rlib" "/opt/rustwide/target/debug/deps/libmatches-bfb4602457f1458f.rlib" "/opt/rustwide/target/debug/deps/libserde_json-edc8308144c6f4b5.rlib" "/opt/rustwide/target/debug/deps/libryu-1f87c9e09d988964.rlib" "/opt/rustwide/target/debug/deps/libactix_server-69c5442598050536.rlib" "/opt/rustwide/target/debug/deps/libactix_router-ca4ad333684e95cc.rlib" "/opt/rustwide/target/debug/deps/libregex-f78fc9c49904f1e2.rlib" "/opt/rustwide/target/debug/deps/libaho_corasick-69e9ea0b66ada307.rlib" "/opt/rustwide/target/debug/deps/libregex_syntax-fd0c3ba7c22fa1f4.rlib" "/opt/rustwide/target/debug/deps/libfirestorm-32dbfc811be4a63f.rlib" "/opt/rustwide/target/debug/deps/libserde-f9753450f97809d9.rlib" "/opt/rustwide/target/debug/deps/libactix_http-f91dcadf29679eeb.rlib" "/opt/rustwide/target/debug/deps/libbase64-bff61f2d1660603b.rlib" "/opt/rustwide/target/debug/deps/librand-81872e1adf6c8902.rlib" "/opt/rustwide/target/debug/deps/librand_chacha-a43afdbb9ba3f1e9.rlib" "/opt/rustwide/target/debug/deps/libppv_lite86-0fa3e45be755835a.rlib" "/opt/rustwide/target/debug/deps/librand_core-e142a727e91bebe9.rlib" "/opt/rustwide/target/debug/deps/libhttparse-72ae373da43497e9.rlib" "/opt/rustwide/target/debug/deps/libhttpdate-591d2bbb0f7914fc.rlib" "/opt/rustwide/target/debug/deps/libsha1-285de29c3ccd1bf8.rlib" "/opt/rustwide/target/debug/deps/libcpufeatures-0ab975038e942af0.rlib" "/opt/rustwide/target/debug/deps/libdigest-7d59efac2ec91f47.rlib" "/opt/rustwide/target/debug/deps/libsubtle-b2522ed537185c3e.rlib" "/opt/rustwide/target/debug/deps/libblock_buffer-ceecd8d73fd64637.rlib" "/opt/rustwide/target/debug/deps/libcrypto_common-e79aff0d151dee22.rlib" "/opt/rustwide/target/debug/deps/libgeneric_array-5476c5aa279dce6a.rlib" "/opt/rustwide/target/debug/deps/libtypenum-f068cdcc1d945756.rlib" "/opt/rustwide/target/debug/deps/liblocal_channel-7f41a8bafbfb8426.rlib" "/opt/rustwide/target/debug/deps/libbytestring-c5aeca0c4eec74eb.rlib" "/opt/rustwide/target/debug/deps/libencoding_rs-dbd08aaf41facaaa.rlib" "/opt/rustwide/target/debug/deps/liblanguage_tags-215e6eaf9b62f53d.rlib" "/opt/rustwide/target/debug/deps/libmime-6adaefd5c465bdcc.rlib" "/opt/rustwide/target/debug/deps/libpercent_encoding-8c83310236959ef9.rlib" "/opt/rustwide/target/debug/deps/libh2-db783f6be43183b2.rlib" "/opt/rustwide/target/debug/deps/libtracing-c67b6422b8652840.rlib" "/opt/rustwide/target/debug/deps/libtracing_core-8ecb830b66ce96f3.rlib" "/opt/rustwide/target/debug/deps/liblazy_static-86422d76b8bd90ed.rlib" "/opt/rustwide/target/debug/deps/libindexmap-1896f1fe0fcea493.rlib" "/opt/rustwide/target/debug/deps/libhashbrown-743e8c262a81811e.rlib" "/opt/rustwide/target/debug/deps/libfutures_util-ec4672250d2774c2.rlib" "/opt/rustwide/target/debug/deps/libfutures_io-4300e281b5a02122.rlib" "/opt/rustwide/target/debug/deps/libslab-de4c8617047c1765.rlib" "/opt/rustwide/target/debug/deps/libfutures_channel-f09afe7eaea84c73.rlib" "/opt/rustwide/target/debug/deps/libfutures_task-cbab94a1bc1cf455.rlib" "/opt/rustwide/target/debug/deps/libpin_utils-501725f4e360d46d.rlib" "/opt/rustwide/target/debug/deps/libtokio_util-e6cd8ef500feb87e.rlib" "/opt/rustwide/target/debug/deps/libahash-33eefd849693df3b.rlib" "/opt/rustwide/target/debug/deps/libgetrandom-071ab587aca1ea11.rlib" "/opt/rustwide/target/debug/deps/libactix_service-e148df73919097a7.rlib" "/opt/rustwide/target/debug/deps/libactix_codec-fd41d8c31d41018f.rlib" "/opt/rustwide/target/debug/deps/libtokio_util-074b43c67059b1e3.rlib" "/opt/rustwide/target/debug/deps/libfutures_sink-2ae458a46da8d250.rlib" "/opt/rustwide/target/debug/deps/libbitflags-610a73087f46ba3b.rlib" "/opt/rustwide/target/debug/deps/libactix_rt-6187004772018808.rlib" "/opt/rustwide/target/debug/deps/libtokio-5540d775408cbeba.rlib" "/opt/rustwide/target/debug/deps/libsignal_hook_registry-f548524b577eff52.rlib" "/opt/rustwide/target/debug/deps/libnum_cpus-6ff412be619230c5.rlib" "/opt/rustwide/target/debug/deps/libsocket2-6e6c68ec0330ec24.rlib" "/opt/rustwide/target/debug/deps/libmemchr-35cc8da207e03e2e.rlib" "/opt/rustwide/target/debug/deps/libonce_cell-2001554701dc9572.rlib" "/opt/rustwide/target/debug/deps/libmio-6d85530998c8a172.rlib" "/opt/rustwide/target/debug/deps/liblog-25b121a22046e37a.rlib" "/opt/rustwide/target/debug/deps/libparking_lot-37296dfb4b91e4d5.rlib" "/opt/rustwide/target/debug/deps/libparking_lot_core-d1610a967576db36.rlib" "/opt/rustwide/target/debug/deps/liblibc-566efd7cca730560.rlib" "/opt/rustwide/target/debug/deps/libcfg_if-97437e183f3ae6e4.rlib" "/opt/rustwide/target/debug/deps/libsmallvec-9a9406f60e570d53.rlib" "/opt/rustwide/target/debug/deps/liblock_api-b68d8cfff37d1e2b.rlib" "/opt/rustwide/target/debug/deps/libscopeguard-54ff2283d814f48f.rlib" "/opt/rustwide/target/debug/deps/libfutures_core-6eb40deea68a95e1.rlib" "/opt/rustwide/target/debug/deps/libhttp-e5a60057394e8171.rlib" "/opt/rustwide/target/debug/deps/libitoa-57ac2f3fee0fa4c3.rlib" "/opt/rustwide/target/debug/deps/libbytes-44851e2768c88cca.rlib" "/opt/rustwide/target/debug/deps/libfnv-bb690c336855f248.rlib" "/opt/rustwide/target/debug/deps/libactix_utils-47e7c328394f3fe1.rlib" "/opt/rustwide/target/debug/deps/libpin_project_lite-02e5e2d23f061f41.rlib" "/opt/rustwide/target/debug/deps/liblocal_waker-4f04ca3c91ca6b05.rlib" "/opt/rustwide/rustup-home/toolchains/beta-2023-04-20-x86_64-unknown-linux-gnu/lib/rustlib/x86_64-unknown-linux-gnu/lib/libstd-0e29cc23c5e02021.rlib" "/opt/rustwide/rustup-home/toolchains/beta-2023-04-20-x86_64-unknown-linux-gnu/lib/rustlib/x86_64-unknown-linux-gnu/lib/libpanic_unwind-d903621768a861d9.rlib" "/opt/rustwide/rustup-home/toolchains/beta-2023-04-20-x86_64-unknown-linux-gnu/lib/rustlib/x86_64-unknown-linux-gnu/lib/libobject-6d0225e655f31c13.rlib" "/opt/rustwide/rustup-home/toolchains/beta-2023-04-20-x86_64-unknown-linux-gnu/lib/rustlib/x86_64-unknown-linux-gnu/lib/libmemchr-9dbaf4eac7eaa079.rlib" "/opt/rustwide/rustup-home/toolchains/beta-2023-04-20-x86_64-unknown-linux-gnu/lib/rustlib/x86_64-unknown-linux-gnu/lib/libaddr2line-27f05b3d42a66dd0.rlib" "/opt/rustwide/rustup-home/toolchains/beta-2023-04-20-x86_64-unknown-linux-gnu/lib/rustlib/x86_64-unknown-linux-gnu/lib/libgimli-4d73f1030321c9a2.rlib" "/opt/rustwide/rustup-home/toolchains/beta-2023-04-20-x86_64-unknown-linux-gnu/lib/rustlib/x86_64-unknown-linux-gnu/lib/librustc_demangle-2846c9e58abd0acb.rlib" "/opt/rustwide/rustup-home/toolchains/beta-2023-04-20-x86_64-unknown-linux-gnu/lib/rustlib/x86_64-unknown-linux-gnu/lib/libstd_detect-a53d0f50415947be.rlib" "/opt/rustwide/rustup-home/toolchains/beta-2023-04-20-x86_64-unknown-linux-gnu/lib/rustlib/x86_64-unknown-linux-gnu/lib/libhashbrown-d48e4b6abc25b9dc.rlib" "/opt/rustwide/rustup-home/toolchains/beta-2023-04-20-x86_64-unknown-linux-gnu/lib/rustlib/x86_64-unknown-linux-gnu/lib/libminiz_oxide-2991859439ef1207.rlib" "/opt/rustwide/rustup-home/toolchains/beta-2023-04-20-x86_64-unknown-linux-gnu/lib/rustlib/x86_64-unknown-linux-gnu/lib/libadler-8a687517e4221bae.rlib" "/opt/rustwide/rustup-home/toolchains/beta-2023-04-20-x86_64-unknown-linux-gnu/lib/rustlib/x86_64-unknown-linux-gnu/lib/librustc_std_workspace_alloc-e07b554f6a67f5b3.rlib" "/opt/rustwide/rustup-home/toolchains/beta-2023-04-20-x86_64-unknown-linux-gnu/lib/rustlib/x86_64-unknown-linux-gnu/lib/libunwind-b68238b7c3c619dd.rlib" "/opt/rustwide/rustup-home/toolchains/beta-2023-04-20-x86_64-unknown-linux-gnu/lib/rustlib/x86_64-unknown-linux-gnu/lib/libcfg_if-d5e213e896c017e4.rlib" "/opt/rustwide/rustup-home/toolchains/beta-2023-04-20-x86_64-unknown-linux-gnu/lib/rustlib/x86_64-unknown-linux-gnu/lib/liblibc-0211a3b2e61d8689.rlib" "/opt/rustwide/rustup-home/toolchains/beta-2023-04-20-x86_64-unknown-linux-gnu/lib/rustlib/x86_64-unknown-linux-gnu/lib/liballoc-b371f055239ba51f.rlib" "/opt/rustwide/rustup-home/toolchains/beta-2023-04-20-x86_64-unknown-linux-gnu/lib/rustlib/x86_64-unknown-linux-gnu/lib/librustc_std_workspace_core-e60518d2760eb01e.rlib" "/opt/rustwide/rustup-home/toolchains/beta-2023-04-20-x86_64-unknown-linux-gnu/lib/rustlib/x86_64-unknown-linux-gnu/lib/libcore-1ad943f92a4b1081.rlib" "/opt/rustwide/rustup-home/toolchains/beta-2023-04-20-x86_64-unknown-linux-gnu/lib/rustlib/x86_64-unknown-linux-gnu/lib/libcompiler_builtins-f0d6e4d0fc1e80b4.rlib" "-Wl,-Bdynamic" "-lssl" "-lcrypto" "-lgcc_s" "-lutil" "-lrt" "-lpthread" "-lm" "-ldl" "-lc" "-Wl,--eh-frame-hdr" "-Wl,-z,noexecstack" "-L" "/opt/rustwide/rustup-home/toolchains/beta-2023-04-20-x86_64-unknown-linux-gnu/lib/rustlib/x86_64-unknown-linux-gnu/lib" "-o" "/opt/rustwide/target/debug/examples/authentication-7a22395743d1758a" "-Wl,--gc-sections" "-pie" "-Wl,-z,relro,-z,now" "-nodefaultlibs"
[INFO] [stdout]   = note: collect2: fatal error: ld terminated with signal 9 [Killed]
[INFO] [stdout]           compilation terminated.
[INFO] [stdout]           
[INFO] [stdout] 
[INFO] [stdout] 
[INFO] [stdout] error: aborting due to previous error
[INFO] [stdout] 
[INFO] [stdout] 
[INFO] [stderr] error: could not compile `actix-session` (example "authentication") due to 2 previous errors
[INFO] running `Command { std: "docker" "inspect" "c07d17b5e3f3f363838e1d8c157b163f91532aa30518b9043a8b1e02af031f24", kill_on_drop: false }`
[INFO] running `Command { std: "docker" "rm" "-f" "c07d17b5e3f3f363838e1d8c157b163f91532aa30518b9043a8b1e02af031f24", kill_on_drop: false }`
[INFO] [stdout] c07d17b5e3f3f363838e1d8c157b163f91532aa30518b9043a8b1e02af031f24
