[INFO] cloning repository https://github.com/bytesnake/erkenntnis
[INFO] running `Command { std: "git" "-c" "credential.helper=" "-c" "credential.helper=/workspace/cargo-home/bin/git-credential-null" "clone" "--bare" "https://github.com/bytesnake/erkenntnis" "/workspace/cache/git-repos/https%3A%2F%2Fgithub.com%2Fbytesnake%2Ferkenntnis", kill_on_drop: false }`
[INFO] [stderr] Cloning into bare repository '/workspace/cache/git-repos/https%3A%2F%2Fgithub.com%2Fbytesnake%2Ferkenntnis'...
[INFO] running `Command { std: "git" "rev-parse" "HEAD", kill_on_drop: false }`
[INFO] [stdout] f314b2134594016885f0b26599cb6c8355eee2bf
[INFO] testing bytesnake/erkenntnis against 1.69.0 for beta-1.70-1
[INFO] running `Command { std: "git" "clone" "/workspace/cache/git-repos/https%3A%2F%2Fgithub.com%2Fbytesnake%2Ferkenntnis" "/workspace/builds/worker-2-tc1/source", kill_on_drop: false }`
[INFO] [stderr] Cloning into '/workspace/builds/worker-2-tc1/source'...
[INFO] [stderr] done.
[INFO] validating manifest of git repo https://github.com/bytesnake/erkenntnis on toolchain 1.69.0
[INFO] running `Command { std: CARGO_HOME="/workspace/cargo-home" RUSTUP_HOME="/workspace/rustup-home" "/workspace/cargo-home/bin/cargo" "+1.69.0" "metadata" "--manifest-path" "Cargo.toml" "--no-deps", kill_on_drop: false }`
[INFO] started tweaking git repo https://github.com/bytesnake/erkenntnis
[INFO] finished tweaking git repo https://github.com/bytesnake/erkenntnis
[INFO] tweaked toml for git repo https://github.com/bytesnake/erkenntnis written to /workspace/builds/worker-2-tc1/source/Cargo.toml
[INFO] crate git repo https://github.com/bytesnake/erkenntnis already has a lockfile, it will not be regenerated
[INFO] running `Command { std: CARGO_HOME="/workspace/cargo-home" RUSTUP_HOME="/workspace/rustup-home" "/workspace/cargo-home/bin/cargo" "+1.69.0" "fetch" "--manifest-path" "Cargo.toml", kill_on_drop: false }`
[INFO] running `Command { std: "docker" "create" "-v" "/var/lib/crater-agent-workspace/builds/worker-2-tc1/target:/opt/rustwide/target:rw,Z" "-v" "/var/lib/crater-agent-workspace/builds/worker-2-tc1/source:/opt/rustwide/workdir:ro,Z" "-v" "/var/lib/crater-agent-workspace/cargo-home:/opt/rustwide/cargo-home:ro,Z" "-v" "/var/lib/crater-agent-workspace/rustup-home:/opt/rustwide/rustup-home:ro,Z" "-e" "SOURCE_DIR=/opt/rustwide/workdir" "-e" "CARGO_TARGET_DIR=/opt/rustwide/target" "-e" "CARGO_HOME=/opt/rustwide/cargo-home" "-e" "RUSTUP_HOME=/opt/rustwide/rustup-home" "-w" "/opt/rustwide/workdir" "-m" "1610612736" "--user" "0:0" "--network" "none" "ghcr.io/rust-lang/crates-build-env/linux@sha256:5ff2268d62e97bff2cde7d5815dd6ed5b47097566f13b8d0ca110b04b60e07ed" "/opt/rustwide/cargo-home/bin/cargo" "+1.69.0" "metadata" "--no-deps" "--format-version=1", kill_on_drop: false }`
[INFO] [stdout] 0c927d7b42538711dda0ec40ed85d134a1cf544c314e910149e15316978ba190
[INFO] running `Command { std: "docker" "start" "-a" "0c927d7b42538711dda0ec40ed85d134a1cf544c314e910149e15316978ba190", kill_on_drop: false }`
[INFO] running `Command { std: "docker" "inspect" "0c927d7b42538711dda0ec40ed85d134a1cf544c314e910149e15316978ba190", kill_on_drop: false }`
[INFO] running `Command { std: "docker" "rm" "-f" "0c927d7b42538711dda0ec40ed85d134a1cf544c314e910149e15316978ba190", kill_on_drop: false }`
[INFO] [stdout] 0c927d7b42538711dda0ec40ed85d134a1cf544c314e910149e15316978ba190
[INFO] running `Command { std: "docker" "create" "-v" "/var/lib/crater-agent-workspace/builds/worker-2-tc1/target:/opt/rustwide/target:rw,Z" "-v" "/var/lib/crater-agent-workspace/builds/worker-2-tc1/source:/opt/rustwide/workdir:ro,Z" "-v" "/var/lib/crater-agent-workspace/cargo-home:/opt/rustwide/cargo-home:ro,Z" "-v" "/var/lib/crater-agent-workspace/rustup-home:/opt/rustwide/rustup-home:ro,Z" "-e" "SOURCE_DIR=/opt/rustwide/workdir" "-e" "CARGO_TARGET_DIR=/opt/rustwide/target" "-e" "CARGO_INCREMENTAL=0" "-e" "RUST_BACKTRACE=full" "-e" "RUSTFLAGS=--cap-lints=warn" "-e" "RUSTDOCFLAGS=--cap-lints=warn" "-e" "CARGO_HOME=/opt/rustwide/cargo-home" "-e" "RUSTUP_HOME=/opt/rustwide/rustup-home" "-w" "/opt/rustwide/workdir" "-m" "1610612736" "--user" "0:0" "--network" "none" "ghcr.io/rust-lang/crates-build-env/linux@sha256:5ff2268d62e97bff2cde7d5815dd6ed5b47097566f13b8d0ca110b04b60e07ed" "/opt/rustwide/cargo-home/bin/cargo" "+1.69.0" "build" "--frozen" "--message-format=json", kill_on_drop: false }`
[INFO] [stdout] 9aa613db2d10cbc3b823b32165f9fcd0be20185c0c81b6dc519754a0eea0826b
[INFO] running `Command { std: "docker" "start" "-a" "9aa613db2d10cbc3b823b32165f9fcd0be20185c0c81b6dc519754a0eea0826b", kill_on_drop: false }`
[INFO] [stderr]    Compiling tensor v0.1.0 (/opt/rustwide/workdir)
[INFO] [stdout] warning: fields `id`, `op`, and `input_nodes` are never read
[INFO] [stdout]   --> src/lib.rs:24:5
[INFO] [stdout]    |
[INFO] [stdout] 22 | pub struct Node {
[INFO] [stdout]    |            ---- fields in this struct
[INFO] [stdout] 23 |     // unique identification in the graph
[INFO] [stdout] 24 |     id: usize,
[INFO] [stdout]    |     ^^
[INFO] [stdout] 25 |     // performing operation
[INFO] [stdout] 26 |     op: Box<dyn Op>,
[INFO] [stdout]    |     ^^
[INFO] [stdout] ...
[INFO] [stdout] 30 |     input_nodes: Vec<Tensor>,
[INFO] [stdout]    |     ^^^^^^^^^^^
[INFO] [stdout]    |
[INFO] [stdout]    = note: `#[warn(dead_code)]` on by default
[INFO] [stdout] 
[INFO] [stdout] 
[INFO] [stdout] warning: method `add` is never used
[INFO] [stdout]   --> src/lib.rs:38:19
[INFO] [stdout]    |
[INFO] [stdout] 38 |     pub(crate) fn add(&mut self, mut node: Node) -> usize {
[INFO] [stdout]    |                   ^^^
[INFO] [stdout] 
[INFO] [stdout] 
[INFO] [stdout] warning: fields `inputs` and `graph` are never read
[INFO] [stdout]   --> src/op.rs:17:5
[INFO] [stdout]    |
[INFO] [stdout] 16 | pub struct ComputeContext {
[INFO] [stdout]    |            -------------- fields in this struct
[INFO] [stdout] 17 |     inputs: Vec<Tensor>,
[INFO] [stdout]    |     ^^^^^^
[INFO] [stdout] 18 |     graph: Rc<RefCell<Graph>>
[INFO] [stdout]    |     ^^^^^
[INFO] [stdout] 
[INFO] [stdout] 
[INFO] [stdout] warning: 3 warnings emitted
[INFO] [stdout] 
[INFO] [stdout] 
[INFO] [stderr]     Finished dev [unoptimized + debuginfo] target(s) in 0.23s
[INFO] running `Command { std: "docker" "inspect" "9aa613db2d10cbc3b823b32165f9fcd0be20185c0c81b6dc519754a0eea0826b", kill_on_drop: false }`
[INFO] running `Command { std: "docker" "rm" "-f" "9aa613db2d10cbc3b823b32165f9fcd0be20185c0c81b6dc519754a0eea0826b", kill_on_drop: false }`
[INFO] [stdout] 9aa613db2d10cbc3b823b32165f9fcd0be20185c0c81b6dc519754a0eea0826b
[INFO] running `Command { std: "docker" "create" "-v" "/var/lib/crater-agent-workspace/builds/worker-2-tc1/target:/opt/rustwide/target:rw,Z" "-v" "/var/lib/crater-agent-workspace/builds/worker-2-tc1/source:/opt/rustwide/workdir:ro,Z" "-v" "/var/lib/crater-agent-workspace/cargo-home:/opt/rustwide/cargo-home:ro,Z" "-v" "/var/lib/crater-agent-workspace/rustup-home:/opt/rustwide/rustup-home:ro,Z" "-e" "SOURCE_DIR=/opt/rustwide/workdir" "-e" "CARGO_TARGET_DIR=/opt/rustwide/target" "-e" "CARGO_INCREMENTAL=0" "-e" "RUST_BACKTRACE=full" "-e" "RUSTFLAGS=--cap-lints=warn" "-e" "RUSTDOCFLAGS=--cap-lints=warn" "-e" "CARGO_HOME=/opt/rustwide/cargo-home" "-e" "RUSTUP_HOME=/opt/rustwide/rustup-home" "-w" "/opt/rustwide/workdir" "-m" "1610612736" "--user" "0:0" "--network" "none" "ghcr.io/rust-lang/crates-build-env/linux@sha256:5ff2268d62e97bff2cde7d5815dd6ed5b47097566f13b8d0ca110b04b60e07ed" "/opt/rustwide/cargo-home/bin/cargo" "+1.69.0" "test" "--frozen" "--no-run" "--message-format=json", kill_on_drop: false }`
[INFO] [stdout] 7446e5175632b580f298835df028ccb46a3996e01d8857776ec324874939736e
[INFO] running `Command { std: "docker" "start" "-a" "7446e5175632b580f298835df028ccb46a3996e01d8857776ec324874939736e", kill_on_drop: false }`
[INFO] [stdout] warning: fields `id`, `op`, and `input_nodes` are never read
[INFO] [stdout]   --> src/lib.rs:24:5
[INFO] [stdout]    |
[INFO] [stdout] 22 | pub struct Node {
[INFO] [stdout]    |            ---- fields in this struct
[INFO] [stdout] 23 |     // unique identification in the graph
[INFO] [stdout] 24 |     id: usize,
[INFO] [stdout]    |     ^^
[INFO] [stdout] 25 |     // performing operation
[INFO] [stdout] 26 |     op: Box<dyn Op>,
[INFO] [stdout]    |     ^^
[INFO] [stdout] ...
[INFO] [stdout] 30 |     input_nodes: Vec<Tensor>,
[INFO] [stdout]    |     ^^^^^^^^^^^
[INFO] [stdout]    |
[INFO] [stdout]    = note: `#[warn(dead_code)]` on by default
[INFO] [stdout] 
[INFO] [stdout] 
[INFO] [stderr]    Compiling tensor v0.1.0 (/opt/rustwide/workdir)
[INFO] [stdout] warning: method `add` is never used
[INFO] [stdout]   --> src/lib.rs:38:19
[INFO] [stdout]    |
[INFO] [stdout] 38 |     pub(crate) fn add(&mut self, mut node: Node) -> usize {
[INFO] [stdout]    |                   ^^^
[INFO] [stdout] 
[INFO] [stdout] 
[INFO] [stdout] warning: fields `inputs` and `graph` are never read
[INFO] [stdout]   --> src/op.rs:17:5
[INFO] [stdout]    |
[INFO] [stdout] 16 | pub struct ComputeContext {
[INFO] [stdout]    |            -------------- fields in this struct
[INFO] [stdout] 17 |     inputs: Vec<Tensor>,
[INFO] [stdout]    |     ^^^^^^
[INFO] [stdout] 18 |     graph: Rc<RefCell<Graph>>
[INFO] [stdout]    |     ^^^^^
[INFO] [stdout] 
[INFO] [stdout] 
[INFO] [stdout] warning: 3 warnings emitted
[INFO] [stdout] 
[INFO] [stdout] 
[INFO] [stdout] error[E0433]: failed to resolve: use of undeclared crate or module `en`
[INFO] [stdout]   --> src/lib.rs:51:21
[INFO] [stdout]    |
[INFO] [stdout] 51 |         let graph = en::Graph::on_cpu();
[INFO] [stdout]    |                     ^^ use of undeclared crate or module `en`
[INFO] [stdout]    |
[INFO] [stdout] help: consider importing this struct
[INFO] [stdout]    |
[INFO] [stdout] 48 |     use crate::Graph;
[INFO] [stdout]    |
[INFO] [stdout] help: if you import `Graph`, refer to it directly
[INFO] [stdout]    |
[INFO] [stdout] 51 -         let graph = en::Graph::on_cpu();
[INFO] [stdout] 51 +         let graph = Graph::on_cpu();
[INFO] [stdout]    |
[INFO] [stdout] 
[INFO] [stdout] 
[INFO] [stdout] error[E0728]: `await` is only allowed inside `async` functions and blocks
[INFO] [stdout]   --> src/lib.rs:54:54
[INFO] [stdout]    |
[INFO] [stdout] 49 |     fn it_works() {
[INFO] [stdout]    |        -------- this is not `async`
[INFO] [stdout] ...
[INFO] [stdout] 54 |         let input = graph.load(Array2::zeros((5, 5))).await;
[INFO] [stdout]    |                                                      ^^^^^^ only allowed inside `async` functions and blocks
[INFO] [stdout] 
[INFO] [stdout] 
[INFO] [stdout] error[E0728]: `await` is only allowed inside `async` functions and blocks
[INFO] [stdout]   --> src/lib.rs:55:68
[INFO] [stdout]    |
[INFO] [stdout] 49 |     fn it_works() {
[INFO] [stdout]    |        -------- this is not `async`
[INFO] [stdout] ...
[INFO] [stdout] 55 |         let parameter = graph.load_trainable(Array2::zeros((5, 5))).await;
[INFO] [stdout]    |                                                                    ^^^^^^ only allowed inside `async` functions and blocks
[INFO] [stdout] 
[INFO] [stdout] 
[INFO] [stdout] error[E0728]: `await` is only allowed inside `async` functions and blocks
[INFO] [stdout]   --> src/lib.rs:63:28
[INFO] [stdout]    |
[INFO] [stdout] 49 |     fn it_works() {
[INFO] [stdout]    |        -------- this is not `async`
[INFO] [stdout] ...
[INFO] [stdout] 63 |         let result = output.await;
[INFO] [stdout]    |                            ^^^^^^ only allowed inside `async` functions and blocks
[INFO] [stdout] 
[INFO] [stdout] 
[INFO] [stdout] error[E0433]: failed to resolve: use of undeclared type `Array2`
[INFO] [stdout]   --> src/lib.rs:54:32
[INFO] [stdout]    |
[INFO] [stdout] 54 |         let input = graph.load(Array2::zeros((5, 5))).await;
[INFO] [stdout]    |                                ^^^^^^ use of undeclared type `Array2`
[INFO] [stdout] 
[INFO] [stdout] 
[INFO] [stdout] error[E0433]: failed to resolve: use of undeclared type `Array2`
[INFO] [stdout]   --> src/lib.rs:55:46
[INFO] [stdout]    |
[INFO] [stdout] 55 |         let parameter = graph.load_trainable(Array2::zeros((5, 5))).await;
[INFO] [stdout]    |                                              ^^^^^^ use of undeclared type `Array2`
[INFO] [stdout] 
[INFO] [stdout] 
[INFO] [stdout] error: aborting due to 6 previous errors
[INFO] [stdout] 
[INFO] [stdout] 
[INFO] [stdout] Some errors have detailed explanations: E0433, E0728.
[INFO] [stdout] 
[INFO] [stdout] For more information about an error, try `rustc --explain E0433`.
[INFO] [stdout] 
[INFO] [stderr] error: could not compile `tensor` due to 7 previous errors
[INFO] running `Command { std: "docker" "inspect" "7446e5175632b580f298835df028ccb46a3996e01d8857776ec324874939736e", kill_on_drop: false }`
[INFO] running `Command { std: "docker" "rm" "-f" "7446e5175632b580f298835df028ccb46a3996e01d8857776ec324874939736e", kill_on_drop: false }`
[INFO] [stdout] 7446e5175632b580f298835df028ccb46a3996e01d8857776ec324874939736e
