[INFO] cloning repository https://github.com/bryanburgers/advent-of-code-2020
[INFO] running `Command { std: "git" "-c" "credential.helper=" "-c" "credential.helper=/workspace/cargo-home/bin/git-credential-null" "clone" "--bare" "https://github.com/bryanburgers/advent-of-code-2020" "/workspace/cache/git-repos/https%3A%2F%2Fgithub.com%2Fbryanburgers%2Fadvent-of-code-2020", kill_on_drop: false }`
[INFO] [stderr] Cloning into bare repository '/workspace/cache/git-repos/https%3A%2F%2Fgithub.com%2Fbryanburgers%2Fadvent-of-code-2020'...
[INFO] running `Command { std: "git" "rev-parse" "HEAD", kill_on_drop: false }`
[INFO] [stdout] 3d5c048065959190c1da5110ddbd46f3e1799e64
[INFO] testing bryanburgers/advent-of-code-2020 against beta-2023-04-20 for beta-1.70-1
[INFO] running `Command { std: "git" "clone" "/workspace/cache/git-repos/https%3A%2F%2Fgithub.com%2Fbryanburgers%2Fadvent-of-code-2020" "/workspace/builds/worker-7-tc2/source", kill_on_drop: false }`
[INFO] [stderr] Cloning into '/workspace/builds/worker-7-tc2/source'...
[INFO] [stderr] done.
[INFO] validating manifest of git repo https://github.com/bryanburgers/advent-of-code-2020 on toolchain beta-2023-04-20
[INFO] running `Command { std: CARGO_HOME="/workspace/cargo-home" RUSTUP_HOME="/workspace/rustup-home" "/workspace/cargo-home/bin/cargo" "+beta-2023-04-20" "metadata" "--manifest-path" "Cargo.toml" "--no-deps", kill_on_drop: false }`
[INFO] started tweaking git repo https://github.com/bryanburgers/advent-of-code-2020
[INFO] finished tweaking git repo https://github.com/bryanburgers/advent-of-code-2020
[INFO] tweaked toml for git repo https://github.com/bryanburgers/advent-of-code-2020 written to /workspace/builds/worker-7-tc2/source/Cargo.toml
[INFO] crate git repo https://github.com/bryanburgers/advent-of-code-2020 already has a lockfile, it will not be regenerated
[INFO] running `Command { std: CARGO_HOME="/workspace/cargo-home" RUSTUP_HOME="/workspace/rustup-home" "/workspace/cargo-home/bin/cargo" "+beta-2023-04-20" "fetch" "--manifest-path" "Cargo.toml", kill_on_drop: false }`
[INFO] running `Command { std: "docker" "create" "-v" "/var/lib/crater-agent-workspace/builds/worker-7-tc2/target:/opt/rustwide/target:rw,Z" "-v" "/var/lib/crater-agent-workspace/builds/worker-7-tc2/source:/opt/rustwide/workdir:ro,Z" "-v" "/var/lib/crater-agent-workspace/cargo-home:/opt/rustwide/cargo-home:ro,Z" "-v" "/var/lib/crater-agent-workspace/rustup-home:/opt/rustwide/rustup-home:ro,Z" "-e" "SOURCE_DIR=/opt/rustwide/workdir" "-e" "CARGO_TARGET_DIR=/opt/rustwide/target" "-e" "CARGO_HOME=/opt/rustwide/cargo-home" "-e" "RUSTUP_HOME=/opt/rustwide/rustup-home" "-w" "/opt/rustwide/workdir" "-m" "1610612736" "--user" "0:0" "--network" "none" "ghcr.io/rust-lang/crates-build-env/linux@sha256:5ff2268d62e97bff2cde7d5815dd6ed5b47097566f13b8d0ca110b04b60e07ed" "/opt/rustwide/cargo-home/bin/cargo" "+beta-2023-04-20" "metadata" "--no-deps" "--format-version=1", kill_on_drop: false }`
[INFO] [stdout] bea46c9b0896a215f1e3fd206b54bca90fc3c80ee21ade3ef32dc665a5b46b54
[INFO] running `Command { std: "docker" "start" "-a" "bea46c9b0896a215f1e3fd206b54bca90fc3c80ee21ade3ef32dc665a5b46b54", kill_on_drop: false }`
[INFO] running `Command { std: "docker" "inspect" "bea46c9b0896a215f1e3fd206b54bca90fc3c80ee21ade3ef32dc665a5b46b54", kill_on_drop: false }`
[INFO] running `Command { std: "docker" "rm" "-f" "bea46c9b0896a215f1e3fd206b54bca90fc3c80ee21ade3ef32dc665a5b46b54", kill_on_drop: false }`
[INFO] [stdout] bea46c9b0896a215f1e3fd206b54bca90fc3c80ee21ade3ef32dc665a5b46b54
[INFO] running `Command { std: "docker" "create" "-v" "/var/lib/crater-agent-workspace/builds/worker-7-tc2/target:/opt/rustwide/target:rw,Z" "-v" "/var/lib/crater-agent-workspace/builds/worker-7-tc2/source:/opt/rustwide/workdir:ro,Z" "-v" "/var/lib/crater-agent-workspace/cargo-home:/opt/rustwide/cargo-home:ro,Z" "-v" "/var/lib/crater-agent-workspace/rustup-home:/opt/rustwide/rustup-home:ro,Z" "-e" "SOURCE_DIR=/opt/rustwide/workdir" "-e" "CARGO_TARGET_DIR=/opt/rustwide/target" "-e" "CARGO_INCREMENTAL=0" "-e" "RUST_BACKTRACE=full" "-e" "RUSTFLAGS=--cap-lints=warn" "-e" "RUSTDOCFLAGS=--cap-lints=warn" "-e" "CARGO_HOME=/opt/rustwide/cargo-home" "-e" "RUSTUP_HOME=/opt/rustwide/rustup-home" "-w" "/opt/rustwide/workdir" "-m" "1610612736" "--user" "0:0" "--network" "none" "ghcr.io/rust-lang/crates-build-env/linux@sha256:5ff2268d62e97bff2cde7d5815dd6ed5b47097566f13b8d0ca110b04b60e07ed" "/opt/rustwide/cargo-home/bin/cargo" "+beta-2023-04-20" "build" "--frozen" "--message-format=json", kill_on_drop: false }`
[INFO] [stdout] dc762ca4a9e75340834fecb6a56c7e3d2d277a7ad9114a35b6cdd54721ab8866
[INFO] running `Command { std: "docker" "start" "-a" "dc762ca4a9e75340834fecb6a56c7e3d2d277a7ad9114a35b6cdd54721ab8866", kill_on_drop: false }`
[INFO] [stderr]    Compiling proc-macro2 v1.0.24
[INFO] [stderr]    Compiling unicode-xid v0.2.1
[INFO] [stderr]    Compiling syn v1.0.56
[INFO] [stderr]    Compiling memchr v2.3.4
[INFO] [stderr]    Compiling lazy_static v1.4.0
[INFO] [stderr]    Compiling regex-syntax v0.6.21
[INFO] [stderr]    Compiling day-13 v0.1.0 (/opt/rustwide/workdir/day-13)
[INFO] [stderr]    Compiling day-25 v0.1.0 (/opt/rustwide/workdir/day-25)
[INFO] [stderr]    Compiling day-22 v0.1.0 (/opt/rustwide/workdir/day-22)
[INFO] [stderr]    Compiling day-23 v0.1.0 (/opt/rustwide/workdir/day-23)
[INFO] [stderr]    Compiling day-14 v0.1.0 (/opt/rustwide/workdir/day-14)
[INFO] [stderr]    Compiling day-16 v0.1.0 (/opt/rustwide/workdir/day-16)
[INFO] [stderr]    Compiling day-09 v0.1.0 (/opt/rustwide/workdir/day-09)
[INFO] [stderr]    Compiling day-05 v0.1.0 (/opt/rustwide/workdir/day-05)
[INFO] [stderr]    Compiling day-20 v0.1.0 (/opt/rustwide/workdir/day-20)
[INFO] [stderr]    Compiling day-15 v0.1.0 (/opt/rustwide/workdir/day-15)
[INFO] [stdout] warning: unused import: `std::convert::TryInto as _`
[INFO] [stdout]  --> day-23/src/main.rs:1:5
[INFO] [stdout]   |
[INFO] [stdout] 1 | use std::convert::TryInto as _;
[INFO] [stdout]   |     ^^^^^^^^^^^^^^^^^^^^^^^^^^
[INFO] [stdout]   |
[INFO] [stdout]   = note: `#[warn(unused_imports)]` on by default
[INFO] [stdout] 
[INFO] [stdout] 
[INFO] [stderr]    Compiling thread_local v1.0.1
[INFO] [stdout] warning: methods `row` and `column` are never used
[INFO] [stdout]   --> day-05/src/main.rs:30:8
[INFO] [stdout]    |
[INFO] [stdout] 29 | impl Seat {
[INFO] [stdout]    | --------- methods in this implementation
[INFO] [stdout] 30 |     fn row(&self) -> u32 {
[INFO] [stdout]    |        ^^^
[INFO] [stdout] ...
[INFO] [stdout] 34 |     fn column(&self) -> u32 {
[INFO] [stdout]    |        ^^^^^^
[INFO] [stdout]    |
[INFO] [stdout]    = note: `#[warn(dead_code)]` on by default
[INFO] [stdout] 
[INFO] [stdout] 
[INFO] [stdout] warning: unused variable: `i`
[INFO] [stdout]   --> day-23/src/main.rs:15:9
[INFO] [stdout]    |
[INFO] [stdout] 15 |     for i in 0..100 {
[INFO] [stdout]    |         ^ help: if this is intentional, prefix it with an underscore: `_i`
[INFO] [stdout]    |
[INFO] [stdout]    = note: `#[warn(unused_variables)]` on by default
[INFO] [stdout] 
[INFO] [stdout] 
[INFO] [stdout] warning: unused variable: `i`
[INFO] [stdout]   --> day-23/src/main.rs:24:9
[INFO] [stdout]    |
[INFO] [stdout] 24 |     for i in 0..10_000_000 {
[INFO] [stdout]    |         ^ help: if this is intentional, prefix it with an underscore: `_i`
[INFO] [stdout] 
[INFO] [stdout] 
[INFO] [stderr]    Compiling day-21 v0.1.0 (/opt/rustwide/workdir/day-21)
[INFO] [stdout] warning: variable does not need to be mutable
[INFO] [stdout]    --> day-23/src/main.rs:229:13
[INFO] [stdout]     |
[INFO] [stdout] 229 |         let mut destination_ptr = unsafe { self.pointer_for_value(destination.unwrap()) };
[INFO] [stdout]     |             ----^^^^^^^^^^^^^^^
[INFO] [stdout]     |             |
[INFO] [stdout]     |             help: remove this `mut`
[INFO] [stdout]     |
[INFO] [stdout]     = note: `#[warn(unused_mut)]` on by default
[INFO] [stdout] 
[INFO] [stdout] 
[INFO] [stdout] warning: method `is_one` is never used
[INFO] [stdout]   --> day-23/src/main.rs:45:8
[INFO] [stdout]    |
[INFO] [stdout] 36 | impl Value {
[INFO] [stdout]    | ---------- method in this implementation
[INFO] [stdout] ...
[INFO] [stdout] 45 |     fn is_one(&self) -> bool {
[INFO] [stdout]    |        ^^^^^^
[INFO] [stdout]    |
[INFO] [stdout]    = note: `#[warn(dead_code)]` on by default
[INFO] [stdout] 
[INFO] [stdout] 
[INFO] [stdout] warning: method `output` is never used
[INFO] [stdout]    --> day-23/src/main.rs:189:12
[INFO] [stdout]     |
[INFO] [stdout] 96  | impl Game {
[INFO] [stdout]     | --------- method in this implementation
[INFO] [stdout] ...
[INFO] [stdout] 189 |     pub fn output(&self, round: usize) -> String {
[INFO] [stdout]     |            ^^^^^^
[INFO] [stdout] 
[INFO] [stdout] 
[INFO] [stdout] warning: unused variable: `allergen`
[INFO] [stdout]   --> day-21/src/main.rs:31:16
[INFO] [stdout]    |
[INFO] [stdout] 31 |         .map(|(allergen, ingredient)| ingredient.0.to_string())
[INFO] [stdout]    |                ^^^^^^^^ help: if this is intentional, prefix it with an underscore: `_allergen`
[INFO] [stdout]    |
[INFO] [stdout]    = note: `#[warn(unused_variables)]` on by default
[INFO] [stdout] 
[INFO] [stdout] 
[INFO] [stderr] LLVM ERROR: IO failure on output stream: No space left on device
[INFO] [stderr] LLVM ERROR: IO failure on output stream: No space left on device
[INFO] [stdout] error: linking with `cc` failed: exit status: 1
[INFO] [stdout]   |
[INFO] [stdout]   = note: LC_ALL="C" PATH="/opt/rustwide/rustup-home/toolchains/beta-2023-04-20-x86_64-unknown-linux-gnu/lib/rustlib/x86_64-unknown-linux-gnu/bin:/opt/rustwide/cargo-home/bin:/usr/local/sbin:/usr/local/bin:/usr/sbin:/usr/bin:/sbin:/bin" VSLANG="1033" "cc" "-m64" "/tmp/rustcgwqAXc/symbols.o" "/opt/rustwide/target/debug/build/memchr-fcd1b6f6bf478539/build_script_build-fcd1b6f6bf478539.build_script_build.b26452ae-cgu.0.rcgu.o" "/opt/rustwide/target/debug/build/memchr-fcd1b6f6bf478539/build_script_build-fcd1b6f6bf478539.build_script_build.b26452ae-cgu.1.rcgu.o" "/opt/rustwide/target/debug/build/memchr-fcd1b6f6bf478539/build_script_build-fcd1b6f6bf478539.build_script_build.b26452ae-cgu.10.rcgu.o" "/opt/rustwide/target/debug/build/memchr-fcd1b6f6bf478539/build_script_build-fcd1b6f6bf478539.build_script_build.b26452ae-cgu.11.rcgu.o" "/opt/rustwide/target/debug/build/memchr-fcd1b6f6bf478539/build_script_build-fcd1b6f6bf478539.build_script_build.b26452ae-cgu.12.rcgu.o" "/opt/rustwide/target/debug/build/memchr-fcd1b6f6bf478539/build_script_build-fcd1b6f6bf478539.build_script_build.b26452ae-cgu.13.rcgu.o" "/opt/rustwide/target/debug/build/memchr-fcd1b6f6bf478539/build_script_build-fcd1b6f6bf478539.build_script_build.b26452ae-cgu.14.rcgu.o" "/opt/rustwide/target/debug/build/memchr-fcd1b6f6bf478539/build_script_build-fcd1b6f6bf478539.build_script_build.b26452ae-cgu.15.rcgu.o" "/opt/rustwide/target/debug/build/memchr-fcd1b6f6bf478539/build_script_build-fcd1b6f6bf478539.build_script_build.b26452ae-cgu.2.rcgu.o" "/opt/rustwide/target/debug/build/memchr-fcd1b6f6bf478539/build_script_build-fcd1b6f6bf478539.build_script_build.b26452ae-cgu.3.rcgu.o" "/opt/rustwide/target/debug/build/memchr-fcd1b6f6bf478539/build_script_build-fcd1b6f6bf478539.build_script_build.b26452ae-cgu.4.rcgu.o" "/opt/rustwide/target/debug/build/memchr-fcd1b6f6bf478539/build_script_build-fcd1b6f6bf478539.build_script_build.b26452ae-cgu.5.rcgu.o" "/opt/rustwide/target/debug/build/memchr-fcd1b6f6bf478539/build_script_build-fcd1b6f6bf478539.build_script_build.b26452ae-cgu.6.rcgu.o" "/opt/rustwide/target/debug/build/memchr-fcd1b6f6bf478539/build_script_build-fcd1b6f6bf478539.build_script_build.b26452ae-cgu.7.rcgu.o" "/opt/rustwide/target/debug/build/memchr-fcd1b6f6bf478539/build_script_build-fcd1b6f6bf478539.build_script_build.b26452ae-cgu.8.rcgu.o" "/opt/rustwide/target/debug/build/memchr-fcd1b6f6bf478539/build_script_build-fcd1b6f6bf478539.build_script_build.b26452ae-cgu.9.rcgu.o" "/opt/rustwide/target/debug/build/memchr-fcd1b6f6bf478539/build_script_build-fcd1b6f6bf478539.21pw3ajzus76tf0f.rcgu.o" "-Wl,--as-needed" "-L" "/opt/rustwide/target/debug/deps" "-L" "/opt/rustwide/rustup-home/toolchains/beta-2023-04-20-x86_64-unknown-linux-gnu/lib/rustlib/x86_64-unknown-linux-gnu/lib" "-Wl,-Bstatic" "/opt/rustwide/rustup-home/toolchains/beta-2023-04-20-x86_64-unknown-linux-gnu/lib/rustlib/x86_64-unknown-linux-gnu/lib/libstd-0e29cc23c5e02021.rlib" "/opt/rustwide/rustup-home/toolchains/beta-2023-04-20-x86_64-unknown-linux-gnu/lib/rustlib/x86_64-unknown-linux-gnu/lib/libpanic_unwind-d903621768a861d9.rlib" "/opt/rustwide/rustup-home/toolchains/beta-2023-04-20-x86_64-unknown-linux-gnu/lib/rustlib/x86_64-unknown-linux-gnu/lib/libobject-6d0225e655f31c13.rlib" "/opt/rustwide/rustup-home/toolchains/beta-2023-04-20-x86_64-unknown-linux-gnu/lib/rustlib/x86_64-unknown-linux-gnu/lib/libmemchr-9dbaf4eac7eaa079.rlib" "/opt/rustwide/rustup-home/toolchains/beta-2023-04-20-x86_64-unknown-linux-gnu/lib/rustlib/x86_64-unknown-linux-gnu/lib/libaddr2line-27f05b3d42a66dd0.rlib" "/opt/rustwide/rustup-home/toolchains/beta-2023-04-20-x86_64-unknown-linux-gnu/lib/rustlib/x86_64-unknown-linux-gnu/lib/libgimli-4d73f1030321c9a2.rlib" "/opt/rustwide/rustup-home/toolchains/beta-2023-04-20-x86_64-unknown-linux-gnu/lib/rustlib/x86_64-unknown-linux-gnu/lib/librustc_demangle-2846c9e58abd0acb.rlib" "/opt/rustwide/rustup-home/toolchains/beta-2023-04-20-x86_64-unknown-linux-gnu/lib/rustlib/x86_64-unknown-linux-gnu/lib/libstd_detect-a53d0f50415947be.rlib" "/opt/rustwide/rustup-home/toolchains/beta-2023-04-20-x86_64-unknown-linux-gnu/lib/rustlib/x86_64-unknown-linux-gnu/lib/libhashbrown-d48e4b6abc25b9dc.rlib" "/opt/rustwide/rustup-home/toolchains/beta-2023-04-20-x86_64-unknown-linux-gnu/lib/rustlib/x86_64-unknown-linux-gnu/lib/libminiz_oxide-2991859439ef1207.rlib" "/opt/rustwide/rustup-home/toolchains/beta-2023-04-20-x86_64-unknown-linux-gnu/lib/rustlib/x86_64-unknown-linux-gnu/lib/libadler-8a687517e4221bae.rlib" "/opt/rustwide/rustup-home/toolchains/beta-2023-04-20-x86_64-unknown-linux-gnu/lib/rustlib/x86_64-unknown-linux-gnu/lib/librustc_std_workspace_alloc-e07b554f6a67f5b3.rlib" "/opt/rustwide/rustup-home/toolchains/beta-2023-04-20-x86_64-unknown-linux-gnu/lib/rustlib/x86_64-unknown-linux-gnu/lib/libunwind-b68238b7c3c619dd.rlib" "/opt/rustwide/rustup-home/toolchains/beta-2023-04-20-x86_64-unknown-linux-gnu/lib/rustlib/x86_64-unknown-linux-gnu/lib/libcfg_if-d5e213e896c017e4.rlib" "/opt/rustwide/rustup-home/toolchains/beta-2023-04-20-x86_64-unknown-linux-gnu/lib/rustlib/x86_64-unknown-linux-gnu/lib/liblibc-0211a3b2e61d8689.rlib" "/opt/rustwide/rustup-home/toolchains/beta-2023-04-20-x86_64-unknown-linux-gnu/lib/rustlib/x86_64-unknown-linux-gnu/lib/liballoc-b371f055239ba51f.rlib" "/opt/rustwide/rustup-home/toolchains/beta-2023-04-20-x86_64-unknown-linux-gnu/lib/rustlib/x86_64-unknown-linux-gnu/lib/librustc_std_workspace_core-e60518d2760eb01e.rlib" "/opt/rustwide/rustup-home/toolchains/beta-2023-04-20-x86_64-unknown-linux-gnu/lib/rustlib/x86_64-unknown-linux-gnu/lib/libcore-1ad943f92a4b1081.rlib" "/opt/rustwide/rustup-home/toolchains/beta-2023-04-20-x86_64-unknown-linux-gnu/lib/rustlib/x86_64-unknown-linux-gnu/lib/libcompiler_builtins-f0d6e4d0fc1e80b4.rlib" "-Wl,-Bdynamic" "-lgcc_s" "-lutil" "-lrt" "-lpthread" "-lm" "-ldl" "-lc" "-Wl,--eh-frame-hdr" "-Wl,-z,noexecstack" "-L" "/opt/rustwide/rustup-home/toolchains/beta-2023-04-20-x86_64-unknown-linux-gnu/lib/rustlib/x86_64-unknown-linux-gnu/lib" "-o" "/opt/rustwide/target/debug/build/memchr-fcd1b6f6bf478539/build_script_build-fcd1b6f6bf478539" "-Wl,--gc-sections" "-pie" "-Wl,-z,relro,-z,now" "-nodefaultlibs"
[INFO] [stdout]   = note: /usr/bin/ld: final link failed: No space left on device
[INFO] [stdout]           collect2: error: ld returned 1 exit status
[INFO] [stdout]           
[INFO] [stdout] 
[INFO] [stdout] 
[INFO] [stderr] LLVM ERROR: IO failure on output stream: No space left on device
[INFO] [stderr] LLVM ERROR: IO failure on output stream: No space left on device
[INFO] [stderr] LLVM ERROR: IO failure on output stream: No space left on device
[INFO] [stderr] error: could not compile `day-23` (bin "day-23"); 6 warnings emitted
[INFO] [stderr] warning: build failed, waiting for other jobs to finish...
[INFO] [stderr] error: could not compile `day-14` (bin "day-14")
[INFO] [stderr] error: could not compile `memchr` (build script) due to previous error
[INFO] [stderr] LLVM ERROR: IO failure on output stream: No space left on device
[INFO] [stderr] error: could not compile `day-13` (bin "day-13")
[INFO] [stderr] error: could not compile `day-09` (bin "day-09")
[INFO] [stderr] error: could not compile `day-05` (bin "day-05"); 1 warning emitted
[INFO] [stderr] error: could not compile `day-15` (bin "day-15")
[INFO] [stdout] error: linking with `cc` failed: exit status: 1
[INFO] [stdout]   |
[INFO] [stdout]   = note: LC_ALL="C" PATH="/opt/rustwide/rustup-home/toolchains/beta-2023-04-20-x86_64-unknown-linux-gnu/lib/rustlib/x86_64-unknown-linux-gnu/bin:/opt/rustwide/cargo-home/bin:/usr/local/sbin:/usr/local/bin:/usr/sbin:/usr/bin:/sbin:/bin" VSLANG="1033" "cc" "-m64" "/tmp/rustcuQEQYK/symbols.o" "/opt/rustwide/target/debug/deps/day_25-ba699df74fb3de98.day_25.f2931d77-cgu.0.rcgu.o" "/opt/rustwide/target/debug/deps/day_25-ba699df74fb3de98.day_25.f2931d77-cgu.1.rcgu.o" "/opt/rustwide/target/debug/deps/day_25-ba699df74fb3de98.day_25.f2931d77-cgu.10.rcgu.o" "/opt/rustwide/target/debug/deps/day_25-ba699df74fb3de98.day_25.f2931d77-cgu.11.rcgu.o" "/opt/rustwide/target/debug/deps/day_25-ba699df74fb3de98.day_25.f2931d77-cgu.12.rcgu.o" "/opt/rustwide/target/debug/deps/day_25-ba699df74fb3de98.day_25.f2931d77-cgu.13.rcgu.o" "/opt/rustwide/target/debug/deps/day_25-ba699df74fb3de98.day_25.f2931d77-cgu.14.rcgu.o" "/opt/rustwide/target/debug/deps/day_25-ba699df74fb3de98.day_25.f2931d77-cgu.15.rcgu.o" "/opt/rustwide/target/debug/deps/day_25-ba699df74fb3de98.day_25.f2931d77-cgu.2.rcgu.o" "/opt/rustwide/target/debug/deps/day_25-ba699df74fb3de98.day_25.f2931d77-cgu.3.rcgu.o" "/opt/rustwide/target/debug/deps/day_25-ba699df74fb3de98.day_25.f2931d77-cgu.4.rcgu.o" "/opt/rustwide/target/debug/deps/day_25-ba699df74fb3de98.day_25.f2931d77-cgu.5.rcgu.o" "/opt/rustwide/target/debug/deps/day_25-ba699df74fb3de98.day_25.f2931d77-cgu.6.rcgu.o" "/opt/rustwide/target/debug/deps/day_25-ba699df74fb3de98.day_25.f2931d77-cgu.7.rcgu.o" "/opt/rustwide/target/debug/deps/day_25-ba699df74fb3de98.day_25.f2931d77-cgu.8.rcgu.o" "/opt/rustwide/target/debug/deps/day_25-ba699df74fb3de98.day_25.f2931d77-cgu.9.rcgu.o" "/opt/rustwide/target/debug/deps/day_25-ba699df74fb3de98.1r69dbwhkfz2njr1.rcgu.o" "-Wl,--as-needed" "-L" "/opt/rustwide/target/debug/deps" "-L" "/opt/rustwide/rustup-home/toolchains/beta-2023-04-20-x86_64-unknown-linux-gnu/lib/rustlib/x86_64-unknown-linux-gnu/lib" "-Wl,-Bstatic" "/opt/rustwide/rustup-home/toolchains/beta-2023-04-20-x86_64-unknown-linux-gnu/lib/rustlib/x86_64-unknown-linux-gnu/lib/libstd-0e29cc23c5e02021.rlib" "/opt/rustwide/rustup-home/toolchains/beta-2023-04-20-x86_64-unknown-linux-gnu/lib/rustlib/x86_64-unknown-linux-gnu/lib/libpanic_unwind-d903621768a861d9.rlib" "/opt/rustwide/rustup-home/toolchains/beta-2023-04-20-x86_64-unknown-linux-gnu/lib/rustlib/x86_64-unknown-linux-gnu/lib/libobject-6d0225e655f31c13.rlib" "/opt/rustwide/rustup-home/toolchains/beta-2023-04-20-x86_64-unknown-linux-gnu/lib/rustlib/x86_64-unknown-linux-gnu/lib/libmemchr-9dbaf4eac7eaa079.rlib" "/opt/rustwide/rustup-home/toolchains/beta-2023-04-20-x86_64-unknown-linux-gnu/lib/rustlib/x86_64-unknown-linux-gnu/lib/libaddr2line-27f05b3d42a66dd0.rlib" "/opt/rustwide/rustup-home/toolchains/beta-2023-04-20-x86_64-unknown-linux-gnu/lib/rustlib/x86_64-unknown-linux-gnu/lib/libgimli-4d73f1030321c9a2.rlib" "/opt/rustwide/rustup-home/toolchains/beta-2023-04-20-x86_64-unknown-linux-gnu/lib/rustlib/x86_64-unknown-linux-gnu/lib/librustc_demangle-2846c9e58abd0acb.rlib" "/opt/rustwide/rustup-home/toolchains/beta-2023-04-20-x86_64-unknown-linux-gnu/lib/rustlib/x86_64-unknown-linux-gnu/lib/libstd_detect-a53d0f50415947be.rlib" "/opt/rustwide/rustup-home/toolchains/beta-2023-04-20-x86_64-unknown-linux-gnu/lib/rustlib/x86_64-unknown-linux-gnu/lib/libhashbrown-d48e4b6abc25b9dc.rlib" "/opt/rustwide/rustup-home/toolchains/beta-2023-04-20-x86_64-unknown-linux-gnu/lib/rustlib/x86_64-unknown-linux-gnu/lib/libminiz_oxide-2991859439ef1207.rlib" "/opt/rustwide/rustup-home/toolchains/beta-2023-04-20-x86_64-unknown-linux-gnu/lib/rustlib/x86_64-unknown-linux-gnu/lib/libadler-8a687517e4221bae.rlib" "/opt/rustwide/rustup-home/toolchains/beta-2023-04-20-x86_64-unknown-linux-gnu/lib/rustlib/x86_64-unknown-linux-gnu/lib/librustc_std_workspace_alloc-e07b554f6a67f5b3.rlib" "/opt/rustwide/rustup-home/toolchains/beta-2023-04-20-x86_64-unknown-linux-gnu/lib/rustlib/x86_64-unknown-linux-gnu/lib/libunwind-b68238b7c3c619dd.rlib" "/opt/rustwide/rustup-home/toolchains/beta-2023-04-20-x86_64-unknown-linux-gnu/lib/rustlib/x86_64-unknown-linux-gnu/lib/libcfg_if-d5e213e896c017e4.rlib" "/opt/rustwide/rustup-home/toolchains/beta-2023-04-20-x86_64-unknown-linux-gnu/lib/rustlib/x86_64-unknown-linux-gnu/lib/liblibc-0211a3b2e61d8689.rlib" "/opt/rustwide/rustup-home/toolchains/beta-2023-04-20-x86_64-unknown-linux-gnu/lib/rustlib/x86_64-unknown-linux-gnu/lib/liballoc-b371f055239ba51f.rlib" "/opt/rustwide/rustup-home/toolchains/beta-2023-04-20-x86_64-unknown-linux-gnu/lib/rustlib/x86_64-unknown-linux-gnu/lib/librustc_std_workspace_core-e60518d2760eb01e.rlib" "/opt/rustwide/rustup-home/toolchains/beta-2023-04-20-x86_64-unknown-linux-gnu/lib/rustlib/x86_64-unknown-linux-gnu/lib/libcore-1ad943f92a4b1081.rlib" "/opt/rustwide/rustup-home/toolchains/beta-2023-04-20-x86_64-unknown-linux-gnu/lib/rustlib/x86_64-unknown-linux-gnu/lib/libcompiler_builtins-f0d6e4d0fc1e80b4.rlib" "-Wl,-Bdynamic" "-lgcc_s" "-lutil" "-lrt" "-lpthread" "-lm" "-ldl" "-lc" "-Wl,--eh-frame-hdr" "-Wl,-z,noexecstack" "-L" "/opt/rustwide/rustup-home/toolchains/beta-2023-04-20-x86_64-unknown-linux-gnu/lib/rustlib/x86_64-unknown-linux-gnu/lib" "-o" "/opt/rustwide/target/debug/deps/day_25-ba699df74fb3de98" "-Wl,--gc-sections" "-pie" "-Wl,-z,relro,-z,now" "-nodefaultlibs"
[INFO] [stdout]   = note: /usr/bin/ld: final link failed: No space left on device
[INFO] [stdout]           collect2: error: ld returned 1 exit status
[INFO] [stdout]           
[INFO] [stdout] 
[INFO] [stdout] 
[INFO] [stdout] error: aborting due to previous error
[INFO] [stdout] 
[INFO] [stdout] 
[INFO] [stdout] error: linking with `cc` failed: exit status: 1
[INFO] [stdout]   |
[INFO] [stdout]   = note: LC_ALL="C" PATH="/opt/rustwide/rustup-home/toolchains/beta-2023-04-20-x86_64-unknown-linux-gnu/lib/rustlib/x86_64-unknown-linux-gnu/bin:/opt/rustwide/cargo-home/bin:/usr/local/sbin:/usr/local/bin:/usr/sbin:/usr/bin:/sbin:/bin" VSLANG="1033" "cc" "-m64" "/tmp/rustc1gkfgl/symbols.o" "/opt/rustwide/target/debug/build/syn-85d9cc831717a6f2/build_script_build-85d9cc831717a6f2.build_script_build.f7a8aeec-cgu.0.rcgu.o" "/opt/rustwide/target/debug/build/syn-85d9cc831717a6f2/build_script_build-85d9cc831717a6f2.build_script_build.f7a8aeec-cgu.1.rcgu.o" "/opt/rustwide/target/debug/build/syn-85d9cc831717a6f2/build_script_build-85d9cc831717a6f2.build_script_build.f7a8aeec-cgu.10.rcgu.o" "/opt/rustwide/target/debug/build/syn-85d9cc831717a6f2/build_script_build-85d9cc831717a6f2.build_script_build.f7a8aeec-cgu.11.rcgu.o" "/opt/rustwide/target/debug/build/syn-85d9cc831717a6f2/build_script_build-85d9cc831717a6f2.build_script_build.f7a8aeec-cgu.12.rcgu.o" "/opt/rustwide/target/debug/build/syn-85d9cc831717a6f2/build_script_build-85d9cc831717a6f2.build_script_build.f7a8aeec-cgu.13.rcgu.o" "/opt/rustwide/target/debug/build/syn-85d9cc831717a6f2/build_script_build-85d9cc831717a6f2.build_script_build.f7a8aeec-cgu.14.rcgu.o" "/opt/rustwide/target/debug/build/syn-85d9cc831717a6f2/build_script_build-85d9cc831717a6f2.build_script_build.f7a8aeec-cgu.15.rcgu.o" "/opt/rustwide/target/debug/build/syn-85d9cc831717a6f2/build_script_build-85d9cc831717a6f2.build_script_build.f7a8aeec-cgu.2.rcgu.o" "/opt/rustwide/target/debug/build/syn-85d9cc831717a6f2/build_script_build-85d9cc831717a6f2.build_script_build.f7a8aeec-cgu.3.rcgu.o" "/opt/rustwide/target/debug/build/syn-85d9cc831717a6f2/build_script_build-85d9cc831717a6f2.build_script_build.f7a8aeec-cgu.4.rcgu.o" "/opt/rustwide/target/debug/build/syn-85d9cc831717a6f2/build_script_build-85d9cc831717a6f2.build_script_build.f7a8aeec-cgu.5.rcgu.o" "/opt/rustwide/target/debug/build/syn-85d9cc831717a6f2/build_script_build-85d9cc831717a6f2.build_script_build.f7a8aeec-cgu.6.rcgu.o" "/opt/rustwide/target/debug/build/syn-85d9cc831717a6f2/build_script_build-85d9cc831717a6f2.build_script_build.f7a8aeec-cgu.7.rcgu.o" "/opt/rustwide/target/debug/build/syn-85d9cc831717a6f2/build_script_build-85d9cc831717a6f2.build_script_build.f7a8aeec-cgu.8.rcgu.o" "/opt/rustwide/target/debug/build/syn-85d9cc831717a6f2/build_script_build-85d9cc831717a6f2.build_script_build.f7a8aeec-cgu.9.rcgu.o" "/opt/rustwide/target/debug/build/syn-85d9cc831717a6f2/build_script_build-85d9cc831717a6f2.1gu2zoestfmmkx1k.rcgu.o" "-Wl,--as-needed" "-L" "/opt/rustwide/target/debug/deps" "-L" "/opt/rustwide/rustup-home/toolchains/beta-2023-04-20-x86_64-unknown-linux-gnu/lib/rustlib/x86_64-unknown-linux-gnu/lib" "-Wl,-Bstatic" "/opt/rustwide/rustup-home/toolchains/beta-2023-04-20-x86_64-unknown-linux-gnu/lib/rustlib/x86_64-unknown-linux-gnu/lib/libstd-0e29cc23c5e02021.rlib" "/opt/rustwide/rustup-home/toolchains/beta-2023-04-20-x86_64-unknown-linux-gnu/lib/rustlib/x86_64-unknown-linux-gnu/lib/libpanic_unwind-d903621768a861d9.rlib" "/opt/rustwide/rustup-home/toolchains/beta-2023-04-20-x86_64-unknown-linux-gnu/lib/rustlib/x86_64-unknown-linux-gnu/lib/libobject-6d0225e655f31c13.rlib" "/opt/rustwide/rustup-home/toolchains/beta-2023-04-20-x86_64-unknown-linux-gnu/lib/rustlib/x86_64-unknown-linux-gnu/lib/libmemchr-9dbaf4eac7eaa079.rlib" "/opt/rustwide/rustup-home/toolchains/beta-2023-04-20-x86_64-unknown-linux-gnu/lib/rustlib/x86_64-unknown-linux-gnu/lib/libaddr2line-27f05b3d42a66dd0.rlib" "/opt/rustwide/rustup-home/toolchains/beta-2023-04-20-x86_64-unknown-linux-gnu/lib/rustlib/x86_64-unknown-linux-gnu/lib/libgimli-4d73f1030321c9a2.rlib" "/opt/rustwide/rustup-home/toolchains/beta-2023-04-20-x86_64-unknown-linux-gnu/lib/rustlib/x86_64-unknown-linux-gnu/lib/librustc_demangle-2846c9e58abd0acb.rlib" "/opt/rustwide/rustup-home/toolchains/beta-2023-04-20-x86_64-unknown-linux-gnu/lib/rustlib/x86_64-unknown-linux-gnu/lib/libstd_detect-a53d0f50415947be.rlib" "/opt/rustwide/rustup-home/toolchains/beta-2023-04-20-x86_64-unknown-linux-gnu/lib/rustlib/x86_64-unknown-linux-gnu/lib/libhashbrown-d48e4b6abc25b9dc.rlib" "/opt/rustwide/rustup-home/toolchains/beta-2023-04-20-x86_64-unknown-linux-gnu/lib/rustlib/x86_64-unknown-linux-gnu/lib/libminiz_oxide-2991859439ef1207.rlib" "/opt/rustwide/rustup-home/toolchains/beta-2023-04-20-x86_64-unknown-linux-gnu/lib/rustlib/x86_64-unknown-linux-gnu/lib/libadler-8a687517e4221bae.rlib" "/opt/rustwide/rustup-home/toolchains/beta-2023-04-20-x86_64-unknown-linux-gnu/lib/rustlib/x86_64-unknown-linux-gnu/lib/librustc_std_workspace_alloc-e07b554f6a67f5b3.rlib" "/opt/rustwide/rustup-home/toolchains/beta-2023-04-20-x86_64-unknown-linux-gnu/lib/rustlib/x86_64-unknown-linux-gnu/lib/libunwind-b68238b7c3c619dd.rlib" "/opt/rustwide/rustup-home/toolchains/beta-2023-04-20-x86_64-unknown-linux-gnu/lib/rustlib/x86_64-unknown-linux-gnu/lib/libcfg_if-d5e213e896c017e4.rlib" "/opt/rustwide/rustup-home/toolchains/beta-2023-04-20-x86_64-unknown-linux-gnu/lib/rustlib/x86_64-unknown-linux-gnu/lib/liblibc-0211a3b2e61d8689.rlib" "/opt/rustwide/rustup-home/toolchains/beta-2023-04-20-x86_64-unknown-linux-gnu/lib/rustlib/x86_64-unknown-linux-gnu/lib/liballoc-b371f055239ba51f.rlib" "/opt/rustwide/rustup-home/toolchains/beta-2023-04-20-x86_64-unknown-linux-gnu/lib/rustlib/x86_64-unknown-linux-gnu/lib/librustc_std_workspace_core-e60518d2760eb01e.rlib" "/opt/rustwide/rustup-home/toolchains/beta-2023-04-20-x86_64-unknown-linux-gnu/lib/rustlib/x86_64-unknown-linux-gnu/lib/libcore-1ad943f92a4b1081.rlib" "/opt/rustwide/rustup-home/toolchains/beta-2023-04-20-x86_64-unknown-linux-gnu/lib/rustlib/x86_64-unknown-linux-gnu/lib/libcompiler_builtins-f0d6e4d0fc1e80b4.rlib" "-Wl,-Bdynamic" "-lgcc_s" "-lutil" "-lrt" "-lpthread" "-lm" "-ldl" "-lc" "-Wl,--eh-frame-hdr" "-Wl,-z,noexecstack" "-L" "/opt/rustwide/rustup-home/toolchains/beta-2023-04-20-x86_64-unknown-linux-gnu/lib/rustlib/x86_64-unknown-linux-gnu/lib" "-o" "/opt/rustwide/target/debug/build/syn-85d9cc831717a6f2/build_script_build-85d9cc831717a6f2" "-Wl,--gc-sections" "-pie" "-Wl,-z,relro,-z,now" "-nodefaultlibs"
[INFO] [stdout]   = note: /usr/bin/ld: final link failed: No space left on device
[INFO] [stdout]           collect2: error: ld returned 1 exit status
[INFO] [stdout]           
[INFO] [stdout] 
[INFO] [stdout] 
[INFO] [stderr] error: could not compile `day-25` (bin "day-25") due to 2 previous errors
[INFO] [stderr] LLVM ERROR: IO failure on output stream: No space left on device
[INFO] [stderr] LLVM ERROR: IO failure on output stream: No space left on device
[INFO] [stderr] LLVM ERROR: IO failure on output stream: No space left on device
[INFO] [stderr] LLVM ERROR: IO failure on output stream: No space left on device
[INFO] [stderr] error: could not compile `syn` (build script) due to previous error
[INFO] [stderr] error: could not compile `day-22` (bin "day-22")
[INFO] [stderr] error: could not compile `thread_local` (lib)
[INFO] [stderr] error: could not compile `day-21` (bin "day-21"); 1 warning emitted
[INFO] [stderr] error: could not compile `day-16` (bin "day-16")
[INFO] [stderr] LLVM ERROR: IO failure on output stream: No space left on device
[INFO] [stderr] error: could not compile `day-20` (bin "day-20")
[INFO] [stdout] error: linking with `cc` failed: exit status: 1
[INFO] [stdout]   |
[INFO] [stdout]   = note: LC_ALL="C" PATH="/opt/rustwide/rustup-home/toolchains/beta-2023-04-20-x86_64-unknown-linux-gnu/lib/rustlib/x86_64-unknown-linux-gnu/bin:/opt/rustwide/cargo-home/bin:/usr/local/sbin:/usr/local/bin:/usr/sbin:/usr/bin:/sbin:/bin" VSLANG="1033" "cc" "-m64" "/tmp/rustcwS94Gf/symbols.o" "/opt/rustwide/target/debug/build/proc-macro2-ab8a453efb289908/build_script_build-ab8a453efb289908.build_script_build.67d4ccf4-cgu.0.rcgu.o" "/opt/rustwide/target/debug/build/proc-macro2-ab8a453efb289908/build_script_build-ab8a453efb289908.build_script_build.67d4ccf4-cgu.1.rcgu.o" "/opt/rustwide/target/debug/build/proc-macro2-ab8a453efb289908/build_script_build-ab8a453efb289908.build_script_build.67d4ccf4-cgu.10.rcgu.o" "/opt/rustwide/target/debug/build/proc-macro2-ab8a453efb289908/build_script_build-ab8a453efb289908.build_script_build.67d4ccf4-cgu.11.rcgu.o" "/opt/rustwide/target/debug/build/proc-macro2-ab8a453efb289908/build_script_build-ab8a453efb289908.build_script_build.67d4ccf4-cgu.12.rcgu.o" "/opt/rustwide/target/debug/build/proc-macro2-ab8a453efb289908/build_script_build-ab8a453efb289908.build_script_build.67d4ccf4-cgu.13.rcgu.o" "/opt/rustwide/target/debug/build/proc-macro2-ab8a453efb289908/build_script_build-ab8a453efb289908.build_script_build.67d4ccf4-cgu.14.rcgu.o" "/opt/rustwide/target/debug/build/proc-macro2-ab8a453efb289908/build_script_build-ab8a453efb289908.build_script_build.67d4ccf4-cgu.15.rcgu.o" "/opt/rustwide/target/debug/build/proc-macro2-ab8a453efb289908/build_script_build-ab8a453efb289908.build_script_build.67d4ccf4-cgu.2.rcgu.o" "/opt/rustwide/target/debug/build/proc-macro2-ab8a453efb289908/build_script_build-ab8a453efb289908.build_script_build.67d4ccf4-cgu.3.rcgu.o" "/opt/rustwide/target/debug/build/proc-macro2-ab8a453efb289908/build_script_build-ab8a453efb289908.build_script_build.67d4ccf4-cgu.4.rcgu.o" "/opt/rustwide/target/debug/build/proc-macro2-ab8a453efb289908/build_script_build-ab8a453efb289908.build_script_build.67d4ccf4-cgu.5.rcgu.o" "/opt/rustwide/target/debug/build/proc-macro2-ab8a453efb289908/build_script_build-ab8a453efb289908.build_script_build.67d4ccf4-cgu.6.rcgu.o" "/opt/rustwide/target/debug/build/proc-macro2-ab8a453efb289908/build_script_build-ab8a453efb289908.build_script_build.67d4ccf4-cgu.7.rcgu.o" "/opt/rustwide/target/debug/build/proc-macro2-ab8a453efb289908/build_script_build-ab8a453efb289908.build_script_build.67d4ccf4-cgu.8.rcgu.o" "/opt/rustwide/target/debug/build/proc-macro2-ab8a453efb289908/build_script_build-ab8a453efb289908.build_script_build.67d4ccf4-cgu.9.rcgu.o" "/opt/rustwide/target/debug/build/proc-macro2-ab8a453efb289908/build_script_build-ab8a453efb289908.4l43qdcvxuqhucex.rcgu.o" "-Wl,--as-needed" "-L" "/opt/rustwide/target/debug/deps" "-L" "/opt/rustwide/rustup-home/toolchains/beta-2023-04-20-x86_64-unknown-linux-gnu/lib/rustlib/x86_64-unknown-linux-gnu/lib" "-Wl,-Bstatic" "/opt/rustwide/rustup-home/toolchains/beta-2023-04-20-x86_64-unknown-linux-gnu/lib/rustlib/x86_64-unknown-linux-gnu/lib/libstd-0e29cc23c5e02021.rlib" "/opt/rustwide/rustup-home/toolchains/beta-2023-04-20-x86_64-unknown-linux-gnu/lib/rustlib/x86_64-unknown-linux-gnu/lib/libpanic_unwind-d903621768a861d9.rlib" "/opt/rustwide/rustup-home/toolchains/beta-2023-04-20-x86_64-unknown-linux-gnu/lib/rustlib/x86_64-unknown-linux-gnu/lib/libobject-6d0225e655f31c13.rlib" "/opt/rustwide/rustup-home/toolchains/beta-2023-04-20-x86_64-unknown-linux-gnu/lib/rustlib/x86_64-unknown-linux-gnu/lib/libmemchr-9dbaf4eac7eaa079.rlib" "/opt/rustwide/rustup-home/toolchains/beta-2023-04-20-x86_64-unknown-linux-gnu/lib/rustlib/x86_64-unknown-linux-gnu/lib/libaddr2line-27f05b3d42a66dd0.rlib" "/opt/rustwide/rustup-home/toolchains/beta-2023-04-20-x86_64-unknown-linux-gnu/lib/rustlib/x86_64-unknown-linux-gnu/lib/libgimli-4d73f1030321c9a2.rlib" "/opt/rustwide/rustup-home/toolchains/beta-2023-04-20-x86_64-unknown-linux-gnu/lib/rustlib/x86_64-unknown-linux-gnu/lib/librustc_demangle-2846c9e58abd0acb.rlib" "/opt/rustwide/rustup-home/toolchains/beta-2023-04-20-x86_64-unknown-linux-gnu/lib/rustlib/x86_64-unknown-linux-gnu/lib/libstd_detect-a53d0f50415947be.rlib" "/opt/rustwide/rustup-home/toolchains/beta-2023-04-20-x86_64-unknown-linux-gnu/lib/rustlib/x86_64-unknown-linux-gnu/lib/libhashbrown-d48e4b6abc25b9dc.rlib" "/opt/rustwide/rustup-home/toolchains/beta-2023-04-20-x86_64-unknown-linux-gnu/lib/rustlib/x86_64-unknown-linux-gnu/lib/libminiz_oxide-2991859439ef1207.rlib" "/opt/rustwide/rustup-home/toolchains/beta-2023-04-20-x86_64-unknown-linux-gnu/lib/rustlib/x86_64-unknown-linux-gnu/lib/libadler-8a687517e4221bae.rlib" "/opt/rustwide/rustup-home/toolchains/beta-2023-04-20-x86_64-unknown-linux-gnu/lib/rustlib/x86_64-unknown-linux-gnu/lib/librustc_std_workspace_alloc-e07b554f6a67f5b3.rlib" "/opt/rustwide/rustup-home/toolchains/beta-2023-04-20-x86_64-unknown-linux-gnu/lib/rustlib/x86_64-unknown-linux-gnu/lib/libunwind-b68238b7c3c619dd.rlib" "/opt/rustwide/rustup-home/toolchains/beta-2023-04-20-x86_64-unknown-linux-gnu/lib/rustlib/x86_64-unknown-linux-gnu/lib/libcfg_if-d5e213e896c017e4.rlib" "/opt/rustwide/rustup-home/toolchains/beta-2023-04-20-x86_64-unknown-linux-gnu/lib/rustlib/x86_64-unknown-linux-gnu/lib/liblibc-0211a3b2e61d8689.rlib" "/opt/rustwide/rustup-home/toolchains/beta-2023-04-20-x86_64-unknown-linux-gnu/lib/rustlib/x86_64-unknown-linux-gnu/lib/liballoc-b371f055239ba51f.rlib" "/opt/rustwide/rustup-home/toolchains/beta-2023-04-20-x86_64-unknown-linux-gnu/lib/rustlib/x86_64-unknown-linux-gnu/lib/librustc_std_workspace_core-e60518d2760eb01e.rlib" "/opt/rustwide/rustup-home/toolchains/beta-2023-04-20-x86_64-unknown-linux-gnu/lib/rustlib/x86_64-unknown-linux-gnu/lib/libcore-1ad943f92a4b1081.rlib" "/opt/rustwide/rustup-home/toolchains/beta-2023-04-20-x86_64-unknown-linux-gnu/lib/rustlib/x86_64-unknown-linux-gnu/lib/libcompiler_builtins-f0d6e4d0fc1e80b4.rlib" "-Wl,-Bdynamic" "-lgcc_s" "-lutil" "-lrt" "-lpthread" "-lm" "-ldl" "-lc" "-Wl,--eh-frame-hdr" "-Wl,-z,noexecstack" "-L" "/opt/rustwide/rustup-home/toolchains/beta-2023-04-20-x86_64-unknown-linux-gnu/lib/rustlib/x86_64-unknown-linux-gnu/lib" "-o" "/opt/rustwide/target/debug/build/proc-macro2-ab8a453efb289908/build_script_build-ab8a453efb289908" "-Wl,--gc-sections" "-pie" "-Wl,-z,relro,-z,now" "-nodefaultlibs"
[INFO] [stdout]   = note: /usr/bin/ld: final link failed: No space left on device
[INFO] [stdout]           collect2: error: ld returned 1 exit status
[INFO] [stdout]           
[INFO] [stdout] 
[INFO] [stdout] 
[INFO] [stderr] error: could not compile `proc-macro2` (build script) due to previous error
[INFO] [stdout] error: couldn't create a temp dir: No space left on device (os error 28) at path "/opt/rustwide/target/debug/deps/rmeta5mP2pb"
[INFO] [stdout] 
[INFO] [stdout] 
[INFO] [stderr] error: could not compile `regex-syntax` (lib) due to previous error
[INFO] running `Command { std: "docker" "inspect" "dc762ca4a9e75340834fecb6a56c7e3d2d277a7ad9114a35b6cdd54721ab8866", kill_on_drop: false }`
[INFO] running `Command { std: "docker" "rm" "-f" "dc762ca4a9e75340834fecb6a56c7e3d2d277a7ad9114a35b6cdd54721ab8866", kill_on_drop: false }`
[INFO] [stdout] dc762ca4a9e75340834fecb6a56c7e3d2d277a7ad9114a35b6cdd54721ab8866
