[INFO] cloning repository https://github.com/brunoarueira/ftp-s3
[INFO] running `Command { std: "git" "-c" "credential.helper=" "-c" "credential.helper=/workspace/cargo-home/bin/git-credential-null" "clone" "--bare" "https://github.com/brunoarueira/ftp-s3" "/workspace/cache/git-repos/https%3A%2F%2Fgithub.com%2Fbrunoarueira%2Fftp-s3", kill_on_drop: false }`
[INFO] [stderr] Cloning into bare repository '/workspace/cache/git-repos/https%3A%2F%2Fgithub.com%2Fbrunoarueira%2Fftp-s3'...
[INFO] running `Command { std: "git" "rev-parse" "HEAD", kill_on_drop: false }`
[INFO] [stdout] 269accdb55f9f3e2dfb35cc1b8bd9742a609987a
[INFO] testing brunoarueira/ftp-s3 against beta-2023-04-20 for beta-1.70-1
[INFO] running `Command { std: "git" "clone" "/workspace/cache/git-repos/https%3A%2F%2Fgithub.com%2Fbrunoarueira%2Fftp-s3" "/workspace/builds/worker-7-tc2/source", kill_on_drop: false }`
[INFO] [stderr] Cloning into '/workspace/builds/worker-7-tc2/source'...
[INFO] [stderr] done.
[INFO] validating manifest of git repo https://github.com/brunoarueira/ftp-s3 on toolchain beta-2023-04-20
[INFO] running `Command { std: CARGO_HOME="/workspace/cargo-home" RUSTUP_HOME="/workspace/rustup-home" "/workspace/cargo-home/bin/cargo" "+beta-2023-04-20" "metadata" "--manifest-path" "Cargo.toml" "--no-deps", kill_on_drop: false }`
[INFO] started tweaking git repo https://github.com/brunoarueira/ftp-s3
[INFO] finished tweaking git repo https://github.com/brunoarueira/ftp-s3
[INFO] tweaked toml for git repo https://github.com/brunoarueira/ftp-s3 written to /workspace/builds/worker-7-tc2/source/Cargo.toml
[INFO] crate git repo https://github.com/brunoarueira/ftp-s3 already has a lockfile, it will not be regenerated
[INFO] running `Command { std: CARGO_HOME="/workspace/cargo-home" RUSTUP_HOME="/workspace/rustup-home" "/workspace/cargo-home/bin/cargo" "+beta-2023-04-20" "fetch" "--manifest-path" "Cargo.toml", kill_on_drop: false }`
[INFO] [stderr]     Updating crates.io index
[INFO] [stderr]  Downloading crates ...
[INFO] [stderr]   Downloaded async_ftp v5.0.0
[INFO] [stderr]   Downloaded rusoto_credential v0.46.0
[INFO] [stderr]   Downloaded rusoto_signature v0.46.0
[INFO] [stderr]   Downloaded rusoto_core v0.46.0
[INFO] [stderr]   Downloaded rusoto_s3 v0.46.0
[INFO] running `Command { std: "docker" "create" "-v" "/var/lib/crater-agent-workspace/builds/worker-7-tc2/target:/opt/rustwide/target:rw,Z" "-v" "/var/lib/crater-agent-workspace/builds/worker-7-tc2/source:/opt/rustwide/workdir:ro,Z" "-v" "/var/lib/crater-agent-workspace/cargo-home:/opt/rustwide/cargo-home:ro,Z" "-v" "/var/lib/crater-agent-workspace/rustup-home:/opt/rustwide/rustup-home:ro,Z" "-e" "SOURCE_DIR=/opt/rustwide/workdir" "-e" "CARGO_TARGET_DIR=/opt/rustwide/target" "-e" "CARGO_HOME=/opt/rustwide/cargo-home" "-e" "RUSTUP_HOME=/opt/rustwide/rustup-home" "-w" "/opt/rustwide/workdir" "-m" "1610612736" "--user" "0:0" "--network" "none" "ghcr.io/rust-lang/crates-build-env/linux@sha256:5ff2268d62e97bff2cde7d5815dd6ed5b47097566f13b8d0ca110b04b60e07ed" "/opt/rustwide/cargo-home/bin/cargo" "+beta-2023-04-20" "metadata" "--no-deps" "--format-version=1", kill_on_drop: false }`
[INFO] [stdout] 624cbb01e38317d18df6079612737ead7cab1b0647079e36ec32d5fc8a57392a
[INFO] running `Command { std: "docker" "start" "-a" "624cbb01e38317d18df6079612737ead7cab1b0647079e36ec32d5fc8a57392a", kill_on_drop: false }`
[INFO] running `Command { std: "docker" "inspect" "624cbb01e38317d18df6079612737ead7cab1b0647079e36ec32d5fc8a57392a", kill_on_drop: false }`
[INFO] running `Command { std: "docker" "rm" "-f" "624cbb01e38317d18df6079612737ead7cab1b0647079e36ec32d5fc8a57392a", kill_on_drop: false }`
[INFO] [stdout] 624cbb01e38317d18df6079612737ead7cab1b0647079e36ec32d5fc8a57392a
[INFO] running `Command { std: "docker" "create" "-v" "/var/lib/crater-agent-workspace/builds/worker-7-tc2/target:/opt/rustwide/target:rw,Z" "-v" "/var/lib/crater-agent-workspace/builds/worker-7-tc2/source:/opt/rustwide/workdir:ro,Z" "-v" "/var/lib/crater-agent-workspace/cargo-home:/opt/rustwide/cargo-home:ro,Z" "-v" "/var/lib/crater-agent-workspace/rustup-home:/opt/rustwide/rustup-home:ro,Z" "-e" "SOURCE_DIR=/opt/rustwide/workdir" "-e" "CARGO_TARGET_DIR=/opt/rustwide/target" "-e" "CARGO_INCREMENTAL=0" "-e" "RUST_BACKTRACE=full" "-e" "RUSTFLAGS=--cap-lints=warn" "-e" "RUSTDOCFLAGS=--cap-lints=warn" "-e" "CARGO_HOME=/opt/rustwide/cargo-home" "-e" "RUSTUP_HOME=/opt/rustwide/rustup-home" "-w" "/opt/rustwide/workdir" "-m" "1610612736" "--user" "0:0" "--network" "none" "ghcr.io/rust-lang/crates-build-env/linux@sha256:5ff2268d62e97bff2cde7d5815dd6ed5b47097566f13b8d0ca110b04b60e07ed" "/opt/rustwide/cargo-home/bin/cargo" "+beta-2023-04-20" "build" "--frozen" "--message-format=json", kill_on_drop: false }`
[INFO] [stdout] c7834da1a102ec5614ef88f3e5a77adc6d6004f72a525d6bae033c0ba0876706
[INFO] running `Command { std: "docker" "start" "-a" "c7834da1a102ec5614ef88f3e5a77adc6d6004f72a525d6bae033c0ba0876706", kill_on_drop: false }`
[INFO] [stderr]    Compiling proc-macro2 v1.0.26
[INFO] [stderr]    Compiling libc v0.2.92
[INFO] [stderr]    Compiling unicode-xid v0.2.1
[INFO] [stderr]    Compiling syn v1.0.68
[INFO] [stderr]    Compiling autocfg v1.0.1
[INFO] [stderr]    Compiling cfg-if v1.0.0
[INFO] [stderr]    Compiling version_check v0.9.3
[INFO] [stderr]    Compiling cc v1.0.67
[INFO] [stderr]    Compiling memchr v2.3.4
[INFO] [stderr]    Compiling once_cell v1.7.2
[INFO] [stderr]    Compiling log v0.4.14
[INFO] [stderr]    Compiling pin-project-lite v0.2.6
[INFO] [stderr]    Compiling proc-macro-hack v0.5.19
[INFO] [stderr]    Compiling bytes v1.0.1
[INFO] [stderr]    Compiling typenum v1.13.0
[INFO] [stderr]    Compiling futures-core v0.3.13
[INFO] [stderr]    Compiling proc-macro-nested v0.1.7
[INFO] [stderr]    Compiling pkg-config v0.3.19
[INFO] [stderr]    Compiling futures-sink v0.3.13
[INFO] [stderr]    Compiling slab v0.4.2
[INFO] [stderr]    Compiling serde_derive v1.0.125
[INFO] [stderr]    Compiling futures-io v0.3.13
[INFO] [stderr]    Compiling futures-channel v0.3.13
[INFO] [stderr] error: could not parse/generate dep info at: /opt/rustwide/target/debug/build/proc-macro-hack-219d0e575d8defd3/build_script_build-219d0e575d8defd3.d
[INFO] [stderr] 
[INFO] [stderr] Caused by:
[INFO] [stderr]   failed to write `/opt/rustwide/target/debug/.fingerprint/proc-macro-hack-219d0e575d8defd3/dep-build-script-build-script-build`
[INFO] [stderr] 
[INFO] [stderr] Caused by:
[INFO] [stderr]   No space left on device (os error 28)
[INFO] [stderr] warning: build failed, waiting for other jobs to finish...
[INFO] [stdout] error: linking with `cc` failed: exit status: 1
[INFO] [stdout]   |
[INFO] [stdout]   = note: LC_ALL="C" PATH="/opt/rustwide/rustup-home/toolchains/beta-2023-04-20-x86_64-unknown-linux-gnu/lib/rustlib/x86_64-unknown-linux-gnu/bin:/opt/rustwide/cargo-home/bin:/usr/local/sbin:/usr/local/bin:/usr/sbin:/usr/bin:/sbin:/bin" VSLANG="1033" "cc" "-m64" "/tmp/rustcfPLHGB/symbols.o" "/opt/rustwide/target/debug/build/proc-macro2-1e6043caab215dc1/build_script_build-1e6043caab215dc1.build_script_build.7c4bd412-cgu.0.rcgu.o" "/opt/rustwide/target/debug/build/proc-macro2-1e6043caab215dc1/build_script_build-1e6043caab215dc1.build_script_build.7c4bd412-cgu.1.rcgu.o" "/opt/rustwide/target/debug/build/proc-macro2-1e6043caab215dc1/build_script_build-1e6043caab215dc1.build_script_build.7c4bd412-cgu.10.rcgu.o" "/opt/rustwide/target/debug/build/proc-macro2-1e6043caab215dc1/build_script_build-1e6043caab215dc1.build_script_build.7c4bd412-cgu.11.rcgu.o" "/opt/rustwide/target/debug/build/proc-macro2-1e6043caab215dc1/build_script_build-1e6043caab215dc1.build_script_build.7c4bd412-cgu.12.rcgu.o" "/opt/rustwide/target/debug/build/proc-macro2-1e6043caab215dc1/build_script_build-1e6043caab215dc1.build_script_build.7c4bd412-cgu.13.rcgu.o" "/opt/rustwide/target/debug/build/proc-macro2-1e6043caab215dc1/build_script_build-1e6043caab215dc1.build_script_build.7c4bd412-cgu.14.rcgu.o" "/opt/rustwide/target/debug/build/proc-macro2-1e6043caab215dc1/build_script_build-1e6043caab215dc1.build_script_build.7c4bd412-cgu.15.rcgu.o" "/opt/rustwide/target/debug/build/proc-macro2-1e6043caab215dc1/build_script_build-1e6043caab215dc1.build_script_build.7c4bd412-cgu.2.rcgu.o" "/opt/rustwide/target/debug/build/proc-macro2-1e6043caab215dc1/build_script_build-1e6043caab215dc1.build_script_build.7c4bd412-cgu.3.rcgu.o" "/opt/rustwide/target/debug/build/proc-macro2-1e6043caab215dc1/build_script_build-1e6043caab215dc1.build_script_build.7c4bd412-cgu.4.rcgu.o" "/opt/rustwide/target/debug/build/proc-macro2-1e6043caab215dc1/build_script_build-1e6043caab215dc1.build_script_build.7c4bd412-cgu.5.rcgu.o" "/opt/rustwide/target/debug/build/proc-macro2-1e6043caab215dc1/build_script_build-1e6043caab215dc1.build_script_build.7c4bd412-cgu.6.rcgu.o" "/opt/rustwide/target/debug/build/proc-macro2-1e6043caab215dc1/build_script_build-1e6043caab215dc1.build_script_build.7c4bd412-cgu.7.rcgu.o" "/opt/rustwide/target/debug/build/proc-macro2-1e6043caab215dc1/build_script_build-1e6043caab215dc1.build_script_build.7c4bd412-cgu.8.rcgu.o" "/opt/rustwide/target/debug/build/proc-macro2-1e6043caab215dc1/build_script_build-1e6043caab215dc1.build_script_build.7c4bd412-cgu.9.rcgu.o" "/opt/rustwide/target/debug/build/proc-macro2-1e6043caab215dc1/build_script_build-1e6043caab215dc1.pxegkab0kenqvvd.rcgu.o" "-Wl,--as-needed" "-L" "/opt/rustwide/target/debug/deps" "-L" "/opt/rustwide/rustup-home/toolchains/beta-2023-04-20-x86_64-unknown-linux-gnu/lib/rustlib/x86_64-unknown-linux-gnu/lib" "-Wl,-Bstatic" "/opt/rustwide/rustup-home/toolchains/beta-2023-04-20-x86_64-unknown-linux-gnu/lib/rustlib/x86_64-unknown-linux-gnu/lib/libstd-0e29cc23c5e02021.rlib" "/opt/rustwide/rustup-home/toolchains/beta-2023-04-20-x86_64-unknown-linux-gnu/lib/rustlib/x86_64-unknown-linux-gnu/lib/libpanic_unwind-d903621768a861d9.rlib" "/opt/rustwide/rustup-home/toolchains/beta-2023-04-20-x86_64-unknown-linux-gnu/lib/rustlib/x86_64-unknown-linux-gnu/lib/libobject-6d0225e655f31c13.rlib" "/opt/rustwide/rustup-home/toolchains/beta-2023-04-20-x86_64-unknown-linux-gnu/lib/rustlib/x86_64-unknown-linux-gnu/lib/libmemchr-9dbaf4eac7eaa079.rlib" "/opt/rustwide/rustup-home/toolchains/beta-2023-04-20-x86_64-unknown-linux-gnu/lib/rustlib/x86_64-unknown-linux-gnu/lib/libaddr2line-27f05b3d42a66dd0.rlib" "/opt/rustwide/rustup-home/toolchains/beta-2023-04-20-x86_64-unknown-linux-gnu/lib/rustlib/x86_64-unknown-linux-gnu/lib/libgimli-4d73f1030321c9a2.rlib" "/opt/rustwide/rustup-home/toolchains/beta-2023-04-20-x86_64-unknown-linux-gnu/lib/rustlib/x86_64-unknown-linux-gnu/lib/librustc_demangle-2846c9e58abd0acb.rlib" "/opt/rustwide/rustup-home/toolchains/beta-2023-04-20-x86_64-unknown-linux-gnu/lib/rustlib/x86_64-unknown-linux-gnu/lib/libstd_detect-a53d0f50415947be.rlib" "/opt/rustwide/rustup-home/toolchains/beta-2023-04-20-x86_64-unknown-linux-gnu/lib/rustlib/x86_64-unknown-linux-gnu/lib/libhashbrown-d48e4b6abc25b9dc.rlib" "/opt/rustwide/rustup-home/toolchains/beta-2023-04-20-x86_64-unknown-linux-gnu/lib/rustlib/x86_64-unknown-linux-gnu/lib/libminiz_oxide-2991859439ef1207.rlib" "/opt/rustwide/rustup-home/toolchains/beta-2023-04-20-x86_64-unknown-linux-gnu/lib/rustlib/x86_64-unknown-linux-gnu/lib/libadler-8a687517e4221bae.rlib" "/opt/rustwide/rustup-home/toolchains/beta-2023-04-20-x86_64-unknown-linux-gnu/lib/rustlib/x86_64-unknown-linux-gnu/lib/librustc_std_workspace_alloc-e07b554f6a67f5b3.rlib" "/opt/rustwide/rustup-home/toolchains/beta-2023-04-20-x86_64-unknown-linux-gnu/lib/rustlib/x86_64-unknown-linux-gnu/lib/libunwind-b68238b7c3c619dd.rlib" "/opt/rustwide/rustup-home/toolchains/beta-2023-04-20-x86_64-unknown-linux-gnu/lib/rustlib/x86_64-unknown-linux-gnu/lib/libcfg_if-d5e213e896c017e4.rlib" "/opt/rustwide/rustup-home/toolchains/beta-2023-04-20-x86_64-unknown-linux-gnu/lib/rustlib/x86_64-unknown-linux-gnu/lib/liblibc-0211a3b2e61d8689.rlib" "/opt/rustwide/rustup-home/toolchains/beta-2023-04-20-x86_64-unknown-linux-gnu/lib/rustlib/x86_64-unknown-linux-gnu/lib/liballoc-b371f055239ba51f.rlib" "/opt/rustwide/rustup-home/toolchains/beta-2023-04-20-x86_64-unknown-linux-gnu/lib/rustlib/x86_64-unknown-linux-gnu/lib/librustc_std_workspace_core-e60518d2760eb01e.rlib" "/opt/rustwide/rustup-home/toolchains/beta-2023-04-20-x86_64-unknown-linux-gnu/lib/rustlib/x86_64-unknown-linux-gnu/lib/libcore-1ad943f92a4b1081.rlib" "/opt/rustwide/rustup-home/toolchains/beta-2023-04-20-x86_64-unknown-linux-gnu/lib/rustlib/x86_64-unknown-linux-gnu/lib/libcompiler_builtins-f0d6e4d0fc1e80b4.rlib" "-Wl,-Bdynamic" "-lgcc_s" "-lutil" "-lrt" "-lpthread" "-lm" "-ldl" "-lc" "-Wl,--eh-frame-hdr" "-Wl,-z,noexecstack" "-L" "/opt/rustwide/rustup-home/toolchains/beta-2023-04-20-x86_64-unknown-linux-gnu/lib/rustlib/x86_64-unknown-linux-gnu/lib" "-o" "/opt/rustwide/target/debug/build/proc-macro2-1e6043caab215dc1/build_script_build-1e6043caab215dc1" "-Wl,--gc-sections" "-pie" "-Wl,-z,relro,-z,now" "-nodefaultlibs"
[INFO] [stdout]   = note: /usr/bin/ld: final link failed: No space left on device
[INFO] [stdout]           collect2: error: ld returned 1 exit status
[INFO] [stdout]           
[INFO] [stdout] 
[INFO] [stdout] 
[INFO] [stdout] error: aborting due to previous error
[INFO] [stdout] 
[INFO] [stdout] 
[INFO] [stdout] error: linking with `cc` failed: exit status: 1
[INFO] [stdout]   |
[INFO] [stdout]   = note: LC_ALL="C" PATH="/opt/rustwide/rustup-home/toolchains/beta-2023-04-20-x86_64-unknown-linux-gnu/lib/rustlib/x86_64-unknown-linux-gnu/bin:/opt/rustwide/cargo-home/bin:/usr/local/sbin:/usr/local/bin:/usr/sbin:/usr/bin:/sbin:/bin" VSLANG="1033" "cc" "-m64" "/tmp/rustcEPsmgL/symbols.o" "/opt/rustwide/target/debug/build/memchr-fcd1b6f6bf478539/build_script_build-fcd1b6f6bf478539.build_script_build.b26452ae-cgu.0.rcgu.o" "/opt/rustwide/target/debug/build/memchr-fcd1b6f6bf478539/build_script_build-fcd1b6f6bf478539.build_script_build.b26452ae-cgu.1.rcgu.o" "/opt/rustwide/target/debug/build/memchr-fcd1b6f6bf478539/build_script_build-fcd1b6f6bf478539.build_script_build.b26452ae-cgu.10.rcgu.o" "/opt/rustwide/target/debug/build/memchr-fcd1b6f6bf478539/build_script_build-fcd1b6f6bf478539.build_script_build.b26452ae-cgu.11.rcgu.o" "/opt/rustwide/target/debug/build/memchr-fcd1b6f6bf478539/build_script_build-fcd1b6f6bf478539.build_script_build.b26452ae-cgu.12.rcgu.o" "/opt/rustwide/target/debug/build/memchr-fcd1b6f6bf478539/build_script_build-fcd1b6f6bf478539.build_script_build.b26452ae-cgu.13.rcgu.o" "/opt/rustwide/target/debug/build/memchr-fcd1b6f6bf478539/build_script_build-fcd1b6f6bf478539.build_script_build.b26452ae-cgu.14.rcgu.o" "/opt/rustwide/target/debug/build/memchr-fcd1b6f6bf478539/build_script_build-fcd1b6f6bf478539.build_script_build.b26452ae-cgu.15.rcgu.o" "/opt/rustwide/target/debug/build/memchr-fcd1b6f6bf478539/build_script_build-fcd1b6f6bf478539.build_script_build.b26452ae-cgu.2.rcgu.o" "/opt/rustwide/target/debug/build/memchr-fcd1b6f6bf478539/build_script_build-fcd1b6f6bf478539.build_script_build.b26452ae-cgu.3.rcgu.o" "/opt/rustwide/target/debug/build/memchr-fcd1b6f6bf478539/build_script_build-fcd1b6f6bf478539.build_script_build.b26452ae-cgu.4.rcgu.o" "/opt/rustwide/target/debug/build/memchr-fcd1b6f6bf478539/build_script_build-fcd1b6f6bf478539.build_script_build.b26452ae-cgu.5.rcgu.o" "/opt/rustwide/target/debug/build/memchr-fcd1b6f6bf478539/build_script_build-fcd1b6f6bf478539.build_script_build.b26452ae-cgu.6.rcgu.o" "/opt/rustwide/target/debug/build/memchr-fcd1b6f6bf478539/build_script_build-fcd1b6f6bf478539.build_script_build.b26452ae-cgu.7.rcgu.o" "/opt/rustwide/target/debug/build/memchr-fcd1b6f6bf478539/build_script_build-fcd1b6f6bf478539.build_script_build.b26452ae-cgu.8.rcgu.o" "/opt/rustwide/target/debug/build/memchr-fcd1b6f6bf478539/build_script_build-fcd1b6f6bf478539.build_script_build.b26452ae-cgu.9.rcgu.o" "/opt/rustwide/target/debug/build/memchr-fcd1b6f6bf478539/build_script_build-fcd1b6f6bf478539.21pw3ajzus76tf0f.rcgu.o" "-Wl,--as-needed" "-L" "/opt/rustwide/target/debug/deps" "-L" "/opt/rustwide/rustup-home/toolchains/beta-2023-04-20-x86_64-unknown-linux-gnu/lib/rustlib/x86_64-unknown-linux-gnu/lib" "-Wl,-Bstatic" "/opt/rustwide/rustup-home/toolchains/beta-2023-04-20-x86_64-unknown-linux-gnu/lib/rustlib/x86_64-unknown-linux-gnu/lib/libstd-0e29cc23c5e02021.rlib" "/opt/rustwide/rustup-home/toolchains/beta-2023-04-20-x86_64-unknown-linux-gnu/lib/rustlib/x86_64-unknown-linux-gnu/lib/libpanic_unwind-d903621768a861d9.rlib" "/opt/rustwide/rustup-home/toolchains/beta-2023-04-20-x86_64-unknown-linux-gnu/lib/rustlib/x86_64-unknown-linux-gnu/lib/libobject-6d0225e655f31c13.rlib" "/opt/rustwide/rustup-home/toolchains/beta-2023-04-20-x86_64-unknown-linux-gnu/lib/rustlib/x86_64-unknown-linux-gnu/lib/libmemchr-9dbaf4eac7eaa079.rlib" "/opt/rustwide/rustup-home/toolchains/beta-2023-04-20-x86_64-unknown-linux-gnu/lib/rustlib/x86_64-unknown-linux-gnu/lib/libaddr2line-27f05b3d42a66dd0.rlib" "/opt/rustwide/rustup-home/toolchains/beta-2023-04-20-x86_64-unknown-linux-gnu/lib/rustlib/x86_64-unknown-linux-gnu/lib/libgimli-4d73f1030321c9a2.rlib" "/opt/rustwide/rustup-home/toolchains/beta-2023-04-20-x86_64-unknown-linux-gnu/lib/rustlib/x86_64-unknown-linux-gnu/lib/librustc_demangle-2846c9e58abd0acb.rlib" "/opt/rustwide/rustup-home/toolchains/beta-2023-04-20-x86_64-unknown-linux-gnu/lib/rustlib/x86_64-unknown-linux-gnu/lib/libstd_detect-a53d0f50415947be.rlib" "/opt/rustwide/rustup-home/toolchains/beta-2023-04-20-x86_64-unknown-linux-gnu/lib/rustlib/x86_64-unknown-linux-gnu/lib/libhashbrown-d48e4b6abc25b9dc.rlib" "/opt/rustwide/rustup-home/toolchains/beta-2023-04-20-x86_64-unknown-linux-gnu/lib/rustlib/x86_64-unknown-linux-gnu/lib/libminiz_oxide-2991859439ef1207.rlib" "/opt/rustwide/rustup-home/toolchains/beta-2023-04-20-x86_64-unknown-linux-gnu/lib/rustlib/x86_64-unknown-linux-gnu/lib/libadler-8a687517e4221bae.rlib" "/opt/rustwide/rustup-home/toolchains/beta-2023-04-20-x86_64-unknown-linux-gnu/lib/rustlib/x86_64-unknown-linux-gnu/lib/librustc_std_workspace_alloc-e07b554f6a67f5b3.rlib" "/opt/rustwide/rustup-home/toolchains/beta-2023-04-20-x86_64-unknown-linux-gnu/lib/rustlib/x86_64-unknown-linux-gnu/lib/libunwind-b68238b7c3c619dd.rlib" "/opt/rustwide/rustup-home/toolchains/beta-2023-04-20-x86_64-unknown-linux-gnu/lib/rustlib/x86_64-unknown-linux-gnu/lib/libcfg_if-d5e213e896c017e4.rlib" "/opt/rustwide/rustup-home/toolchains/beta-2023-04-20-x86_64-unknown-linux-gnu/lib/rustlib/x86_64-unknown-linux-gnu/lib/liblibc-0211a3b2e61d8689.rlib" "/opt/rustwide/rustup-home/toolchains/beta-2023-04-20-x86_64-unknown-linux-gnu/lib/rustlib/x86_64-unknown-linux-gnu/lib/liballoc-b371f055239ba51f.rlib" "/opt/rustwide/rustup-home/toolchains/beta-2023-04-20-x86_64-unknown-linux-gnu/lib/rustlib/x86_64-unknown-linux-gnu/lib/librustc_std_workspace_core-e60518d2760eb01e.rlib" "/opt/rustwide/rustup-home/toolchains/beta-2023-04-20-x86_64-unknown-linux-gnu/lib/rustlib/x86_64-unknown-linux-gnu/lib/libcore-1ad943f92a4b1081.rlib" "/opt/rustwide/rustup-home/toolchains/beta-2023-04-20-x86_64-unknown-linux-gnu/lib/rustlib/x86_64-unknown-linux-gnu/lib/libcompiler_builtins-f0d6e4d0fc1e80b4.rlib" "-Wl,-Bdynamic" "-lgcc_s" "-lutil" "-lrt" "-lpthread" "-lm" "-ldl" "-lc" "-Wl,--eh-frame-hdr" "-Wl,-z,noexecstack" "-L" "/opt/rustwide/rustup-home/toolchains/beta-2023-04-20-x86_64-unknown-linux-gnu/lib/rustlib/x86_64-unknown-linux-gnu/lib" "-o" "/opt/rustwide/target/debug/build/memchr-fcd1b6f6bf478539/build_script_build-fcd1b6f6bf478539" "-Wl,--gc-sections" "-pie" "-Wl,-z,relro,-z,now" "-nodefaultlibs"
[INFO] [stdout]   = note: /usr/bin/ld: final link failed: No space left on device
[INFO] [stdout]           collect2: error: ld returned 1 exit status
[INFO] [stdout]           
[INFO] [stdout] 
[INFO] [stdout] 
[INFO] [stdout] error: aborting due to previous error
[INFO] [stdout] 
[INFO] [stdout] 
[INFO] [stderr] error: could not compile `proc-macro2` (build script) due to 2 previous errors
[INFO] [stderr] error: could not compile `memchr` (build script) due to 2 previous errors
[INFO] [stderr] LLVM ERROR: IO failure on output stream: No space left on device
[INFO] [stderr] LLVM ERROR: IO failure on output stream: No space left on device
[INFO] [stderr] LLVM ERROR: IO failure on output stream: No space left on device
[INFO] [stderr] error: could not compile `serde_derive` (build script)
[INFO] [stderr] thread 'rustc' panicked at 'assertion failed: pos.get() <= self.position()', compiler/rustc_metadata/src/rmeta/encoder.rs:433:9
[INFO] [stderr] LLVM ERROR: IO failure on output stream: No space left on device
[INFO] [stderr] LLVM ERROR: IO failure on output stream: No space left on device
[INFO] [stdout] error: linking with `cc` failed: exit status: 1
[INFO] [stdout]   |
[INFO] [stdout]   = note: LC_ALL="C" PATH="/opt/rustwide/rustup-home/toolchains/beta-2023-04-20-x86_64-unknown-linux-gnu/lib/rustlib/x86_64-unknown-linux-gnu/bin:/opt/rustwide/cargo-home/bin:/usr/local/sbin:/usr/local/bin:/usr/sbin:/usr/bin:/sbin:/bin" VSLANG="1033" "cc" "-m64" "/tmp/rustc3f4vCI/symbols.o" "/opt/rustwide/target/debug/build/libc-1ce58016c1891410/build_script_build-1ce58016c1891410.build_script_build.c243f9fc-cgu.0.rcgu.o" "/opt/rustwide/target/debug/build/libc-1ce58016c1891410/build_script_build-1ce58016c1891410.build_script_build.c243f9fc-cgu.1.rcgu.o" "/opt/rustwide/target/debug/build/libc-1ce58016c1891410/build_script_build-1ce58016c1891410.build_script_build.c243f9fc-cgu.10.rcgu.o" "/opt/rustwide/target/debug/build/libc-1ce58016c1891410/build_script_build-1ce58016c1891410.build_script_build.c243f9fc-cgu.11.rcgu.o" "/opt/rustwide/target/debug/build/libc-1ce58016c1891410/build_script_build-1ce58016c1891410.build_script_build.c243f9fc-cgu.12.rcgu.o" "/opt/rustwide/target/debug/build/libc-1ce58016c1891410/build_script_build-1ce58016c1891410.build_script_build.c243f9fc-cgu.13.rcgu.o" "/opt/rustwide/target/debug/build/libc-1ce58016c1891410/build_script_build-1ce58016c1891410.build_script_build.c243f9fc-cgu.14.rcgu.o" "/opt/rustwide/target/debug/build/libc-1ce58016c1891410/build_script_build-1ce58016c1891410.build_script_build.c243f9fc-cgu.15.rcgu.o" "/opt/rustwide/target/debug/build/libc-1ce58016c1891410/build_script_build-1ce58016c1891410.build_script_build.c243f9fc-cgu.2.rcgu.o" "/opt/rustwide/target/debug/build/libc-1ce58016c1891410/build_script_build-1ce58016c1891410.build_script_build.c243f9fc-cgu.3.rcgu.o" "/opt/rustwide/target/debug/build/libc-1ce58016c1891410/build_script_build-1ce58016c1891410.build_script_build.c243f9fc-cgu.4.rcgu.o" "/opt/rustwide/target/debug/build/libc-1ce58016c1891410/build_script_build-1ce58016c1891410.build_script_build.c243f9fc-cgu.5.rcgu.o" "/opt/rustwide/target/debug/build/libc-1ce58016c1891410/build_script_build-1ce58016c1891410.build_script_build.c243f9fc-cgu.6.rcgu.o" "/opt/rustwide/target/debug/build/libc-1ce58016c1891410/build_script_build-1ce58016c1891410.build_script_build.c243f9fc-cgu.7.rcgu.o" "/opt/rustwide/target/debug/build/libc-1ce58016c1891410/build_script_build-1ce58016c1891410.build_script_build.c243f9fc-cgu.8.rcgu.o" "/opt/rustwide/target/debug/build/libc-1ce58016c1891410/build_script_build-1ce58016c1891410.build_script_build.c243f9fc-cgu.9.rcgu.o" "/opt/rustwide/target/debug/build/libc-1ce58016c1891410/build_script_build-1ce58016c1891410.3u87snfmp3tmgpjd.rcgu.o" "-Wl,--as-needed" "-L" "/opt/rustwide/target/debug/deps" "-L" "/opt/rustwide/rustup-home/toolchains/beta-2023-04-20-x86_64-unknown-linux-gnu/lib/rustlib/x86_64-unknown-linux-gnu/lib" "-Wl,-Bstatic" "/opt/rustwide/rustup-home/toolchains/beta-2023-04-20-x86_64-unknown-linux-gnu/lib/rustlib/x86_64-unknown-linux-gnu/lib/libstd-0e29cc23c5e02021.rlib" "/opt/rustwide/rustup-home/toolchains/beta-2023-04-20-x86_64-unknown-linux-gnu/lib/rustlib/x86_64-unknown-linux-gnu/lib/libpanic_unwind-d903621768a861d9.rlib" "/opt/rustwide/rustup-home/toolchains/beta-2023-04-20-x86_64-unknown-linux-gnu/lib/rustlib/x86_64-unknown-linux-gnu/lib/libobject-6d0225e655f31c13.rlib" "/opt/rustwide/rustup-home/toolchains/beta-2023-04-20-x86_64-unknown-linux-gnu/lib/rustlib/x86_64-unknown-linux-gnu/lib/libmemchr-9dbaf4eac7eaa079.rlib" "/opt/rustwide/rustup-home/toolchains/beta-2023-04-20-x86_64-unknown-linux-gnu/lib/rustlib/x86_64-unknown-linux-gnu/lib/libaddr2line-27f05b3d42a66dd0.rlib" "/opt/rustwide/rustup-home/toolchains/beta-2023-04-20-x86_64-unknown-linux-gnu/lib/rustlib/x86_64-unknown-linux-gnu/lib/libgimli-4d73f1030321c9a2.rlib" "/opt/rustwide/rustup-home/toolchains/beta-2023-04-20-x86_64-unknown-linux-gnu/lib/rustlib/x86_64-unknown-linux-gnu/lib/librustc_demangle-2846c9e58abd0acb.rlib" "/opt/rustwide/rustup-home/toolchains/beta-2023-04-20-x86_64-unknown-linux-gnu/lib/rustlib/x86_64-unknown-linux-gnu/lib/libstd_detect-a53d0f50415947be.rlib" "/opt/rustwide/rustup-home/toolchains/beta-2023-04-20-x86_64-unknown-linux-gnu/lib/rustlib/x86_64-unknown-linux-gnu/lib/libhashbrown-d48e4b6abc25b9dc.rlib" "/opt/rustwide/rustup-home/toolchains/beta-2023-04-20-x86_64-unknown-linux-gnu/lib/rustlib/x86_64-unknown-linux-gnu/lib/libminiz_oxide-2991859439ef1207.rlib" "/opt/rustwide/rustup-home/toolchains/beta-2023-04-20-x86_64-unknown-linux-gnu/lib/rustlib/x86_64-unknown-linux-gnu/lib/libadler-8a687517e4221bae.rlib" "/opt/rustwide/rustup-home/toolchains/beta-2023-04-20-x86_64-unknown-linux-gnu/lib/rustlib/x86_64-unknown-linux-gnu/lib/librustc_std_workspace_alloc-e07b554f6a67f5b3.rlib" "/opt/rustwide/rustup-home/toolchains/beta-2023-04-20-x86_64-unknown-linux-gnu/lib/rustlib/x86_64-unknown-linux-gnu/lib/libunwind-b68238b7c3c619dd.rlib" "/opt/rustwide/rustup-home/toolchains/beta-2023-04-20-x86_64-unknown-linux-gnu/lib/rustlib/x86_64-unknown-linux-gnu/lib/libcfg_if-d5e213e896c017e4.rlib" "/opt/rustwide/rustup-home/toolchains/beta-2023-04-20-x86_64-unknown-linux-gnu/lib/rustlib/x86_64-unknown-linux-gnu/lib/liblibc-0211a3b2e61d8689.rlib" "/opt/rustwide/rustup-home/toolchains/beta-2023-04-20-x86_64-unknown-linux-gnu/lib/rustlib/x86_64-unknown-linux-gnu/lib/liballoc-b371f055239ba51f.rlib" "/opt/rustwide/rustup-home/toolchains/beta-2023-04-20-x86_64-unknown-linux-gnu/lib/rustlib/x86_64-unknown-linux-gnu/lib/librustc_std_workspace_core-e60518d2760eb01e.rlib" "/opt/rustwide/rustup-home/toolchains/beta-2023-04-20-x86_64-unknown-linux-gnu/lib/rustlib/x86_64-unknown-linux-gnu/lib/libcore-1ad943f92a4b1081.rlib" "/opt/rustwide/rustup-home/toolchains/beta-2023-04-20-x86_64-unknown-linux-gnu/lib/rustlib/x86_64-unknown-linux-gnu/lib/libcompiler_builtins-f0d6e4d0fc1e80b4.rlib" "-Wl,-Bdynamic" "-lgcc_s" "-lutil" "-lrt" "-lpthread" "-lm" "-ldl" "-lc" "-Wl,--eh-frame-hdr" "-Wl,-z,noexecstack" "-L" "/opt/rustwide/rustup-home/toolchains/beta-2023-04-20-x86_64-unknown-linux-gnu/lib/rustlib/x86_64-unknown-linux-gnu/lib" "-o" "/opt/rustwide/target/debug/build/libc-1ce58016c1891410/build_script_build-1ce58016c1891410" "-Wl,--gc-sections" "-pie" "-Wl,-z,relro,-z,now" "-nodefaultlibs"
[INFO] [stdout]   = note: /usr/bin/ld: final link failed: No space left on device
[INFO] [stdout]           collect2: error: ld returned 1 exit status
[INFO] [stdout]           
[INFO] [stdout] 
[INFO] [stdout] 
[INFO] [stderr] error: could not compile `typenum` (build script)
[INFO] [stdout] error: aborting due to previous error
[INFO] [stdout] 
[INFO] [stdout] 
[INFO] [stderr] error: could not compile `pkg-config` (lib)
[INFO] [stdout] error: could not write output to /opt/rustwide/target/debug/deps/futures_io-38faa6e6b20dc393.futures_io.84a5fea5-cgu.0.rcgu.o: No space left on device
[INFO] [stdout] 
[INFO] [stdout] 
[INFO] [stdout] error: could not write output to /opt/rustwide/target/debug/deps/futures_io-38faa6e6b20dc393.futures_io.84a5fea5-cgu.14.rcgu.o: No space left on device
[INFO] [stdout] 
[INFO] [stdout] 
[INFO] [stderr] error: could not compile `version_check` (lib)
[INFO] [stderr] error: could not compile `autocfg` (lib)
[INFO] [stderr] error: could not compile `libc` (build script) due to 2 previous errors
[INFO] [stdout] error: aborting due to 2 previous errors
[INFO] [stdout] 
[INFO] [stdout] 
[INFO] [stderr] error: could not compile `futures-io` (lib) due to 3 previous errors
[INFO] [stdout] error: linking with `cc` failed: exit status: 1
[INFO] [stdout]   |
[INFO] [stdout]   = note: LC_ALL="C" PATH="/opt/rustwide/rustup-home/toolchains/beta-2023-04-20-x86_64-unknown-linux-gnu/lib/rustlib/x86_64-unknown-linux-gnu/bin:/opt/rustwide/cargo-home/bin:/usr/local/sbin:/usr/local/bin:/usr/sbin:/usr/bin:/sbin:/bin" VSLANG="1033" "cc" "-m64" "/tmp/rustcSuHCVX/symbols.o" "/opt/rustwide/target/debug/build/proc-macro-nested-d8f70fca671c196b/build_script_build-d8f70fca671c196b.build_script_build.75c9109b-cgu.0.rcgu.o" "/opt/rustwide/target/debug/build/proc-macro-nested-d8f70fca671c196b/build_script_build-d8f70fca671c196b.build_script_build.75c9109b-cgu.1.rcgu.o" "/opt/rustwide/target/debug/build/proc-macro-nested-d8f70fca671c196b/build_script_build-d8f70fca671c196b.build_script_build.75c9109b-cgu.10.rcgu.o" "/opt/rustwide/target/debug/build/proc-macro-nested-d8f70fca671c196b/build_script_build-d8f70fca671c196b.build_script_build.75c9109b-cgu.11.rcgu.o" "/opt/rustwide/target/debug/build/proc-macro-nested-d8f70fca671c196b/build_script_build-d8f70fca671c196b.build_script_build.75c9109b-cgu.12.rcgu.o" "/opt/rustwide/target/debug/build/proc-macro-nested-d8f70fca671c196b/build_script_build-d8f70fca671c196b.build_script_build.75c9109b-cgu.13.rcgu.o" "/opt/rustwide/target/debug/build/proc-macro-nested-d8f70fca671c196b/build_script_build-d8f70fca671c196b.build_script_build.75c9109b-cgu.14.rcgu.o" "/opt/rustwide/target/debug/build/proc-macro-nested-d8f70fca671c196b/build_script_build-d8f70fca671c196b.build_script_build.75c9109b-cgu.15.rcgu.o" "/opt/rustwide/target/debug/build/proc-macro-nested-d8f70fca671c196b/build_script_build-d8f70fca671c196b.build_script_build.75c9109b-cgu.2.rcgu.o" "/opt/rustwide/target/debug/build/proc-macro-nested-d8f70fca671c196b/build_script_build-d8f70fca671c196b.build_script_build.75c9109b-cgu.3.rcgu.o" "/opt/rustwide/target/debug/build/proc-macro-nested-d8f70fca671c196b/build_script_build-d8f70fca671c196b.build_script_build.75c9109b-cgu.4.rcgu.o" "/opt/rustwide/target/debug/build/proc-macro-nested-d8f70fca671c196b/build_script_build-d8f70fca671c196b.build_script_build.75c9109b-cgu.5.rcgu.o" "/opt/rustwide/target/debug/build/proc-macro-nested-d8f70fca671c196b/build_script_build-d8f70fca671c196b.build_script_build.75c9109b-cgu.6.rcgu.o" "/opt/rustwide/target/debug/build/proc-macro-nested-d8f70fca671c196b/build_script_build-d8f70fca671c196b.build_script_build.75c9109b-cgu.7.rcgu.o" "/opt/rustwide/target/debug/build/proc-macro-nested-d8f70fca671c196b/build_script_build-d8f70fca671c196b.build_script_build.75c9109b-cgu.8.rcgu.o" "/opt/rustwide/target/debug/build/proc-macro-nested-d8f70fca671c196b/build_script_build-d8f70fca671c196b.build_script_build.75c9109b-cgu.9.rcgu.o" "/opt/rustwide/target/debug/build/proc-macro-nested-d8f70fca671c196b/build_script_build-d8f70fca671c196b.23n9cqem908g0cfe.rcgu.o" "-Wl,--as-needed" "-L" "/opt/rustwide/target/debug/deps" "-L" "/opt/rustwide/rustup-home/toolchains/beta-2023-04-20-x86_64-unknown-linux-gnu/lib/rustlib/x86_64-unknown-linux-gnu/lib" "-Wl,-Bstatic" "/opt/rustwide/rustup-home/toolchains/beta-2023-04-20-x86_64-unknown-linux-gnu/lib/rustlib/x86_64-unknown-linux-gnu/lib/libstd-0e29cc23c5e02021.rlib" "/opt/rustwide/rustup-home/toolchains/beta-2023-04-20-x86_64-unknown-linux-gnu/lib/rustlib/x86_64-unknown-linux-gnu/lib/libpanic_unwind-d903621768a861d9.rlib" "/opt/rustwide/rustup-home/toolchains/beta-2023-04-20-x86_64-unknown-linux-gnu/lib/rustlib/x86_64-unknown-linux-gnu/lib/libobject-6d0225e655f31c13.rlib" "/opt/rustwide/rustup-home/toolchains/beta-2023-04-20-x86_64-unknown-linux-gnu/lib/rustlib/x86_64-unknown-linux-gnu/lib/libmemchr-9dbaf4eac7eaa079.rlib" "/opt/rustwide/rustup-home/toolchains/beta-2023-04-20-x86_64-unknown-linux-gnu/lib/rustlib/x86_64-unknown-linux-gnu/lib/libaddr2line-27f05b3d42a66dd0.rlib" "/opt/rustwide/rustup-home/toolchains/beta-2023-04-20-x86_64-unknown-linux-gnu/lib/rustlib/x86_64-unknown-linux-gnu/lib/libgimli-4d73f1030321c9a2.rlib" "/opt/rustwide/rustup-home/toolchains/beta-2023-04-20-x86_64-unknown-linux-gnu/lib/rustlib/x86_64-unknown-linux-gnu/lib/librustc_demangle-2846c9e58abd0acb.rlib" "/opt/rustwide/rustup-home/toolchains/beta-2023-04-20-x86_64-unknown-linux-gnu/lib/rustlib/x86_64-unknown-linux-gnu/lib/libstd_detect-a53d0f50415947be.rlib" "/opt/rustwide/rustup-home/toolchains/beta-2023-04-20-x86_64-unknown-linux-gnu/lib/rustlib/x86_64-unknown-linux-gnu/lib/libhashbrown-d48e4b6abc25b9dc.rlib" "/opt/rustwide/rustup-home/toolchains/beta-2023-04-20-x86_64-unknown-linux-gnu/lib/rustlib/x86_64-unknown-linux-gnu/lib/libminiz_oxide-2991859439ef1207.rlib" "/opt/rustwide/rustup-home/toolchains/beta-2023-04-20-x86_64-unknown-linux-gnu/lib/rustlib/x86_64-unknown-linux-gnu/lib/libadler-8a687517e4221bae.rlib" "/opt/rustwide/rustup-home/toolchains/beta-2023-04-20-x86_64-unknown-linux-gnu/lib/rustlib/x86_64-unknown-linux-gnu/lib/librustc_std_workspace_alloc-e07b554f6a67f5b3.rlib" "/opt/rustwide/rustup-home/toolchains/beta-2023-04-20-x86_64-unknown-linux-gnu/lib/rustlib/x86_64-unknown-linux-gnu/lib/libunwind-b68238b7c3c619dd.rlib" "/opt/rustwide/rustup-home/toolchains/beta-2023-04-20-x86_64-unknown-linux-gnu/lib/rustlib/x86_64-unknown-linux-gnu/lib/libcfg_if-d5e213e896c017e4.rlib" "/opt/rustwide/rustup-home/toolchains/beta-2023-04-20-x86_64-unknown-linux-gnu/lib/rustlib/x86_64-unknown-linux-gnu/lib/liblibc-0211a3b2e61d8689.rlib" "/opt/rustwide/rustup-home/toolchains/beta-2023-04-20-x86_64-unknown-linux-gnu/lib/rustlib/x86_64-unknown-linux-gnu/lib/liballoc-b371f055239ba51f.rlib" "/opt/rustwide/rustup-home/toolchains/beta-2023-04-20-x86_64-unknown-linux-gnu/lib/rustlib/x86_64-unknown-linux-gnu/lib/librustc_std_workspace_core-e60518d2760eb01e.rlib" "/opt/rustwide/rustup-home/toolchains/beta-2023-04-20-x86_64-unknown-linux-gnu/lib/rustlib/x86_64-unknown-linux-gnu/lib/libcore-1ad943f92a4b1081.rlib" "/opt/rustwide/rustup-home/toolchains/beta-2023-04-20-x86_64-unknown-linux-gnu/lib/rustlib/x86_64-unknown-linux-gnu/lib/libcompiler_builtins-f0d6e4d0fc1e80b4.rlib" "-Wl,-Bdynamic" "-lgcc_s" "-lutil" "-lrt" "-lpthread" "-lm" "-ldl" "-lc" "-Wl,--eh-frame-hdr" "-Wl,-z,noexecstack" "-L" "/opt/rustwide/rustup-home/toolchains/beta-2023-04-20-x86_64-unknown-linux-gnu/lib/rustlib/x86_64-unknown-linux-gnu/lib" "-o" "/opt/rustwide/target/debug/build/proc-macro-nested-d8f70fca671c196b/build_script_build-d8f70fca671c196b" "-Wl,--gc-sections" "-pie" "-Wl,-z,relro,-z,now" "-nodefaultlibs"
[INFO] [stdout]   = note: /usr/bin/ld: final link failed: No space left on device
[INFO] [stdout]           collect2: error: ld returned 1 exit status
[INFO] [stdout]           
[INFO] [stdout] 
[INFO] [stdout] 
[INFO] [stdout] error: aborting due to previous error
[INFO] [stdout] 
[INFO] [stdout] 
[INFO] [stderr] error: could not compile `proc-macro-nested` (build script) due to 2 previous errors
[INFO] [stderr] error: could not compile `bytes` (lib)
[INFO] [stderr] LLVM ERROR: IO failure on output stream: No space left on device
[INFO] [stderr] error: could not compile `log` (lib)
[INFO] [stderr] LLVM ERROR: IO failure on output stream: No space left on device
[INFO] [stdout] error: couldn't create a temp dir: No space left on device (os error 28) at path "/opt/rustwide/target/debug/deps/rmetaKucLcH"
[INFO] [stdout] 
[INFO] [stdout] 
[INFO] [stderr] error: could not compile `cc` (lib)
[INFO] [stderr] error: could not compile `futures-channel` (lib) due to previous error
[INFO] running `Command { std: "docker" "inspect" "c7834da1a102ec5614ef88f3e5a77adc6d6004f72a525d6bae033c0ba0876706", kill_on_drop: false }`
[INFO] running `Command { std: "docker" "rm" "-f" "c7834da1a102ec5614ef88f3e5a77adc6d6004f72a525d6bae033c0ba0876706", kill_on_drop: false }`
[INFO] [stdout] c7834da1a102ec5614ef88f3e5a77adc6d6004f72a525d6bae033c0ba0876706
