[INFO] cloning repository https://github.com/bren999/ruffle69
[INFO] running `Command { std: "git" "-c" "credential.helper=" "-c" "credential.helper=/workspace/cargo-home/bin/git-credential-null" "clone" "--bare" "https://github.com/bren999/ruffle69" "/workspace/cache/git-repos/https%3A%2F%2Fgithub.com%2Fbren999%2Fruffle69", kill_on_drop: false }`
[INFO] [stderr] Cloning into bare repository '/workspace/cache/git-repos/https%3A%2F%2Fgithub.com%2Fbren999%2Fruffle69'...
[INFO] running `Command { std: "git" "rev-parse" "HEAD", kill_on_drop: false }`
[INFO] [stdout] a1130b973fc1dd4bc08114121eb60dc2427f84cb
[INFO] testing bren999/ruffle69 against 1.69.0 for beta-1.70-1
[INFO] running `Command { std: "git" "clone" "/workspace/cache/git-repos/https%3A%2F%2Fgithub.com%2Fbren999%2Fruffle69" "/workspace/builds/worker-3-tc1/source", kill_on_drop: false }`
[INFO] [stderr] Cloning into '/workspace/builds/worker-3-tc1/source'...
[INFO] [stderr] done.
[INFO] validating manifest of git repo https://github.com/bren999/ruffle69 on toolchain 1.69.0
[INFO] running `Command { std: CARGO_HOME="/workspace/cargo-home" RUSTUP_HOME="/workspace/rustup-home" "/workspace/cargo-home/bin/cargo" "+1.69.0" "metadata" "--manifest-path" "Cargo.toml" "--no-deps", kill_on_drop: false }`
[INFO] removed /workspace/builds/worker-3-tc1/source/.cargo/config.toml
[INFO] started tweaking git repo https://github.com/bren999/ruffle69
[INFO] finished tweaking git repo https://github.com/bren999/ruffle69
[INFO] tweaked toml for git repo https://github.com/bren999/ruffle69 written to /workspace/builds/worker-3-tc1/source/Cargo.toml
[INFO] crate git repo https://github.com/bren999/ruffle69 already has a lockfile, it will not be regenerated
[INFO] running `Command { std: CARGO_HOME="/workspace/cargo-home" RUSTUP_HOME="/workspace/rustup-home" "/workspace/cargo-home/bin/cargo" "+1.69.0" "fetch" "--manifest-path" "Cargo.toml", kill_on_drop: false }`
[INFO] [stderr]     Updating git repository `https://github.com/RustAudio/dasp`
[INFO] [stderr]     Updating git repository `https://github.com/ruffle-rs/rust-flash-lso`
[INFO] [stderr]     Updating git repository `https://github.com/ruffle-rs/gc-arena`
[INFO] [stderr]     Updating git repository `https://github.com/ruffle-rs/h263-rs`
[INFO] [stderr]     Updating git repository `https://github.com/ruffle-rs/nellymoser`
[INFO] [stderr]     Updating git repository `https://github.com/ruffle-rs/nihav-vp6`
[INFO] [stderr]     Updating git repository `https://github.com/ruffle-rs/quick-xml`
[INFO] [stderr]     Blocking waiting for file lock on package cache
[INFO] [stderr]  Downloading crates ...
[INFO] [stderr]   Downloaded lzma-rs v0.2.0
[INFO] [stderr]   Downloaded num_enum v0.5.2
[INFO] [stderr]   Downloaded num_enum_derive v0.5.2
[INFO] [stderr]   Downloaded tinyfiledialogs v3.8.3
[INFO] [stderr]   Downloaded embed-resource v1.6.5
[INFO] [stderr]   Downloaded rustfft v5.1.1
[INFO] [stderr]   Downloaded rustdct v0.6.0
[INFO] [stderr]   Downloaded path-slash v0.1.4
[INFO] [stderr]   Downloaded castaway v0.1.1
[INFO] [stderr]   Downloaded regress v0.4.1
[INFO] [stderr]   Downloaded isahc v1.5.1
[INFO] [stderr]   Downloaded enumset_derive v0.5.5
[INFO] [stderr]   Downloaded svg v0.10.0
[INFO] [stderr]   Downloaded deflate v0.9.1
[INFO] [stderr]   Downloaded png v0.17.2
[INFO] [stderr]   Downloaded symphonia-core v0.4.0
[INFO] [stderr]   Downloaded symphonia-metadata v0.4.0
[INFO] [stderr]   Downloaded symphonia v0.4.0
[INFO] [stderr]   Downloaded enumset v1.0.7
[INFO] [stderr]   Downloaded bitflags_serde_shim v0.2.2
[INFO] [stderr]   Downloaded lyon_geom v0.17.4
[INFO] [stderr]   Downloaded cookie-factory v0.3.2
[INFO] [stderr]   Downloaded lyon_algorithms v0.17.6
[INFO] [stderr]   Downloaded derive-try-from-primitive v1.0.0
[INFO] [stderr]   Downloaded libflate_lz77 v1.1.0
[INFO] [stderr]   Downloaded bitstream-io v1.2.0
[INFO] [stderr]   Downloaded libflate v1.1.1
[INFO] [stderr]   Downloaded symphonia-bundle-mp3 v0.4.0
[INFO] running `Command { std: "docker" "create" "-v" "/var/lib/crater-agent-workspace/builds/worker-3-tc1/target:/opt/rustwide/target:rw,Z" "-v" "/var/lib/crater-agent-workspace/builds/worker-3-tc1/source:/opt/rustwide/workdir:ro,Z" "-v" "/var/lib/crater-agent-workspace/cargo-home:/opt/rustwide/cargo-home:ro,Z" "-v" "/var/lib/crater-agent-workspace/rustup-home:/opt/rustwide/rustup-home:ro,Z" "-e" "SOURCE_DIR=/opt/rustwide/workdir" "-e" "CARGO_TARGET_DIR=/opt/rustwide/target" "-e" "CARGO_HOME=/opt/rustwide/cargo-home" "-e" "RUSTUP_HOME=/opt/rustwide/rustup-home" "-w" "/opt/rustwide/workdir" "-m" "1610612736" "--user" "0:0" "--network" "none" "ghcr.io/rust-lang/crates-build-env/linux@sha256:5ff2268d62e97bff2cde7d5815dd6ed5b47097566f13b8d0ca110b04b60e07ed" "/opt/rustwide/cargo-home/bin/cargo" "+1.69.0" "metadata" "--no-deps" "--format-version=1", kill_on_drop: false }`
[INFO] [stdout] dc1bd95afeb350599d3ea385bee865176431cf6ebf87c099248fcec2eb32ee65
[INFO] running `Command { std: "docker" "start" "-a" "dc1bd95afeb350599d3ea385bee865176431cf6ebf87c099248fcec2eb32ee65", kill_on_drop: false }`
[INFO] running `Command { std: "docker" "inspect" "dc1bd95afeb350599d3ea385bee865176431cf6ebf87c099248fcec2eb32ee65", kill_on_drop: false }`
[INFO] running `Command { std: "docker" "rm" "-f" "dc1bd95afeb350599d3ea385bee865176431cf6ebf87c099248fcec2eb32ee65", kill_on_drop: false }`
[INFO] [stdout] dc1bd95afeb350599d3ea385bee865176431cf6ebf87c099248fcec2eb32ee65
[INFO] running `Command { std: "docker" "create" "-v" "/var/lib/crater-agent-workspace/builds/worker-3-tc1/target:/opt/rustwide/target:rw,Z" "-v" "/var/lib/crater-agent-workspace/builds/worker-3-tc1/source:/opt/rustwide/workdir:ro,Z" "-v" "/var/lib/crater-agent-workspace/cargo-home:/opt/rustwide/cargo-home:ro,Z" "-v" "/var/lib/crater-agent-workspace/rustup-home:/opt/rustwide/rustup-home:ro,Z" "-e" "SOURCE_DIR=/opt/rustwide/workdir" "-e" "CARGO_TARGET_DIR=/opt/rustwide/target" "-e" "CARGO_INCREMENTAL=0" "-e" "RUST_BACKTRACE=full" "-e" "RUSTFLAGS=--cap-lints=warn" "-e" "RUSTDOCFLAGS=--cap-lints=warn" "-e" "CARGO_HOME=/opt/rustwide/cargo-home" "-e" "RUSTUP_HOME=/opt/rustwide/rustup-home" "-w" "/opt/rustwide/workdir" "-m" "1610612736" "--user" "0:0" "--network" "none" "ghcr.io/rust-lang/crates-build-env/linux@sha256:5ff2268d62e97bff2cde7d5815dd6ed5b47097566f13b8d0ca110b04b60e07ed" "/opt/rustwide/cargo-home/bin/cargo" "+1.69.0" "build" "--frozen" "--message-format=json", kill_on_drop: false }`
[INFO] [stdout] 9f7053192aac5f88bc7af2b0652a940b1f77f15376b0ad5f6b0d21149c16b1fa
[INFO] running `Command { std: "docker" "start" "-a" "9f7053192aac5f88bc7af2b0652a940b1f77f15376b0ad5f6b0d21149c16b1fa", kill_on_drop: false }`
[INFO] [stderr]     Blocking waiting for file lock on package cache
[INFO] [stderr]     Blocking waiting for file lock on package cache
[INFO] [stderr]    Compiling proc-macro2 v1.0.28
[INFO] [stderr]    Compiling unicode-xid v0.2.2
[INFO] [stderr]    Compiling autocfg v1.0.1
[INFO] [stderr]    Compiling syn v1.0.80
[INFO] [stderr]    Compiling cfg-if v1.0.0
[INFO] [stderr]    Compiling libc v0.2.101
[INFO] [stderr]    Compiling serde_derive v1.0.130
[INFO] [stderr]    Compiling serde v1.0.130
[INFO] [stderr]    Compiling bitflags v1.3.2
[INFO] [stderr]    Compiling lazy_static v1.4.0
[INFO] [stderr]    Compiling cc v1.0.69
[INFO] [stderr]    Compiling version_check v0.9.3
[INFO] [stderr]    Compiling memchr v2.4.0
[INFO] [stderr]    Compiling num-traits v0.2.14
[INFO] [stderr]    Compiling log v0.4.14
[INFO] [stderr]    Compiling pkg-config v0.3.19
[INFO] [stderr]    Compiling ryu v1.0.5
[INFO] [stderr]    Compiling scopeguard v1.1.0
[INFO] [stderr]    Compiling quote v1.0.10
[INFO] [stderr]    Compiling crossbeam-utils v0.8.5
[INFO] [stderr]    Compiling memoffset v0.6.4
[INFO] [stderr]    Compiling arrayvec v0.5.2
[INFO] [stderr]    Compiling smallvec v1.7.0
[INFO] [stderr]    Compiling num-integer v0.1.44
[INFO] [stderr]    Compiling crossbeam-epoch v0.9.5
[INFO] [stderr]    Compiling byteorder v1.4.3
[INFO] [stderr]    Compiling dasp_sample v0.11.0 (https://github.com/RustAudio/dasp?rev=f05a703#f05a703d)
[INFO] [stderr]    Compiling radium v0.5.3
[INFO] [stderr]    Compiling crossbeam-channel v0.5.1
[INFO] [stderr]    Compiling lexical-core v0.7.6
[INFO] [stderr]    Compiling dasp_frame v0.11.0 (https://github.com/RustAudio/dasp?rev=f05a703#f05a703d)
[INFO] [stderr]    Compiling nom v6.1.2
[INFO] [stderr]    Compiling crossbeam-deque v0.8.0
[INFO] [stderr]    Compiling indexmap v1.7.0
[INFO] [stderr]    Compiling miniz_oxide v0.4.4
[INFO] [stderr]    Compiling instant v0.1.12
[INFO] [stderr]    Compiling libloading v0.7.0
[INFO] [stderr]    Compiling static_assertions v1.1.0
[INFO] [stderr]    Compiling crc32fast v1.2.1
[INFO] [stderr]    Compiling wyz v0.2.0
[INFO] [stderr]    Compiling encoding_index_tests v0.1.4
[INFO] [stderr]    Compiling funty v1.1.0
[INFO] [stderr]    Compiling tap v1.0.1
[INFO] [stderr]    Compiling itoa v0.4.7
[INFO] [stderr]    Compiling rayon-core v1.9.1
[INFO] [stderr]    Compiling fnv v1.0.7
[INFO] [stderr]    Compiling adler32 v1.2.0
[INFO] [stderr]    Compiling hashbrown v0.11.2
[INFO] [stderr]    Compiling ident_case v1.0.1
[INFO] [stderr]    Compiling wasm-bindgen-shared v0.2.78
[INFO] [stderr]    Compiling strsim v0.10.0
[INFO] [stderr]    Compiling adler v1.0.2
[INFO] [stderr]    Compiling bitvec v0.19.5
[INFO] [stderr]    Compiling num_cpus v1.13.0
[INFO] [stderr]    Compiling rayon v1.5.1
[INFO] [stderr]    Compiling dasp_ring_buffer v0.11.0 (https://github.com/RustAudio/dasp?rev=f05a703#f05a703d)
[INFO] [stderr]    Compiling matches v0.1.8
[INFO] [stderr]    Compiling tinyvec_macros v0.1.0
[INFO] [stderr]    Compiling downcast-rs v1.2.0
[INFO] [stderr]    Compiling build_const v0.2.2
[INFO] [stderr]    Compiling cfg-if v0.1.10
[INFO] [stderr]    Compiling tinyvec v1.3.1
[INFO] [stderr]    Compiling crc v1.8.1
[INFO] [stderr]    Compiling futures-core v0.3.17
[INFO] [stderr]    Compiling strength_reduce v0.2.3
[INFO] [stderr]    Compiling encoding_rs v0.8.29
[INFO] [stderr]    Compiling bumpalo v3.7.0
[INFO] [stderr]    Compiling either v1.6.1
[INFO] [stderr]    Compiling percent-encoding v2.1.0
[INFO] [stderr]    Compiling transpose v0.2.1
[INFO] [stderr]    Compiling dasp_rms v0.11.0 (https://github.com/RustAudio/dasp?rev=f05a703#f05a703d)
[INFO] [stderr]    Compiling unicode-bidi v0.3.5
[INFO] [stderr]    Compiling dasp_peak v0.11.0 (https://github.com/RustAudio/dasp?rev=f05a703#f05a703d)
[INFO] [stderr]    Compiling primal-check v0.3.1
[INFO] [stderr]    Compiling num-complex v0.3.1
[INFO] [stderr]    Compiling getrandom v0.2.3
[INFO] [stderr]    Compiling unicode-normalization v0.1.19
[INFO] [stderr]    Compiling darling_core v0.13.0
[INFO] [stderr]    Compiling wasm-bindgen-backend v0.2.78
[INFO] [stderr]    Compiling minimp3-sys v0.3.2
[INFO] [stderr]    Compiling weezl v0.1.5
[INFO] [stderr]    Compiling serde_json v1.0.64
[INFO] [stderr]    Compiling idna v0.2.3
[INFO] [stderr]    Compiling rustfft v5.1.1
[INFO] [stderr]    Compiling wasm-bindgen-macro-support v0.2.78
[INFO] [stderr]    Compiling rand_core v0.6.3
[INFO] [stderr]    Compiling jpeg-decoder v0.1.22
[INFO] [stderr]    Compiling synstructure v0.12.5
[INFO] [stderr]    Compiling dasp_envelope v0.11.0 (https://github.com/RustAudio/dasp?rev=f05a703#f05a703d)
[INFO] [stderr]    Compiling form_urlencoded v1.0.1
[INFO] [stderr]    Compiling dasp_interpolate v0.11.0 (https://github.com/RustAudio/dasp?rev=f05a703#f05a703d)
[INFO] [stderr]    Compiling encoding-index-simpchinese v1.20141219.5
[INFO] [stderr]    Compiling encoding-index-tradchinese v1.20141219.5
[INFO] [stderr]    Compiling encoding-index-singlebyte v1.20141219.5
[INFO] [stderr]    Compiling thiserror-impl v1.0.30
[INFO] [stderr]    Compiling darling_macro v0.13.0
[INFO] [stderr]    Compiling encoding-index-japanese v1.20141219.5
[INFO] [stderr]    Compiling encoding-index-korean v1.20141219.5
[INFO] [stderr]    Compiling dasp_window v0.11.0 (https://github.com/RustAudio/dasp?rev=f05a703#f05a703d)
[INFO] [stderr]    Compiling euclid v0.22.6
[INFO] [stderr]    Compiling xml-rs v0.8.3
[INFO] [stderr]    Compiling bitstream-io v1.2.0
[INFO] [stderr]    Compiling darling v0.13.0
[INFO] [stderr]    Compiling enumset_derive v0.5.5
[INFO] [stderr]    Compiling color_quant v1.1.0
[INFO] [stderr]    Compiling wasm-bindgen v0.2.78
[INFO] [stderr]    Compiling nihav_core v0.1.0 (https://github.com/ruffle-rs/nihav-vp6?rev=9416fcc9fc8aab8f4681aa9093b42922214abbd3#9416fcc9)
[INFO] [stderr]    Compiling ppv-lite86 v0.2.10
[INFO] [stderr]    Compiling unicode-width v0.1.8
[INFO] [stderr]    Compiling nihav_codec_support v0.1.0 (https://github.com/ruffle-rs/nihav-vp6?rev=9416fcc9fc8aab8f4681aa9093b42922214abbd3#9416fcc9)
[INFO] [stderr]    Compiling rand_chacha v0.3.1
[INFO] [stderr]    Compiling gif v0.11.3
[INFO] [stderr]    Compiling thiserror v1.0.30
[INFO] [stderr]    Compiling wayland-scanner v0.28.6
[INFO] [stderr]    Compiling lyon_geom v0.17.4
[INFO] [stderr]    Compiling dasp_signal v0.11.0 (https://github.com/RustAudio/dasp?rev=f05a703#f05a703d)
[INFO] [stderr]    Compiling encoding v0.2.33
[INFO] [stderr]    Compiling gc-arena-derive v0.2.0 (https://github.com/ruffle-rs/gc-arena#4931b3bc)
[INFO] [stderr]    Compiling wasm-bindgen-macro v0.2.78
[INFO] [stderr]    Compiling num-derive v0.3.3
[INFO] [stderr]    Compiling derive-try-from-primitive v1.0.0
[INFO] [stderr]    Compiling lzma-rs v0.2.0
[INFO] [stderr]    Compiling url v2.2.2
[INFO] [stderr]    Compiling flate2 v1.0.22
[INFO] [stderr]    Compiling deflate v0.9.1
[INFO] [stderr]    Compiling dasp_slice v0.11.0 (https://github.com/RustAudio/dasp?rev=f05a703#f05a703d)
[INFO] [stderr]    Compiling time v0.1.43
[INFO] [stderr]    Compiling rustdct v0.6.0
[INFO] [stderr]    Compiling slice-deque v0.3.0
[INFO] [stderr]    Compiling cookie-factory v0.3.2
[INFO] [stderr]    Compiling termcolor v1.1.2
[INFO] [stderr]    Compiling futures-channel v0.3.17
[INFO] [stderr]    Compiling pin-project-lite v0.2.7
[INFO] [stderr]    Compiling minimp3 v0.5.1
[INFO] [stderr]    Compiling chrono v0.4.19
[INFO] [stderr]    Compiling nellymoser-rs v0.1.0 (https://github.com/ruffle-rs/nellymoser#77000f76)
[INFO] [stderr]    Compiling png v0.17.2
[INFO] [stderr]    Compiling dasp v0.11.0 (https://github.com/RustAudio/dasp?rev=f05a703#f05a703d)
[INFO] [stderr]    Compiling gc-arena v0.2.0 (https://github.com/ruffle-rs/gc-arena#4931b3bc)
[INFO] [stderr]    Compiling lyon_path v0.17.7
[INFO] [stderr]    Compiling rand v0.8.4
[INFO] [stderr]    Compiling h263-rs v0.1.0 (https://github.com/ruffle-rs/h263-rs?rev=03dcd486e88381635647a7386105cb802921b69c#03dcd486)
[INFO] [stderr]    Compiling nihav_duck v0.1.0 (https://github.com/ruffle-rs/nihav-vp6?rev=9416fcc9fc8aab8f4681aa9093b42922214abbd3#9416fcc9)
[INFO] [stderr]    Compiling ruffle_macros v0.1.0 (/opt/rustwide/workdir/core/macros)
[INFO] [stderr]    Compiling generational-arena v0.2.8
[INFO] [stderr]    Compiling parking_lot_core v0.8.3
[INFO] [stderr]    Compiling nix v0.20.0
[INFO] [stderr]    Compiling openssl-sys v0.9.65
[INFO] [stderr]    Compiling libnghttp2-sys v0.1.6+1.43.0
[INFO] [stderr]    Compiling libz-sys v1.1.3
[INFO] [stderr]    Compiling quick-xml v0.22.0 (https://github.com/ruffle-rs/quick-xml?rev=8496365ec1412eb5ba5de350937b6bce352fa0ba#8496365e)
[INFO] [stderr]    Compiling regress v0.4.1
[INFO] [stderr]    Compiling wayland-sys v0.28.6
[INFO] [stderr]    Compiling lock_api v0.4.4
[INFO] [stderr]    Compiling proc-macro-error-attr v1.0.4
[INFO] [stderr]    Compiling h263-rs-yuv v0.1.0 (https://github.com/ruffle-rs/h263-rs?rev=03dcd486e88381635647a7386105cb802921b69c#03dcd486)
[INFO] [stderr]    Compiling weak-table v0.3.0
[INFO] [stderr]    Compiling json v0.12.4
[INFO] [stderr]    Compiling proc-macro-hack v0.5.19
[INFO] [stderr]    Compiling futures-sink v0.3.17
[INFO] [stderr]    Compiling futures-io v0.3.17
[INFO] [stderr]    Compiling parking_lot v0.11.1
[INFO] [stderr]    Compiling dlib v0.5.0
[INFO] [stderr]    Compiling float_next_after v0.1.5
[INFO] [stderr]    Compiling sid v0.6.1
[INFO] [stderr]    Compiling proc-macro-error v1.0.4
[INFO] [stderr]    Compiling futures-macro v0.3.17
[INFO] [stderr]    Compiling futures-task v0.3.17
[INFO] [stderr]    Compiling enumset v1.0.7
[INFO] [stderr]    Compiling once_cell v1.8.0
[INFO] [stderr]    Compiling khronos-egl v4.1.0
[INFO] [stderr]    Compiling flash-lso v0.5.0 (https://github.com/ruffle-rs/rust-flash-lso?rev=19fecd07b9888c4bdaa66771c468095783b52bed#19fecd07)
[INFO] [stderr]    Compiling swf v0.1.2 (/opt/rustwide/workdir/swf)
[INFO] [stderr]    Compiling ahash v0.4.7
[INFO] [stderr]    Compiling bit-vec v0.6.3
[INFO] [stderr]    Compiling proc-macro-nested v0.1.7
[INFO] [stderr]    Compiling bit-set v0.5.2
[INFO] [stderr]    Compiling hashbrown v0.9.1
[INFO] [stderr]    Compiling lyon_algorithms v0.17.6
[INFO] [stderr]    Compiling lyon_tessellation v0.17.10
[INFO] [stderr]    Compiling js-sys v0.3.55
[INFO] [stderr]    Compiling codespan-reporting v0.11.1
[INFO] [stderr]    Compiling wayland-client v0.28.6
[INFO] [stderr]    Compiling bytemuck_derive v1.0.1
[INFO] [stderr]    Compiling fxhash v0.2.1
[INFO] [stderr]    Compiling spirv v0.2.0+1.5.4
[INFO] [stderr]    Compiling raw-window-handle v0.3.3
[INFO] [stderr]    Compiling ruffle_core v0.1.0 (/opt/rustwide/workdir/core)
[INFO] [stderr]    Compiling curl-sys v0.4.45+curl-7.78.0
[INFO] [stderr]    Compiling unicase v2.6.0
[INFO] [stderr]    Compiling futures-util v0.3.17
[INFO] [stderr]    Compiling gpu-alloc-types v0.2.0
[INFO] [stderr]    Compiling gpu-descriptor-types v0.1.1
[INFO] [stderr]    Compiling same-file v1.0.6
[INFO] [stderr]    Compiling slab v0.4.3
[INFO] [stderr]    Compiling hexf-parse v0.2.1
[INFO] [stderr]    Compiling unicode-segmentation v1.8.0
[INFO] [stderr]    Compiling cfg_aliases v0.1.1
[INFO] [stderr]    Compiling typenum v1.14.0
[INFO] [stderr]    Compiling wgpu-core v0.11.2
[INFO] [stderr]    Compiling naga v0.7.1
[INFO] [stderr]    Compiling heck v0.3.3
[INFO] [stderr]    Compiling walkdir v2.3.2
[INFO] [stderr]    Compiling gpu-descriptor v0.2.1
[INFO] [stderr]    Compiling gpu-alloc v0.5.2
[INFO] [stderr]    Compiling bytemuck v1.7.2
[INFO] [stderr]    Compiling lyon v0.17.10
[INFO] [stderr]    Compiling wayland-commons v0.28.6
[INFO] [stderr]    Compiling ash v0.33.3+1.2.191
[INFO] [stderr]    Compiling aho-corasick v0.7.18
[INFO] [stderr]    Compiling generic-array v0.14.4
[INFO] [stderr]    Compiling num-iter v0.1.42
[INFO] [stderr]    Compiling num-rational v0.3.2
[INFO] [stderr]    Compiling wgpu-types v0.11.0
[INFO] [stderr]    Compiling pin-utils v0.1.0
[INFO] [stderr]    Compiling glow v0.11.0
[INFO] [stderr]    Compiling arrayvec v0.7.1
[INFO] [stderr]    Compiling ttf-parser v0.6.2
[INFO] [stderr]    Compiling scoped-tls v1.0.0
[INFO] [stderr]    Compiling crossbeam-queue v0.3.2
[INFO] [stdout] warning: a method with this name may be added to the standard library in the future
[INFO] [stdout]     --> core/src/display_object/movie_clip.rs:2653:14
[INFO] [stdout]      |
[INFO] [stdout] 2653 |             .take(jpeg_len as u64)
[INFO] [stdout]      |              ^^^^
[INFO] [stdout]      |
[INFO] [stdout]      = warning: once this associated item is added to the standard library, the ambiguity may cause an error or change in behavior!
[INFO] [stdout]      = note: for more information, see issue #48919 <https://github.com/rust-lang/rust/issues/48919>
[INFO] [stdout]      = help: call with fully qualified syntax `std::io::Read::take(...)` to keep using the current method
[INFO] [stdout]      = note: `#[warn(unstable_name_collisions)]` on by default
[INFO] [stdout] 
[INFO] [stdout] 
[INFO] [stdout] warning: a method with this name may be added to the standard library in the future
[INFO] [stdout]     --> core/src/display_object/movie_clip.rs:2657:14
[INFO] [stdout]      |
[INFO] [stdout] 2657 |             .take(alpha_len as u64)
[INFO] [stdout]      |              ^^^^
[INFO] [stdout]      |
[INFO] [stdout]      = warning: once this associated item is added to the standard library, the ambiguity may cause an error or change in behavior!
[INFO] [stdout]      = note: for more information, see issue #48919 <https://github.com/rust-lang/rust/issues/48919>
[INFO] [stdout]      = help: call with fully qualified syntax `std::io::Read::take(...)` to keep using the current method
[INFO] [stdout] 
[INFO] [stdout] 
[INFO] [stdout] warning: a method with this name may be added to the standard library in the future
[INFO] [stdout]     --> core/src/display_object/movie_clip.rs:2694:14
[INFO] [stdout]      |
[INFO] [stdout] 2694 |             .take(jpeg_len as u64)
[INFO] [stdout]      |              ^^^^
[INFO] [stdout]      |
[INFO] [stdout]      = warning: once this associated item is added to the standard library, the ambiguity may cause an error or change in behavior!
[INFO] [stdout]      = note: for more information, see issue #48919 <https://github.com/rust-lang/rust/issues/48919>
[INFO] [stdout]      = help: call with fully qualified syntax `std::io::Read::take(...)` to keep using the current method
[INFO] [stdout] 
[INFO] [stdout] 
[INFO] [stdout] warning: a method with this name may be added to the standard library in the future
[INFO] [stdout]     --> core/src/display_object/movie_clip.rs:2698:14
[INFO] [stdout]      |
[INFO] [stdout] 2698 |             .take(alpha_len as u64)
[INFO] [stdout]      |              ^^^^
[INFO] [stdout]      |
[INFO] [stdout]      = warning: once this associated item is added to the standard library, the ambiguity may cause an error or change in behavior!
[INFO] [stdout]      = note: for more information, see issue #48919 <https://github.com/rust-lang/rust/issues/48919>
[INFO] [stdout]      = help: call with fully qualified syntax `std::io::Read::take(...)` to keep using the current method
[INFO] [stdout] 
[INFO] [stdout] 
[INFO] [stderr]    Compiling regex-syntax v0.6.25
[INFO] [stderr]    Compiling renderdoc-sys v0.7.1
[INFO] [stderr]    Compiling inplace_it v0.3.3
[INFO] [stderr]    Compiling nix v0.18.0
[INFO] [stderr]    Compiling profiling v1.0.3
[INFO] [stderr]    Compiling owned_ttf_parser v0.6.0
[INFO] [stderr]    Compiling regex v1.5.4
[INFO] [stderr]    Compiling xcb v0.8.2
[INFO] [stderr]    Compiling clap_derive v3.0.0-beta.5
[INFO] [stderr]    Compiling web-sys v0.3.55
[INFO] [stderr]    Compiling wayland-protocols v0.28.6
[INFO] [stderr]    Compiling textwrap v0.14.2
[INFO] [stderr]    Compiling miniz_oxide v0.3.7
[INFO] [stderr]    Compiling deflate v0.8.6
[INFO] [stderr]    Compiling atty v0.2.14
[INFO] [stderr]    Compiling os_str_bytes v4.2.0
[INFO] [stderr]    Compiling alsa-sys v0.3.1
[INFO] [stderr]    Compiling maybe-uninit v2.0.0
[INFO] [stderr]    Compiling ab_glyph_rasterizer v0.1.4
[INFO] [stdout] error[E0597]: `data` does not live long enough
[INFO] [stdout]     --> core/src/display_object/movie_clip.rs:1291:26
[INFO] [stdout]      |
[INFO] [stdout] 95   | impl<'gc> MovieClip<'gc> {
[INFO] [stdout]      |      --- lifetime `'gc` defined here
[INFO] [stdout] ...
[INFO] [stdout] 1283 |         let data = mc.static_data.swf.clone();
[INFO] [stdout]      |             ---- binding `data` declared here
[INFO] [stdout] ...
[INFO] [stdout] 1291 |         let mut reader = data.read_from(frame_pos);
[INFO] [stdout]      |                          ^^^^^^^^^^^^^^^^^^^^^^^^^
[INFO] [stdout]      |                          |
[INFO] [stdout]      |                          borrowed value does not live long enough
[INFO] [stdout]      |                          assignment requires that `data` is borrowed for `'gc`
[INFO] [stdout] ...
[INFO] [stdout] 1416 |     }
[INFO] [stdout]      |     - `data` dropped here while still borrowed
[INFO] [stdout] 
[INFO] [stdout] 
[INFO] [stderr]    Compiling copyless v0.1.5
[INFO] [stderr]    Compiling rusttype v0.9.2
[INFO] [stderr]    Compiling clap v3.0.0-beta.5
[INFO] [stderr]    Compiling png v0.16.8
[INFO] [stderr]    Compiling futures-executor v0.3.17
[INFO] [stderr] error: failed to run custom build command for `xcb v0.8.2`
[INFO] [stderr] note: To improve backtraces for build dependencies, set the CARGO_PROFILE_DEV_BUILD_OVERRIDE_DEBUG=true environment variable to enable debug information generation.
[INFO] [stderr] 
[INFO] [stderr] Caused by:
[INFO] [stderr]   process didn't exit successfully: `/opt/rustwide/target/debug/build/xcb-b352c074c9ac5cbb/build-script-build` (exit status: 101)
[INFO] [stderr]   --- stderr
[INFO] [stderr]   error occured in handler:  ('request: ', ('xcb', 'Xv', 'ShmPutImage'))
[INFO] [stderr]   Traceback (most recent call last):
[INFO] [stderr]     File "/opt/rustwide/cargo-home/registry/src/github.com-1ecc6299db9ec823/xcb-0.8.2/rs_client.py", line 2448, in <module>
[INFO] [stderr]       module.generate()
[INFO] [stderr]     File "/opt/rustwide/cargo-home/registry/src/github.com-1ecc6299db9ec823/xcb-0.8.2/xcbgen/state.py", line 108, in generate
[INFO] [stderr]       self.close()
[INFO] [stderr]     File "/opt/rustwide/cargo-home/registry/src/github.com-1ecc6299db9ec823/xcb-0.8.2/rs_client.py", line 296, in rs_close
[INFO] [stderr]       _f.writeout(os.path.join(module.rs_srcdir, "ffi", "%s.rs" % _module_name(_ns.ext_name)))
[INFO] [stderr]     File "/opt/rustwide/cargo-home/registry/src/github.com-1ecc6299db9ec823/xcb-0.8.2/rs_client.py", line 114, in writeout
[INFO] [stderr]       with open(path, 'w') as f:
[INFO] [stderr]   OSError: [Errno 30] Read-only file system: '/opt/rustwide/cargo-home/registry/src/github.com-1ecc6299db9ec823/xcb-0.8.2/src/ffi/xv.rs'
[INFO] [stderr]   thread 'main' panicked at 'processing of /opt/rustwide/cargo-home/registry/src/github.com-1ecc6299db9ec823/xcb-0.8.2/xml/xv.xml returned non-zero (1)', /opt/rustwide/cargo-home/registry/src/github.com-1ecc6299db9ec823/xcb-0.8.2/build.rs:75:17
[INFO] [stderr]   stack backtrace:
[INFO] [stderr]      0:     0x55617cd766ca - std::backtrace_rs::backtrace::libunwind::trace::ha9053a9a07ca49cb
[INFO] [stderr]                                  at /rustc/84c898d65adf2f39a5a98507f1fe0ce10a2b8dbc/library/std/src/../../backtrace/src/backtrace/libunwind.rs:93:5
[INFO] [stderr]      1:     0x55617cd766ca - std::backtrace_rs::backtrace::trace_unsynchronized::h9c2852a457ad564e
[INFO] [stderr]                                  at /rustc/84c898d65adf2f39a5a98507f1fe0ce10a2b8dbc/library/std/src/../../backtrace/src/backtrace/mod.rs:66:5
[INFO] [stderr]      2:     0x55617cd766ca - std::sys_common::backtrace::_print_fmt::h457936fbfaa0070f
[INFO] [stderr]                                  at /rustc/84c898d65adf2f39a5a98507f1fe0ce10a2b8dbc/library/std/src/sys_common/backtrace.rs:65:5
[INFO] [stderr]      3:     0x55617cd766ca - <std::sys_common::backtrace::_print::DisplayBacktrace as core::fmt::Display>::fmt::h5779d7bf7f70cb0c
[INFO] [stderr]                                  at /rustc/84c898d65adf2f39a5a98507f1fe0ce10a2b8dbc/library/std/src/sys_common/backtrace.rs:44:22
[INFO] [stderr]      4:     0x55617cd93a2e - core::fmt::write::h5a4baaff1bcd3eb5
[INFO] [stderr]                                  at /rustc/84c898d65adf2f39a5a98507f1fe0ce10a2b8dbc/library/core/src/fmt/mod.rs:1232:17
[INFO] [stderr]      5:     0x55617cd74025 - std::io::Write::write_fmt::h4bc1f301cb9e9cce
[INFO] [stderr]                                  at /rustc/84c898d65adf2f39a5a98507f1fe0ce10a2b8dbc/library/std/src/io/mod.rs:1684:15
[INFO] [stderr]      6:     0x55617cd76495 - std::sys_common::backtrace::_print::h5fcdc36060f177e8
[INFO] [stderr]                                  at /rustc/84c898d65adf2f39a5a98507f1fe0ce10a2b8dbc/library/std/src/sys_common/backtrace.rs:47:5
[INFO] [stderr]      7:     0x55617cd76495 - std::sys_common::backtrace::print::h54ca9458b876c8bf
[INFO] [stderr]                                  at /rustc/84c898d65adf2f39a5a98507f1fe0ce10a2b8dbc/library/std/src/sys_common/backtrace.rs:34:9
[INFO] [stderr]      8:     0x55617cd77c8f - std::panicking::default_hook::{{closure}}::hbe471161c7664ed6
[INFO] [stderr]                                  at /rustc/84c898d65adf2f39a5a98507f1fe0ce10a2b8dbc/library/std/src/panicking.rs:271:22
[INFO] [stderr]      9:     0x55617cd779cb - std::panicking::default_hook::ha3500da57aa4ac4f
[INFO] [stderr]                                  at /rustc/84c898d65adf2f39a5a98507f1fe0ce10a2b8dbc/library/std/src/panicking.rs:290:9
[INFO] [stderr]     10:     0x55617cd78238 - std::panicking::rust_panic_with_hook::h50c09d000dc561d2
[INFO] [stderr]                                  at /rustc/84c898d65adf2f39a5a98507f1fe0ce10a2b8dbc/library/std/src/panicking.rs:692:13
[INFO] [stderr]     11:     0x55617cd78139 - std::panicking::begin_panic_handler::{{closure}}::h9e2b2176e00e0d9c
[INFO] [stderr]                                  at /rustc/84c898d65adf2f39a5a98507f1fe0ce10a2b8dbc/library/std/src/panicking.rs:583:13
[INFO] [stderr]     12:     0x55617cd76b36 - std::sys_common::backtrace::__rust_end_short_backtrace::h5739b8e512c09d02
[INFO] [stderr]                                  at /rustc/84c898d65adf2f39a5a98507f1fe0ce10a2b8dbc/library/std/src/sys_common/backtrace.rs:150:18
[INFO] [stderr]     13:     0x55617cd77e42 - rust_begin_unwind
[INFO] [stderr]                                  at /rustc/84c898d65adf2f39a5a98507f1fe0ce10a2b8dbc/library/std/src/panicking.rs:579:5
[INFO] [stderr]     14:     0x55617cd523c3 - core::panicking::panic_fmt::hf33a1475b4dc5c3e
[INFO] [stderr]                                  at /rustc/84c898d65adf2f39a5a98507f1fe0ce10a2b8dbc/library/core/src/panicking.rs:64:14
[INFO] [stderr]     15:     0x55617cd5728a - build_script_build::main::{{closure}}::h15b73806561bedf0
[INFO] [stderr]     16:     0x55617cd5621a - build_script_build::visit_xml::h54f28fb8541ba470
[INFO] [stderr]     17:     0x55617cd5686b - build_script_build::main::h30e62b242f19bcc0
[INFO] [stderr]     18:     0x55617cd57453 - core::ops::function::FnOnce::call_once::h20d8840b7a0aae69
[INFO] [stderr]     19:     0x55617cd54799 - std::sys_common::backtrace::__rust_begin_short_backtrace::ha7fa1594c5583a2b
[INFO] [stderr]     20:     0x55617cd54eb9 - std::rt::lang_start::{{closure}}::heb6768f423235db0
[INFO] [stderr]     21:     0x55617cd7124c - core::ops::function::impls::<impl core::ops::function::FnOnce<A> for &F>::call_once::hd6efcd3bec896f2c
[INFO] [stderr]                                  at /rustc/84c898d65adf2f39a5a98507f1fe0ce10a2b8dbc/library/core/src/ops/function.rs:287:13
[INFO] [stderr]     22:     0x55617cd7124c - std::panicking::try::do_call::hce04e543bb1f4cbb
[INFO] [stderr]                                  at /rustc/84c898d65adf2f39a5a98507f1fe0ce10a2b8dbc/library/std/src/panicking.rs:487:40
[INFO] [stderr]     23:     0x55617cd7124c - std::panicking::try::h3342dd4e1f680968
[INFO] [stderr]                                  at /rustc/84c898d65adf2f39a5a98507f1fe0ce10a2b8dbc/library/std/src/panicking.rs:451:19
[INFO] [stderr]     24:     0x55617cd7124c - std::panic::catch_unwind::h148ce1e59ac0cee7
[INFO] [stderr]                                  at /rustc/84c898d65adf2f39a5a98507f1fe0ce10a2b8dbc/library/std/src/panic.rs:140:14
[INFO] [stderr]     25:     0x55617cd7124c - std::rt::lang_start_internal::{{closure}}::h25f9dda2057a67fe
[INFO] [stderr]                                  at /rustc/84c898d65adf2f39a5a98507f1fe0ce10a2b8dbc/library/std/src/rt.rs:148:48
[INFO] [stderr]     26:     0x55617cd7124c - std::panicking::try::do_call::h7caaaeaf9401650b
[INFO] [stderr]                                  at /rustc/84c898d65adf2f39a5a98507f1fe0ce10a2b8dbc/library/std/src/panicking.rs:487:40
[INFO] [stderr]     27:     0x55617cd7124c - std::panicking::try::he7d15285746cbbc2
[INFO] [stderr]                                  at /rustc/84c898d65adf2f39a5a98507f1fe0ce10a2b8dbc/library/std/src/panicking.rs:451:19
[INFO] [stderr]     28:     0x55617cd7124c - std::panic::catch_unwind::h89fb4f50c0301fe0
[INFO] [stderr]                                  at /rustc/84c898d65adf2f39a5a98507f1fe0ce10a2b8dbc/library/std/src/panic.rs:140:14
[INFO] [stderr]     29:     0x55617cd7124c - std::rt::lang_start_internal::h078acd489417d3c1
[INFO] [stderr]                                  at /rustc/84c898d65adf2f39a5a98507f1fe0ce10a2b8dbc/library/std/src/rt.rs:148:20
[INFO] [stderr]     30:     0x55617cd54e97 - std::rt::lang_start::hd81cf8c81822bfac
[INFO] [stderr]     31:     0x55617cd572c5 - main
[INFO] [stderr]     32:     0x7f3d087d1d90 - <unknown>
[INFO] [stderr]     33:     0x7f3d087d1e40 - __libc_start_main
[INFO] [stderr]     34:     0x55617cd528f5 - _start
[INFO] [stderr]     35:                0x0 - <unknown>
[INFO] [stderr] warning: build failed, waiting for other jobs to finish...
[INFO] [stderr] error: could not compile `ruffle_core` due to previous error; 4 warnings emitted
[INFO] [stderr] 
[INFO] [stderr] Caused by:
[INFO] [stderr]   process didn't exit successfully: `rustc --crate-name ruffle_core --edition=2021 core/src/lib.rs --error-format=json --json=diagnostic-rendered-ansi,artifacts,future-incompat --crate-type lib --emit=dep-info,metadata,link -C panic=abort -C embed-bitcode=no -C debuginfo=2 --cfg 'feature="default"' --cfg 'feature="h263"' --cfg 'feature="h263-rs"' --cfg 'feature="h263-rs-yuv"' --cfg 'feature="minimp3"' --cfg 'feature="nihav_codec_support"' --cfg 'feature="nihav_core"' --cfg 'feature="nihav_duck"' --cfg 'feature="serde"' --cfg 'feature="vp6"' --cfg 'feature="wasm-bindgen"' -C metadata=f2866aa3f45eebd2 -C extra-filename=-f2866aa3f45eebd2 --out-dir /opt/rustwide/target/debug/deps -L dependency=/opt/rustwide/target/debug/deps --extern bitflags=/opt/rustwide/target/debug/deps/libbitflags-01ce5de01bb9b14d.rmeta --extern bitstream_io=/opt/rustwide/target/debug/deps/libbitstream_io-97bd15eec92bd288.rmeta --extern byteorder=/opt/rustwide/target/debug/deps/libbyteorder-031dcd9d16e7462c.rmeta --extern chrono=/opt/rustwide/target/debug/deps/libchrono-75859c5f76c949b2.rmeta --extern dasp=/opt/rustwide/target/debug/deps/libdasp-5081b2899fed2f92.rmeta --extern downcast_rs=/opt/rustwide/target/debug/deps/libdowncast_rs-f991340c717d8911.rmeta --extern encoding_rs=/opt/rustwide/target/debug/deps/libencoding_rs-956e8f1b8e9f4be4.rmeta --extern flash_lso=/opt/rustwide/target/debug/deps/libflash_lso-99671599854d6b94.rmeta --extern flate2=/opt/rustwide/target/debug/deps/libflate2-e6c516e4e5052099.rmeta --extern fnv=/opt/rustwide/target/debug/deps/libfnv-386c95488098c225.rmeta --extern gc_arena=/opt/rustwide/target/debug/deps/libgc_arena-9690280f11a7ede9.rmeta --extern generational_arena=/opt/rustwide/target/debug/deps/libgenerational_arena-c55c63e9616195e4.rmeta --extern gif=/opt/rustwide/target/debug/deps/libgif-9ac0be4351145f3e.rmeta --extern h263_rs=/opt/rustwide/target/debug/deps/libh263_rs-efa5fba8d61b11c5.rmeta --extern h263_rs_yuv=/opt/rustwide/target/debug/deps/libh263_rs_yuv-f96d8dcdfb305563.rmeta --extern indexmap=/opt/rustwide/target/debug/deps/libindexmap-0fafc1c0d5dd72fd.rmeta --extern instant=/opt/rustwide/target/debug/deps/libinstant-25054e96bde67cde.rmeta --extern jpeg_decoder=/opt/rustwide/target/debug/deps/libjpeg_decoder-9e563a2dfe715826.rmeta --extern json=/opt/rustwide/target/debug/deps/libjson-d22d7a86802e060c.rmeta --extern log=/opt/rustwide/target/debug/deps/liblog-0874c9bdb164123c.rmeta --extern minimp3=/opt/rustwide/target/debug/deps/libminimp3-19c0b52ca0fcb391.rmeta --extern nellymoser_rs=/opt/rustwide/target/debug/deps/libnellymoser_rs-38b6021851e62694.rmeta --extern nihav_codec_support=/opt/rustwide/target/debug/deps/libnihav_codec_support-971e8585dd66402b.rmeta --extern nihav_core=/opt/rustwide/target/debug/deps/libnihav_core-05b98b0817118e5f.rmeta --extern nihav_duck=/opt/rustwide/target/debug/deps/libnihav_duck-78ad9d230c0e5313.rmeta --extern num_derive=/opt/rustwide/target/debug/deps/libnum_derive-1e2715dcf3ee34af.so --extern num_traits=/opt/rustwide/target/debug/deps/libnum_traits-6647ea5e386069b8.rmeta --extern percent_encoding=/opt/rustwide/target/debug/deps/libpercent_encoding-c79e7246bd61b05d.rmeta --extern png=/opt/rustwide/target/debug/deps/libpng-67d8b9fb4e86f28f.rmeta --extern quick_xml=/opt/rustwide/target/debug/deps/libquick_xml-36a561125f1c448f.rmeta --extern rand=/opt/rustwide/target/debug/deps/librand-2dd83692ef031947.rmeta --extern regress=/opt/rustwide/target/debug/deps/libregress-b63205c3966a3b33.rmeta --extern ruffle_macros=/opt/rustwide/target/debug/deps/libruffle_macros-5745cc6a2df08af3.so --extern serde=/opt/rustwide/target/debug/deps/libserde-dd42852712fe08a5.rmeta --extern smallvec=/opt/rustwide/target/debug/deps/libsmallvec-f4be05b4d9349e4c.rmeta --extern swf=/opt/rustwide/target/debug/deps/libswf-f40f49164918dfb2.rmeta --extern thiserror=/opt/rustwide/target/debug/deps/libthiserror-6e836707e85f13ff.rmeta --extern url=/opt/rustwide/target/debug/deps/liburl-75695fb6eb64878a.rmeta --extern weak_table=/opt/rustwide/target/debug/deps/libweak_table-0532e0530c98faa3.rmeta --cap-lints=warn -L native=/opt/rustwide/target/debug/build/minimp3-sys-8adf291f2eee35e6/out` (signal: 9, SIGKILL: kill)
[INFO] running `Command { std: "docker" "inspect" "9f7053192aac5f88bc7af2b0652a940b1f77f15376b0ad5f6b0d21149c16b1fa", kill_on_drop: false }`
[INFO] running `Command { std: "docker" "rm" "-f" "9f7053192aac5f88bc7af2b0652a940b1f77f15376b0ad5f6b0d21149c16b1fa", kill_on_drop: false }`
[INFO] [stdout] 9f7053192aac5f88bc7af2b0652a940b1f77f15376b0ad5f6b0d21149c16b1fa
