[INFO] cloning repository https://github.com/brayniac/perfprox
[INFO] running `Command { std: "git" "-c" "credential.helper=" "-c" "credential.helper=/workspace/cargo-home/bin/git-credential-null" "clone" "--bare" "https://github.com/brayniac/perfprox" "/workspace/cache/git-repos/https%3A%2F%2Fgithub.com%2Fbrayniac%2Fperfprox", kill_on_drop: false }`
[INFO] [stderr] Cloning into bare repository '/workspace/cache/git-repos/https%3A%2F%2Fgithub.com%2Fbrayniac%2Fperfprox'...
[INFO] running `Command { std: "git" "rev-parse" "HEAD", kill_on_drop: false }`
[INFO] [stdout] 5a0ecc21d11bc170509529b7104381cd74befe62
[INFO] testing brayniac/perfprox against beta-2023-04-20 for beta-1.70-1
[INFO] running `Command { std: "git" "clone" "/workspace/cache/git-repos/https%3A%2F%2Fgithub.com%2Fbrayniac%2Fperfprox" "/workspace/builds/worker-3-tc2/source", kill_on_drop: false }`
[INFO] [stderr] Cloning into '/workspace/builds/worker-3-tc2/source'...
[INFO] [stderr] done.
[INFO] validating manifest of git repo https://github.com/brayniac/perfprox on toolchain beta-2023-04-20
[INFO] running `Command { std: CARGO_HOME="/workspace/cargo-home" RUSTUP_HOME="/workspace/rustup-home" "/workspace/cargo-home/bin/cargo" "+beta-2023-04-20" "metadata" "--manifest-path" "Cargo.toml" "--no-deps", kill_on_drop: false }`
[INFO] started tweaking git repo https://github.com/brayniac/perfprox
[INFO] finished tweaking git repo https://github.com/brayniac/perfprox
[INFO] tweaked toml for git repo https://github.com/brayniac/perfprox written to /workspace/builds/worker-3-tc2/source/Cargo.toml
[INFO] crate git repo https://github.com/brayniac/perfprox already has a lockfile, it will not be regenerated
[INFO] running `Command { std: CARGO_HOME="/workspace/cargo-home" RUSTUP_HOME="/workspace/rustup-home" "/workspace/cargo-home/bin/cargo" "+beta-2023-04-20" "fetch" "--manifest-path" "Cargo.toml", kill_on_drop: false }`
[INFO] [stderr]     Updating crates.io index
[INFO] [stderr]  Downloading crates ...
[INFO] [stderr]   Downloaded stb_truetype v0.1.2
[INFO] [stderr]   Downloaded num v0.1.35
[INFO] [stderr]   Downloaded shuteye v0.2.0
[INFO] [stderr]   Downloaded ascii v0.7.1
[INFO] [stderr]   Downloaded url v0.2.38
[INFO] [stderr]   Downloaded mpmc v0.1.2
[INFO] [stderr]   Downloaded encoding v0.2.32
[INFO] [stderr]   Downloaded miow v0.1.3
[INFO] [stderr]   Downloaded net2 v0.2.26
[INFO] [stderr]   Downloaded odds v0.2.15
[INFO] [stderr]   Downloaded slab v0.1.3
[INFO] [stderr]   Downloaded bytes v0.3.0
[INFO] [stderr]   Downloaded hsl v0.1.1
[INFO] [stderr]   Downloaded clocksource v0.2.0
[INFO] [stderr]   Downloaded rusttype v0.1.2
[INFO] [stderr]   Downloaded num-traits v0.1.35
[INFO] [stderr]   Downloaded mio v0.5.1
[INFO] [stderr]   Downloaded arrayvec v0.3.16
[INFO] [stderr]   Downloaded lodepng v0.5.3
[INFO] [stderr]   Downloaded tic v0.0.10
[INFO] [stderr]   Downloaded nodrop v0.1.7
[INFO] [stderr]   Downloaded heatmap v0.6.2
[INFO] [stderr]   Downloaded simple_logger v0.3.1
[INFO] [stderr]   Downloaded histogram v0.6.3
[INFO] [stderr]   Downloaded tiny_http v0.5.5
[INFO] [stderr]   Downloaded waterfall v0.6.3
[INFO] running `Command { std: "docker" "create" "-v" "/var/lib/crater-agent-workspace/builds/worker-3-tc2/target:/opt/rustwide/target:rw,Z" "-v" "/var/lib/crater-agent-workspace/builds/worker-3-tc2/source:/opt/rustwide/workdir:ro,Z" "-v" "/var/lib/crater-agent-workspace/cargo-home:/opt/rustwide/cargo-home:ro,Z" "-v" "/var/lib/crater-agent-workspace/rustup-home:/opt/rustwide/rustup-home:ro,Z" "-e" "SOURCE_DIR=/opt/rustwide/workdir" "-e" "CARGO_TARGET_DIR=/opt/rustwide/target" "-e" "CARGO_HOME=/opt/rustwide/cargo-home" "-e" "RUSTUP_HOME=/opt/rustwide/rustup-home" "-w" "/opt/rustwide/workdir" "-m" "1610612736" "--user" "0:0" "--network" "none" "ghcr.io/rust-lang/crates-build-env/linux@sha256:5ff2268d62e97bff2cde7d5815dd6ed5b47097566f13b8d0ca110b04b60e07ed" "/opt/rustwide/cargo-home/bin/cargo" "+beta-2023-04-20" "metadata" "--no-deps" "--format-version=1", kill_on_drop: false }`
[INFO] [stdout] 20e978cbea2f809b4ff871d0a42565c54bc82d3464bd5dcfbc50dd38f23771a4
[INFO] running `Command { std: "docker" "start" "-a" "20e978cbea2f809b4ff871d0a42565c54bc82d3464bd5dcfbc50dd38f23771a4", kill_on_drop: false }`
[INFO] running `Command { std: "docker" "inspect" "20e978cbea2f809b4ff871d0a42565c54bc82d3464bd5dcfbc50dd38f23771a4", kill_on_drop: false }`
[INFO] running `Command { std: "docker" "rm" "-f" "20e978cbea2f809b4ff871d0a42565c54bc82d3464bd5dcfbc50dd38f23771a4", kill_on_drop: false }`
[INFO] [stdout] 20e978cbea2f809b4ff871d0a42565c54bc82d3464bd5dcfbc50dd38f23771a4
[INFO] running `Command { std: "docker" "create" "-v" "/var/lib/crater-agent-workspace/builds/worker-3-tc2/target:/opt/rustwide/target:rw,Z" "-v" "/var/lib/crater-agent-workspace/builds/worker-3-tc2/source:/opt/rustwide/workdir:ro,Z" "-v" "/var/lib/crater-agent-workspace/cargo-home:/opt/rustwide/cargo-home:ro,Z" "-v" "/var/lib/crater-agent-workspace/rustup-home:/opt/rustwide/rustup-home:ro,Z" "-e" "SOURCE_DIR=/opt/rustwide/workdir" "-e" "CARGO_TARGET_DIR=/opt/rustwide/target" "-e" "CARGO_INCREMENTAL=0" "-e" "RUST_BACKTRACE=full" "-e" "RUSTFLAGS=--cap-lints=warn" "-e" "RUSTDOCFLAGS=--cap-lints=warn" "-e" "CARGO_HOME=/opt/rustwide/cargo-home" "-e" "RUSTUP_HOME=/opt/rustwide/rustup-home" "-w" "/opt/rustwide/workdir" "-m" "1610612736" "--user" "0:0" "--network" "none" "ghcr.io/rust-lang/crates-build-env/linux@sha256:5ff2268d62e97bff2cde7d5815dd6ed5b47097566f13b8d0ca110b04b60e07ed" "/opt/rustwide/cargo-home/bin/cargo" "+beta-2023-04-20" "build" "--frozen" "--message-format=json", kill_on_drop: false }`
[INFO] [stdout] 3ac187fdb338a678a05a9d6ba7d9785926b2bc4a62d4df86c3b7ef7e533200ae
[INFO] running `Command { std: "docker" "start" "-a" "3ac187fdb338a678a05a9d6ba7d9785926b2bc4a62d4df86c3b7ef7e533200ae", kill_on_drop: false }`
[INFO] [stderr]    Compiling libc v0.2.15
[INFO] [stderr]    Compiling winapi-build v0.1.1
[INFO] [stderr]    Compiling winapi v0.2.8
[INFO] [stderr]    Compiling encoding_index_tests v0.1.4
[INFO] [stderr]    Compiling num-traits v0.1.35
[INFO] [stderr]    Compiling odds v0.2.15
[INFO] [stderr]    Compiling rustc-serialize v0.3.19
[INFO] [stderr]    Compiling lodepng v0.5.3
[INFO] [stderr]    Compiling log v0.3.6
[INFO] [stderr]    Compiling byteorder v0.4.2
[INFO] [stderr]    Compiling c_vec v1.0.12
[INFO] [stderr]    Compiling histogram v0.6.3
[INFO] [stderr]    Compiling matches v0.1.2
[INFO] [stderr]    Compiling cfg-if v0.1.0
[INFO] [stderr]    Compiling hsl v0.1.1
[INFO] [stderr]    Compiling chunked_transfer v0.3.1
[INFO] [stderr]    Compiling encoding-index-korean v1.20141219.5
[INFO] [stderr]    Compiling encoding-index-tradchinese v1.20141219.5
[INFO] [stderr]    Compiling nodrop v0.1.7
[INFO] [stderr]    Compiling encoding-index-simpchinese v1.20141219.5
[INFO] [stderr]    Compiling encoding-index-japanese v1.20141219.5
[INFO] [stderr]    Compiling encoding-index-singlebyte v1.20141219.5
[INFO] [stdout] error[E0642]: patterns aren't allowed in functions without bodies
[INFO] [stdout]    --> /opt/rustwide/cargo-home/registry/src/index.crates.io-6f17d22bba15001f/rustc-serialize-0.3.19/src/serialize.rs:147:45
[INFO] [stdout]     |
[INFO] [stdout] 147 | ...                   &f_name: &str,
[INFO] [stdout]     |                       ^^^^^^^ pattern not allowed in function without body
[INFO] [stdout] 
[INFO] [stdout] 
[INFO] [stderr]    Compiling kernel32-sys v0.2.2
[INFO] [stderr]    Compiling ws2_32-sys v0.2.1
[INFO] [stderr]    Compiling bitflags v0.4.0
[INFO] [stderr]    Compiling stb_truetype v0.1.2
[INFO] [stderr]    Compiling ascii v0.7.1
[INFO] [stderr]    Compiling arrayvec v0.3.16
[INFO] [stderr]    Compiling rand v0.3.14
[INFO] [stderr]    Compiling net2 v0.2.26
[INFO] [stderr]    Compiling nix v0.5.1
[INFO] [stderr]    Compiling encoding v0.2.32
[INFO] [stderr]    Compiling clocksource v0.2.0
[INFO] [stderr]    Compiling bytes v0.3.0
[INFO] [stderr]    Compiling num-integer v0.1.32
[INFO] [stderr]    Compiling shuteye v0.2.0
[INFO] [stderr] error: failed to run custom build command for `lodepng v0.5.3`
[INFO] [stderr] note: To improve backtraces for build dependencies, set the CARGO_PROFILE_DEV_BUILD_OVERRIDE_DEBUG=true environment variable to enable debug information generation.
[INFO] [stderr] 
[INFO] [stderr] Caused by:
[INFO] [stderr]   process didn't exit successfully: `/opt/rustwide/target/debug/build/lodepng-8c97e849b4924036/build-script-build` (exit status: 101)
[INFO] [stderr]   --- stdout
[INFO] [stderr]   curl -L https://raw.githubusercontent.com/lvandeve/lodepng/master/lodepng.h -o /opt/rustwide/target/debug/build/lodepng-8ac6e259902ede45/out/lodepng.h
[INFO] [stderr] 
[INFO] [stderr]   --- stderr
[INFO] [stderr]     % Total    % Received % Xferd  Average Speed   Time    Time     Time  Current
[INFO] [stderr]                                    Dload  Upload   Total   Spent    Left  Speed
[INFO] [stderr]   
  0     0    0     0    0     0      0      0 --:--:-- --:--:-- --:--:--     0curl: (6) Could not resolve host: raw.githubusercontent.com
[INFO] [stderr]   make: *** [Makefile:20: /opt/rustwide/target/debug/build/lodepng-8ac6e259902ede45/out/lodepng.h] Error 6
[INFO] [stderr]   thread 'main' panicked at 'Script failed', /opt/rustwide/cargo-home/registry/src/index.crates.io-6f17d22bba15001f/lodepng-0.5.3/build.rs:4:9
[INFO] [stderr]   stack backtrace:
[INFO] [stderr]      0:     0x55ef5c5fef6a - std::backtrace_rs::backtrace::libunwind::trace::h2f05d0192276a8f6
[INFO] [stderr]                                  at /rustc/1b7dd2252b99671ce5d1cb9664c5f8636329436d/library/std/src/../../backtrace/src/backtrace/libunwind.rs:93:5
[INFO] [stderr]      1:     0x55ef5c5fef6a - std::backtrace_rs::backtrace::trace_unsynchronized::hedc23dff7a1af150
[INFO] [stderr]                                  at /rustc/1b7dd2252b99671ce5d1cb9664c5f8636329436d/library/std/src/../../backtrace/src/backtrace/mod.rs:66:5
[INFO] [stderr]      2:     0x55ef5c5fef6a - std::sys_common::backtrace::_print_fmt::h17541ef7592f3ce2
[INFO] [stderr]                                  at /rustc/1b7dd2252b99671ce5d1cb9664c5f8636329436d/library/std/src/sys_common/backtrace.rs:65:5
[INFO] [stderr]      3:     0x55ef5c5fef6a - <std::sys_common::backtrace::_print::DisplayBacktrace as core::fmt::Display>::fmt::h20f75df5ab0c0792
[INFO] [stderr]                                  at /rustc/1b7dd2252b99671ce5d1cb9664c5f8636329436d/library/std/src/sys_common/backtrace.rs:44:22
[INFO] [stderr]      4:     0x55ef5c61c12f - core::fmt::write::h78109e6f466b3af6
[INFO] [stderr]                                  at /rustc/1b7dd2252b99671ce5d1cb9664c5f8636329436d/library/core/src/fmt/mod.rs:1254:17
[INFO] [stderr]      5:     0x55ef5c5fcbc5 - std::io::Write::write_fmt::hc59e1b02dd273c8a
[INFO] [stderr]                                  at /rustc/1b7dd2252b99671ce5d1cb9664c5f8636329436d/library/std/src/io/mod.rs:1698:15
[INFO] [stderr]      6:     0x55ef5c5fed35 - std::sys_common::backtrace::_print::h8dac57a9f8fbf9a5
[INFO] [stderr]                                  at /rustc/1b7dd2252b99671ce5d1cb9664c5f8636329436d/library/std/src/sys_common/backtrace.rs:47:5
[INFO] [stderr]      7:     0x55ef5c5fed35 - std::sys_common::backtrace::print::hf9ecbf41d1aa712f
[INFO] [stderr]                                  at /rustc/1b7dd2252b99671ce5d1cb9664c5f8636329436d/library/std/src/sys_common/backtrace.rs:34:9
[INFO] [stderr]      8:     0x55ef5c6002be - std::panicking::default_hook::{{closure}}::h04c07acfc84ca028
[INFO] [stderr]                                  at /rustc/1b7dd2252b99671ce5d1cb9664c5f8636329436d/library/std/src/panicking.rs:269:22
[INFO] [stderr]      9:     0x55ef5c600065 - std::panicking::default_hook::h01f6bb23e1eceb2c
[INFO] [stderr]                                  at /rustc/1b7dd2252b99671ce5d1cb9664c5f8636329436d/library/std/src/panicking.rs:288:9
[INFO] [stderr]     10:     0x55ef5c60081e - std::panicking::rust_panic_with_hook::h2bb3722bbaf2f6df
[INFO] [stderr]                                  at /rustc/1b7dd2252b99671ce5d1cb9664c5f8636329436d/library/std/src/panicking.rs:691:13
[INFO] [stderr]     11:     0x55ef5c5e31d6 - std::panicking::begin_panic::{{closure}}::h97000d806c14a21f
[INFO] [stderr]     12:     0x55ef5c5e0c16 - std::sys_common::backtrace::__rust_end_short_backtrace::h6e26b1dc8ecbb284
[INFO] [stderr]     13:     0x55ef5c5e3127 - std::panicking::begin_panic::h6417d315bc2f2e7e
[INFO] [stderr]     14:     0x55ef5c5e09ae - build_script_build::main::h2bb7c321b6f2604c
[INFO] [stderr]     15:     0x55ef5c5e1e93 - core::ops::function::FnOnce::call_once::h272f7cc8697d0e53
[INFO] [stderr]     16:     0x55ef5c5e0c26 - std::sys_common::backtrace::__rust_begin_short_backtrace::h62dc3ab367ca58f9
[INFO] [stderr]     17:     0x55ef5c5e0559 - std::rt::lang_start::{{closure}}::h9fdaf9670ee6f888
[INFO] [stderr]     18:     0x55ef5c5fa20e - core::ops::function::impls::<impl core::ops::function::FnOnce<A> for &F>::call_once::h2eb19b8ce4148df4
[INFO] [stderr]                                  at /rustc/1b7dd2252b99671ce5d1cb9664c5f8636329436d/library/core/src/ops/function.rs:287:13
[INFO] [stderr]     19:     0x55ef5c5fa20e - std::panicking::try::do_call::h2e900feff5d504c5
[INFO] [stderr]                                  at /rustc/1b7dd2252b99671ce5d1cb9664c5f8636329436d/library/std/src/panicking.rs:485:40
[INFO] [stderr]     20:     0x55ef5c5fa20e - std::panicking::try::h8854836cb85aa9f2
[INFO] [stderr]                                  at /rustc/1b7dd2252b99671ce5d1cb9664c5f8636329436d/library/std/src/panicking.rs:449:19
[INFO] [stderr]     21:     0x55ef5c5fa20e - std::panic::catch_unwind::h706025dd4c48f64b
[INFO] [stderr]                                  at /rustc/1b7dd2252b99671ce5d1cb9664c5f8636329436d/library/std/src/panic.rs:140:14
[INFO] [stderr]     22:     0x55ef5c5fa20e - std::rt::lang_start_internal::{{closure}}::h7be5b97f4a07a91a
[INFO] [stderr]                                  at /rustc/1b7dd2252b99671ce5d1cb9664c5f8636329436d/library/std/src/rt.rs:148:48
[INFO] [stderr]     23:     0x55ef5c5fa20e - std::panicking::try::do_call::h59847e9d0a176965
[INFO] [stderr]                                  at /rustc/1b7dd2252b99671ce5d1cb9664c5f8636329436d/library/std/src/panicking.rs:485:40
[INFO] [stderr]     24:     0x55ef5c5fa20e - std::panicking::try::h399a918ba8522823
[INFO] [stderr]                                  at /rustc/1b7dd2252b99671ce5d1cb9664c5f8636329436d/library/std/src/panicking.rs:449:19
[INFO] [stderr]     25:     0x55ef5c5fa20e - std::panic::catch_unwind::hca7ca6c55b2a2e26
[INFO] [stderr]                                  at /rustc/1b7dd2252b99671ce5d1cb9664c5f8636329436d/library/std/src/panic.rs:140:14
[INFO] [stderr]     26:     0x55ef5c5fa20e - std::rt::lang_start_internal::h2c807a81560459eb
[INFO] [stderr]                                  at /rustc/1b7dd2252b99671ce5d1cb9664c5f8636329436d/library/std/src/rt.rs:148:20
[INFO] [stderr]     27:     0x55ef5c5e0537 - std::rt::lang_start::h86696a6e42614a9d
[INFO] [stderr]     28:     0x55ef5c5e0a65 - main
[INFO] [stderr]     29:     0x7fbee5810d90 - <unknown>
[INFO] [stderr]     30:     0x7fbee5810e40 - __libc_start_main
[INFO] [stderr]     31:     0x55ef5c5df8a5 - _start
[INFO] [stderr]     32:                0x0 - <unknown>
[INFO] [stderr] warning: build failed, waiting for other jobs to finish...
[INFO] [stdout] error: aborting due to previous error
[INFO] [stdout] 
[INFO] [stdout] 
[INFO] [stdout] For more information about this error, try `rustc --explain E0642`.
[INFO] [stdout] 
[INFO] [stderr] error: could not compile `rustc-serialize` (lib) due to 2 previous errors; 1 warning emitted
[INFO] running `Command { std: "docker" "inspect" "3ac187fdb338a678a05a9d6ba7d9785926b2bc4a62d4df86c3b7ef7e533200ae", kill_on_drop: false }`
[INFO] running `Command { std: "docker" "rm" "-f" "3ac187fdb338a678a05a9d6ba7d9785926b2bc4a62d4df86c3b7ef7e533200ae", kill_on_drop: false }`
[INFO] [stdout] 3ac187fdb338a678a05a9d6ba7d9785926b2bc4a62d4df86c3b7ef7e533200ae
