[INFO] cloning repository https://github.com/bparli/convey
[INFO] running `Command { std: "git" "-c" "credential.helper=" "-c" "credential.helper=/workspace/cargo-home/bin/git-credential-null" "clone" "--bare" "https://github.com/bparli/convey" "/workspace/cache/git-repos/https%3A%2F%2Fgithub.com%2Fbparli%2Fconvey", kill_on_drop: false }`
[INFO] [stderr] Cloning into bare repository '/workspace/cache/git-repos/https%3A%2F%2Fgithub.com%2Fbparli%2Fconvey'...
[INFO] running `Command { std: "git" "rev-parse" "HEAD", kill_on_drop: false }`
[INFO] [stdout] 6aa1444fd4ea9590f505d2e42e5d42b5fff46e95
[INFO] testing bparli/convey against 1.69.0 for beta-1.70-1
[INFO] running `Command { std: "git" "clone" "/workspace/cache/git-repos/https%3A%2F%2Fgithub.com%2Fbparli%2Fconvey" "/workspace/builds/worker-6-tc1/source", kill_on_drop: false }`
[INFO] [stderr] Cloning into '/workspace/builds/worker-6-tc1/source'...
[INFO] [stderr] done.
[INFO] validating manifest of git repo https://github.com/bparli/convey on toolchain 1.69.0
[INFO] running `Command { std: CARGO_HOME="/workspace/cargo-home" RUSTUP_HOME="/workspace/rustup-home" "/workspace/cargo-home/bin/cargo" "+1.69.0" "metadata" "--manifest-path" "Cargo.toml" "--no-deps", kill_on_drop: false }`
[INFO] started tweaking git repo https://github.com/bparli/convey
[INFO] finished tweaking git repo https://github.com/bparli/convey
[INFO] tweaked toml for git repo https://github.com/bparli/convey written to /workspace/builds/worker-6-tc1/source/Cargo.toml
[INFO] crate git repo https://github.com/bparli/convey already has a lockfile, it will not be regenerated
[INFO] running `Command { std: CARGO_HOME="/workspace/cargo-home" RUSTUP_HOME="/workspace/rustup-home" "/workspace/cargo-home/bin/cargo" "+1.69.0" "fetch" "--manifest-path" "Cargo.toml", kill_on_drop: false }`
[INFO] [stderr]     Updating git repository `https://github.com/bparli/rust-hash-ring`
[INFO] [stderr]  Downloading crates ...
[INFO] [stderr]   Downloaded pnet_macros v0.27.2
[INFO] [stderr]   Downloaded pnet_transport v0.27.2
[INFO] [stderr]   Downloaded lru_time_cache v0.8.1
[INFO] [stderr]   Downloaded pnet_packet v0.27.2
[INFO] [stderr]   Downloaded tokio-stream v0.1.0
[INFO] [stderr]   Downloaded serde_derive v1.0.81
[INFO] [stderr]   Downloaded pnet v0.27.2
[INFO] [stderr]   Downloaded seahash v3.0.7
[INFO] [stderr]   Downloaded pnet_base v0.27.2
[INFO] [stderr]   Downloaded pnet_macros_support v0.27.2
[INFO] [stderr]   Downloaded fasthash v0.3.2
[INFO] [stderr]   Downloaded pnet_datalink v0.27.2
[INFO] [stderr]   Downloaded pnet_sys v0.27.2
[INFO] running `Command { std: "docker" "create" "-v" "/var/lib/crater-agent-workspace/builds/worker-6-tc1/target:/opt/rustwide/target:rw,Z" "-v" "/var/lib/crater-agent-workspace/builds/worker-6-tc1/source:/opt/rustwide/workdir:ro,Z" "-v" "/var/lib/crater-agent-workspace/cargo-home:/opt/rustwide/cargo-home:ro,Z" "-v" "/var/lib/crater-agent-workspace/rustup-home:/opt/rustwide/rustup-home:ro,Z" "-e" "SOURCE_DIR=/opt/rustwide/workdir" "-e" "CARGO_TARGET_DIR=/opt/rustwide/target" "-e" "CARGO_HOME=/opt/rustwide/cargo-home" "-e" "RUSTUP_HOME=/opt/rustwide/rustup-home" "-w" "/opt/rustwide/workdir" "-m" "1610612736" "--user" "0:0" "--network" "none" "ghcr.io/rust-lang/crates-build-env/linux@sha256:5ff2268d62e97bff2cde7d5815dd6ed5b47097566f13b8d0ca110b04b60e07ed" "/opt/rustwide/cargo-home/bin/cargo" "+1.69.0" "metadata" "--no-deps" "--format-version=1", kill_on_drop: false }`
[INFO] [stdout] c531406fb0f41144c58befa0093d0115364e07c90bea13ada557a7112a10c538
[INFO] running `Command { std: "docker" "start" "-a" "c531406fb0f41144c58befa0093d0115364e07c90bea13ada557a7112a10c538", kill_on_drop: false }`
[INFO] running `Command { std: "docker" "inspect" "c531406fb0f41144c58befa0093d0115364e07c90bea13ada557a7112a10c538", kill_on_drop: false }`
[INFO] running `Command { std: "docker" "rm" "-f" "c531406fb0f41144c58befa0093d0115364e07c90bea13ada557a7112a10c538", kill_on_drop: false }`
[INFO] [stdout] c531406fb0f41144c58befa0093d0115364e07c90bea13ada557a7112a10c538
[INFO] running `Command { std: "docker" "create" "-v" "/var/lib/crater-agent-workspace/builds/worker-6-tc1/target:/opt/rustwide/target:rw,Z" "-v" "/var/lib/crater-agent-workspace/builds/worker-6-tc1/source:/opt/rustwide/workdir:ro,Z" "-v" "/var/lib/crater-agent-workspace/cargo-home:/opt/rustwide/cargo-home:ro,Z" "-v" "/var/lib/crater-agent-workspace/rustup-home:/opt/rustwide/rustup-home:ro,Z" "-e" "SOURCE_DIR=/opt/rustwide/workdir" "-e" "CARGO_TARGET_DIR=/opt/rustwide/target" "-e" "CARGO_INCREMENTAL=0" "-e" "RUST_BACKTRACE=full" "-e" "RUSTFLAGS=--cap-lints=warn" "-e" "RUSTDOCFLAGS=--cap-lints=warn" "-e" "CARGO_HOME=/opt/rustwide/cargo-home" "-e" "RUSTUP_HOME=/opt/rustwide/rustup-home" "-w" "/opt/rustwide/workdir" "-m" "1610612736" "--user" "0:0" "--network" "none" "ghcr.io/rust-lang/crates-build-env/linux@sha256:5ff2268d62e97bff2cde7d5815dd6ed5b47097566f13b8d0ca110b04b60e07ed" "/opt/rustwide/cargo-home/bin/cargo" "+1.69.0" "build" "--frozen" "--message-format=json", kill_on_drop: false }`
[INFO] [stdout] 7ce16488b8e1fbed61cd7eedc8c9444367f85a18fcb79571349a89fe03619892
[INFO] running `Command { std: "docker" "start" "-a" "7ce16488b8e1fbed61cd7eedc8c9444367f85a18fcb79571349a89fe03619892", kill_on_drop: false }`
[INFO] [stderr]    Compiling libc v0.2.81
[INFO] [stderr]    Compiling log v0.4.11
[INFO] [stderr]    Compiling memchr v2.2.1
[INFO] [stderr]    Compiling version_check v0.1.5
[INFO] [stderr]    Compiling proc-macro2 v0.4.24
[INFO] [stderr]    Compiling rand_core v0.3.0
[INFO] [stderr]    Compiling unicode-xid v0.1.0
[INFO] [stderr]    Compiling proc-macro2 v1.0.24
[INFO] [stderr]    Compiling rustc-serialize v0.3.24
[INFO] [stderr]    Compiling unicode-xid v0.0.3
[INFO] [stderr]    Compiling term v0.4.6
[INFO] [stderr]    Compiling syn v1.0.56
[INFO] [stderr]    Compiling serde v1.0.81
[INFO] [stderr]    Compiling regex-syntax v0.6.21
[INFO] [stderr]    Compiling siphasher v0.2.3
[INFO] [stderr]    Compiling rand_chacha v0.1.0
[INFO] [stderr]    Compiling rand_pcg v0.1.1
[INFO] [stderr]    Compiling rand v0.6.1
[INFO] [stderr]    Compiling rand_xorshift v0.1.0
[INFO] [stderr]    Compiling rand_isaac v0.1.1
[INFO] [stderr]    Compiling unicase v1.4.2
[INFO] [stderr]    Compiling rand_hc v0.1.0
[INFO] [stderr]    Compiling bitflags v0.5.0
[INFO] [stderr]    Compiling traitobject v0.1.0
[INFO] [stderr]    Compiling gcc v0.3.55
[INFO] [stderr]    Compiling matches v0.1.8
[INFO] [stderr]    Compiling cfg-if v1.0.0
[INFO] [stderr]    Compiling unicode-normalization v0.1.7
[INFO] [stderr]    Compiling pnet_base v0.27.2
[INFO] [stderr]    Compiling getrandom v0.1.13
[INFO] [stderr]    Compiling httparse v1.3.3
[INFO] [stderr]    Compiling unicode-bidi v0.3.4
[INFO] [stderr]    Compiling glob v0.2.11
[INFO] [stderr]    Compiling log v0.3.9
[INFO] [stderr]    Compiling unsafe-any v0.4.2
[INFO] [stderr]    Compiling aho-corasick v0.7.15
[INFO] [stderr]    Compiling mime v0.2.6
[INFO] [stderr]    Compiling quote v0.6.10
[INFO] [stderr]    Compiling phf_shared v0.7.24
[INFO] [stderr]    Compiling quote v1.0.2
[INFO] [stderr]    Compiling phf v0.7.24
[INFO] [stderr]    Compiling syn v0.15.22
[INFO] [stderr]    Compiling futures-sink v0.3.1
[INFO] [stderr]    Compiling safemem v0.3.3
[INFO] [stderr]    Compiling percent-encoding v1.0.1
[INFO] [stderr]    Compiling futures-core v0.3.1
[INFO] [stderr]    Compiling typemap v0.3.3
[INFO] [stderr]    Compiling fasthash-sys v0.3.2
[INFO] [stderr]    Compiling num_cpus v1.9.0
[INFO] [stderr]    Compiling futures-channel v0.3.1
[INFO] [stderr]    Compiling base64 v0.9.3
[INFO] [stderr]    Compiling time v0.1.41
[INFO] [stderr]    Compiling net2 v0.2.33
[INFO] [stderr]    Compiling iovec v0.1.4
[INFO] [stderr]    Compiling rand v0.4.6
[INFO] [stderr]    Compiling pnet_sys v0.27.2
[INFO] [stderr]    Compiling pnet_macros_support v0.27.2
[INFO] [stderr]    Compiling instant v0.1.9
[INFO] [stderr]    Compiling ryu v0.2.7
[INFO] [stderr]    Compiling futures-task v0.3.1
[INFO] [stderr]    Compiling language-tags v0.2.2
[INFO] [stderr]    Compiling fasthash v0.3.2
[INFO] [stderr]    Compiling ppv-lite86 v0.2.6
[INFO] [stderr]    Compiling idna v0.1.5
[INFO] [stderr]    Compiling smallvec v1.5.1
[INFO] [stderr]    Compiling syntex_pos v0.42.0
[INFO] [stderr]    Compiling autocfg v1.0.1
[INFO] [stderr]    Compiling regex v1.4.2
[INFO] [stderr]    Compiling futures-io v0.3.1
[INFO] [stderr]    Compiling phf_generator v0.7.24
[INFO] [stderr]    Compiling syntex_errors v0.42.0
[INFO] [stderr]    Compiling phf_codegen v0.7.24
[INFO] [stderr]    Compiling url v1.7.2
[INFO] [stderr]    Compiling c2-chacha v0.2.3
[INFO] [stderr]    Compiling xoroshiro128 v0.3.0
[INFO] [stderr]    Compiling parking_lot_core v0.8.2
[INFO] [stderr]    Compiling lock_api v0.4.2
[INFO] [stderr]    Compiling mime_guess v1.8.8
[INFO] [stderr]    Compiling tokio v1.0.1
[INFO] [stderr]    Compiling mio v0.6.21
[INFO] [stderr]    Compiling rand_core v0.5.1
[INFO] [stderr]    Compiling plugin v0.2.6
[INFO] [stderr]    Compiling inotify-sys v0.1.3
[INFO] [stderr]    Compiling lazycell v1.2.1
[INFO] [stderr]    Compiling seahash v3.0.7
[INFO] [stderr]    Compiling modifier v0.1.0
[INFO] [stderr]    Compiling arc-swap v0.4.4
[INFO] [stderr]    Compiling bitflags v1.0.4
[INFO] [stderr]    Compiling syntex_syntax v0.42.0
[INFO] [stderr]    Compiling same-file v1.0.4
[INFO] [stderr]    Compiling pnet v0.27.2
[INFO] [stderr]    Compiling inotify v0.6.1
[INFO] [stderr]    Compiling walkdir v2.2.7
[INFO] [stderr]    Compiling mio-extras v2.0.5
[INFO] [stderr]    Compiling signal-hook-registry v1.2.0
[INFO] [stderr]    Compiling hyper v0.10.16
[INFO] [stderr]    Compiling rand_chacha v0.2.1
[INFO] [stderr]    Compiling parking_lot v0.11.1
[INFO] [stderr]    Compiling atty v0.2.11
[INFO] [stderr]    Compiling mio v0.7.6
[INFO] [stderr]    Compiling filetime v0.2.8
[INFO] [stderr]    Compiling route-recognizer v0.1.12
[INFO] [stderr]    Compiling strsim v0.9.3
[INFO] [stderr]    Compiling pin-project-lite v0.2.0
[INFO] [stderr]    Compiling bytes v1.0.0
[INFO] [stderr]    Compiling termcolor v1.0.4
[INFO] [stderr]    Compiling humantime v2.0.1
[INFO] [stderr]    Compiling serde_derive v1.0.81
[INFO] [stderr]    Compiling itoa v0.4.3
[INFO] [stderr]    Compiling once_cell v1.5.2
[INFO] [stderr]    Compiling env_logger v0.8.2
[INFO] [stderr]    Compiling notify v4.0.14
[INFO] [stderr]    Compiling rand v0.7.2
[INFO] [stderr]    Compiling socket2 v0.3.19
[INFO] [stderr]    Compiling lru_time_cache v0.8.1
[INFO] [stderr]    Compiling iron v0.6.1
[INFO] [stderr]    Compiling router v0.6.0
[INFO] [stderr]    Compiling proc-macro-hack v0.5.11
[INFO] [stderr]    Compiling tokio-macros v1.0.0
[INFO] [stderr]    Compiling hash_ring v0.1.7 (https://github.com/bparli/rust-hash-ring?branch=derive-clone-hashring#02ace9eb)
[INFO] [stderr]    Compiling futures-macro v0.3.1
[INFO] [stderr]    Compiling futures-util v0.3.1
[INFO] [stderr]    Compiling syntex v0.42.2
[INFO] [stderr]    Compiling pnet_macros v0.27.2
[INFO] [stderr]    Compiling futures-executor v0.3.1
[INFO] [stderr]    Compiling futures v0.3.1
[INFO] [stderr]    Compiling ipnetwork v0.17.0
[INFO] [stderr]    Compiling toml v0.4.10
[INFO] [stderr]    Compiling serde_json v1.0.33
[INFO] [stderr]    Compiling docopt v1.1.0
[INFO] [stderr]    Compiling ipnetwork v0.16.0
[INFO] [stderr]    Compiling pnet_packet v0.27.2
[INFO] [stderr]    Compiling pnet_datalink v0.27.2
[INFO] [stderr]    Compiling pnet_transport v0.27.2
[INFO] [stderr]    Compiling convey v0.3.5 (/opt/rustwide/workdir)
[INFO] [stdout] warning: unused import: `pnet::packet::ip::IpNextHeaderProtocols`
[INFO] [stdout]  --> src/passthrough/utils.rs:4:5
[INFO] [stdout]   |
[INFO] [stdout] 4 | use pnet::packet::ip::IpNextHeaderProtocols;
[INFO] [stdout]   |     ^^^^^^^^^^^^^^^^^^^^^^^^^^^^^^^^^^^^^^^
[INFO] [stdout]   |
[INFO] [stdout]   = note: `#[warn(unused_imports)]` on by default
[INFO] [stdout] 
[INFO] [stdout] 
[INFO] [stdout] warning: unused import: `pnet::packet::ipv4::MutableIpv4Packet`
[INFO] [stdout]  --> src/passthrough/utils.rs:5:5
[INFO] [stdout]   |
[INFO] [stdout] 5 | use pnet::packet::ipv4::MutableIpv4Packet;
[INFO] [stdout]   |     ^^^^^^^^^^^^^^^^^^^^^^^^^^^^^^^^^^^^^
[INFO] [stdout] 
[INFO] [stdout] 
[INFO] [stdout] warning: unused import: `pnet::packet::tcp::MutableTcpPacket`
[INFO] [stdout]  --> src/passthrough/utils.rs:6:5
[INFO] [stdout]   |
[INFO] [stdout] 6 | use pnet::packet::tcp::MutableTcpPacket;
[INFO] [stdout]   |     ^^^^^^^^^^^^^^^^^^^^^^^^^^^^^^^^^^^
[INFO] [stdout] 
[INFO] [stdout] 
[INFO] [stdout] warning: unused imports: `Packet`, `tcp`
[INFO] [stdout]  --> src/passthrough/utils.rs:7:20
[INFO] [stdout]   |
[INFO] [stdout] 7 | use pnet::packet::{tcp, Packet};
[INFO] [stdout]   |                    ^^^  ^^^^^^
[INFO] [stdout] 
[INFO] [stdout] 
[INFO] [stdout] warning: value assigned to `servers_dist` is never read
[INFO] [stdout]   --> src/proxy/backend.rs:82:17
[INFO] [stdout]    |
[INFO] [stdout] 82 |         let mut servers_dist = None;
[INFO] [stdout]    |                 ^^^^^^^^^^^^
[INFO] [stdout]    |
[INFO] [stdout]    = help: maybe it is overwritten before being read?
[INFO] [stdout]    = note: `#[warn(unused_assignments)]` on by default
[INFO] [stdout] 
[INFO] [stdout] 
[INFO] [stdout] warning: constant `TCP_HEADER_LEN` is never used
[INFO] [stdout]   --> src/passthrough/utils.rs:17:11
[INFO] [stdout]    |
[INFO] [stdout] 17 | pub const TCP_HEADER_LEN: usize = 32;
[INFO] [stdout]    |           ^^^^^^^^^^^^^^
[INFO] [stdout]    |
[INFO] [stdout]    = note: `#[warn(dead_code)]` on by default
[INFO] [stdout] 
[INFO] [stdout] 
[INFO] [stdout] warning: 6 warnings emitted
[INFO] [stdout] 
[INFO] [stdout] 
[INFO] [stderr]     Finished dev [unoptimized + debuginfo] target(s) in 35.72s
[INFO] [stderr] warning: the following packages contain code that will be rejected by a future version of Rust: rustc-serialize v0.3.24, traitobject v0.1.0
[INFO] [stderr] note: to see what the problems were, use the option `--future-incompat-report`, or run `cargo report future-incompatibilities --id 1`
[INFO] running `Command { std: "docker" "inspect" "7ce16488b8e1fbed61cd7eedc8c9444367f85a18fcb79571349a89fe03619892", kill_on_drop: false }`
[INFO] running `Command { std: "docker" "rm" "-f" "7ce16488b8e1fbed61cd7eedc8c9444367f85a18fcb79571349a89fe03619892", kill_on_drop: false }`
[INFO] [stdout] 7ce16488b8e1fbed61cd7eedc8c9444367f85a18fcb79571349a89fe03619892
[INFO] running `Command { std: "docker" "create" "-v" "/var/lib/crater-agent-workspace/builds/worker-6-tc1/target:/opt/rustwide/target:rw,Z" "-v" "/var/lib/crater-agent-workspace/builds/worker-6-tc1/source:/opt/rustwide/workdir:ro,Z" "-v" "/var/lib/crater-agent-workspace/cargo-home:/opt/rustwide/cargo-home:ro,Z" "-v" "/var/lib/crater-agent-workspace/rustup-home:/opt/rustwide/rustup-home:ro,Z" "-e" "SOURCE_DIR=/opt/rustwide/workdir" "-e" "CARGO_TARGET_DIR=/opt/rustwide/target" "-e" "CARGO_INCREMENTAL=0" "-e" "RUST_BACKTRACE=full" "-e" "RUSTFLAGS=--cap-lints=warn" "-e" "RUSTDOCFLAGS=--cap-lints=warn" "-e" "CARGO_HOME=/opt/rustwide/cargo-home" "-e" "RUSTUP_HOME=/opt/rustwide/rustup-home" "-w" "/opt/rustwide/workdir" "-m" "1610612736" "--user" "0:0" "--network" "none" "ghcr.io/rust-lang/crates-build-env/linux@sha256:5ff2268d62e97bff2cde7d5815dd6ed5b47097566f13b8d0ca110b04b60e07ed" "/opt/rustwide/cargo-home/bin/cargo" "+1.69.0" "test" "--frozen" "--no-run" "--message-format=json", kill_on_drop: false }`
[INFO] [stdout] be9d1ea780a1d5a804ace7cc43cc80b4fe42fd5bac7378beca7c2962d6368c03
[INFO] running `Command { std: "docker" "start" "-a" "be9d1ea780a1d5a804ace7cc43cc80b4fe42fd5bac7378beca7c2962d6368c03", kill_on_drop: false }`
[INFO] [stderr]    Compiling bytes v0.5.6
[INFO] [stderr]    Compiling pin-project-internal v0.4.27
[INFO] [stderr]    Compiling pkg-config v0.3.14
[INFO] [stderr]    Compiling cc v1.0.28
[INFO] [stderr]    Compiling tracing-core v0.1.17
[INFO] [stderr]    Compiling version_check v0.9.2
[INFO] [stderr]    Compiling pin-project-lite v0.1.11
[INFO] [stderr]    Compiling openssl v0.10.16
[INFO] [stderr]    Compiling foreign-types-shared v0.1.1
[INFO] [stderr]    Compiling indexmap v1.0.2
[INFO] [stderr]    Compiling async-stream-impl v0.3.0
[INFO] [stderr]    Compiling pin-project-internal v1.0.2
[INFO] [stderr]    Compiling native-tls v0.2.2
[INFO] [stderr]    Compiling want v0.3.0
[INFO] [stderr]    Compiling openssl-probe v0.1.2
[INFO] [stderr]    Compiling ryu v1.0.5
[INFO] [stderr]    Compiling percent-encoding v2.1.0
[INFO] [stderr]    Compiling httpdate v0.3.2
[INFO] [stderr]    Compiling foreign-types v0.3.2
[INFO] [stderr]    Compiling tracing v0.1.22
[INFO] [stderr]    Compiling form_urlencoded v1.0.0
[INFO] [stderr]    Compiling encoding_rs v0.8.13
[INFO] [stderr]    Compiling unicase v2.6.0
[INFO] [stderr]    Compiling http v0.2.2
[INFO] [stderr]    Compiling tokio v0.2.24
[INFO] [stderr]    Compiling idna v0.2.0
[INFO] [stderr]    Compiling base64 v0.13.0
[INFO] [stderr]    Compiling ipnet v2.3.0
[INFO] [stderr]    Compiling serde_urlencoded v0.7.0
[INFO] [stderr]    Compiling openssl-sys v0.9.40
[INFO] [stderr]    Compiling url v2.2.0
[INFO] [stderr]    Compiling async-stream v0.3.0
[INFO] [stderr]    Compiling mime v0.3.12
[INFO] [stderr]    Compiling mime_guess v2.0.3
[INFO] [stderr]    Compiling tokio-stream v0.1.0
[INFO] [stderr]    Compiling pin-project v1.0.2
[INFO] [stderr] The following warnings were emitted during compilation:
[INFO] [stderr] 
[INFO] [stderr] warning: /opt/rustwide/target/debug/build/openssl-sys-a22637cdadf5c519/out/expando.c:4:24: error: pasting "RUST_VERSION_OPENSSL_" and "(" does not give a valid preprocessing token
[INFO] [stderr] warning:     4 | #define VERSION2(n, v) RUST_VERSION_ ## n ## _ ## v
[INFO] [stderr] warning:       |                        ^~~~~~~~~~~~~
[INFO] [stderr] warning: /opt/rustwide/target/debug/build/openssl-sys-a22637cdadf5c519/out/expando.c:5:23: note: in expansion of macro 'VERSION2'
[INFO] [stderr] warning:     5 | #define VERSION(n, v) VERSION2(n, v)
[INFO] [stderr] warning:       |                       ^~~~~~~~
[INFO] [stderr] warning: /opt/rustwide/target/debug/build/openssl-sys-a22637cdadf5c519/out/expando.c:7:1: note: in expansion of macro 'VERSION'
[INFO] [stderr] warning:     7 | VERSION(OPENSSL, OPENSSL_VERSION_NUMBER)
[INFO] [stderr] warning:       | ^~~~~~~
[INFO] [stderr] 
[INFO] [stderr] error: failed to run custom build command for `openssl-sys v0.9.40`
[INFO] [stderr] note: To improve backtraces for build dependencies, set the CARGO_PROFILE_TEST_BUILD_OVERRIDE_DEBUG=true environment variable to enable debug information generation.
[INFO] [stderr] 
[INFO] [stderr] Caused by:
[INFO] [stderr]   process didn't exit successfully: `/opt/rustwide/target/debug/build/openssl-sys-ae1c96ebafdbd5fa/build-script-main` (exit status: 101)
[INFO] [stderr]   --- stdout
[INFO] [stderr]   cargo:rerun-if-env-changed=X86_64_UNKNOWN_LINUX_GNU_OPENSSL_LIB_DIR
[INFO] [stderr]   cargo:rerun-if-env-changed=OPENSSL_LIB_DIR
[INFO] [stderr]   cargo:rerun-if-env-changed=X86_64_UNKNOWN_LINUX_GNU_OPENSSL_INCLUDE_DIR
[INFO] [stderr]   cargo:rerun-if-env-changed=OPENSSL_INCLUDE_DIR
[INFO] [stderr]   cargo:rerun-if-env-changed=X86_64_UNKNOWN_LINUX_GNU_OPENSSL_DIR
[INFO] [stderr]   cargo:rerun-if-env-changed=OPENSSL_DIR
[INFO] [stderr]   cargo:rustc-link-lib=ssl
[INFO] [stderr]   cargo:rustc-link-lib=crypto
[INFO] [stderr]   OPT_LEVEL = Some("0")
[INFO] [stderr]   TARGET = Some("x86_64-unknown-linux-gnu")
[INFO] [stderr]   HOST = Some("x86_64-unknown-linux-gnu")
[INFO] [stderr]   CC_x86_64-unknown-linux-gnu = None
[INFO] [stderr]   CC_x86_64_unknown_linux_gnu = None
[INFO] [stderr]   HOST_CC = None
[INFO] [stderr]   CC = None
[INFO] [stderr]   CFLAGS_x86_64-unknown-linux-gnu = None
[INFO] [stderr]   CFLAGS_x86_64_unknown_linux_gnu = None
[INFO] [stderr]   HOST_CFLAGS = None
[INFO] [stderr]   CFLAGS = None
[INFO] [stderr]   DEBUG = Some("true")
[INFO] [stderr]   running: "cc" "-O0" "-ffunction-sections" "-fdata-sections" "-fPIC" "-g" "-fno-omit-frame-pointer" "-m64" "-Wall" "-Wextra" "-E" "/opt/rustwide/target/debug/build/openssl-sys-a22637cdadf5c519/out/expando.c"
[INFO] [stderr]   cargo:warning=/opt/rustwide/target/debug/build/openssl-sys-a22637cdadf5c519/out/expando.c:4:24: error: pasting "RUST_VERSION_OPENSSL_" and "(" does not give a valid preprocessing token
[INFO] [stderr]   cargo:warning=    4 | #define VERSION2(n, v) RUST_VERSION_ ## n ## _ ## v
[INFO] [stderr]   cargo:warning=      |                        ^~~~~~~~~~~~~
[INFO] [stderr]   cargo:warning=/opt/rustwide/target/debug/build/openssl-sys-a22637cdadf5c519/out/expando.c:5:23: note: in expansion of macro 'VERSION2'
[INFO] [stderr]   cargo:warning=    5 | #define VERSION(n, v) VERSION2(n, v)
[INFO] [stderr]   cargo:warning=      |                       ^~~~~~~~
[INFO] [stderr]   cargo:warning=/opt/rustwide/target/debug/build/openssl-sys-a22637cdadf5c519/out/expando.c:7:1: note: in expansion of macro 'VERSION'
[INFO] [stderr]   cargo:warning=    7 | VERSION(OPENSSL, OPENSSL_VERSION_NUMBER)
[INFO] [stderr]   cargo:warning=      | ^~~~~~~
[INFO] [stderr]   exit status: 1
[INFO] [stderr] 
[INFO] [stderr]   --- stderr
[INFO] [stderr]   thread 'main' panicked at '
[INFO] [stderr]   Header expansion error:
[INFO] [stderr]   Error { kind: ToolExecError, message: "Command \"cc\" \"-O0\" \"-ffunction-sections\" \"-fdata-sections\" \"-fPIC\" \"-g\" \"-fno-omit-frame-pointer\" \"-m64\" \"-Wall\" \"-Wextra\" \"-E\" \"/opt/rustwide/target/debug/build/openssl-sys-a22637cdadf5c519/out/expando.c\" with args \"cc\" did not execute successfully (status code exit status: 1)." }
[INFO] [stderr] 
[INFO] [stderr]   Failed to find OpenSSL development headers.
[INFO] [stderr] 
[INFO] [stderr]   You can try fixing this setting the `OPENSSL_DIR` environment variable
[INFO] [stderr]   pointing to your OpenSSL installation or installing OpenSSL headers package
[INFO] [stderr]   specific to your distribution:
[INFO] [stderr] 
[INFO] [stderr]       # On Ubuntu
[INFO] [stderr]       sudo apt-get install libssl-dev
[INFO] [stderr]       # On Arch Linux
[INFO] [stderr]       sudo pacman -S openssl
[INFO] [stderr]       # On Fedora
[INFO] [stderr]       sudo dnf install openssl-devel
[INFO] [stderr] 
[INFO] [stderr]   See rust-openssl README for more information:
[INFO] [stderr] 
[INFO] [stderr]       https://github.com/sfackler/rust-openssl#linux
[INFO] [stderr]   ', /opt/rustwide/cargo-home/registry/src/github.com-1ecc6299db9ec823/openssl-sys-0.9.40/build/main.rs:432:13
[INFO] [stderr]   stack backtrace:
[INFO] [stderr]      0:     0x55a50adca1ba - std::backtrace_rs::backtrace::libunwind::trace::ha9053a9a07ca49cb
[INFO] [stderr]                                  at /rustc/84c898d65adf2f39a5a98507f1fe0ce10a2b8dbc/library/std/src/../../backtrace/src/backtrace/libunwind.rs:93:5
[INFO] [stderr]      1:     0x55a50adca1ba - std::backtrace_rs::backtrace::trace_unsynchronized::h9c2852a457ad564e
[INFO] [stderr]                                  at /rustc/84c898d65adf2f39a5a98507f1fe0ce10a2b8dbc/library/std/src/../../backtrace/src/backtrace/mod.rs:66:5
[INFO] [stderr]      2:     0x55a50adca1ba - std::sys_common::backtrace::_print_fmt::h457936fbfaa0070f
[INFO] [stderr]                                  at /rustc/84c898d65adf2f39a5a98507f1fe0ce10a2b8dbc/library/std/src/sys_common/backtrace.rs:65:5
[INFO] [stderr]      3:     0x55a50adca1ba - <std::sys_common::backtrace::_print::DisplayBacktrace as core::fmt::Display>::fmt::h5779d7bf7f70cb0c
[INFO] [stderr]                                  at /rustc/84c898d65adf2f39a5a98507f1fe0ce10a2b8dbc/library/std/src/sys_common/backtrace.rs:44:22
[INFO] [stderr]      4:     0x55a50adea2ce - core::fmt::write::h5a4baaff1bcd3eb5
[INFO] [stderr]                                  at /rustc/84c898d65adf2f39a5a98507f1fe0ce10a2b8dbc/library/core/src/fmt/mod.rs:1232:17
[INFO] [stderr]      5:     0x55a50adc7695 - std::io::Write::write_fmt::h4bc1f301cb9e9cce
[INFO] [stderr]                                  at /rustc/84c898d65adf2f39a5a98507f1fe0ce10a2b8dbc/library/std/src/io/mod.rs:1684:15
[INFO] [stderr]      6:     0x55a50adc9f85 - std::sys_common::backtrace::_print::h5fcdc36060f177e8
[INFO] [stderr]                                  at /rustc/84c898d65adf2f39a5a98507f1fe0ce10a2b8dbc/library/std/src/sys_common/backtrace.rs:47:5
[INFO] [stderr]      7:     0x55a50adc9f85 - std::sys_common::backtrace::print::h54ca9458b876c8bf
[INFO] [stderr]                                  at /rustc/84c898d65adf2f39a5a98507f1fe0ce10a2b8dbc/library/std/src/sys_common/backtrace.rs:34:9
[INFO] [stderr]      8:     0x55a50adcb95f - std::panicking::default_hook::{{closure}}::hbe471161c7664ed6
[INFO] [stderr]                                  at /rustc/84c898d65adf2f39a5a98507f1fe0ce10a2b8dbc/library/std/src/panicking.rs:271:22
[INFO] [stderr]      9:     0x55a50adcb69b - std::panicking::default_hook::ha3500da57aa4ac4f
[INFO] [stderr]                                  at /rustc/84c898d65adf2f39a5a98507f1fe0ce10a2b8dbc/library/std/src/panicking.rs:290:9
[INFO] [stderr]     10:     0x55a50adcbf08 - std::panicking::rust_panic_with_hook::h50c09d000dc561d2
[INFO] [stderr]                                  at /rustc/84c898d65adf2f39a5a98507f1fe0ce10a2b8dbc/library/std/src/panicking.rs:692:13
[INFO] [stderr]     11:     0x55a50adcbe09 - std::panicking::begin_panic_handler::{{closure}}::h9e2b2176e00e0d9c
[INFO] [stderr]                                  at /rustc/84c898d65adf2f39a5a98507f1fe0ce10a2b8dbc/library/std/src/panicking.rs:583:13
[INFO] [stderr]     12:     0x55a50adca626 - std::sys_common::backtrace::__rust_end_short_backtrace::h5739b8e512c09d02
[INFO] [stderr]                                  at /rustc/84c898d65adf2f39a5a98507f1fe0ce10a2b8dbc/library/std/src/sys_common/backtrace.rs:150:18
[INFO] [stderr]     13:     0x55a50adcbb12 - rust_begin_unwind
[INFO] [stderr]                                  at /rustc/84c898d65adf2f39a5a98507f1fe0ce10a2b8dbc/library/std/src/panicking.rs:579:5
[INFO] [stderr]     14:     0x55a50ad457c3 - core::panicking::panic_fmt::hf33a1475b4dc5c3e
[INFO] [stderr]                                  at /rustc/84c898d65adf2f39a5a98507f1fe0ce10a2b8dbc/library/core/src/panicking.rs:64:14
[INFO] [stderr]     15:     0x55a50ad4cfef - build_script_main::validate_headers::h898865201e4a1342
[INFO] [stderr]     16:     0x55a50ad53910 - build_script_main::imp::try_pkg_config::h7bfa8a6ff0c4a9e6
[INFO] [stderr]     17:     0x55a50ad526b6 - build_script_main::imp::find_openssl_dir::he54fd0c4ace95097
[INFO] [stderr]     18:     0x55a50ad52502 - build_script_main::imp::get_openssl::{{closure}}::hcc61b528879bc51a
[INFO] [stderr]     19:     0x55a50ad5083a - core::option::Option<T>::unwrap_or_else::h1f3001ef8edab46f
[INFO] [stderr]     20:     0x55a50ad52200 - build_script_main::imp::get_openssl::hd850e69a57e4512c
[INFO] [stderr]     21:     0x55a50ad4ba60 - build_script_main::main::hd564b50e721c153a
[INFO] [stderr]     22:     0x55a50ad4f6f3 - core::ops::function::FnOnce::call_once::hc11e50942952f32b
[INFO] [stderr]     23:     0x55a50ad49a69 - std::sys_common::backtrace::__rust_begin_short_backtrace::h8a0fcf3f63790c7e
[INFO] [stderr]     24:     0x55a50ad51159 - std::rt::lang_start::{{closure}}::hb1b20bc5ed452f87
[INFO] [stderr]     25:     0x55a50adc417c - core::ops::function::impls::<impl core::ops::function::FnOnce<A> for &F>::call_once::hd6efcd3bec896f2c
[INFO] [stderr]                                  at /rustc/84c898d65adf2f39a5a98507f1fe0ce10a2b8dbc/library/core/src/ops/function.rs:287:13
[INFO] [stderr]     26:     0x55a50adc417c - std::panicking::try::do_call::hce04e543bb1f4cbb
[INFO] [stderr]                                  at /rustc/84c898d65adf2f39a5a98507f1fe0ce10a2b8dbc/library/std/src/panicking.rs:487:40
[INFO] [stderr]     27:     0x55a50adc417c - std::panicking::try::h3342dd4e1f680968
[INFO] [stderr]                                  at /rustc/84c898d65adf2f39a5a98507f1fe0ce10a2b8dbc/library/std/src/panicking.rs:451:19
[INFO] [stderr]     28:     0x55a50adc417c - std::panic::catch_unwind::h148ce1e59ac0cee7
[INFO] [stderr]                                  at /rustc/84c898d65adf2f39a5a98507f1fe0ce10a2b8dbc/library/std/src/panic.rs:140:14
[INFO] [stderr]     29:     0x55a50adc417c - std::rt::lang_start_internal::{{closure}}::h25f9dda2057a67fe
[INFO] [stderr]                                  at /rustc/84c898d65adf2f39a5a98507f1fe0ce10a2b8dbc/library/std/src/rt.rs:148:48
[INFO] [stderr]     30:     0x55a50adc417c - std::panicking::try::do_call::h7caaaeaf9401650b
[INFO] [stderr]                                  at /rustc/84c898d65adf2f39a5a98507f1fe0ce10a2b8dbc/library/std/src/panicking.rs:487:40
[INFO] [stderr]     31:     0x55a50adc417c - std::panicking::try::he7d15285746cbbc2
[INFO] [stderr]                                  at /rustc/84c898d65adf2f39a5a98507f1fe0ce10a2b8dbc/library/std/src/panicking.rs:451:19
[INFO] [stderr]     32:     0x55a50adc417c - std::panic::catch_unwind::h89fb4f50c0301fe0
[INFO] [stderr]                                  at /rustc/84c898d65adf2f39a5a98507f1fe0ce10a2b8dbc/library/std/src/panic.rs:140:14
[INFO] [stderr]     33:     0x55a50adc417c - std::rt::lang_start_internal::h078acd489417d3c1
[INFO] [stderr]                                  at /rustc/84c898d65adf2f39a5a98507f1fe0ce10a2b8dbc/library/std/src/rt.rs:148:20
[INFO] [stderr]     34:     0x55a50ad51137 - std::rt::lang_start::hbd672aead076a310
[INFO] [stderr]     35:     0x55a50ad4ec55 - main
[INFO] [stderr]     36:     0x7f5d347d1d90 - <unknown>
[INFO] [stderr]     37:     0x7f5d347d1e40 - __libc_start_main
[INFO] [stderr]     38:     0x55a50ad45d45 - _start
[INFO] [stderr]     39:                0x0 - <unknown>
[INFO] [stderr] warning: build failed, waiting for other jobs to finish...
[INFO] running `Command { std: "docker" "inspect" "be9d1ea780a1d5a804ace7cc43cc80b4fe42fd5bac7378beca7c2962d6368c03", kill_on_drop: false }`
[INFO] running `Command { std: "docker" "rm" "-f" "be9d1ea780a1d5a804ace7cc43cc80b4fe42fd5bac7378beca7c2962d6368c03", kill_on_drop: false }`
[INFO] [stdout] be9d1ea780a1d5a804ace7cc43cc80b4fe42fd5bac7378beca7c2962d6368c03
