[INFO] cloning repository https://github.com/bozbez/rlm2c
[INFO] running `Command { std: "git" "-c" "credential.helper=" "-c" "credential.helper=/workspace/cargo-home/bin/git-credential-null" "clone" "--bare" "https://github.com/bozbez/rlm2c" "/workspace/cache/git-repos/https%3A%2F%2Fgithub.com%2Fbozbez%2Frlm2c", kill_on_drop: false }`
[INFO] [stderr] Cloning into bare repository '/workspace/cache/git-repos/https%3A%2F%2Fgithub.com%2Fbozbez%2Frlm2c'...
[INFO] running `Command { std: "git" "rev-parse" "HEAD", kill_on_drop: false }`
[INFO] [stdout] d1d7d3c534c6a19378aff0b7b3889768462c65d4
[INFO] testing bozbez/rlm2c against beta-2023-04-20 for beta-1.70-1
[INFO] running `Command { std: "git" "clone" "/workspace/cache/git-repos/https%3A%2F%2Fgithub.com%2Fbozbez%2Frlm2c" "/workspace/builds/worker-5-tc2/source", kill_on_drop: false }`
[INFO] [stderr] Cloning into '/workspace/builds/worker-5-tc2/source'...
[INFO] [stderr] done.
[INFO] validating manifest of git repo https://github.com/bozbez/rlm2c on toolchain beta-2023-04-20
[INFO] running `Command { std: CARGO_HOME="/workspace/cargo-home" RUSTUP_HOME="/workspace/rustup-home" "/workspace/cargo-home/bin/cargo" "+beta-2023-04-20" "metadata" "--manifest-path" "Cargo.toml" "--no-deps", kill_on_drop: false }`
[INFO] started tweaking git repo https://github.com/bozbez/rlm2c
[INFO] finished tweaking git repo https://github.com/bozbez/rlm2c
[INFO] tweaked toml for git repo https://github.com/bozbez/rlm2c written to /workspace/builds/worker-5-tc2/source/Cargo.toml
[INFO] crate git repo https://github.com/bozbez/rlm2c already has a lockfile, it will not be regenerated
[INFO] running `Command { std: CARGO_HOME="/workspace/cargo-home" RUSTUP_HOME="/workspace/rustup-home" "/workspace/cargo-home/bin/cargo" "+beta-2023-04-20" "fetch" "--manifest-path" "Cargo.toml", kill_on_drop: false }`
[INFO] [stderr]     Blocking waiting for file lock on package cache
[INFO] [stderr]     Updating crates.io index
[INFO] [stderr]  Downloading crates ...
[INFO] [stderr]   Downloaded interception-sys v0.1.3
[INFO] [stderr]   Downloaded interception v0.1.2
[INFO] [stderr]   Downloaded vigem v0.9.1
[INFO] [stderr]   Downloaded vigem-sys v1.1.0
[INFO] running `Command { std: "docker" "create" "-v" "/var/lib/crater-agent-workspace/builds/worker-5-tc2/target:/opt/rustwide/target:rw,Z" "-v" "/var/lib/crater-agent-workspace/builds/worker-5-tc2/source:/opt/rustwide/workdir:ro,Z" "-v" "/var/lib/crater-agent-workspace/cargo-home:/opt/rustwide/cargo-home:ro,Z" "-v" "/var/lib/crater-agent-workspace/rustup-home:/opt/rustwide/rustup-home:ro,Z" "-e" "SOURCE_DIR=/opt/rustwide/workdir" "-e" "CARGO_TARGET_DIR=/opt/rustwide/target" "-e" "CARGO_HOME=/opt/rustwide/cargo-home" "-e" "RUSTUP_HOME=/opt/rustwide/rustup-home" "-w" "/opt/rustwide/workdir" "-m" "1610612736" "--user" "0:0" "--network" "none" "ghcr.io/rust-lang/crates-build-env/linux@sha256:5ff2268d62e97bff2cde7d5815dd6ed5b47097566f13b8d0ca110b04b60e07ed" "/opt/rustwide/cargo-home/bin/cargo" "+beta-2023-04-20" "metadata" "--no-deps" "--format-version=1", kill_on_drop: false }`
[INFO] [stdout] 40406aa507d72272a8d44bdf26ed2b77d45d0830953e407bda8dfd2631d9ec94
[INFO] running `Command { std: "docker" "start" "-a" "40406aa507d72272a8d44bdf26ed2b77d45d0830953e407bda8dfd2631d9ec94", kill_on_drop: false }`
[INFO] running `Command { std: "docker" "inspect" "40406aa507d72272a8d44bdf26ed2b77d45d0830953e407bda8dfd2631d9ec94", kill_on_drop: false }`
[INFO] running `Command { std: "docker" "rm" "-f" "40406aa507d72272a8d44bdf26ed2b77d45d0830953e407bda8dfd2631d9ec94", kill_on_drop: false }`
[INFO] [stdout] 40406aa507d72272a8d44bdf26ed2b77d45d0830953e407bda8dfd2631d9ec94
[INFO] running `Command { std: "docker" "create" "-v" "/var/lib/crater-agent-workspace/builds/worker-5-tc2/target:/opt/rustwide/target:rw,Z" "-v" "/var/lib/crater-agent-workspace/builds/worker-5-tc2/source:/opt/rustwide/workdir:ro,Z" "-v" "/var/lib/crater-agent-workspace/cargo-home:/opt/rustwide/cargo-home:ro,Z" "-v" "/var/lib/crater-agent-workspace/rustup-home:/opt/rustwide/rustup-home:ro,Z" "-e" "SOURCE_DIR=/opt/rustwide/workdir" "-e" "CARGO_TARGET_DIR=/opt/rustwide/target" "-e" "CARGO_INCREMENTAL=0" "-e" "RUST_BACKTRACE=full" "-e" "RUSTFLAGS=--cap-lints=warn" "-e" "RUSTDOCFLAGS=--cap-lints=warn" "-e" "CARGO_HOME=/opt/rustwide/cargo-home" "-e" "RUSTUP_HOME=/opt/rustwide/rustup-home" "-w" "/opt/rustwide/workdir" "-m" "1610612736" "--user" "0:0" "--network" "none" "ghcr.io/rust-lang/crates-build-env/linux@sha256:5ff2268d62e97bff2cde7d5815dd6ed5b47097566f13b8d0ca110b04b60e07ed" "/opt/rustwide/cargo-home/bin/cargo" "+beta-2023-04-20" "build" "--frozen" "--message-format=json", kill_on_drop: false }`
[INFO] [stdout] e8038c978c8f42b596e4aaed1eb434ec9133d9d6c83a3383b2d98df568a27836
[INFO] running `Command { std: "docker" "start" "-a" "e8038c978c8f42b596e4aaed1eb434ec9133d9d6c83a3383b2d98df568a27836", kill_on_drop: false }`
[INFO] [stderr]    Compiling proc-macro2 v1.0.37
[INFO] [stderr]    Compiling unicode-xid v0.2.3
[INFO] [stderr]    Compiling syn v1.0.92
[INFO] [stderr]    Compiling autocfg v1.1.0
[INFO] [stderr]    Compiling libc v0.2.125
[INFO] [stderr]    Compiling version_check v0.9.4
[INFO] [stderr]    Compiling bitflags v1.3.2
[INFO] [stderr]    Compiling serde v1.0.137
[INFO] [stderr]    Compiling pkg-config v0.3.25
[INFO] [stderr]    Compiling serde_derive v1.0.137
[INFO] [stderr]    Compiling proc-macro-error-attr v1.0.4
[INFO] [stderr]    Compiling memchr v2.5.0
[INFO] [stderr]    Compiling memoffset v0.6.5
[INFO] [stderr]    Compiling lock_api v0.4.7
[INFO] [stderr]    Compiling alsa-sys v0.3.1
[INFO] [stderr]    Compiling proc-macro-error v1.0.4
[INFO] [stderr]    Compiling parking_lot_core v0.8.5
[INFO] [stderr]    Compiling quote v1.0.18
[INFO] [stderr]    Compiling indexmap v1.8.1
[INFO] [stderr]    Compiling instant v0.1.12
[INFO] [stderr]    Compiling smallvec v1.8.0
[INFO] [stderr]    Compiling scopeguard v1.1.0
[INFO] [stderr]    Compiling interception-sys v0.1.3
[INFO] [stderr]    Compiling log v0.4.16
[INFO] [stderr]    Compiling vigem-sys v1.1.0
[INFO] [stderr]    Compiling aho-corasick v0.7.18
[INFO] [stderr]    Compiling termcolor v1.1.3
[INFO] [stderr]    Compiling atty v0.2.14
[INFO] [stderr]    Compiling nix v0.23.1
[INFO] [stderr]    Compiling cpal v0.13.5
[INFO] [stderr]    Compiling os_str_bytes v6.0.0
[INFO] [stderr]    Compiling regex-syntax v0.6.25
[INFO] [stderr]    Compiling anyhow v1.0.57
[INFO] [stderr]    Compiling heck v0.4.0
[INFO] [stderr]    Compiling clap_lex v0.2.0
[INFO] [stderr]    Compiling parking_lot v0.11.2
[INFO] [stderr]    Compiling regex v1.5.5
[INFO] [stderr]    Compiling toml v0.5.9
[INFO] [stderr]    Compiling strsim v0.10.0
[INFO] [stderr]    Compiling humantime v2.1.0
[INFO] [stderr]    Compiling textwrap v0.15.0
[INFO] [stderr]    Compiling env_logger v0.9.0
[INFO] [stderr]    Compiling vigem v0.9.1
[INFO] [stdout] error[E0308]: mismatched types
[INFO] [stdout]   --> /opt/rustwide/cargo-home/registry/src/index.crates.io-6f17d22bba15001f/vigem-0.9.1/src/types/target.rs:43:18
[INFO] [stdout]    |
[INFO] [stdout] 42 |     pub fn size(&self) -> u32 {
[INFO] [stdout]    |                           --- expected `u32` because of return type
[INFO] [stdout] 43 |         unsafe { (*(*self.raw)).Size }
[INFO] [stdout]    |                  ^^^^^^^^^^^^^^^^^^^ expected `u32`, found `u64`
[INFO] [stdout]    |
[INFO] [stdout] help: you can convert a `u64` to a `u32` and panic if the converted value doesn't fit
[INFO] [stdout]    |
[INFO] [stdout] 43 |         unsafe { (*(*self.raw)).Size.try_into().unwrap() }
[INFO] [stdout]    |                                     ++++++++++++++++++++
[INFO] [stdout] 
[INFO] [stdout] 
[INFO] [stdout] error[E0308]: mismatched types
[INFO] [stdout]   --> /opt/rustwide/cargo-home/registry/src/index.crates.io-6f17d22bba15001f/vigem-0.9.1/src/types/target.rs:47:18
[INFO] [stdout]    |
[INFO] [stdout] 46 |     pub fn serial_no(&self) -> u32 {
[INFO] [stdout]    |                                --- expected `u32` because of return type
[INFO] [stdout] 47 |         unsafe { (*(*self.raw)).SerialNo }
[INFO] [stdout]    |                  ^^^^^^^^^^^^^^^^^^^^^^^ expected `u32`, found `u64`
[INFO] [stdout]    |
[INFO] [stdout] help: you can convert a `u64` to a `u32` and panic if the converted value doesn't fit
[INFO] [stdout]    |
[INFO] [stdout] 47 |         unsafe { (*(*self.raw)).SerialNo.try_into().unwrap() }
[INFO] [stdout]    |                                         ++++++++++++++++++++
[INFO] [stdout] 
[INFO] [stdout] 
[INFO] [stdout] error[E0308]: mismatched types
[INFO] [stdout]   --> /opt/rustwide/cargo-home/registry/src/index.crates.io-6f17d22bba15001f/vigem-0.9.1/src/types/target.rs:85:20
[INFO] [stdout]    |
[INFO] [stdout] 82 |     pub fn index(&self) -> u32 {
[INFO] [stdout]    |                            --- expected `u32` because of return type
[INFO] [stdout] ...
[INFO] [stdout] 85 |             return index;
[INFO] [stdout]    |                    ^^^^^ expected `u32`, found `u64`
[INFO] [stdout]    |
[INFO] [stdout] help: you can convert a `u64` to a `u32` and panic if the converted value doesn't fit
[INFO] [stdout]    |
[INFO] [stdout] 85 |             return index.try_into().unwrap();
[INFO] [stdout]    |                         ++++++++++++++++++++
[INFO] [stdout] 
[INFO] [stdout] 
[INFO] [stdout] error[E0308]: mismatched types
[INFO] [stdout]     --> /opt/rustwide/cargo-home/registry/src/index.crates.io-6f17d22bba15001f/vigem-0.9.1/src/types/vigem.rs:85:73
[INFO] [stdout]      |
[INFO] [stdout] 85   |             vigem_target_x360_get_user_index(**self.vigem, *target.raw, index_ptr);
[INFO] [stdout]      |             --------------------------------                            ^^^^^^^^^ expected `*mut u64`, found `*mut u32`
[INFO] [stdout]      |             |
[INFO] [stdout]      |             arguments to this function are incorrect
[INFO] [stdout]      |
[INFO] [stdout]      = note: expected raw pointer `*mut u64`
[INFO] [stdout]                 found raw pointer `*mut u32`
[INFO] [stdout] note: function defined here
[INFO] [stdout]     --> /opt/rustwide/cargo-home/registry/src/index.crates.io-6f17d22bba15001f/vigem-sys-1.1.0/src/binds/mod.rs:2575:12
[INFO] [stdout]      |
[INFO] [stdout] 2575 |     pub fn vigem_target_x360_get_user_index(
[INFO] [stdout]      |            ^^^^^^^^^^^^^^^^^^^^^^^^^^^^^^^^
[INFO] [stdout] 
[INFO] [stdout] 
[INFO] [stdout] error: aborting due to 4 previous errors
[INFO] [stdout] 
[INFO] [stdout] 
[INFO] [stdout] For more information about this error, try `rustc --explain E0308`.
[INFO] [stdout] 
[INFO] [stderr] error: could not compile `vigem` (lib) due to 5 previous errors
[INFO] [stderr] warning: build failed, waiting for other jobs to finish...
[INFO] running `Command { std: "docker" "inspect" "e8038c978c8f42b596e4aaed1eb434ec9133d9d6c83a3383b2d98df568a27836", kill_on_drop: false }`
[INFO] running `Command { std: "docker" "rm" "-f" "e8038c978c8f42b596e4aaed1eb434ec9133d9d6c83a3383b2d98df568a27836", kill_on_drop: false }`
[INFO] [stdout] e8038c978c8f42b596e4aaed1eb434ec9133d9d6c83a3383b2d98df568a27836
