[INFO] cloning repository https://github.com/bmcdorman/boozle
[INFO] running `Command { std: "git" "-c" "credential.helper=" "-c" "credential.helper=/workspace/cargo-home/bin/git-credential-null" "clone" "--bare" "https://github.com/bmcdorman/boozle" "/workspace/cache/git-repos/https%3A%2F%2Fgithub.com%2Fbmcdorman%2Fboozle", kill_on_drop: false }`
[INFO] [stderr] Cloning into bare repository '/workspace/cache/git-repos/https%3A%2F%2Fgithub.com%2Fbmcdorman%2Fboozle'...
[INFO] running `Command { std: "git" "rev-parse" "HEAD", kill_on_drop: false }`
[INFO] [stdout] e308a53e1acdc0d071cd0f3464ef0c517d5aeb61
[INFO] testing bmcdorman/boozle against beta-2023-04-20 for beta-1.70-1
[INFO] running `Command { std: "git" "clone" "/workspace/cache/git-repos/https%3A%2F%2Fgithub.com%2Fbmcdorman%2Fboozle" "/workspace/builds/worker-4-tc2/source", kill_on_drop: false }`
[INFO] [stderr] Cloning into '/workspace/builds/worker-4-tc2/source'...
[INFO] [stderr] done.
[INFO] validating manifest of git repo https://github.com/bmcdorman/boozle on toolchain beta-2023-04-20
[INFO] running `Command { std: CARGO_HOME="/workspace/cargo-home" RUSTUP_HOME="/workspace/rustup-home" "/workspace/cargo-home/bin/cargo" "+beta-2023-04-20" "metadata" "--manifest-path" "Cargo.toml" "--no-deps", kill_on_drop: false }`
[INFO] started tweaking git repo https://github.com/bmcdorman/boozle
[INFO] finished tweaking git repo https://github.com/bmcdorman/boozle
[INFO] tweaked toml for git repo https://github.com/bmcdorman/boozle written to /workspace/builds/worker-4-tc2/source/Cargo.toml
[INFO] crate git repo https://github.com/bmcdorman/boozle already has a lockfile, it will not be regenerated
[INFO] running `Command { std: CARGO_HOME="/workspace/cargo-home" RUSTUP_HOME="/workspace/rustup-home" "/workspace/cargo-home/bin/cargo" "+beta-2023-04-20" "fetch" "--manifest-path" "Cargo.toml", kill_on_drop: false }`
[INFO] [stderr]     Updating crates.io index
[INFO] [stderr]  Downloading crates ...
[INFO] [stderr]   Downloaded actix v0.10.0-alpha.3
[INFO] [stderr]   Downloaded atomic-option v0.1.2
[INFO] [stderr]   Downloaded bus v2.2.3
[INFO] [stderr]   Downloaded snap v1.0.1
[INFO] running `Command { std: "docker" "create" "-v" "/var/lib/crater-agent-workspace/builds/worker-4-tc2/target:/opt/rustwide/target:rw,Z" "-v" "/var/lib/crater-agent-workspace/builds/worker-4-tc2/source:/opt/rustwide/workdir:ro,Z" "-v" "/var/lib/crater-agent-workspace/cargo-home:/opt/rustwide/cargo-home:ro,Z" "-v" "/var/lib/crater-agent-workspace/rustup-home:/opt/rustwide/rustup-home:ro,Z" "-e" "SOURCE_DIR=/opt/rustwide/workdir" "-e" "CARGO_TARGET_DIR=/opt/rustwide/target" "-e" "CARGO_HOME=/opt/rustwide/cargo-home" "-e" "RUSTUP_HOME=/opt/rustwide/rustup-home" "-w" "/opt/rustwide/workdir" "-m" "1610612736" "--user" "0:0" "--network" "none" "ghcr.io/rust-lang/crates-build-env/linux@sha256:5ff2268d62e97bff2cde7d5815dd6ed5b47097566f13b8d0ca110b04b60e07ed" "/opt/rustwide/cargo-home/bin/cargo" "+beta-2023-04-20" "metadata" "--no-deps" "--format-version=1", kill_on_drop: false }`
[INFO] [stdout] d547a460e56b7fe2c047ddb025fb57bb4eb36ac353b815944ba870b9c9425a25
[INFO] running `Command { std: "docker" "start" "-a" "d547a460e56b7fe2c047ddb025fb57bb4eb36ac353b815944ba870b9c9425a25", kill_on_drop: false }`
[INFO] running `Command { std: "docker" "inspect" "d547a460e56b7fe2c047ddb025fb57bb4eb36ac353b815944ba870b9c9425a25", kill_on_drop: false }`
[INFO] running `Command { std: "docker" "rm" "-f" "d547a460e56b7fe2c047ddb025fb57bb4eb36ac353b815944ba870b9c9425a25", kill_on_drop: false }`
[INFO] [stdout] d547a460e56b7fe2c047ddb025fb57bb4eb36ac353b815944ba870b9c9425a25
[INFO] running `Command { std: "docker" "create" "-v" "/var/lib/crater-agent-workspace/builds/worker-4-tc2/target:/opt/rustwide/target:rw,Z" "-v" "/var/lib/crater-agent-workspace/builds/worker-4-tc2/source:/opt/rustwide/workdir:ro,Z" "-v" "/var/lib/crater-agent-workspace/cargo-home:/opt/rustwide/cargo-home:ro,Z" "-v" "/var/lib/crater-agent-workspace/rustup-home:/opt/rustwide/rustup-home:ro,Z" "-e" "SOURCE_DIR=/opt/rustwide/workdir" "-e" "CARGO_TARGET_DIR=/opt/rustwide/target" "-e" "CARGO_INCREMENTAL=0" "-e" "RUST_BACKTRACE=full" "-e" "RUSTFLAGS=--cap-lints=warn" "-e" "RUSTDOCFLAGS=--cap-lints=warn" "-e" "CARGO_HOME=/opt/rustwide/cargo-home" "-e" "RUSTUP_HOME=/opt/rustwide/rustup-home" "-w" "/opt/rustwide/workdir" "-m" "1610612736" "--user" "0:0" "--network" "none" "ghcr.io/rust-lang/crates-build-env/linux@sha256:5ff2268d62e97bff2cde7d5815dd6ed5b47097566f13b8d0ca110b04b60e07ed" "/opt/rustwide/cargo-home/bin/cargo" "+beta-2023-04-20" "build" "--frozen" "--message-format=json", kill_on_drop: false }`
[INFO] [stdout] d5081e54d77d5409434ee493672e13175a20254598f8f91fe33679c2674c1135
[INFO] running `Command { std: "docker" "start" "-a" "d5081e54d77d5409434ee493672e13175a20254598f8f91fe33679c2674c1135", kill_on_drop: false }`
[INFO] [stderr]    Compiling libc v0.2.76
[INFO] [stderr]    Compiling proc-macro2 v1.0.19
[INFO] [stderr]    Compiling unicode-xid v0.2.1
[INFO] [stderr]    Compiling cfg-if v0.1.10
[INFO] [stderr]    Compiling syn v1.0.39
[INFO] [stderr]    Compiling autocfg v1.0.1
[INFO] [stderr]    Compiling lazy_static v1.4.0
[INFO] [stderr]    Compiling memchr v2.3.3
[INFO] [stderr]    Compiling log v0.4.11
[INFO] [stderr]    Compiling typenum v1.12.0
[INFO] [stderr]    Compiling serde_derive v1.0.115
[INFO] [stderr]    Compiling serde v1.0.115
[INFO] [stderr]    Compiling byteorder v1.3.4
[INFO] [stderr]    Compiling slab v0.4.2
[INFO] [stderr]    Compiling futures-core v0.3.5
[INFO] [stderr]    Compiling futures-sink v0.3.5
[INFO] [stderr]    Compiling pin-project-internal v0.4.23
[INFO] [stderr]    Compiling proc-macro-nested v0.1.6
[INFO] [stderr]    Compiling smallvec v1.4.2
[INFO] [stderr]    Compiling scopeguard v1.1.0
[INFO] [stderr]    Compiling futures-channel v0.3.5
[INFO] [stderr]    Compiling futures-io v0.3.5
[INFO] [stderr]    Compiling proc-macro-hack v0.5.18
[INFO] [stderr]    Compiling once_cell v1.4.1
[INFO] [stderr]    Compiling thread_local v1.0.1
[INFO] [stderr]    Compiling getrandom v0.1.14
[INFO] [stderr]    Compiling pin-utils v0.1.0
[INFO] [stderr]    Compiling crossbeam-utils v0.7.2
[INFO] [stderr]    Compiling indexmap v1.6.0
[INFO] [stderr]    Compiling regex-syntax v0.6.18
[INFO] [stderr]    Compiling futures-task v0.3.5
[INFO] [stderr]    Compiling byte-tools v0.3.1
[INFO] [stderr]    Compiling aho-corasick v0.7.13
[INFO] [stderr]    Compiling siphasher v0.3.3
[INFO] [stderr]    Compiling hashbrown v0.9.0
[INFO] [stderr]    Compiling block-padding v0.1.5
[INFO] [stderr]    Compiling arc-swap v0.4.7
[INFO] [stderr]    Compiling phf_shared v0.8.0
[INFO] [stderr]    Compiling fnv v1.0.7
[INFO] [stderr]    Compiling version_check v0.9.2
[INFO] [stderr]    Compiling fake-simd v0.1.2
[INFO] [stderr]    Compiling bit-vec v0.6.2
[INFO] [stderr]    Compiling precomputed-hash v0.1.1
[INFO] [stderr]    Compiling quote v1.0.7
[INFO] [stderr]    Compiling fixedbitset v0.2.0
[INFO] [stderr]    Compiling either v1.6.0
[INFO] [stderr]    Compiling tinyvec v0.3.4
[INFO] [stderr]    Compiling strsim v0.9.3
[INFO] [stderr]    Compiling num_cpus v1.13.0
[INFO] [stderr]    Compiling net2 v0.2.34
[INFO] [stderr]    Compiling iovec v0.1.4
[INFO] [stderr]    Compiling dirs v1.0.5
[INFO] [stderr]    Compiling signal-hook-registry v1.2.1
[INFO] [stderr]    Compiling matches v0.1.8
[INFO] [stderr]    Compiling maybe-uninit v2.0.0
[INFO] [stderr]    Compiling term v0.5.2
[INFO] [stderr]    Compiling pin-project-lite v0.1.7
[INFO] [stderr]    Compiling bytes v0.5.6
[INFO] [stderr]    Compiling mio v0.6.22
[INFO] [stderr]    Compiling opaque-debug v0.2.3
[INFO] [stderr]    Compiling generic-array v0.12.3
[INFO] [stderr]    Compiling new_debug_unreachable v1.0.4
[INFO] [stderr]    Compiling rand_core v0.5.1
[INFO] [stderr]    Compiling unicode-bidi v0.3.4
[INFO] [stderr]    Compiling unicode-normalization v0.1.13
[INFO] [stderr]    Compiling petgraph v0.5.1
[INFO] [stderr]    Compiling generic-array v0.14.4
[INFO] [stderr]    Compiling itertools v0.9.0
[INFO] [stderr]    Compiling bit-set v0.5.2
[INFO] [stderr]    Compiling digest v0.8.1
[INFO] [stderr]    Compiling block-buffer v0.7.3
[INFO] [stderr]    Compiling ascii-canvas v2.0.0
[INFO] [stderr]    Compiling atty v0.2.14
[INFO] [stderr]    Compiling ena v0.14.0
[INFO] [stderr]    Compiling memoffset v0.5.5
[INFO] [stderr]    Compiling sha2 v0.8.2
[INFO] [stderr]    Compiling instant v0.1.6
[INFO] [stderr]    Compiling pkg-config v0.3.18
[INFO] [stderr]    Compiling bitflags v1.2.1
[INFO] [stderr]    Compiling ppv-lite86 v0.2.9
[INFO] [stderr]    Compiling mio-uds v0.6.8
[INFO] [stderr]    Compiling diff v0.1.12
[INFO] [stderr]    Compiling gimli v0.22.0
[INFO] [stderr]    Compiling unicode-segmentation v1.6.0
[INFO] [stderr] LLVM ERROR: IO failure on output stream: No space left on device
[INFO] [stderr]    Compiling adler v0.2.3
[INFO] [stdout] error: linking with `cc` failed: exit status: 1
[INFO] [stdout]   |
[INFO] [stdout]   = note: LC_ALL="C" PATH="/opt/rustwide/rustup-home/toolchains/beta-2023-04-20-x86_64-unknown-linux-gnu/lib/rustlib/x86_64-unknown-linux-gnu/bin:/opt/rustwide/cargo-home/bin:/usr/local/sbin:/usr/local/bin:/usr/sbin:/usr/bin:/sbin:/bin" VSLANG="1033" "cc" "-m64" "/tmp/rustcZWCqJY/symbols.o" "/opt/rustwide/target/debug/build/bitflags-f9295a527840cd94/build_script_build-f9295a527840cd94.build_script_build.620f6dd0-cgu.0.rcgu.o" "/opt/rustwide/target/debug/build/bitflags-f9295a527840cd94/build_script_build-f9295a527840cd94.build_script_build.620f6dd0-cgu.1.rcgu.o" "/opt/rustwide/target/debug/build/bitflags-f9295a527840cd94/build_script_build-f9295a527840cd94.build_script_build.620f6dd0-cgu.10.rcgu.o" "/opt/rustwide/target/debug/build/bitflags-f9295a527840cd94/build_script_build-f9295a527840cd94.build_script_build.620f6dd0-cgu.11.rcgu.o" "/opt/rustwide/target/debug/build/bitflags-f9295a527840cd94/build_script_build-f9295a527840cd94.build_script_build.620f6dd0-cgu.12.rcgu.o" "/opt/rustwide/target/debug/build/bitflags-f9295a527840cd94/build_script_build-f9295a527840cd94.build_script_build.620f6dd0-cgu.13.rcgu.o" "/opt/rustwide/target/debug/build/bitflags-f9295a527840cd94/build_script_build-f9295a527840cd94.build_script_build.620f6dd0-cgu.14.rcgu.o" "/opt/rustwide/target/debug/build/bitflags-f9295a527840cd94/build_script_build-f9295a527840cd94.build_script_build.620f6dd0-cgu.15.rcgu.o" "/opt/rustwide/target/debug/build/bitflags-f9295a527840cd94/build_script_build-f9295a527840cd94.build_script_build.620f6dd0-cgu.2.rcgu.o" "/opt/rustwide/target/debug/build/bitflags-f9295a527840cd94/build_script_build-f9295a527840cd94.build_script_build.620f6dd0-cgu.3.rcgu.o" "/opt/rustwide/target/debug/build/bitflags-f9295a527840cd94/build_script_build-f9295a527840cd94.build_script_build.620f6dd0-cgu.4.rcgu.o" "/opt/rustwide/target/debug/build/bitflags-f9295a527840cd94/build_script_build-f9295a527840cd94.build_script_build.620f6dd0-cgu.5.rcgu.o" "/opt/rustwide/target/debug/build/bitflags-f9295a527840cd94/build_script_build-f9295a527840cd94.build_script_build.620f6dd0-cgu.6.rcgu.o" "/opt/rustwide/target/debug/build/bitflags-f9295a527840cd94/build_script_build-f9295a527840cd94.build_script_build.620f6dd0-cgu.7.rcgu.o" "/opt/rustwide/target/debug/build/bitflags-f9295a527840cd94/build_script_build-f9295a527840cd94.build_script_build.620f6dd0-cgu.8.rcgu.o" "/opt/rustwide/target/debug/build/bitflags-f9295a527840cd94/build_script_build-f9295a527840cd94.build_script_build.620f6dd0-cgu.9.rcgu.o" "/opt/rustwide/target/debug/build/bitflags-f9295a527840cd94/build_script_build-f9295a527840cd94.2nsvolk6ujm3rj5r.rcgu.o" "-Wl,--as-needed" "-L" "/opt/rustwide/target/debug/deps" "-L" "/opt/rustwide/rustup-home/toolchains/beta-2023-04-20-x86_64-unknown-linux-gnu/lib/rustlib/x86_64-unknown-linux-gnu/lib" "-Wl,-Bstatic" "/opt/rustwide/rustup-home/toolchains/beta-2023-04-20-x86_64-unknown-linux-gnu/lib/rustlib/x86_64-unknown-linux-gnu/lib/libstd-0e29cc23c5e02021.rlib" "/opt/rustwide/rustup-home/toolchains/beta-2023-04-20-x86_64-unknown-linux-gnu/lib/rustlib/x86_64-unknown-linux-gnu/lib/libpanic_unwind-d903621768a861d9.rlib" "/opt/rustwide/rustup-home/toolchains/beta-2023-04-20-x86_64-unknown-linux-gnu/lib/rustlib/x86_64-unknown-linux-gnu/lib/libobject-6d0225e655f31c13.rlib" "/opt/rustwide/rustup-home/toolchains/beta-2023-04-20-x86_64-unknown-linux-gnu/lib/rustlib/x86_64-unknown-linux-gnu/lib/libmemchr-9dbaf4eac7eaa079.rlib" "/opt/rustwide/rustup-home/toolchains/beta-2023-04-20-x86_64-unknown-linux-gnu/lib/rustlib/x86_64-unknown-linux-gnu/lib/libaddr2line-27f05b3d42a66dd0.rlib" "/opt/rustwide/rustup-home/toolchains/beta-2023-04-20-x86_64-unknown-linux-gnu/lib/rustlib/x86_64-unknown-linux-gnu/lib/libgimli-4d73f1030321c9a2.rlib" "/opt/rustwide/rustup-home/toolchains/beta-2023-04-20-x86_64-unknown-linux-gnu/lib/rustlib/x86_64-unknown-linux-gnu/lib/librustc_demangle-2846c9e58abd0acb.rlib" "/opt/rustwide/rustup-home/toolchains/beta-2023-04-20-x86_64-unknown-linux-gnu/lib/rustlib/x86_64-unknown-linux-gnu/lib/libstd_detect-a53d0f50415947be.rlib" "/opt/rustwide/rustup-home/toolchains/beta-2023-04-20-x86_64-unknown-linux-gnu/lib/rustlib/x86_64-unknown-linux-gnu/lib/libhashbrown-d48e4b6abc25b9dc.rlib" "/opt/rustwide/rustup-home/toolchains/beta-2023-04-20-x86_64-unknown-linux-gnu/lib/rustlib/x86_64-unknown-linux-gnu/lib/libminiz_oxide-2991859439ef1207.rlib" "/opt/rustwide/rustup-home/toolchains/beta-2023-04-20-x86_64-unknown-linux-gnu/lib/rustlib/x86_64-unknown-linux-gnu/lib/libadler-8a687517e4221bae.rlib" "/opt/rustwide/rustup-home/toolchains/beta-2023-04-20-x86_64-unknown-linux-gnu/lib/rustlib/x86_64-unknown-linux-gnu/lib/librustc_std_workspace_alloc-e07b554f6a67f5b3.rlib" "/opt/rustwide/rustup-home/toolchains/beta-2023-04-20-x86_64-unknown-linux-gnu/lib/rustlib/x86_64-unknown-linux-gnu/lib/libunwind-b68238b7c3c619dd.rlib" "/opt/rustwide/rustup-home/toolchains/beta-2023-04-20-x86_64-unknown-linux-gnu/lib/rustlib/x86_64-unknown-linux-gnu/lib/libcfg_if-d5e213e896c017e4.rlib" "/opt/rustwide/rustup-home/toolchains/beta-2023-04-20-x86_64-unknown-linux-gnu/lib/rustlib/x86_64-unknown-linux-gnu/lib/liblibc-0211a3b2e61d8689.rlib" "/opt/rustwide/rustup-home/toolchains/beta-2023-04-20-x86_64-unknown-linux-gnu/lib/rustlib/x86_64-unknown-linux-gnu/lib/liballoc-b371f055239ba51f.rlib" "/opt/rustwide/rustup-home/toolchains/beta-2023-04-20-x86_64-unknown-linux-gnu/lib/rustlib/x86_64-unknown-linux-gnu/lib/librustc_std_workspace_core-e60518d2760eb01e.rlib" "/opt/rustwide/rustup-home/toolchains/beta-2023-04-20-x86_64-unknown-linux-gnu/lib/rustlib/x86_64-unknown-linux-gnu/lib/libcore-1ad943f92a4b1081.rlib" "/opt/rustwide/rustup-home/toolchains/beta-2023-04-20-x86_64-unknown-linux-gnu/lib/rustlib/x86_64-unknown-linux-gnu/lib/libcompiler_builtins-f0d6e4d0fc1e80b4.rlib" "-Wl,-Bdynamic" "-lgcc_s" "-lutil" "-lrt" "-lpthread" "-lm" "-ldl" "-lc" "-Wl,--eh-frame-hdr" "-Wl,-z,noexecstack" "-L" "/opt/rustwide/rustup-home/toolchains/beta-2023-04-20-x86_64-unknown-linux-gnu/lib/rustlib/x86_64-unknown-linux-gnu/lib" "-o" "/opt/rustwide/target/debug/build/bitflags-f9295a527840cd94/build_script_build-f9295a527840cd94" "-Wl,--gc-sections" "-pie" "-Wl,-z,relro,-z,now" "-nodefaultlibs"
[INFO] [stdout]   = note: /usr/bin/ld: final link failed: No space left on device
[INFO] [stdout]           collect2: error: ld returned 1 exit status
[INFO] [stdout]           
[INFO] [stdout] 
[INFO] [stdout] 
[INFO] [stdout] error: aborting due to previous error
[INFO] [stdout] 
[INFO] [stdout] 
[INFO] [stderr] error: could not compile `unicode-normalization` (lib)
[INFO] [stderr] warning: build failed, waiting for other jobs to finish...
[INFO] [stderr] error: could not compile `bitflags` (build script) due to 2 previous errors
[INFO] [stderr] thread 'rustc' panicked at 'assertion failed: pos.get() <= self.position()', compiler/rustc_metadata/src/rmeta/encoder.rs:433:9
[INFO] [stderr] LLVM ERROR: IO failure on output stream: No space left on device
[INFO] [stderr] LLVM ERROR: IO failure on output stream: No space left on device
[INFO] [stderr] error: could not compile `pkg-config` (lib)
[INFO] [stdout] error: failed to write /tmp/rustcIJHcUm/lib.rmeta: No space left on device (os error 28)
[INFO] [stdout] 
[INFO] [stdout] 
[INFO] [stdout] error: aborting due to previous error
[INFO] [stdout] 
[INFO] [stdout] 
[INFO] [stderr] error: could not compile `mio` (lib)
[INFO] [stderr] error: could not compile `aho-corasick` (lib) due to 2 previous errors
[INFO] [stderr] error: could not compile `ppv-lite86` (lib)
[INFO] [stderr] thread 'rustc' panicked at 'assertion failed: pos.get() <= self.position()', compiler/rustc_metadata/src/rmeta/encoder.rs:433:9
[INFO] [stderr] thread 'rustc' panicked at 'assertion failed: pos.get() <= self.position()', compiler/rustc_metadata/src/rmeta/encoder.rs:433:9
[INFO] [stderr] LLVM ERROR: IO failure on output stream: No space left on device
[INFO] [stderr] error: could not compile `unicode-segmentation` (lib)
[INFO] [stderr] error: could not compile `regex-syntax` (lib)
[INFO] [stderr] error: could not compile `itertools` (lib)
[INFO] [stdout] error: couldn't create a temp dir: No space left on device (os error 28) at path "/opt/rustwide/target/debug/deps/rmetaK2yk5J"
[INFO] [stdout] 
[INFO] [stdout] 
[INFO] [stderr] error: could not compile `petgraph` (lib) due to previous error
[INFO] [stdout] error: couldn't create a temp dir: No space left on device (os error 28) at path "/opt/rustwide/target/debug/deps/rmetarPSxNr"
[INFO] [stdout] 
[INFO] [stdout] 
[INFO] [stderr] error: could not compile `gimli` (lib) due to previous error
[INFO] [stdout] error: couldn't create a temp dir: No space left on device (os error 28) at path "/opt/rustwide/target/debug/deps/rmeta26ZNAa"
[INFO] [stdout] 
[INFO] [stdout] 
[INFO] [stderr] error: could not compile `syn` (lib) due to previous error
[INFO] running `Command { std: "docker" "inspect" "d5081e54d77d5409434ee493672e13175a20254598f8f91fe33679c2674c1135", kill_on_drop: false }`
[INFO] running `Command { std: "docker" "rm" "-f" "d5081e54d77d5409434ee493672e13175a20254598f8f91fe33679c2674c1135", kill_on_drop: false }`
[INFO] [stdout] d5081e54d77d5409434ee493672e13175a20254598f8f91fe33679c2674c1135
