[INFO] cloning repository https://github.com/bluealloy/revm
[INFO] running `Command { std: "git" "-c" "credential.helper=" "-c" "credential.helper=/workspace/cargo-home/bin/git-credential-null" "clone" "--bare" "https://github.com/bluealloy/revm" "/workspace/cache/git-repos/https%3A%2F%2Fgithub.com%2Fbluealloy%2Frevm", kill_on_drop: false }`
[INFO] [stderr] Cloning into bare repository '/workspace/cache/git-repos/https%3A%2F%2Fgithub.com%2Fbluealloy%2Frevm'...
[INFO] running `Command { std: "git" "rev-parse" "HEAD", kill_on_drop: false }`
[INFO] [stdout] d0cd8976031587dda2a1ab00e893720c6268655b
[INFO] testing bluealloy/revm against 1.69.0 for beta-1.70-1
[INFO] running `Command { std: "git" "clone" "/workspace/cache/git-repos/https%3A%2F%2Fgithub.com%2Fbluealloy%2Frevm" "/workspace/builds/worker-4-tc1/source", kill_on_drop: false }`
[INFO] [stderr] Cloning into '/workspace/builds/worker-4-tc1/source'...
[INFO] [stderr] done.
[INFO] validating manifest of git repo https://github.com/bluealloy/revm on toolchain 1.69.0
[INFO] running `Command { std: CARGO_HOME="/workspace/cargo-home" RUSTUP_HOME="/workspace/rustup-home" "/workspace/cargo-home/bin/cargo" "+1.69.0" "metadata" "--manifest-path" "Cargo.toml" "--no-deps", kill_on_drop: false }`
[INFO] started tweaking git repo https://github.com/bluealloy/revm
[INFO] finished tweaking git repo https://github.com/bluealloy/revm
[INFO] tweaked toml for git repo https://github.com/bluealloy/revm written to /workspace/builds/worker-4-tc1/source/Cargo.toml
[INFO] crate git repo https://github.com/bluealloy/revm already has a lockfile, it will not be regenerated
[INFO] running `Command { std: CARGO_HOME="/workspace/cargo-home" RUSTUP_HOME="/workspace/rustup-home" "/workspace/cargo-home/bin/cargo" "+1.69.0" "fetch" "--manifest-path" "Cargo.toml", kill_on_drop: false }`
[INFO] [stderr]  Downloading crates ...
[INFO] [stderr]   Downloaded ecdsa v0.16.2
[INFO] [stderr]   Downloaded ruint-macro v1.0.2
[INFO] [stderr]   Downloaded der v0.7.3
[INFO] [stderr]   Downloaded scale-info-derive v2.5.0
[INFO] [stderr]   Downloaded num_enum_derive v0.6.0
[INFO] [stderr]   Downloaded hex-literal v0.4.1
[INFO] [stderr]   Downloaded microbench v0.5.0
[INFO] [stderr]   Downloaded plain_hasher v0.2.3
[INFO] [stderr]   Downloaded enumn v0.1.8
[INFO] [stderr]   Downloaded enr v0.8.0
[INFO] [stderr]   Downloaded sec1 v0.7.1
[INFO] [stderr]   Downloaded num_enum v0.6.0
[INFO] [stderr]   Downloaded ethers-contract v2.0.3
[INFO] [stderr]   Downloaded scale-info v2.5.0
[INFO] [stderr]   Downloaded substrate-bn v0.6.0
[INFO] [stderr]   Downloaded crypto-bigint v0.5.1
[INFO] [stderr]   Downloaded ethers-providers v2.0.3
[INFO] [stderr]   Downloaded ethers-core v2.0.3
[INFO] [stderr]   Downloaded ruint v1.7.0
[INFO] running `Command { std: "docker" "create" "-v" "/var/lib/crater-agent-workspace/builds/worker-4-tc1/target:/opt/rustwide/target:rw,Z" "-v" "/var/lib/crater-agent-workspace/builds/worker-4-tc1/source:/opt/rustwide/workdir:ro,Z" "-v" "/var/lib/crater-agent-workspace/cargo-home:/opt/rustwide/cargo-home:ro,Z" "-v" "/var/lib/crater-agent-workspace/rustup-home:/opt/rustwide/rustup-home:ro,Z" "-e" "SOURCE_DIR=/opt/rustwide/workdir" "-e" "CARGO_TARGET_DIR=/opt/rustwide/target" "-e" "CARGO_HOME=/opt/rustwide/cargo-home" "-e" "RUSTUP_HOME=/opt/rustwide/rustup-home" "-w" "/opt/rustwide/workdir" "-m" "1610612736" "--user" "0:0" "--network" "none" "ghcr.io/rust-lang/crates-build-env/linux@sha256:5ff2268d62e97bff2cde7d5815dd6ed5b47097566f13b8d0ca110b04b60e07ed" "/opt/rustwide/cargo-home/bin/cargo" "+1.69.0" "metadata" "--no-deps" "--format-version=1", kill_on_drop: false }`
[INFO] [stdout] d32042afa3c1f538a4ab18da79398eb405257065e5858dcd0ebbb3a84af3b4c9
[INFO] running `Command { std: "docker" "start" "-a" "d32042afa3c1f538a4ab18da79398eb405257065e5858dcd0ebbb3a84af3b4c9", kill_on_drop: false }`
[INFO] running `Command { std: "docker" "inspect" "d32042afa3c1f538a4ab18da79398eb405257065e5858dcd0ebbb3a84af3b4c9", kill_on_drop: false }`
[INFO] running `Command { std: "docker" "rm" "-f" "d32042afa3c1f538a4ab18da79398eb405257065e5858dcd0ebbb3a84af3b4c9", kill_on_drop: false }`
[INFO] [stdout] d32042afa3c1f538a4ab18da79398eb405257065e5858dcd0ebbb3a84af3b4c9
[INFO] running `Command { std: "docker" "create" "-v" "/var/lib/crater-agent-workspace/builds/worker-4-tc1/target:/opt/rustwide/target:rw,Z" "-v" "/var/lib/crater-agent-workspace/builds/worker-4-tc1/source:/opt/rustwide/workdir:ro,Z" "-v" "/var/lib/crater-agent-workspace/cargo-home:/opt/rustwide/cargo-home:ro,Z" "-v" "/var/lib/crater-agent-workspace/rustup-home:/opt/rustwide/rustup-home:ro,Z" "-e" "SOURCE_DIR=/opt/rustwide/workdir" "-e" "CARGO_TARGET_DIR=/opt/rustwide/target" "-e" "CARGO_INCREMENTAL=0" "-e" "RUST_BACKTRACE=full" "-e" "RUSTFLAGS=--cap-lints=warn" "-e" "RUSTDOCFLAGS=--cap-lints=warn" "-e" "CARGO_HOME=/opt/rustwide/cargo-home" "-e" "RUSTUP_HOME=/opt/rustwide/rustup-home" "-w" "/opt/rustwide/workdir" "-m" "1610612736" "--user" "0:0" "--network" "none" "ghcr.io/rust-lang/crates-build-env/linux@sha256:5ff2268d62e97bff2cde7d5815dd6ed5b47097566f13b8d0ca110b04b60e07ed" "/opt/rustwide/cargo-home/bin/cargo" "+1.69.0" "build" "--frozen" "--message-format=json", kill_on_drop: false }`
[INFO] [stdout] 95128219ad42145aa39e6e94e89b521f087c00d71ab6a4311f65ed13c3f7fc98
[INFO] running `Command { std: "docker" "start" "-a" "95128219ad42145aa39e6e94e89b521f087c00d71ab6a4311f65ed13c3f7fc98", kill_on_drop: false }`
[INFO] [stderr]    Compiling version_check v0.9.4
[INFO] [stderr]    Compiling cfg-if v1.0.0
[INFO] [stderr]    Compiling typenum v1.16.0
[INFO] [stderr]    Compiling libc v0.2.141
[INFO] [stderr]    Compiling zeroize v1.6.0
[INFO] [stderr]    Compiling autocfg v1.1.0
[INFO] [stderr]    Compiling subtle v2.4.1
[INFO] [stderr]    Compiling proc-macro2 v1.0.56
[INFO] [stderr]    Compiling quote v1.0.26
[INFO] [stderr]    Compiling unicode-ident v1.0.8
[INFO] [stderr]    Compiling crunchy v0.2.2
[INFO] [stderr]    Compiling generic-array v0.14.7
[INFO] [stderr]    Compiling num-traits v0.2.15
[INFO] [stderr]    Compiling ppv-lite86 v0.2.17
[INFO] [stderr]    Compiling semver v1.0.17
[INFO] [stderr]    Compiling syn v1.0.109
[INFO] [stderr]    Compiling rustc-hex v2.1.0
[INFO] [stderr]    Compiling byteorder v1.4.3
[INFO] [stderr]    Compiling num-integer v0.1.45
[INFO] [stderr]    Compiling getrandom v0.2.8
[INFO] [stderr]    Compiling rand_core v0.6.4
[INFO] [stderr]    Compiling syn v2.0.13
[INFO] [stderr]    Compiling proc-macro-error-attr v1.0.4
[INFO] [stderr]    Compiling static_assertions v1.1.0
[INFO] [stderr]    Compiling rustc_version v0.4.0
[INFO] [stderr]    Compiling ahash v0.8.3
[INFO] [stderr]    Compiling rand_chacha v0.3.1
[INFO] [stderr]    Compiling proc-macro-error v1.0.4
[INFO] [stderr]    Compiling const-oid v0.9.2
[INFO] [stderr]    Compiling thiserror v1.0.40
[INFO] [stderr]    Compiling block-buffer v0.10.4
[INFO] [stderr]    Compiling crypto-common v0.1.6
[INFO] [stderr]    Compiling rand v0.8.5
[INFO] [stderr]    Compiling hex v0.4.3
[INFO] [stderr]    Compiling digest v0.10.6
[INFO] [stderr]    Compiling radium v0.7.0
[INFO] [stderr]    Compiling uint v0.9.5
[INFO] [stderr]    Compiling der v0.7.3
[INFO] [stderr]    Compiling ruint v1.7.0
[INFO] [stderr]    Compiling ff v0.13.0
[INFO] [stderr]    Compiling fixed-hash v0.8.0
[INFO] [stderr]    Compiling num-bigint v0.4.3
[INFO] [stderr]    Compiling base16ct v0.2.0
[INFO] [stderr]    Compiling once_cell v1.17.1
[INFO] [stderr]    Compiling cc v1.0.79
[INFO] [stderr]    Compiling tap v1.0.1
[INFO] [stderr]    Compiling bytes v1.4.0
[INFO] [stderr]    Compiling convert_case v0.4.0
[INFO] [stderr]    Compiling wyz v0.5.1
[INFO] [stderr]    Compiling sec1 v0.7.1
[INFO] [stderr]    Compiling rlp v0.5.2
[INFO] [stderr]    Compiling primitive-types v0.12.1
[INFO] [stderr]    Compiling group v0.13.0
[INFO] [stderr]    Compiling hmac v0.12.1
[INFO] [stderr]    Compiling crypto-bigint v0.5.1
[INFO] [stderr]    Compiling secp256k1-sys v0.8.1
[INFO] [stderr]    Compiling num-rational v0.4.1
[INFO] [stderr]    Compiling num-iter v0.1.43
[INFO] [stderr]    Compiling thiserror-impl v1.0.40
[INFO] [stderr]    Compiling keccak v0.1.3
[INFO] [stderr]    Compiling ruint-macro v1.0.2
[INFO] [stderr]    Compiling funty v2.0.0
[INFO] [stderr]    Compiling sha3 v0.10.7
[INFO] [stderr]    Compiling elliptic-curve v0.13.4
[INFO] [stderr]    Compiling bitvec v1.0.1
[INFO] [stderr]    Compiling enumn v0.1.8
[INFO] [stderr]    Compiling rfc6979 v0.4.0
[INFO] [stderr]    Compiling hashbrown v0.13.2
[INFO] [stderr]    Compiling signature v2.0.0
[INFO] [stderr]    Compiling cpufeatures v0.2.6
[INFO] [stderr]    Compiling hex-literal v0.4.1
[INFO] [stderr]    Compiling spin v0.5.2
[INFO] [stderr]    Compiling sha2 v0.10.6
[INFO] [stderr]    Compiling ecdsa v0.16.2
[INFO] [stderr]    Compiling lazy_static v1.4.0
[INFO] [stderr]    Compiling num-complex v0.4.3
[INFO] [stderr]    Compiling k256 v0.13.1
[INFO] [stderr]    Compiling substrate-bn v0.6.0
[INFO] [stderr]    Compiling ripemd v0.1.3
[INFO] [stderr]    Compiling derive_more v0.99.17
[INFO] [stderr]    Compiling auto_impl v1.0.1
[INFO] [stderr]    Compiling num v0.4.0
[INFO] [stderr]    Compiling secp256k1 v0.27.0
[INFO] [stderr]    Compiling revm-primitives v1.1.1 (/opt/rustwide/workdir/crates/primitives)
[INFO] [stderr]    Compiling revm-interpreter v1.1.1 (/opt/rustwide/workdir/crates/interpreter)
[INFO] [stderr]    Compiling revm-precompile v2.0.2 (/opt/rustwide/workdir/crates/precompile)
[INFO] [stderr]    Compiling revm v3.2.0 (/opt/rustwide/workdir/crates/revm)
[INFO] [stderr]     Finished dev [unoptimized + debuginfo] target(s) in 16.10s
[INFO] running `Command { std: "docker" "inspect" "95128219ad42145aa39e6e94e89b521f087c00d71ab6a4311f65ed13c3f7fc98", kill_on_drop: false }`
[INFO] running `Command { std: "docker" "rm" "-f" "95128219ad42145aa39e6e94e89b521f087c00d71ab6a4311f65ed13c3f7fc98", kill_on_drop: false }`
[INFO] [stdout] 95128219ad42145aa39e6e94e89b521f087c00d71ab6a4311f65ed13c3f7fc98
[INFO] running `Command { std: "docker" "create" "-v" "/var/lib/crater-agent-workspace/builds/worker-4-tc1/target:/opt/rustwide/target:rw,Z" "-v" "/var/lib/crater-agent-workspace/builds/worker-4-tc1/source:/opt/rustwide/workdir:ro,Z" "-v" "/var/lib/crater-agent-workspace/cargo-home:/opt/rustwide/cargo-home:ro,Z" "-v" "/var/lib/crater-agent-workspace/rustup-home:/opt/rustwide/rustup-home:ro,Z" "-e" "SOURCE_DIR=/opt/rustwide/workdir" "-e" "CARGO_TARGET_DIR=/opt/rustwide/target" "-e" "CARGO_INCREMENTAL=0" "-e" "RUST_BACKTRACE=full" "-e" "RUSTFLAGS=--cap-lints=warn" "-e" "RUSTDOCFLAGS=--cap-lints=warn" "-e" "CARGO_HOME=/opt/rustwide/cargo-home" "-e" "RUSTUP_HOME=/opt/rustwide/rustup-home" "-w" "/opt/rustwide/workdir" "-m" "1610612736" "--user" "0:0" "--network" "none" "ghcr.io/rust-lang/crates-build-env/linux@sha256:5ff2268d62e97bff2cde7d5815dd6ed5b47097566f13b8d0ca110b04b60e07ed" "/opt/rustwide/cargo-home/bin/cargo" "+1.69.0" "test" "--frozen" "--no-run" "--message-format=json", kill_on_drop: false }`
[INFO] [stdout] faa3a6316946e3790b2fed319c348d3e72d8993e37c54d50540713e143fc9984
[INFO] running `Command { std: "docker" "start" "-a" "faa3a6316946e3790b2fed319c348d3e72d8993e37c54d50540713e143fc9984", kill_on_drop: false }`
[INFO] [stderr]    Compiling syn v1.0.109
[INFO] [stderr]    Compiling libc v0.2.141
[INFO] [stderr]    Compiling serde_derive v1.0.160
[INFO] [stderr]    Compiling serde v1.0.160
[INFO] [stderr]    Compiling once_cell v1.17.1
[INFO] [stderr]    Compiling indexmap v1.9.3
[INFO] [stderr]    Compiling zeroize v1.6.0
[INFO] [stderr]    Compiling syn v2.0.13
[INFO] [stderr]    Compiling hashbrown v0.12.3
[INFO] [stderr]    Compiling generic-array v0.14.7
[INFO] [stderr]    Compiling toml_datetime v0.6.1
[INFO] [stderr]    Compiling winnow v0.4.1
[INFO] [stderr]    Compiling log v0.4.17
[INFO] [stderr]    Compiling crunchy v0.2.2
[INFO] [stderr]    Compiling byteorder v1.4.3
[INFO] [stderr]    Compiling crypto-common v0.1.6
[INFO] [stderr]    Compiling block-buffer v0.10.4
[INFO] [stderr]    Compiling arrayvec v0.7.2
[INFO] [stderr]    Compiling byte-slice-cast v1.2.2
[INFO] [stderr]    Compiling digest v0.10.6
[INFO] [stderr]    Compiling hex v0.4.3
[INFO] [stderr]    Compiling der v0.7.3
[INFO] [stderr]    Compiling futures-core v0.3.28
[INFO] [stderr]    Compiling itoa v1.0.6
[INFO] [stderr]    Compiling wasm-bindgen-shared v0.2.84
[INFO] [stderr]    Compiling uint v0.9.5
[INFO] [stderr]    Compiling pin-project-lite v0.2.9
[INFO] [stderr]    Compiling base16ct v0.2.0
[INFO] [stderr]    Compiling getrandom v0.2.8
[INFO] [stderr]    Compiling sha3 v0.10.7
[INFO] [stderr]    Compiling rand_core v0.6.4
[INFO] [stderr]    Compiling hmac v0.12.1
[INFO] [stderr]    Compiling toml_edit v0.19.8
[INFO] [stderr]    Compiling tiny-keccak v2.0.2
[INFO] [stderr]    Compiling rand_chacha v0.3.1
[INFO] [stderr]    Compiling ff v0.13.0
[INFO] [stderr]    Compiling crypto-bigint v0.5.1
[INFO] [stderr]    Compiling spki v0.7.1
[INFO] [stderr]    Compiling group v0.13.0
[INFO] [stderr]    Compiling rand v0.8.5
[INFO] [stderr]    Compiling pkcs8 v0.10.2
[INFO] [stderr]    Compiling sec1 v0.7.1
[INFO] [stderr]    Compiling bumpalo v3.12.0
[INFO] [stderr]    Compiling signature v2.0.0
[INFO] [stderr]    Compiling rfc6979 v0.4.0
[INFO] [stderr]    Compiling elliptic-curve v0.13.4
[INFO] [stderr]    Compiling fixed-hash v0.8.0
[INFO] [stderr]    Compiling tracing-core v0.1.30
[INFO] [stderr]    Compiling tokio v1.27.0
[INFO] [stderr]    Compiling slab v0.4.8
[INFO] [stderr]    Compiling futures-channel v0.3.28
[INFO] [stderr]    Compiling futures-task v0.3.28
[INFO] [stderr]    Compiling proc-macro-crate v1.3.1
[INFO] [stderr]    Compiling memchr v2.5.0
[INFO] [stderr]    Compiling ecdsa v0.16.2
[INFO] [stderr]    Compiling sha2 v0.10.6
[INFO] [stderr]    Compiling mio v0.8.6
[INFO] [stderr]    Compiling socket2 v0.4.9
[INFO] [stderr]    Compiling ryu v1.0.13
[INFO] [stderr]    Compiling fnv v1.0.7
[INFO] [stderr]    Compiling tinyvec_macros v0.1.1
[INFO] [stderr]    Compiling futures-util v0.3.28
[INFO] [stderr]    Compiling rustversion v1.0.12
[INFO] [stderr]    Compiling io-lifetimes v1.0.9
[INFO] [stderr]    Compiling proc-macro-error v1.0.4
[INFO] [stderr]    Compiling wasm-bindgen-backend v0.2.84
[INFO] [stderr]    Compiling wasm-bindgen v0.2.84
[INFO] [stderr]    Compiling serde_json v1.0.96
[INFO] [stderr]    Compiling tinyvec v1.6.0
[INFO] [stderr]    Compiling thiserror-impl v1.0.40
[INFO] [stderr]    Compiling futures-macro v0.3.28
[INFO] [stderr]    Compiling k256 v0.13.1
[INFO] [stderr]    Compiling wasm-bindgen-macro-support v0.2.84
[INFO] [stderr]    Compiling httparse v1.8.0
[INFO] [stderr]    Compiling rustix v0.37.7
[INFO] [stderr]    Compiling pin-utils v0.1.0
[INFO] [stderr]    Compiling percent-encoding v2.2.0
[INFO] [stderr]    Compiling futures-sink v0.3.28
[INFO] [stderr]    Compiling form_urlencoded v1.1.0
[INFO] [stderr]    Compiling unicode-normalization v0.1.22
[INFO] [stderr]    Compiling thiserror v1.0.40
[INFO] [stderr]    Compiling aho-corasick v0.7.20
[INFO] [stderr]    Compiling heck v0.4.1
[INFO] [stderr]    Compiling try-lock v0.2.4
[INFO] [stderr]    Compiling unicode-bidi v0.3.13
[INFO] [stderr]    Compiling bytes v1.4.0
[INFO] [stderr]    Compiling linux-raw-sys v0.3.1
[INFO] [stderr]    Compiling impl-trait-for-tuples v0.2.2
[INFO] [stderr]    Compiling rlp-derive v0.1.0
[INFO] [stderr]    Compiling parity-scale-codec-derive v3.1.4
[INFO] [stderr]    Compiling derive_more v0.99.17
[INFO] [stderr]    Compiling scale-info-derive v2.5.0
[INFO] [stderr]    Compiling auto_impl v1.0.1
[INFO] [stderr]    Compiling tracing-attributes v0.1.23
[INFO] [stderr]    Compiling wasm-bindgen-macro v0.2.84
[INFO] [stderr]    Compiling regex-syntax v0.6.29
[INFO] [stderr]    Compiling bitflags v1.3.2
[INFO] [stderr]    Compiling open-fastrlp-derive v0.1.1
[INFO] [stderr]    Compiling js-sys v0.3.61
[INFO] [stderr]    Compiling tracing v0.1.37
[INFO] [stderr]    Compiling strum_macros v0.24.3
[INFO] [stderr]    Compiling idna v0.3.0
[INFO] [stderr]    Compiling regex v1.7.3
[INFO] [stderr]    Compiling pin-project-internal v1.0.12
[INFO] [stderr]    Compiling want v0.3.0
[INFO] [stderr]    Compiling parity-scale-codec v3.4.0
[INFO] [stderr]    Compiling impl-serde v0.4.0
[INFO] [stderr]    Compiling rlp v0.5.2
[INFO] [stderr]    Compiling scale-info v2.5.0
[INFO] [stderr]    Compiling impl-codec v0.6.0
[INFO] [stderr]    Compiling impl-rlp v0.3.0
[INFO] [stderr]    Compiling http v0.2.9
[INFO] [stderr]    Compiling num_enum_derive v0.6.0
[INFO] [stderr]    Compiling enumn v0.1.8
[INFO] [stderr]    Compiling httpdate v1.0.2
[INFO] [stderr]    Compiling primitive-types v0.12.1
[INFO] [stderr]    Compiling ethbloom v0.13.0
[INFO] [stderr]    Compiling http-body v0.4.5
[INFO] [stderr]    Compiling tower-service v0.3.2
[INFO] [stderr]    Compiling fastrand v1.9.0
[INFO] [stderr]    Compiling async-trait v0.1.68
[INFO] [stderr]    Compiling num_enum v0.6.0
[INFO] [stderr]    Compiling pin-project v1.0.12
[INFO] [stderr]    Compiling tempfile v3.5.0
[INFO] [stderr]    Compiling strum v0.24.1
[INFO] [stderr]    Compiling gloo-timers v0.2.6
[INFO] [stderr]    Compiling serde_urlencoded v0.7.1
[INFO] [stderr]    Compiling url v2.3.1
[INFO] [stderr]    Compiling ethereum-types v0.14.1
[INFO] [stderr]    Compiling ruint v1.7.0
[INFO] [stderr]    Compiling chrono v0.4.24
[INFO] [stderr]    Compiling fxhash v0.2.1
[INFO] [stderr]    Compiling encoding_rs v0.8.32
[INFO] [stderr]    Compiling base64 v0.13.1
[INFO] [stderr]    Compiling ethabi v18.0.0
[INFO] [stderr]    Compiling revm-primitives v1.1.1 (/opt/rustwide/workdir/crates/primitives)
[INFO] [stderr]    Compiling open-fastrlp v0.1.4
[INFO] [stderr]    Compiling tokio-util v0.7.7
[INFO] [stderr]    Compiling mime v0.3.17
[INFO] [stderr]    Compiling ipnet v2.7.2
[INFO] [stderr]    Compiling h2 v0.3.16
[INFO] [stderr]    Compiling send_wrapper v0.4.0
[INFO] [stderr]    Compiling base64 v0.21.0
[INFO] [stderr]    Compiling unicode-xid v0.2.4
[INFO] [stderr]    Compiling futures-timer v3.0.2
[INFO] [stderr]    Compiling ethers-core v2.0.3
[INFO] [stderr]    Compiling enr v0.8.0
[INFO] [stderr]    Compiling hashers v1.0.1
[INFO] [stderr]    Compiling tracing-futures v0.2.5
[INFO] [stderr]    Compiling substrate-bn v0.6.0
[INFO] [stderr]    Compiling ripemd v0.1.3
[INFO] [stderr]    Compiling instant v0.1.12
[INFO] [stderr]    Compiling anyhow v1.0.70
[INFO] [stderr]    Compiling revm-interpreter v1.1.1 (/opt/rustwide/workdir/crates/interpreter)
[INFO] [stderr]    Compiling revm-precompile v2.0.2 (/opt/rustwide/workdir/crates/precompile)
[INFO] [stderr]    Compiling hyper v0.14.25
[INFO] [stderr]    Compiling revm v3.2.0 (/opt/rustwide/workdir/crates/revm)
[INFO] [stderr]    Compiling reqwest v0.11.16
[INFO] [stderr]    Compiling ethers-providers v2.0.3
[INFO] [stderr]    Compiling ethers-contract v2.0.3
[INFO] [stdout] error[E0433]: failed to resolve: use of undeclared crate or module `ethers_core`
[INFO] [stdout]  --> crates/revm/../../examples/fork_ref_transact.rs:4:5
[INFO] [stdout]   |
[INFO] [stdout] 4 | use ethers_core::abi::parse_abi;
[INFO] [stdout]   |     ^^^^^^^^^^^ use of undeclared crate or module `ethers_core`
[INFO] [stdout] 
[INFO] [stdout] 
[INFO] [stdout] error[E0432]: unresolved import `revm::db::EthersDB`
[INFO] [stdout]  --> crates/revm/../../examples/fork_ref_transact.rs:7:28
[INFO] [stdout]   |
[INFO] [stdout] 7 |     db::{CacheDB, EmptyDB, EthersDB},
[INFO] [stdout]   |                            ^^^^^^^^ no `EthersDB` in `db`
[INFO] [stdout] 
[INFO] [stdout] 
[INFO] [stdout] error[E0432]: unresolved import `ethers_providers`
[INFO] [stdout]  --> crates/revm/../../examples/fork_ref_transact.rs:5:5
[INFO] [stdout]   |
[INFO] [stdout] 5 | use ethers_providers::{Http, Provider};
[INFO] [stdout]   |     ^^^^^^^^^^^^^^^^ use of undeclared crate or module `ethers_providers`
[INFO] [stdout] 
[INFO] [stdout] 
[INFO] [stdout] error[E0433]: failed to resolve: use of undeclared crate or module `tokio`
[INFO] [stdout]   --> crates/revm/../../examples/fork_ref_transact.rs:13:3
[INFO] [stdout]    |
[INFO] [stdout] 13 | #[tokio::main]
[INFO] [stdout]    |   ^^^^^ use of undeclared crate or module `tokio`
[INFO] [stdout] 
[INFO] [stdout] 
[INFO] [stdout] warning: unused import: `Database`
[INFO] [stdout]  --> crates/revm/../../examples/fork_ref_transact.rs:9:5
[INFO] [stdout]   |
[INFO] [stdout] 9 |     Database, EVM,
[INFO] [stdout]   |     ^^^^^^^^
[INFO] [stdout]   |
[INFO] [stdout]   = note: `#[warn(unused_imports)]` on by default
[INFO] [stdout] 
[INFO] [stdout] 
[INFO] [stdout] error[E0752]: `main` function is not allowed to be `async`
[INFO] [stdout]   --> crates/revm/../../examples/fork_ref_transact.rs:14:1
[INFO] [stdout]    |
[INFO] [stdout] 14 | async fn main() -> Result<()> {
[INFO] [stdout]    | ^^^^^^^^^^^^^^^^^^^^^^^^^^^^^ `main` function is not allowed to be `async`
[INFO] [stdout] 
[INFO] [stdout] 
[INFO] [stdout] error: aborting due to 5 previous errors; 1 warning emitted
[INFO] [stdout] 
[INFO] [stdout] 
[INFO] [stdout] Some errors have detailed explanations: E0432, E0433, E0752.
[INFO] [stdout] 
[INFO] [stdout] For more information about an error, try `rustc --explain E0432`.
[INFO] [stdout] 
[INFO] [stderr] error: could not compile `revm` due to 6 previous errors; 1 warning emitted
[INFO] [stderr] warning: build failed, waiting for other jobs to finish...
[INFO] running `Command { std: "docker" "inspect" "faa3a6316946e3790b2fed319c348d3e72d8993e37c54d50540713e143fc9984", kill_on_drop: false }`
[INFO] running `Command { std: "docker" "rm" "-f" "faa3a6316946e3790b2fed319c348d3e72d8993e37c54d50540713e143fc9984", kill_on_drop: false }`
[INFO] [stdout] faa3a6316946e3790b2fed319c348d3e72d8993e37c54d50540713e143fc9984
