[INFO] cloning repository https://github.com/blockiosaurus/auctioneer
[INFO] running `Command { std: "git" "-c" "credential.helper=" "-c" "credential.helper=/workspace/cargo-home/bin/git-credential-null" "clone" "--bare" "https://github.com/blockiosaurus/auctioneer" "/workspace/cache/git-repos/https%3A%2F%2Fgithub.com%2Fblockiosaurus%2Fauctioneer", kill_on_drop: false }`
[INFO] [stderr] Cloning into bare repository '/workspace/cache/git-repos/https%3A%2F%2Fgithub.com%2Fblockiosaurus%2Fauctioneer'...
[INFO] running `Command { std: "git" "rev-parse" "HEAD", kill_on_drop: false }`
[INFO] [stdout] 9df0884e3189e7522e89a4595526ffcfd62b7030
[INFO] testing blockiosaurus/auctioneer against beta-2023-04-20 for beta-1.70-1
[INFO] running `Command { std: "git" "clone" "/workspace/cache/git-repos/https%3A%2F%2Fgithub.com%2Fblockiosaurus%2Fauctioneer" "/workspace/builds/worker-0-tc2/source", kill_on_drop: false }`
[INFO] [stderr] Cloning into '/workspace/builds/worker-0-tc2/source'...
[INFO] [stderr] done.
[INFO] validating manifest of git repo https://github.com/blockiosaurus/auctioneer on toolchain beta-2023-04-20
[INFO] running `Command { std: CARGO_HOME="/workspace/cargo-home" RUSTUP_HOME="/workspace/rustup-home" "/workspace/cargo-home/bin/cargo" "+beta-2023-04-20" "metadata" "--manifest-path" "Cargo.toml" "--no-deps", kill_on_drop: false }`
[INFO] started tweaking git repo https://github.com/blockiosaurus/auctioneer
[INFO] finished tweaking git repo https://github.com/blockiosaurus/auctioneer
[INFO] tweaked toml for git repo https://github.com/blockiosaurus/auctioneer written to /workspace/builds/worker-0-tc2/source/Cargo.toml
[INFO] crate git repo https://github.com/blockiosaurus/auctioneer already has a lockfile, it will not be regenerated
[INFO] running `Command { std: CARGO_HOME="/workspace/cargo-home" RUSTUP_HOME="/workspace/rustup-home" "/workspace/cargo-home/bin/cargo" "+beta-2023-04-20" "fetch" "--manifest-path" "Cargo.toml", kill_on_drop: false }`
[INFO] running `Command { std: "docker" "create" "-v" "/var/lib/crater-agent-workspace/builds/worker-0-tc2/target:/opt/rustwide/target:rw,Z" "-v" "/var/lib/crater-agent-workspace/builds/worker-0-tc2/source:/opt/rustwide/workdir:ro,Z" "-v" "/var/lib/crater-agent-workspace/cargo-home:/opt/rustwide/cargo-home:ro,Z" "-v" "/var/lib/crater-agent-workspace/rustup-home:/opt/rustwide/rustup-home:ro,Z" "-e" "SOURCE_DIR=/opt/rustwide/workdir" "-e" "CARGO_TARGET_DIR=/opt/rustwide/target" "-e" "CARGO_HOME=/opt/rustwide/cargo-home" "-e" "RUSTUP_HOME=/opt/rustwide/rustup-home" "-w" "/opt/rustwide/workdir" "-m" "1610612736" "--user" "0:0" "--network" "none" "ghcr.io/rust-lang/crates-build-env/linux@sha256:5ff2268d62e97bff2cde7d5815dd6ed5b47097566f13b8d0ca110b04b60e07ed" "/opt/rustwide/cargo-home/bin/cargo" "+beta-2023-04-20" "metadata" "--no-deps" "--format-version=1", kill_on_drop: false }`
[INFO] [stdout] 3241426bab4fa250d9a530fd4fa768614efc0592f5e34fbcab40f2d7692d30b7
[INFO] running `Command { std: "docker" "start" "-a" "3241426bab4fa250d9a530fd4fa768614efc0592f5e34fbcab40f2d7692d30b7", kill_on_drop: false }`
[INFO] running `Command { std: "docker" "inspect" "3241426bab4fa250d9a530fd4fa768614efc0592f5e34fbcab40f2d7692d30b7", kill_on_drop: false }`
[INFO] running `Command { std: "docker" "rm" "-f" "3241426bab4fa250d9a530fd4fa768614efc0592f5e34fbcab40f2d7692d30b7", kill_on_drop: false }`
[INFO] [stdout] 3241426bab4fa250d9a530fd4fa768614efc0592f5e34fbcab40f2d7692d30b7
[INFO] running `Command { std: "docker" "create" "-v" "/var/lib/crater-agent-workspace/builds/worker-0-tc2/target:/opt/rustwide/target:rw,Z" "-v" "/var/lib/crater-agent-workspace/builds/worker-0-tc2/source:/opt/rustwide/workdir:ro,Z" "-v" "/var/lib/crater-agent-workspace/cargo-home:/opt/rustwide/cargo-home:ro,Z" "-v" "/var/lib/crater-agent-workspace/rustup-home:/opt/rustwide/rustup-home:ro,Z" "-e" "SOURCE_DIR=/opt/rustwide/workdir" "-e" "CARGO_TARGET_DIR=/opt/rustwide/target" "-e" "CARGO_INCREMENTAL=0" "-e" "RUST_BACKTRACE=full" "-e" "RUSTFLAGS=--cap-lints=warn" "-e" "RUSTDOCFLAGS=--cap-lints=warn" "-e" "CARGO_HOME=/opt/rustwide/cargo-home" "-e" "RUSTUP_HOME=/opt/rustwide/rustup-home" "-w" "/opt/rustwide/workdir" "-m" "1610612736" "--user" "0:0" "--network" "none" "ghcr.io/rust-lang/crates-build-env/linux@sha256:5ff2268d62e97bff2cde7d5815dd6ed5b47097566f13b8d0ca110b04b60e07ed" "/opt/rustwide/cargo-home/bin/cargo" "+beta-2023-04-20" "build" "--frozen" "--message-format=json", kill_on_drop: false }`
[INFO] [stdout] 4a6102109145b731ddeebebce9059ded082ec6194e377299b8d2788a8a8b7304
[INFO] running `Command { std: "docker" "start" "-a" "4a6102109145b731ddeebebce9059ded082ec6194e377299b8d2788a8a8b7304", kill_on_drop: false }`
[INFO] [stderr]    Compiling proc-macro2 v1.0.36
[INFO] [stderr]    Compiling unicode-xid v0.2.2
[INFO] [stderr]    Compiling syn v1.0.90
[INFO] [stderr]    Compiling serde_derive v1.0.136
[INFO] [stderr]    Compiling serde v1.0.136
[INFO] [stderr]    Compiling libc v0.2.121
[INFO] [stderr]    Compiling block-padding v0.2.1
[INFO] [stderr]    Compiling opaque-debug v0.3.0
[INFO] [stderr]    Compiling cpufeatures v0.2.2
[INFO] [stderr]    Compiling bs58 v0.3.1
[INFO] [stderr]    Compiling serde_json v1.0.79
[INFO] [stderr]    Compiling anyhow v1.0.56
[INFO] [stderr]    Compiling subtle v2.4.1
[INFO] [stderr]    Compiling generic-array v0.14.5
[INFO] [stderr]    Compiling proc-macro2-diagnostics v0.9.1
[INFO] [stderr]    Compiling ryu v1.0.9
[INFO] [stderr]    Compiling yansi v0.5.1
[INFO] [stderr]    Compiling itoa v1.0.1
[INFO] [stderr]    Compiling crunchy v0.2.2
[INFO] [stderr]    Compiling memchr v2.4.1
[INFO] [stderr]    Compiling getrandom v0.1.16
[INFO] [stderr]    Compiling log v0.4.16
[INFO] [stderr]    Compiling regex-syntax v0.6.25
[INFO] [stderr]    Compiling ahash v0.7.6
[INFO] [stderr]    Compiling rustversion v1.0.6
[INFO] [stderr]    Compiling feature-probe v0.1.1
[INFO] [stderr]    Compiling solana-frozen-abi-macro v1.8.16
[INFO] [stderr]    Compiling once_cell v1.10.0
[INFO] [stderr]    Compiling humantime v2.1.0
[INFO] [stderr]    Compiling ppv-lite86 v0.2.16
[INFO] [stderr]    Compiling num-traits v0.2.14
[INFO] [stderr]    Compiling solana-frozen-abi v1.8.16
[INFO] [stderr]    Compiling generic-array v0.12.4
[INFO] [stderr]    Compiling bv v0.11.1
[INFO] [stderr]    Compiling solana-program v1.8.16
[INFO] [stderr]    Compiling base64 v0.12.3
[INFO] [stderr]    Compiling keccak v0.1.0
[INFO] [stderr]    Compiling byteorder v1.4.3
[INFO] [stderr]    Compiling zeroize v1.5.4
[INFO] [stderr]    Compiling digest v0.8.1
[INFO] [stderr]    Compiling itertools v0.9.0
[INFO] [stderr]    Compiling hex v0.4.3
[INFO] [stderr]    Compiling atty v0.2.14
[INFO] [stderr]    Compiling quote v1.0.17
[INFO] [stderr]    Compiling getrandom v0.2.6
[INFO] [stderr]    Compiling memmap2 v0.1.0
[INFO] [stderr]    Compiling aho-corasick v0.7.18
[INFO] [stderr]    Compiling bs58 v0.4.0
[INFO] [stderr]    Compiling rand_core v0.5.1
[INFO] [stderr]    Compiling rand_chacha v0.2.2
[INFO] [stderr]    Compiling curve25519-dalek v2.1.3
[INFO] [stderr]    Compiling hashbrown v0.11.2
[INFO] [stderr]    Compiling rand v0.7.3
[INFO] [stderr]    Compiling regex v1.5.5
[INFO] [stderr]    Compiling env_logger v0.8.4
[INFO] [stderr]    Compiling solana-logger v1.8.16
[INFO] [stderr]    Compiling borsh-schema-derive-internal v0.9.3
[INFO] [stderr]    Compiling borsh-derive-internal v0.9.3
[INFO] [stderr]    Compiling thiserror-impl v1.0.30
[INFO] [stderr]    Compiling bytemuck_derive v1.1.0
[INFO] [stderr]    Compiling solana-sdk-macro v1.8.16
[INFO] [stderr]    Compiling num-derive v0.3.3
[INFO] [stderr]    Compiling bytemuck v1.9.0
[INFO] [stderr]    Compiling thiserror v1.0.30
[INFO] [stderr]    Compiling toml v0.5.8
[INFO] [stderr]    Compiling serde_bytes v0.11.5
[INFO] [stderr]    Compiling bincode v1.3.3
[INFO] [stderr]    Compiling digest v0.9.0
[INFO] [stderr]    Compiling block-buffer v0.9.0
[INFO] [stderr]    Compiling crypto-mac v0.8.0
[INFO] [stderr]    Compiling libsecp256k1-core v0.2.2
[INFO] [stderr]    Compiling sha2 v0.9.9
[INFO] [stderr]    Compiling hmac v0.8.1
[INFO] [stderr]    Compiling sha3 v0.9.1
[INFO] [stderr]    Compiling blake3 v0.3.8
[INFO] [stderr]    Compiling hmac-drbg v0.3.0
[INFO] [stderr]    Compiling proc-macro-crate v0.1.5
[INFO] [stderr]    Compiling anchor-syn v0.23.0
[INFO] [stderr]    Compiling borsh-derive v0.9.3
[INFO] [stderr]    Compiling libsecp256k1-gen-genmult v0.2.1
[INFO] [stderr]    Compiling libsecp256k1-gen-ecmult v0.2.1
[INFO] [stderr]    Compiling libsecp256k1 v0.5.0
[INFO] [stderr]    Compiling borsh v0.9.3
[INFO] [stderr]    Compiling anchor-attribute-error v0.23.0
[INFO] [stderr]    Compiling anchor-attribute-state v0.23.0
[INFO] [stderr]    Compiling anchor-derive-accounts v0.23.0
[INFO] [stderr]    Compiling anchor-attribute-program v0.23.0
[INFO] [stderr]    Compiling anchor-attribute-interface v0.23.0
[INFO] [stderr]    Compiling anchor-attribute-event v0.23.0
[INFO] [stderr]    Compiling anchor-attribute-account v0.23.0
[INFO] [stderr]    Compiling anchor-attribute-constant v0.23.0
[INFO] [stderr]    Compiling anchor-attribute-access-control v0.23.0
[INFO] [stderr]    Compiling anchor-lang v0.23.0
[INFO] [stderr]    Compiling auctioneer-syn v0.1.0 (/opt/rustwide/workdir/programs/auctioneer/syn)
[INFO] [stderr]    Compiling auctioneer_modules v0.1.0 (/opt/rustwide/workdir/programs/auctioneer/auctioneer_modules)
[INFO] [stdout] warning: variable does not need to be mutable
[INFO] [stdout]   --> programs/auctioneer/auctioneer_modules/src/lib.rs:92:9
[INFO] [stdout]    |
[INFO] [stdout] 92 |     let mut min_price = quote!{};
[INFO] [stdout]    |         ----^^^^^^^^^
[INFO] [stdout]    |         |
[INFO] [stdout]    |         help: remove this `mut`
[INFO] [stdout]    |
[INFO] [stdout]    = note: `#[warn(unused_mut)]` on by default
[INFO] [stdout] 
[INFO] [stdout] 
[INFO] [stdout] warning: 1 warning emitted
[INFO] [stdout] 
[INFO] [stdout] 
[INFO] [stderr]    Compiling auctioneer v0.1.0 (/opt/rustwide/workdir/programs/auctioneer)
[INFO] [stdout] error[E0277]: the trait bound `TimedAuctionConfig: AccountSerialize` is not satisfied
[INFO] [stdout]    --> programs/auctioneer/src/lib.rs:18:1
[INFO] [stdout]     |
[INFO] [stdout] 18  | #[auctioneer_modules(timed_auction)]
[INFO] [stdout]     | ^^^^^^^^^^^^^^^^^^^^^^^^^^^^^^^^^^^^ the trait `AccountSerialize` is not implemented for `TimedAuctionConfig`
[INFO] [stdout]     |
[INFO] [stdout]     = help: the following other types implement trait `AccountSerialize`:
[INFO] [stdout]               IdlAccount
[INFO] [stdout]               UpgradeableLoaderState
[INFO] [stdout]               anchor_lang::ProgramData
[INFO] [stdout] note: required by a bound in `anchor_lang::prelude::Account`
[INFO] [stdout]    --> /opt/rustwide/cargo-home/registry/src/index.crates.io-6f17d22bba15001f/anchor-lang-0.23.0/src/accounts/account.rs:226:30
[INFO] [stdout]     |
[INFO] [stdout] 226 | pub struct Account<'info, T: AccountSerialize + AccountDeserialize + Owner + Clone> {
[INFO] [stdout]     |                              ^^^^^^^^^^^^^^^^ required by this bound in `Account`
[INFO] [stdout]     = note: this error originates in the attribute macro `auctioneer_modules` (in Nightly builds, run with -Z macro-backtrace for more info)
[INFO] [stdout] 
[INFO] [stdout] 
[INFO] [stdout] error[E0277]: the trait bound `TimedAuctionConfig: AccountDeserialize` is not satisfied
[INFO] [stdout]    --> programs/auctioneer/src/lib.rs:18:1
[INFO] [stdout]     |
[INFO] [stdout] 18  | #[auctioneer_modules(timed_auction)]
[INFO] [stdout]     | ^^^^^^^^^^^^^^^^^^^^^^^^^^^^^^^^^^^^ the trait `AccountDeserialize` is not implemented for `TimedAuctionConfig`
[INFO] [stdout]     |
[INFO] [stdout]     = help: the following other types implement trait `AccountDeserialize`:
[INFO] [stdout]               IdlAccount
[INFO] [stdout]               UpgradeableLoaderState
[INFO] [stdout]               anchor_lang::ProgramData
[INFO] [stdout] note: required by a bound in `anchor_lang::prelude::Account`
[INFO] [stdout]    --> /opt/rustwide/cargo-home/registry/src/index.crates.io-6f17d22bba15001f/anchor-lang-0.23.0/src/accounts/account.rs:226:49
[INFO] [stdout]     |
[INFO] [stdout] 226 | pub struct Account<'info, T: AccountSerialize + AccountDeserialize + Owner + Clone> {
[INFO] [stdout]     |                                                 ^^^^^^^^^^^^^^^^^^ required by this bound in `Account`
[INFO] [stdout]     = note: this error originates in the attribute macro `auctioneer_modules` (in Nightly builds, run with -Z macro-backtrace for more info)
[INFO] [stdout] 
[INFO] [stdout] 
[INFO] [stdout] error[E0277]: the trait bound `TimedAuctionConfig: anchor_lang::Owner` is not satisfied
[INFO] [stdout]    --> programs/auctioneer/src/lib.rs:18:1
[INFO] [stdout]     |
[INFO] [stdout] 18  | #[auctioneer_modules(timed_auction)]
[INFO] [stdout]     | ^^^^^^^^^^^^^^^^^^^^^^^^^^^^^^^^^^^^ the trait `anchor_lang::Owner` is not implemented for `TimedAuctionConfig`
[INFO] [stdout]     |
[INFO] [stdout]     = help: the following other types implement trait `anchor_lang::Owner`:
[INFO] [stdout]               UpgradeableLoaderState
[INFO] [stdout]               anchor_lang::ProgramData
[INFO] [stdout] note: required by a bound in `anchor_lang::prelude::Account`
[INFO] [stdout]    --> /opt/rustwide/cargo-home/registry/src/index.crates.io-6f17d22bba15001f/anchor-lang-0.23.0/src/accounts/account.rs:226:70
[INFO] [stdout]     |
[INFO] [stdout] 226 | pub struct Account<'info, T: AccountSerialize + AccountDeserialize + Owner + Clone> {
[INFO] [stdout]     |                                                                      ^^^^^ required by this bound in `Account`
[INFO] [stdout]     = note: this error originates in the attribute macro `auctioneer_modules` (in Nightly builds, run with -Z macro-backtrace for more info)
[INFO] [stdout] 
[INFO] [stdout] 
[INFO] [stdout] error[E0277]: the trait bound `TimedAuctionConfig: Clone` is not satisfied
[INFO] [stdout]    --> programs/auctioneer/src/lib.rs:18:1
[INFO] [stdout]     |
[INFO] [stdout] 18  | #[auctioneer_modules(timed_auction)]
[INFO] [stdout]     | ^^^^^^^^^^^^^^^^^^^^^^^^^^^^^^^^^^^^ the trait `Clone` is not implemented for `TimedAuctionConfig`
[INFO] [stdout]     |
[INFO] [stdout] note: required by a bound in `anchor_lang::prelude::Account`
[INFO] [stdout]    --> /opt/rustwide/cargo-home/registry/src/index.crates.io-6f17d22bba15001f/anchor-lang-0.23.0/src/accounts/account.rs:226:78
[INFO] [stdout]     |
[INFO] [stdout] 226 | pub struct Account<'info, T: AccountSerialize + AccountDeserialize + Owner + Clone> {
[INFO] [stdout]     |                                                                              ^^^^^ required by this bound in `Account`
[INFO] [stdout]     = note: this error originates in the attribute macro `auctioneer_modules` (in Nightly builds, run with -Z macro-backtrace for more info)
[INFO] [stdout] help: consider annotating `TimedAuctionConfig` with `#[derive(Clone)]`
[INFO] [stdout]     |
[INFO] [stdout] 18  + #[derive(Clone)]
[INFO] [stdout] 19  | #[auctioneer_modules(timed_auction)]
[INFO] [stdout]     |
[INFO] [stdout] 
[INFO] [stdout] 
[INFO] [stdout] error[E0425]: cannot find function `timed_auction_assert_active` in this scope
[INFO] [stdout]   --> programs/auctioneer/src/lib.rs:26:9
[INFO] [stdout]    |
[INFO] [stdout] 18 | #[auctioneer_modules(timed_auction)]
[INFO] [stdout]    | ------------------------------------ similarly named function `timed_auction_initialize` defined here
[INFO] [stdout] ...
[INFO] [stdout] 26 |         timed_auction_assert_active()
[INFO] [stdout]    |         ^^^^^^^^^^^^^^^^^^^^^^^^^^^ help: a function with a similar name exists: `timed_auction_initialize`
[INFO] [stdout] 
[INFO] [stdout] 
[INFO] [stdout] error: aborting due to 5 previous errors
[INFO] [stdout] 
[INFO] [stdout] 
[INFO] [stdout] Some errors have detailed explanations: E0277, E0425.
[INFO] [stdout] 
[INFO] [stdout] For more information about an error, try `rustc --explain E0277`.
[INFO] [stdout] 
[INFO] [stderr] error: could not compile `auctioneer` (lib) due to 6 previous errors
[INFO] running `Command { std: "docker" "inspect" "4a6102109145b731ddeebebce9059ded082ec6194e377299b8d2788a8a8b7304", kill_on_drop: false }`
[INFO] running `Command { std: "docker" "rm" "-f" "4a6102109145b731ddeebebce9059ded082ec6194e377299b8d2788a8a8b7304", kill_on_drop: false }`
[INFO] [stdout] 4a6102109145b731ddeebebce9059ded082ec6194e377299b8d2788a8a8b7304
