[INFO] cloning repository https://github.com/blakemr/test-twin-stick
[INFO] running `Command { std: "git" "-c" "credential.helper=" "-c" "credential.helper=/workspace/cargo-home/bin/git-credential-null" "clone" "--bare" "https://github.com/blakemr/test-twin-stick" "/workspace/cache/git-repos/https%3A%2F%2Fgithub.com%2Fblakemr%2Ftest-twin-stick", kill_on_drop: false }`
[INFO] [stderr] Cloning into bare repository '/workspace/cache/git-repos/https%3A%2F%2Fgithub.com%2Fblakemr%2Ftest-twin-stick'...
[INFO] running `Command { std: "git" "rev-parse" "HEAD", kill_on_drop: false }`
[INFO] [stdout] 82d60cc305cf194e1c0e6f3d8169ab85d2554e47
[INFO] testing blakemr/test-twin-stick against 1.69.0 for beta-1.70-1
[INFO] running `Command { std: "git" "clone" "/workspace/cache/git-repos/https%3A%2F%2Fgithub.com%2Fblakemr%2Ftest-twin-stick" "/workspace/builds/worker-4-tc1/source", kill_on_drop: false }`
[INFO] [stderr] Cloning into '/workspace/builds/worker-4-tc1/source'...
[INFO] [stderr] done.
[INFO] validating manifest of git repo https://github.com/blakemr/test-twin-stick on toolchain 1.69.0
[INFO] running `Command { std: CARGO_HOME="/workspace/cargo-home" RUSTUP_HOME="/workspace/rustup-home" "/workspace/cargo-home/bin/cargo" "+1.69.0" "metadata" "--manifest-path" "Cargo.toml" "--no-deps", kill_on_drop: false }`
[INFO] started tweaking git repo https://github.com/blakemr/test-twin-stick
[INFO] finished tweaking git repo https://github.com/blakemr/test-twin-stick
[INFO] tweaked toml for git repo https://github.com/blakemr/test-twin-stick written to /workspace/builds/worker-4-tc1/source/Cargo.toml
[INFO] crate git repo https://github.com/blakemr/test-twin-stick already has a lockfile, it will not be regenerated
[INFO] running `Command { std: CARGO_HOME="/workspace/cargo-home" RUSTUP_HOME="/workspace/rustup-home" "/workspace/cargo-home/bin/cargo" "+1.69.0" "fetch" "--manifest-path" "Cargo.toml", kill_on_drop: false }`
[INFO] [stderr]  Downloading crates ...
[INFO] [stderr]   Downloaded wayland-commons v0.21.12
[INFO] [stderr]   Downloaded wayland-scanner v0.21.12
[INFO] [stderr]   Downloaded cc v1.0.36
[INFO] [stderr]   Downloaded proc-macro2 v0.4.29
[INFO] [stderr]   Downloaded smithay-client-toolkit v0.4.5
[INFO] [stderr]   Downloaded nix v0.13.0
[INFO] [stderr]   Downloaded slice-deque v0.1.16
[INFO] [stderr]   Downloaded bincode v1.1.3
[INFO] [stderr]   Downloaded core-text v13.2.0
[INFO] [stderr]   Downloaded euclid v0.19.8
[INFO] [stderr]   Downloaded libm v0.1.2
[INFO] [stderr]   Downloaded claxon v0.3.2
[INFO] [stderr]   Downloaded minimp3 v0.3.2
[INFO] [stderr]   Downloaded twox-hash v1.2.0
[INFO] [stderr]   Downloaded wayland-sys v0.21.12
[INFO] [stderr]   Downloaded nalgebra v0.16.13
[INFO] [stderr]   Downloaded wayland-client v0.21.12
[INFO] [stderr]   Downloaded lyon_geom v0.12.4
[INFO] [stderr]   Downloaded gleam v0.6.16
[INFO] [stderr]   Downloaded wayland-protocols v0.21.12
[INFO] [stderr]   Downloaded glyph_brush_layout v0.1.5
[INFO] [stderr]   Downloaded rusttype v0.7.6
[INFO] [stderr]   Downloaded clipboard-win v2.1.2
[INFO] [stderr]   Downloaded x11-clipboard v0.3.1
[INFO] [stderr]   Downloaded cmake v0.1.38
[INFO] [stderr]   Downloaded hashbrown v0.3.0
[INFO] running `Command { std: "docker" "create" "-v" "/var/lib/crater-agent-workspace/builds/worker-4-tc1/target:/opt/rustwide/target:rw,Z" "-v" "/var/lib/crater-agent-workspace/builds/worker-4-tc1/source:/opt/rustwide/workdir:ro,Z" "-v" "/var/lib/crater-agent-workspace/cargo-home:/opt/rustwide/cargo-home:ro,Z" "-v" "/var/lib/crater-agent-workspace/rustup-home:/opt/rustwide/rustup-home:ro,Z" "-e" "SOURCE_DIR=/opt/rustwide/workdir" "-e" "CARGO_TARGET_DIR=/opt/rustwide/target" "-e" "CARGO_HOME=/opt/rustwide/cargo-home" "-e" "RUSTUP_HOME=/opt/rustwide/rustup-home" "-w" "/opt/rustwide/workdir" "-m" "1610612736" "--user" "0:0" "--network" "none" "ghcr.io/rust-lang/crates-build-env/linux@sha256:5ff2268d62e97bff2cde7d5815dd6ed5b47097566f13b8d0ca110b04b60e07ed" "/opt/rustwide/cargo-home/bin/cargo" "+1.69.0" "metadata" "--no-deps" "--format-version=1", kill_on_drop: false }`
[INFO] [stdout] b1ebbde89f25cfbf3d58c708ffd74cbc44b386464e4b712507c00c46443c65be
[INFO] running `Command { std: "docker" "start" "-a" "b1ebbde89f25cfbf3d58c708ffd74cbc44b386464e4b712507c00c46443c65be", kill_on_drop: false }`
[INFO] running `Command { std: "docker" "inspect" "b1ebbde89f25cfbf3d58c708ffd74cbc44b386464e4b712507c00c46443c65be", kill_on_drop: false }`
[INFO] running `Command { std: "docker" "rm" "-f" "b1ebbde89f25cfbf3d58c708ffd74cbc44b386464e4b712507c00c46443c65be", kill_on_drop: false }`
[INFO] [stdout] b1ebbde89f25cfbf3d58c708ffd74cbc44b386464e4b712507c00c46443c65be
[INFO] running `Command { std: "docker" "create" "-v" "/var/lib/crater-agent-workspace/builds/worker-4-tc1/target:/opt/rustwide/target:rw,Z" "-v" "/var/lib/crater-agent-workspace/builds/worker-4-tc1/source:/opt/rustwide/workdir:ro,Z" "-v" "/var/lib/crater-agent-workspace/cargo-home:/opt/rustwide/cargo-home:ro,Z" "-v" "/var/lib/crater-agent-workspace/rustup-home:/opt/rustwide/rustup-home:ro,Z" "-e" "SOURCE_DIR=/opt/rustwide/workdir" "-e" "CARGO_TARGET_DIR=/opt/rustwide/target" "-e" "CARGO_INCREMENTAL=0" "-e" "RUST_BACKTRACE=full" "-e" "RUSTFLAGS=--cap-lints=warn" "-e" "RUSTDOCFLAGS=--cap-lints=warn" "-e" "CARGO_HOME=/opt/rustwide/cargo-home" "-e" "RUSTUP_HOME=/opt/rustwide/rustup-home" "-w" "/opt/rustwide/workdir" "-m" "1610612736" "--user" "0:0" "--network" "none" "ghcr.io/rust-lang/crates-build-env/linux@sha256:5ff2268d62e97bff2cde7d5815dd6ed5b47097566f13b8d0ca110b04b60e07ed" "/opt/rustwide/cargo-home/bin/cargo" "+1.69.0" "build" "--frozen" "--message-format=json", kill_on_drop: false }`
[INFO] [stdout] 48fbad898b4ef58ff72ab84e9c743351397ab52ededdfe219d6d765b79b7fc54
[INFO] running `Command { std: "docker" "start" "-a" "48fbad898b4ef58ff72ab84e9c743351397ab52ededdfe219d6d765b79b7fc54", kill_on_drop: false }`
[INFO] [stderr]    Compiling proc-macro2 v0.4.29
[INFO] [stderr]    Compiling libc v0.2.53
[INFO] [stderr]    Compiling syn v0.15.33
[INFO] [stderr]    Compiling cfg-if v0.1.7
[INFO] [stderr]    Compiling serde v1.0.90
[INFO] [stderr]    Compiling num-traits v0.2.6
[INFO] [stderr]    Compiling lazy_static v1.3.0
[INFO] [stderr]    Compiling cc v1.0.36
[INFO] [stderr]    Compiling autocfg v0.1.2
[INFO] [stderr]    Compiling arrayvec v0.4.10
[INFO] [stderr]    Compiling byteorder v1.3.1
[INFO] [stderr]    Compiling bitflags v1.0.4
[INFO] [stderr]    Compiling memoffset v0.2.1
[INFO] [stderr]    Compiling rand_core v0.3.1
[INFO] [stderr]    Compiling semver v0.9.0
[INFO] [stderr]    Compiling pkg-config v0.3.14
[INFO] [stderr]    Compiling quote v0.6.12
[INFO] [stderr]    Compiling rustc_version v0.2.3
[INFO] [stderr]    Compiling num_cpus v1.10.0
[INFO] [stderr]    Compiling crossbeam-utils v0.6.5
[INFO] [stderr]    Compiling rand v0.4.6
[INFO] [stderr]    Compiling backtrace-sys v0.1.28
[INFO] [stderr]    Compiling approx v0.3.2
[INFO] [stderr]    Compiling backtrace v0.3.15
[INFO] [stderr]    Compiling crossbeam-utils v0.2.2
[INFO] [stderr]    Compiling xml-rs v0.8.0
[INFO] [stderr]    Compiling rayon-core v1.4.1
[INFO] [stderr]    Compiling rustc-demangle v0.1.14
[INFO] [stderr]    Compiling crossbeam-epoch v0.3.1
[INFO] [stderr]    Compiling either v1.5.2
[INFO] [stderr]    Compiling rand v0.5.6
[INFO] [stderr]    Compiling rand_chacha v0.1.1
[INFO] [stderr]    Compiling crossbeam-deque v0.2.0
[INFO] [stderr]    Compiling rand_pcg v0.1.2
[INFO] [stderr]    Compiling rayon v1.0.3
[INFO] [stderr]    Compiling num-integer v0.1.39
[INFO] [stderr]    Compiling parking_lot_core v0.3.1
[INFO] [stderr]    Compiling rand v0.6.5
[INFO] [stderr]    Compiling mint v0.5.1
[INFO] [stderr]    Compiling libloading v0.5.0
[INFO] [stderr]    Compiling rand_os v0.1.3
[INFO] [stderr]    Compiling rand_xorshift v0.1.1
[INFO] [stderr]    Compiling rand_isaac v0.1.1
[INFO] [stderr]    Compiling rand_hc v0.1.0
[INFO] [stderr]    Compiling rand_jitter v0.1.3
[INFO] [stderr]    Compiling num-complex v0.2.1
[INFO] [stderr]    Compiling crossbeam-utils v0.5.0
[INFO] [stderr]    Compiling wayland-scanner v0.21.12
[INFO] [stderr]    Compiling crossbeam-epoch v0.7.1
[INFO] [stderr]    Compiling crossbeam-epoch v0.5.2
[INFO] [stderr]    Compiling crossbeam-deque v0.7.1
[INFO] [stderr]    Compiling crossbeam-epoch v0.6.1
[INFO] [stderr]    Compiling stb_truetype v0.2.6
[INFO] [stderr]    Compiling rustc-hash v1.0.1
[INFO] [stderr]    Compiling owning_ref v0.3.3
[INFO] [stderr]    Compiling ordered-float v1.0.2
[INFO] [stderr]    Compiling nix v0.13.0
[INFO] [stderr]    Compiling linked-hash-map v0.5.2
[INFO] [stderr]    Compiling nonzero_signed v1.0.3
[INFO] [stderr]    Compiling typenum v1.10.0
[INFO] [stderr]    Compiling dlib v0.4.1
[INFO] [stderr]    Compiling crossbeam-deque v0.5.2
[INFO] [stderr]    Compiling rusttype v0.7.6
[INFO] [stderr]    Compiling error-chain v0.12.0
[INFO] [stderr]    Compiling fxhash v0.2.1
[INFO] [stderr]    Compiling num-traits v0.1.43
[INFO] [stderr]    Compiling mopa v0.2.2
[INFO] [stderr]    Compiling approx v0.1.1
[INFO] [stderr]    Compiling khronos_api v2.2.0
[INFO] [stderr]    Compiling matrixmultiply v0.1.15
[INFO] [stderr]    Compiling void v1.0.2
[INFO] [stderr]    Compiling atom v0.3.5
[INFO] [stderr]    Compiling wayland-client v0.21.12
[INFO] [stderr]    Compiling hibitset v0.5.4
[INFO] [stderr]    Compiling wayland-sys v0.21.12
[INFO] [stderr]    Compiling same-file v1.0.4
[INFO] [stderr]    Compiling khronos_api v3.1.0
[INFO] [stderr]    Compiling rawpointer v0.1.0
[INFO] [stderr]    Compiling libm v0.1.2
[INFO] [stderr]    Compiling futures v0.1.26
[INFO] [stderr]    Compiling tuple_utils v0.2.0
[INFO] [stderr]    Compiling generic-array v0.11.1
[INFO] [stderr]    Compiling walkdir v2.2.7
[INFO] [stderr]    Compiling wayland-protocols v0.21.12
[INFO] [stderr]    Compiling parking_lot_core v0.4.0
[INFO] [stderr]    Compiling xml-rs v0.7.0
[INFO] [stderr]    Compiling cmake v0.1.38
[INFO] [stderr]    Compiling downcast-rs v1.0.4
[INFO] [stderr]    Compiling num-bigint v0.2.2
[INFO] [stderr]    Compiling serde_derive v1.0.90
[INFO] [stderr]    Compiling derivative v1.0.2
[INFO] [stderr]    Compiling shred-derive v0.5.1
[INFO] [stderr]    Compiling cgmath v0.16.1
[INFO] [stderr]    Compiling num-iter v0.1.37
[INFO] [stderr]    Compiling wayland-commons v0.21.12
[INFO] [stderr]    Compiling base64 v0.10.1
[INFO] [stderr]    Compiling x11-dl v2.18.3
[INFO] [stderr]    Compiling line_drawing v0.7.0
[INFO] [stderr]    Compiling xdg v2.2.0
[INFO] [stderr]    Compiling num-rational v0.2.1
[INFO] [stderr]    Compiling andrew v0.2.1
[INFO] [stderr]    Compiling memmap v0.7.0
[INFO] [stderr]    Compiling proc-macro2 v0.3.8
[INFO] [stderr]    Compiling num-derive v0.2.5
[INFO] [stderr]    Compiling adler32 v1.0.3
[INFO] [stderr]    Compiling quote v0.5.2
[INFO] [stderr]    Compiling shared_library v0.1.9
[INFO] [stderr]    Compiling unicode-xid v0.0.4
[INFO] [stderr]    Compiling percent-encoding v1.0.1
[INFO] [stderr]    Compiling failure_derive v0.1.5
[INFO] [stderr]    Compiling lzw v0.10.0
[INFO] [stderr]    Compiling osmesa-sys v0.1.2
[INFO] [stderr]    Compiling synom v0.11.3
[INFO] [stderr]    Compiling syn v0.13.11
[INFO] [stderr]    Compiling inflate v0.4.5
[INFO] [stderr]    Compiling deflate v0.7.19
[INFO] [stderr]    Compiling servo-freetype-sys v4.0.5
[INFO] [stderr]    Compiling synstructure v0.10.1
[INFO] [stderr]    Compiling quote v0.3.15
[INFO] [stderr]    Compiling color_quant v1.0.1
[INFO] [stderr]    Compiling gif v0.10.1
[INFO] [stderr]    Compiling syn v0.11.11
[INFO] [stderr]    Compiling png v0.12.0
[INFO] [stderr]    Compiling expat-sys v2.1.6
[INFO] [stderr]    Compiling tiff v0.2.2
[INFO] [stderr]    Compiling jpeg-decoder v0.1.15
[INFO] [stderr]    Compiling scoped_threadpool v0.1.9
[INFO] [stderr]    Compiling image v0.20.1
[INFO] [stderr]    Compiling failure v0.1.5
[INFO] [stderr]    Compiling gfx_macros v0.2.1
[INFO] [stderr]    Compiling genmesh v0.6.2
[INFO] [stderr]    Compiling amethyst_derive v0.3.0
[INFO] [stderr]    Compiling alsa-sys v0.1.2
[INFO] [stderr]    Compiling minimp3-sys v0.3.1
[INFO] [stderr]    Compiling wavefront_obj v5.1.0
[INFO] [stderr]    Compiling hetseq v0.2.0
[INFO] [stderr]    Compiling glsl-layout-derive v0.1.1
[INFO] [stderr]    Compiling log v0.4.6
[INFO] [stderr]    Compiling smallvec v0.6.9
[INFO] [stderr]    Compiling draw_state v0.8.0
[INFO] [stderr]    Compiling parking_lot_core v0.2.14
[INFO] [stderr]    Compiling shred v0.7.2
[INFO] [stderr]    Compiling parking_lot v0.6.4
[INFO] [stderr]    Compiling parking_lot v0.5.5
[INFO] [stderr]    Compiling alga v0.7.2
[INFO] [stderr]    Compiling gfx_core v0.8.3
[INFO] [stderr]    Compiling gl_generator v0.9.0
[INFO] [stderr]    Compiling crossbeam-channel v0.2.6
[INFO] [stderr]    Compiling shrev v1.0.1
[INFO] [stderr]    Compiling nalgebra v0.16.13
[INFO] [stderr]    Compiling crossbeam v0.4.1
[INFO] [stderr]    Compiling gfx_gl v0.5.0
[INFO] [stderr]    Compiling specs v0.14.3
[INFO] [stderr]    Compiling gl_generator v0.10.0
[INFO] [stderr]    Compiling ron v0.4.2
[INFO] [stderr]    Compiling specs-hierarchy v0.3.1
[INFO] [stderr]    Compiling glutin v0.19.0
[INFO] [stderr]    Compiling parking_lot v0.7.1
[INFO] [stderr]    Compiling gfx v0.17.1
[INFO] [stderr]    Compiling glsl-layout v0.1.1
[INFO] [stderr]    Compiling euclid_macros v0.1.0
[INFO] [stderr]    Compiling servo-fontconfig-sys v4.0.7
[INFO] [stderr]    Compiling xcb v0.8.2
[INFO] [stderr]    Compiling build_const v0.2.1
[INFO] [stderr]    Compiling winapi v0.3.7
[INFO] [stderr]    Compiling ansi_term v0.11.0
[INFO] [stderr]    Compiling phf_shared v0.7.24
[INFO] [stderr]    Compiling crc v1.8.1
[INFO] [stderr]    Compiling euclid v0.19.8
[INFO] [stderr]    Compiling gfx_device_gl v0.15.5
[INFO] [stderr]    Compiling amethyst_config v0.9.0
[INFO] [stderr] error: failed to run custom build command for `xcb v0.8.2`
[INFO] [stderr] note: To improve backtraces for build dependencies, set the CARGO_PROFILE_DEV_BUILD_OVERRIDE_DEBUG=true environment variable to enable debug information generation.
[INFO] [stderr] 
[INFO] [stderr] Caused by:
[INFO] [stderr]   process didn't exit successfully: `/opt/rustwide/target/debug/build/xcb-9d1d70d7edaa62ca/build-script-build` (exit status: 101)
[INFO] [stderr]   --- stderr
[INFO] [stderr]   error occured in handler:  ('request: ', ('xcb', 'Xv', 'ShmPutImage'))
[INFO] [stderr]   Traceback (most recent call last):
[INFO] [stderr]     File "/opt/rustwide/cargo-home/registry/src/github.com-1ecc6299db9ec823/xcb-0.8.2/rs_client.py", line 2448, in <module>
[INFO] [stderr]       module.generate()
[INFO] [stderr]     File "/opt/rustwide/cargo-home/registry/src/github.com-1ecc6299db9ec823/xcb-0.8.2/xcbgen/state.py", line 108, in generate
[INFO] [stderr]       self.close()
[INFO] [stderr]     File "/opt/rustwide/cargo-home/registry/src/github.com-1ecc6299db9ec823/xcb-0.8.2/rs_client.py", line 296, in rs_close
[INFO] [stderr]       _f.writeout(os.path.join(module.rs_srcdir, "ffi", "%s.rs" % _module_name(_ns.ext_name)))
[INFO] [stderr]     File "/opt/rustwide/cargo-home/registry/src/github.com-1ecc6299db9ec823/xcb-0.8.2/rs_client.py", line 114, in writeout
[INFO] [stderr]       with open(path, 'w') as f:
[INFO] [stderr]   OSError: [Errno 30] Read-only file system: '/opt/rustwide/cargo-home/registry/src/github.com-1ecc6299db9ec823/xcb-0.8.2/src/ffi/xv.rs'
[INFO] [stderr]   thread 'main' panicked at 'processing of /opt/rustwide/cargo-home/registry/src/github.com-1ecc6299db9ec823/xcb-0.8.2/xml/xv.xml returned non-zero (1)', /opt/rustwide/cargo-home/registry/src/github.com-1ecc6299db9ec823/xcb-0.8.2/build.rs:75:17
[INFO] [stderr]   stack backtrace:
[INFO] [stderr]      0:     0x55b96e3f46ca - std::backtrace_rs::backtrace::libunwind::trace::ha9053a9a07ca49cb
[INFO] [stderr]                                  at /rustc/84c898d65adf2f39a5a98507f1fe0ce10a2b8dbc/library/std/src/../../backtrace/src/backtrace/libunwind.rs:93:5
[INFO] [stderr]      1:     0x55b96e3f46ca - std::backtrace_rs::backtrace::trace_unsynchronized::h9c2852a457ad564e
[INFO] [stderr]                                  at /rustc/84c898d65adf2f39a5a98507f1fe0ce10a2b8dbc/library/std/src/../../backtrace/src/backtrace/mod.rs:66:5
[INFO] [stderr]      2:     0x55b96e3f46ca - std::sys_common::backtrace::_print_fmt::h457936fbfaa0070f
[INFO] [stderr]                                  at /rustc/84c898d65adf2f39a5a98507f1fe0ce10a2b8dbc/library/std/src/sys_common/backtrace.rs:65:5
[INFO] [stderr]      3:     0x55b96e3f46ca - <std::sys_common::backtrace::_print::DisplayBacktrace as core::fmt::Display>::fmt::h5779d7bf7f70cb0c
[INFO] [stderr]                                  at /rustc/84c898d65adf2f39a5a98507f1fe0ce10a2b8dbc/library/std/src/sys_common/backtrace.rs:44:22
[INFO] [stderr]      4:     0x55b96e411a2e - core::fmt::write::h5a4baaff1bcd3eb5
[INFO] [stderr]                                  at /rustc/84c898d65adf2f39a5a98507f1fe0ce10a2b8dbc/library/core/src/fmt/mod.rs:1232:17
[INFO] [stderr]      5:     0x55b96e3f2025 - std::io::Write::write_fmt::h4bc1f301cb9e9cce
[INFO] [stderr]                                  at /rustc/84c898d65adf2f39a5a98507f1fe0ce10a2b8dbc/library/std/src/io/mod.rs:1684:15
[INFO] [stderr]      6:     0x55b96e3f4495 - std::sys_common::backtrace::_print::h5fcdc36060f177e8
[INFO] [stderr]                                  at /rustc/84c898d65adf2f39a5a98507f1fe0ce10a2b8dbc/library/std/src/sys_common/backtrace.rs:47:5
[INFO] [stderr]      7:     0x55b96e3f4495 - std::sys_common::backtrace::print::h54ca9458b876c8bf
[INFO] [stderr]                                  at /rustc/84c898d65adf2f39a5a98507f1fe0ce10a2b8dbc/library/std/src/sys_common/backtrace.rs:34:9
[INFO] [stderr]      8:     0x55b96e3f5c8f - std::panicking::default_hook::{{closure}}::hbe471161c7664ed6
[INFO] [stderr]                                  at /rustc/84c898d65adf2f39a5a98507f1fe0ce10a2b8dbc/library/std/src/panicking.rs:271:22
[INFO] [stderr]      9:     0x55b96e3f59cb - std::panicking::default_hook::ha3500da57aa4ac4f
[INFO] [stderr]                                  at /rustc/84c898d65adf2f39a5a98507f1fe0ce10a2b8dbc/library/std/src/panicking.rs:290:9
[INFO] [stderr]     10:     0x55b96e3f6238 - std::panicking::rust_panic_with_hook::h50c09d000dc561d2
[INFO] [stderr]                                  at /rustc/84c898d65adf2f39a5a98507f1fe0ce10a2b8dbc/library/std/src/panicking.rs:692:13
[INFO] [stderr]     11:     0x55b96e3f6139 - std::panicking::begin_panic_handler::{{closure}}::h9e2b2176e00e0d9c
[INFO] [stderr]                                  at /rustc/84c898d65adf2f39a5a98507f1fe0ce10a2b8dbc/library/std/src/panicking.rs:583:13
[INFO] [stderr]     12:     0x55b96e3f4b36 - std::sys_common::backtrace::__rust_end_short_backtrace::h5739b8e512c09d02
[INFO] [stderr]                                  at /rustc/84c898d65adf2f39a5a98507f1fe0ce10a2b8dbc/library/std/src/sys_common/backtrace.rs:150:18
[INFO] [stderr]     13:     0x55b96e3f5e42 - rust_begin_unwind
[INFO] [stderr]                                  at /rustc/84c898d65adf2f39a5a98507f1fe0ce10a2b8dbc/library/std/src/panicking.rs:579:5
[INFO] [stderr]     14:     0x55b96e3d03c3 - core::panicking::panic_fmt::hf33a1475b4dc5c3e
[INFO] [stderr]                                  at /rustc/84c898d65adf2f39a5a98507f1fe0ce10a2b8dbc/library/core/src/panicking.rs:64:14
[INFO] [stderr]     15:     0x55b96e3d528a - build_script_build::main::{{closure}}::h1d3bafb24415b1c1
[INFO] [stderr]     16:     0x55b96e3d421a - build_script_build::visit_xml::h70493a7ed5304d29
[INFO] [stderr]     17:     0x55b96e3d486b - build_script_build::main::h99d8e8da5872a59f
[INFO] [stderr]     18:     0x55b96e3d5503 - core::ops::function::FnOnce::call_once::h9c06c8d81b2e109e
[INFO] [stderr]     19:     0x55b96e3d2799 - std::sys_common::backtrace::__rust_begin_short_backtrace::h57dacd009c0adb15
[INFO] [stderr]     20:     0x55b96e3d2eb9 - std::rt::lang_start::{{closure}}::hd55a4bd2a26e700c
[INFO] [stderr]     21:     0x55b96e3ef24c - core::ops::function::impls::<impl core::ops::function::FnOnce<A> for &F>::call_once::hd6efcd3bec896f2c
[INFO] [stderr]                                  at /rustc/84c898d65adf2f39a5a98507f1fe0ce10a2b8dbc/library/core/src/ops/function.rs:287:13
[INFO] [stderr]     22:     0x55b96e3ef24c - std::panicking::try::do_call::hce04e543bb1f4cbb
[INFO] [stderr]                                  at /rustc/84c898d65adf2f39a5a98507f1fe0ce10a2b8dbc/library/std/src/panicking.rs:487:40
[INFO] [stderr]     23:     0x55b96e3ef24c - std::panicking::try::h3342dd4e1f680968
[INFO] [stderr]                                  at /rustc/84c898d65adf2f39a5a98507f1fe0ce10a2b8dbc/library/std/src/panicking.rs:451:19
[INFO] [stderr]     24:     0x55b96e3ef24c - std::panic::catch_unwind::h148ce1e59ac0cee7
[INFO] [stderr]                                  at /rustc/84c898d65adf2f39a5a98507f1fe0ce10a2b8dbc/library/std/src/panic.rs:140:14
[INFO] [stderr]     25:     0x55b96e3ef24c - std::rt::lang_start_internal::{{closure}}::h25f9dda2057a67fe
[INFO] [stderr]                                  at /rustc/84c898d65adf2f39a5a98507f1fe0ce10a2b8dbc/library/std/src/rt.rs:148:48
[INFO] [stderr]     26:     0x55b96e3ef24c - std::panicking::try::do_call::h7caaaeaf9401650b
[INFO] [stderr]                                  at /rustc/84c898d65adf2f39a5a98507f1fe0ce10a2b8dbc/library/std/src/panicking.rs:487:40
[INFO] [stderr]     27:     0x55b96e3ef24c - std::panicking::try::he7d15285746cbbc2
[INFO] [stderr]                                  at /rustc/84c898d65adf2f39a5a98507f1fe0ce10a2b8dbc/library/std/src/panicking.rs:451:19
[INFO] [stderr]     28:     0x55b96e3ef24c - std::panic::catch_unwind::h89fb4f50c0301fe0
[INFO] [stderr]                                  at /rustc/84c898d65adf2f39a5a98507f1fe0ce10a2b8dbc/library/std/src/panic.rs:140:14
[INFO] [stderr]     29:     0x55b96e3ef24c - std::rt::lang_start_internal::h078acd489417d3c1
[INFO] [stderr]                                  at /rustc/84c898d65adf2f39a5a98507f1fe0ce10a2b8dbc/library/std/src/rt.rs:148:20
[INFO] [stderr]     30:     0x55b96e3d2e97 - std::rt::lang_start::hd5e5d7382a59f05d
[INFO] [stderr]     31:     0x55b96e3d52c5 - main
[INFO] [stderr]     32:     0x7fd2ed15ad90 - <unknown>
[INFO] [stderr]     33:     0x7fd2ed15ae40 - __libc_start_main
[INFO] [stderr]     34:     0x55b96e3d08f5 - _start
[INFO] [stderr]     35:                0x0 - <unknown>
[INFO] [stderr] warning: build failed, waiting for other jobs to finish...
[INFO] [stdout] error[E0502]: cannot borrow `*self` as immutable because it is also borrowed as mutable
[INFO] [stdout]    --> /opt/rustwide/cargo-home/registry/src/github.com-1ecc6299db9ec823/nalgebra-0.16.13/src/base/cg.rs:291:44
[INFO] [stdout]     |
[INFO] [stdout] 291 |                 self[(j, i)] += shift[j] * self[(D::dim() - 1, i)];
[INFO] [stdout]     |                 ---------------------------^^^^-------------------
[INFO] [stdout]     |                 |                          |
[INFO] [stdout]     |                 |                          immutable borrow occurs here
[INFO] [stdout]     |                 mutable borrow occurs here
[INFO] [stdout]     |                 mutable borrow later used here
[INFO] [stdout]     |
[INFO] [stdout] help: try adding a local storing this...
[INFO] [stdout]    --> /opt/rustwide/cargo-home/registry/src/github.com-1ecc6299db9ec823/nalgebra-0.16.13/src/base/cg.rs:291:44
[INFO] [stdout]     |
[INFO] [stdout] 291 |                 self[(j, i)] += shift[j] * self[(D::dim() - 1, i)];
[INFO] [stdout]     |                                            ^^^^^^^^^^^^^^^^^^^^^^^
[INFO] [stdout] help: ...and then using that local here
[INFO] [stdout]    --> /opt/rustwide/cargo-home/registry/src/github.com-1ecc6299db9ec823/nalgebra-0.16.13/src/base/cg.rs:291:17
[INFO] [stdout]     |
[INFO] [stdout] 291 |                 self[(j, i)] += shift[j] * self[(D::dim() - 1, i)];
[INFO] [stdout]     |                 ^^^^^^^^^^^^^^^^^^^^^^^^^^^^^^^^^^^^^^^^^^^^^^^^^^
[INFO] [stdout] 
[INFO] [stdout] 
[INFO] [stdout] error: aborting due to previous error
[INFO] [stdout] 
[INFO] [stdout] 
[INFO] [stdout] For more information about this error, try `rustc --explain E0502`.
[INFO] [stdout] 
[INFO] [stderr] error: could not compile `nalgebra` due to 2 previous errors
[INFO] running `Command { std: "docker" "inspect" "48fbad898b4ef58ff72ab84e9c743351397ab52ededdfe219d6d765b79b7fc54", kill_on_drop: false }`
[INFO] running `Command { std: "docker" "rm" "-f" "48fbad898b4ef58ff72ab84e9c743351397ab52ededdfe219d6d765b79b7fc54", kill_on_drop: false }`
[INFO] [stdout] 48fbad898b4ef58ff72ab84e9c743351397ab52ededdfe219d6d765b79b7fc54
