[INFO] cloning repository https://github.com/bjorn3/rustc_codegen_cranelift
[INFO] running `Command { std: "git" "-c" "credential.helper=" "-c" "credential.helper=/workspace/cargo-home/bin/git-credential-null" "clone" "--bare" "https://github.com/bjorn3/rustc_codegen_cranelift" "/workspace/cache/git-repos/https%3A%2F%2Fgithub.com%2Fbjorn3%2Frustc_codegen_cranelift", kill_on_drop: false }`
[INFO] [stderr] Cloning into bare repository '/workspace/cache/git-repos/https%3A%2F%2Fgithub.com%2Fbjorn3%2Frustc_codegen_cranelift'...
[INFO] running `Command { std: "git" "rev-parse" "HEAD", kill_on_drop: false }`
[INFO] [stdout] 215dd7aa0d70cf7396100715326a37c81b06f056
[INFO] testing bjorn3/rustc_codegen_cranelift against beta-2023-04-20 for beta-1.70-1
[INFO] running `Command { std: "git" "clone" "/workspace/cache/git-repos/https%3A%2F%2Fgithub.com%2Fbjorn3%2Frustc_codegen_cranelift" "/workspace/builds/worker-2-tc2/source", kill_on_drop: false }`
[INFO] [stderr] Cloning into '/workspace/builds/worker-2-tc2/source'...
[INFO] [stderr] done.
[INFO] validating manifest of git repo https://github.com/bjorn3/rustc_codegen_cranelift on toolchain beta-2023-04-20
[INFO] running `Command { std: CARGO_HOME="/workspace/cargo-home" RUSTUP_HOME="/workspace/rustup-home" "/workspace/cargo-home/bin/cargo" "+beta-2023-04-20" "metadata" "--manifest-path" "Cargo.toml" "--no-deps", kill_on_drop: false }`
[INFO] removed /workspace/builds/worker-2-tc2/source/rust-toolchain
[INFO] started tweaking git repo https://github.com/bjorn3/rustc_codegen_cranelift
[INFO] finished tweaking git repo https://github.com/bjorn3/rustc_codegen_cranelift
[INFO] tweaked toml for git repo https://github.com/bjorn3/rustc_codegen_cranelift written to /workspace/builds/worker-2-tc2/source/Cargo.toml
[INFO] crate git repo https://github.com/bjorn3/rustc_codegen_cranelift already has a lockfile, it will not be regenerated
[INFO] running `Command { std: CARGO_HOME="/workspace/cargo-home" RUSTUP_HOME="/workspace/rustup-home" "/workspace/cargo-home/bin/cargo" "+beta-2023-04-20" "fetch" "--manifest-path" "Cargo.toml", kill_on_drop: false }`
[INFO] [stderr]     Updating crates.io index
[INFO] [stderr]  Downloading crates ...
[INFO] [stderr]   Downloaded cranelift-codegen-shared v0.95.1
[INFO] [stderr]   Downloaded cranelift-isle v0.95.1
[INFO] [stderr]   Downloaded wasmtime-jit-icache-coherence v8.0.1
[INFO] [stderr]   Downloaded cranelift-native v0.95.1
[INFO] [stderr]   Downloaded cranelift-codegen-meta v0.95.1
[INFO] [stderr]   Downloaded cranelift-frontend v0.95.1
[INFO] [stderr]   Downloaded cranelift-module v0.95.1
[INFO] [stderr]   Downloaded cranelift-jit v0.95.1
[INFO] [stderr]   Downloaded cranelift-bforest v0.95.1
[INFO] [stderr]   Downloaded cranelift-object v0.95.1
[INFO] [stderr]   Downloaded cranelift-entity v0.95.1
[INFO] [stderr]   Downloaded cranelift-codegen v0.95.1
[INFO] running `Command { std: "docker" "create" "-v" "/var/lib/crater-agent-workspace/builds/worker-2-tc2/target:/opt/rustwide/target:rw,Z" "-v" "/var/lib/crater-agent-workspace/builds/worker-2-tc2/source:/opt/rustwide/workdir:ro,Z" "-v" "/var/lib/crater-agent-workspace/cargo-home:/opt/rustwide/cargo-home:ro,Z" "-v" "/var/lib/crater-agent-workspace/rustup-home:/opt/rustwide/rustup-home:ro,Z" "-e" "SOURCE_DIR=/opt/rustwide/workdir" "-e" "CARGO_TARGET_DIR=/opt/rustwide/target" "-e" "CARGO_HOME=/opt/rustwide/cargo-home" "-e" "RUSTUP_HOME=/opt/rustwide/rustup-home" "-w" "/opt/rustwide/workdir" "-m" "1610612736" "--user" "0:0" "--network" "none" "ghcr.io/rust-lang/crates-build-env/linux@sha256:5ff2268d62e97bff2cde7d5815dd6ed5b47097566f13b8d0ca110b04b60e07ed" "/opt/rustwide/cargo-home/bin/cargo" "+beta-2023-04-20" "metadata" "--no-deps" "--format-version=1", kill_on_drop: false }`
[INFO] [stdout] 40e7dc0be7d6a1493f41f30f6eeb3f14e922c1af528708a2de21e707d022a095
[INFO] running `Command { std: "docker" "start" "-a" "40e7dc0be7d6a1493f41f30f6eeb3f14e922c1af528708a2de21e707d022a095", kill_on_drop: false }`
[INFO] running `Command { std: "docker" "inspect" "40e7dc0be7d6a1493f41f30f6eeb3f14e922c1af528708a2de21e707d022a095", kill_on_drop: false }`
[INFO] running `Command { std: "docker" "rm" "-f" "40e7dc0be7d6a1493f41f30f6eeb3f14e922c1af528708a2de21e707d022a095", kill_on_drop: false }`
[INFO] [stdout] 40e7dc0be7d6a1493f41f30f6eeb3f14e922c1af528708a2de21e707d022a095
[INFO] running `Command { std: "docker" "create" "-v" "/var/lib/crater-agent-workspace/builds/worker-2-tc2/target:/opt/rustwide/target:rw,Z" "-v" "/var/lib/crater-agent-workspace/builds/worker-2-tc2/source:/opt/rustwide/workdir:ro,Z" "-v" "/var/lib/crater-agent-workspace/cargo-home:/opt/rustwide/cargo-home:ro,Z" "-v" "/var/lib/crater-agent-workspace/rustup-home:/opt/rustwide/rustup-home:ro,Z" "-e" "SOURCE_DIR=/opt/rustwide/workdir" "-e" "CARGO_TARGET_DIR=/opt/rustwide/target" "-e" "CARGO_INCREMENTAL=0" "-e" "RUST_BACKTRACE=full" "-e" "RUSTFLAGS=--cap-lints=warn" "-e" "RUSTDOCFLAGS=--cap-lints=warn" "-e" "CARGO_HOME=/opt/rustwide/cargo-home" "-e" "RUSTUP_HOME=/opt/rustwide/rustup-home" "-w" "/opt/rustwide/workdir" "-m" "1610612736" "--user" "0:0" "--network" "none" "ghcr.io/rust-lang/crates-build-env/linux@sha256:5ff2268d62e97bff2cde7d5815dd6ed5b47097566f13b8d0ca110b04b60e07ed" "/opt/rustwide/cargo-home/bin/cargo" "+beta-2023-04-20" "build" "--frozen" "--message-format=json", kill_on_drop: false }`
[INFO] [stdout] 3a640ad80d92a177dcd6d3a55fdc94aca34cd440c9110c3195af9e17bf4f25d9
[INFO] running `Command { std: "docker" "start" "-a" "3a640ad80d92a177dcd6d3a55fdc94aca34cd440c9110c3195af9e17bf4f25d9", kill_on_drop: false }`
[INFO] [stderr]    Compiling cfg-if v1.0.0
[INFO] [stderr]    Compiling autocfg v1.1.0
[INFO] [stderr]    Compiling version_check v0.9.4
[INFO] [stderr]    Compiling cranelift-isle v0.95.1
[INFO] [stderr]    Compiling hashbrown v0.12.3
[INFO] [stderr]    Compiling cranelift-codegen-shared v0.95.1
[INFO] [stderr]    Compiling log v0.4.17
[INFO] [stderr]    Compiling once_cell v1.16.0
[INFO] [stderr]    Compiling byteorder v1.4.3
[INFO] [stderr]    Compiling cranelift-codegen-meta v0.95.1
[INFO] [stderr]    Compiling target-lexicon v0.12.5
[INFO] [stderr]    Compiling fxhash v0.2.1
[INFO] [stderr]    Compiling fallible-iterator v0.2.0
[INFO] [stderr]    Compiling indexmap v1.9.3
[INFO] [stderr]    Compiling ahash v0.8.3
[INFO] [stderr]    Compiling slice-group-by v0.3.0
[INFO] [stderr]    Compiling cranelift-entity v0.95.1
[INFO] [stderr]    Compiling smallvec v1.10.0
[INFO] [stderr]    Compiling stable_deref_trait v1.2.0
[INFO] [stderr]    Compiling cranelift-bforest v0.95.1
[INFO] [stderr]    Compiling bumpalo v3.11.1
[INFO] [stderr]    Compiling regalloc2 v0.6.1
[INFO] [stderr]    Compiling hashbrown v0.13.2
[INFO] [stderr]    Compiling gimli v0.27.2
[INFO] [stderr]    Compiling crc32fast v1.3.2
[INFO] [stderr]    Compiling memchr v2.5.0
[INFO] [stderr]    Compiling anyhow v1.0.66
[INFO] [stderr]    Compiling object v0.30.3
[INFO] [stderr]    Compiling cranelift-codegen v0.95.1
[INFO] [stderr]    Compiling cranelift-module v0.95.1
[INFO] [stderr]    Compiling cranelift-frontend v0.95.1
[INFO] [stderr]    Compiling cranelift-native v0.95.1
[INFO] [stderr]    Compiling cranelift-object v0.95.1
[INFO] [stderr]    Compiling rustc_codegen_cranelift v0.1.0 (/opt/rustwide/workdir)
[INFO] [stdout] error[E0463]: can't find crate for `jobserver`
[INFO] [stdout]  --> src/lib.rs:7:1
[INFO] [stdout]   |
[INFO] [stdout] 7 | extern crate jobserver;
[INFO] [stdout]   | ^^^^^^^^^^^^^^^^^^^^^^^ can't find crate
[INFO] [stdout] 
[INFO] [stdout] 
[INFO] [stdout] error[E0463]: can't find crate for `rustc_middle`
[INFO] [stdout]  --> src/lib.rs:9:1
[INFO] [stdout]   |
[INFO] [stdout] 9 | extern crate rustc_middle;
[INFO] [stdout]   | ^^^^^^^^^^^^^^^^^^^^^^^^^^ can't find crate
[INFO] [stdout]   |
[INFO] [stdout]   = help: maybe you need to install the missing components with: `rustup component add rust-src rustc-dev llvm-tools-preview`
[INFO] [stdout] 
[INFO] [stdout] 
[INFO] [stdout] error[E0463]: can't find crate for `rustc_ast`
[INFO] [stdout]   --> src/lib.rs:10:1
[INFO] [stdout]    |
[INFO] [stdout] 10 | extern crate rustc_ast;
[INFO] [stdout]    | ^^^^^^^^^^^^^^^^^^^^^^^ can't find crate
[INFO] [stdout]    |
[INFO] [stdout]    = help: maybe you need to install the missing components with: `rustup component add rust-src rustc-dev llvm-tools-preview`
[INFO] [stdout] 
[INFO] [stdout] 
[INFO] [stdout] error[E0463]: can't find crate for `rustc_codegen_ssa`
[INFO] [stdout]   --> src/lib.rs:11:1
[INFO] [stdout]    |
[INFO] [stdout] 11 | extern crate rustc_codegen_ssa;
[INFO] [stdout]    | ^^^^^^^^^^^^^^^^^^^^^^^^^^^^^^^ can't find crate
[INFO] [stdout]    |
[INFO] [stdout]    = help: maybe you need to install the missing components with: `rustup component add rust-src rustc-dev llvm-tools-preview`
[INFO] [stdout] 
[INFO] [stdout] 
[INFO] [stdout] error[E0463]: can't find crate for `rustc_data_structures`
[INFO] [stdout]   --> src/lib.rs:12:1
[INFO] [stdout]    |
[INFO] [stdout] 12 | extern crate rustc_data_structures;
[INFO] [stdout]    | ^^^^^^^^^^^^^^^^^^^^^^^^^^^^^^^^^^^ can't find crate
[INFO] [stdout]    |
[INFO] [stdout]    = help: maybe you need to install the missing components with: `rustup component add rust-src rustc-dev llvm-tools-preview`
[INFO] [stdout] 
[INFO] [stdout] 
[INFO] [stdout] error[E0463]: can't find crate for `rustc_errors`
[INFO] [stdout]   --> src/lib.rs:13:1
[INFO] [stdout]    |
[INFO] [stdout] 13 | extern crate rustc_errors;
[INFO] [stdout]    | ^^^^^^^^^^^^^^^^^^^^^^^^^^ can't find crate
[INFO] [stdout]    |
[INFO] [stdout]    = help: maybe you need to install the missing components with: `rustup component add rust-src rustc-dev llvm-tools-preview`
[INFO] [stdout] 
[INFO] [stdout] 
[INFO] [stdout] error[E0463]: can't find crate for `rustc_fs_util`
[INFO] [stdout]   --> src/lib.rs:14:1
[INFO] [stdout]    |
[INFO] [stdout] 14 | extern crate rustc_fs_util;
[INFO] [stdout]    | ^^^^^^^^^^^^^^^^^^^^^^^^^^^ can't find crate
[INFO] [stdout]    |
[INFO] [stdout]    = help: maybe you need to install the missing components with: `rustup component add rust-src rustc-dev llvm-tools-preview`
[INFO] [stdout] 
[INFO] [stdout] 
[INFO] [stdout] error[E0463]: can't find crate for `rustc_hir`
[INFO] [stdout]   --> src/lib.rs:15:1
[INFO] [stdout]    |
[INFO] [stdout] 15 | extern crate rustc_hir;
[INFO] [stdout]    | ^^^^^^^^^^^^^^^^^^^^^^^ can't find crate
[INFO] [stdout]    |
[INFO] [stdout]    = help: maybe you need to install the missing components with: `rustup component add rust-src rustc-dev llvm-tools-preview`
[INFO] [stdout] 
[INFO] [stdout] 
[INFO] [stdout] error[E0463]: can't find crate for `rustc_incremental`
[INFO] [stdout]   --> src/lib.rs:16:1
[INFO] [stdout]    |
[INFO] [stdout] 16 | extern crate rustc_incremental;
[INFO] [stdout]    | ^^^^^^^^^^^^^^^^^^^^^^^^^^^^^^^ can't find crate
[INFO] [stdout]    |
[INFO] [stdout]    = help: maybe you need to install the missing components with: `rustup component add rust-src rustc-dev llvm-tools-preview`
[INFO] [stdout] 
[INFO] [stdout] 
[INFO] [stdout] error[E0463]: can't find crate for `rustc_index`
[INFO] [stdout]   --> src/lib.rs:17:1
[INFO] [stdout]    |
[INFO] [stdout] 17 | extern crate rustc_index;
[INFO] [stdout]    | ^^^^^^^^^^^^^^^^^^^^^^^^^ can't find crate
[INFO] [stdout]    |
[INFO] [stdout]    = help: maybe you need to install the missing components with: `rustup component add rust-src rustc-dev llvm-tools-preview`
[INFO] [stdout] 
[INFO] [stdout] 
[INFO] [stdout] error[E0463]: can't find crate for `rustc_interface`
[INFO] [stdout]   --> src/lib.rs:18:1
[INFO] [stdout]    |
[INFO] [stdout] 18 | extern crate rustc_interface;
[INFO] [stdout]    | ^^^^^^^^^^^^^^^^^^^^^^^^^^^^^ can't find crate
[INFO] [stdout]    |
[INFO] [stdout]    = help: maybe you need to install the missing components with: `rustup component add rust-src rustc-dev llvm-tools-preview`
[INFO] [stdout] 
[INFO] [stdout] 
[INFO] [stdout] error[E0463]: can't find crate for `rustc_metadata`
[INFO] [stdout]   --> src/lib.rs:19:1
[INFO] [stdout]    |
[INFO] [stdout] 19 | extern crate rustc_metadata;
[INFO] [stdout]    | ^^^^^^^^^^^^^^^^^^^^^^^^^^^^ can't find crate
[INFO] [stdout]    |
[INFO] [stdout]    = help: maybe you need to install the missing components with: `rustup component add rust-src rustc-dev llvm-tools-preview`
[INFO] [stdout] 
[INFO] [stdout] 
[INFO] [stdout] error[E0463]: can't find crate for `rustc_session`
[INFO] [stdout]   --> src/lib.rs:20:1
[INFO] [stdout]    |
[INFO] [stdout] 20 | extern crate rustc_session;
[INFO] [stdout]    | ^^^^^^^^^^^^^^^^^^^^^^^^^^^ can't find crate
[INFO] [stdout]    |
[INFO] [stdout]    = help: maybe you need to install the missing components with: `rustup component add rust-src rustc-dev llvm-tools-preview`
[INFO] [stdout] 
[INFO] [stdout] 
[INFO] [stdout] error[E0463]: can't find crate for `rustc_span`
[INFO] [stdout]   --> src/lib.rs:21:1
[INFO] [stdout]    |
[INFO] [stdout] 21 | extern crate rustc_span;
[INFO] [stdout]    | ^^^^^^^^^^^^^^^^^^^^^^^^ can't find crate
[INFO] [stdout]    |
[INFO] [stdout]    = help: maybe you need to install the missing components with: `rustup component add rust-src rustc-dev llvm-tools-preview`
[INFO] [stdout] 
[INFO] [stdout] 
[INFO] [stdout] error[E0463]: can't find crate for `rustc_target`
[INFO] [stdout]   --> src/lib.rs:22:1
[INFO] [stdout]    |
[INFO] [stdout] 22 | extern crate rustc_target;
[INFO] [stdout]    | ^^^^^^^^^^^^^^^^^^^^^^^^^^ can't find crate
[INFO] [stdout]    |
[INFO] [stdout]    = help: maybe you need to install the missing components with: `rustup component add rust-src rustc-dev llvm-tools-preview`
[INFO] [stdout] 
[INFO] [stdout] 
[INFO] [stdout] error[E0463]: can't find crate for `rustc_driver`
[INFO] [stdout]   --> src/lib.rs:26:1
[INFO] [stdout]    |
[INFO] [stdout] 26 | extern crate rustc_driver;
[INFO] [stdout]    | ^^^^^^^^^^^^^^^^^^^^^^^^^^ can't find crate
[INFO] [stdout]    |
[INFO] [stdout]    = help: maybe you need to install the missing components with: `rustup component add rust-src rustc-dev llvm-tools-preview`
[INFO] [stdout] 
[INFO] [stdout] 
[INFO] [stdout] error[E0432]: unresolved imports `super::DebugContext`, `crate::debuginfo::FunctionDebugContext`, `crate::debuginfo::DebugReloc`, `crate::debuginfo::DebugRelocName`, `crate::BackendConfig`, `BinOp`
[INFO] [stdout]   --> src/debuginfo/emit.rs:10:5
[INFO] [stdout]    |
[INFO] [stdout] 10 | use super::DebugContext;
[INFO] [stdout]    |     ^^^^^^^^^^^^^^^^^^^
[INFO] [stdout]    |
[INFO] [stdout]   ::: src/num.rs:6:9
[INFO] [stdout]    |
[INFO] [stdout] 6  |     use BinOp::*;
[INFO] [stdout]    |         ^^^^^ use of undeclared type `BinOp`
[INFO] [stdout]    |
[INFO] [stdout]   ::: src/debuginfo/line_info.rs:6:5
[INFO] [stdout]    |
[INFO] [stdout] 6  | use crate::debuginfo::FunctionDebugContext;
[INFO] [stdout]    |     ^^^^^^^^^^^^^^^^^^^^^^^^^^^^^^^^^^^^^^
[INFO] [stdout]    |
[INFO] [stdout]   ::: src/debuginfo/object.rs:11:24
[INFO] [stdout]    |
[INFO] [stdout] 11 | use crate::debuginfo::{DebugReloc, DebugRelocName};
[INFO] [stdout]    |                        ^^^^^^^^^^  ^^^^^^^^^^^^^^
[INFO] [stdout]    |
[INFO] [stdout]   ::: src/driver/aot.rs:24:25
[INFO] [stdout]    |
[INFO] [stdout] 24 | use crate::{prelude::*, BackendConfig};
[INFO] [stdout]    |                         ^^^^^^^^^^^^^
[INFO] [stdout] 
[INFO] [stdout] 
[INFO] [stdout] error: cannot determine resolution for the macro `bug`
[INFO] [stdout]    --> src/abi/mod.rs:259:26
[INFO] [stdout]     |
[INFO] [stdout] 259 |                     _ => bug!("spread argument isn't a tuple?! but {:?}", arg_ty),
[INFO] [stdout]     |                          ^^^
[INFO] [stdout]     |
[INFO] [stdout]     = note: import resolution is stuck, try simplifying macro imports
[INFO] [stdout] 
[INFO] [stdout] 
[INFO] [stdout] error: cannot determine resolution for the macro `bug`
[INFO] [stdout]    --> src/abi/mod.rs:456:18
[INFO] [stdout]     |
[INFO] [stdout] 456 |             _ => bug!("argument to function with \"rust-call\" ABI is not a tuple"),
[INFO] [stdout]     |                  ^^^
[INFO] [stdout]     |
[INFO] [stdout]     = note: import resolution is stuck, try simplifying macro imports
[INFO] [stdout] 
[INFO] [stdout] 
[INFO] [stdout] error: cannot determine resolution for the macro `with_no_trimmed_paths`
[INFO] [stdout]   --> src/base.rs:39:9
[INFO] [stdout]    |
[INFO] [stdout] 39 |         with_no_trimmed_paths!({
[INFO] [stdout]    |         ^^^^^^^^^^^^^^^^^^^^^
[INFO] [stdout]    |
[INFO] [stdout]    = note: import resolution is stuck, try simplifying macro imports
[INFO] [stdout] 
[INFO] [stdout] 
[INFO] [stdout] error: cannot determine resolution for the macro `with_no_trimmed_paths`
[INFO] [stdout]    --> src/base.rs:279:13
[INFO] [stdout]     |
[INFO] [stdout] 279 |             with_no_trimmed_paths!({
[INFO] [stdout]     |             ^^^^^^^^^^^^^^^^^^^^^
[INFO] [stdout]     |
[INFO] [stdout]     = note: import resolution is stuck, try simplifying macro imports
[INFO] [stdout] 
[INFO] [stdout] 
[INFO] [stdout] error: cannot determine resolution for the macro `bug`
[INFO] [stdout]    --> src/base.rs:474:17
[INFO] [stdout]     |
[INFO] [stdout] 474 |                 bug!("shouldn't exist at codegen {:?}", bb_data.terminator());
[INFO] [stdout]     |                 ^^^
[INFO] [stdout]     |
[INFO] [stdout]     = note: import resolution is stuck, try simplifying macro imports
[INFO] [stdout] 
[INFO] [stdout] 
[INFO] [stdout] error: cannot determine resolution for the macro `with_no_trimmed_paths`
[INFO] [stdout]    --> src/base.rs:501:17
[INFO] [stdout]     |
[INFO] [stdout] 501 |                 with_no_trimmed_paths!({
[INFO] [stdout]     |                 ^^^^^^^^^^^^^^^^^^^^^
[INFO] [stdout]     |
[INFO] [stdout]     = note: import resolution is stuck, try simplifying macro imports
[INFO] [stdout] 
[INFO] [stdout] 
[INFO] [stdout] error: cannot determine resolution for the macro `bug`
[INFO] [stdout]    --> src/base.rs:594:30
[INFO] [stdout]     |
[INFO] [stdout] 594 |                         _ => bug!("Trying to ReifyFnPointer on non FnDef {:?}", from_ty),
[INFO] [stdout]     |                              ^^^
[INFO] [stdout]     |
[INFO] [stdout]     = note: import resolution is stuck, try simplifying macro imports
[INFO] [stdout] 
[INFO] [stdout] 
[INFO] [stdout] error: cannot determine resolution for the macro `bug`
[INFO] [stdout]    --> src/base.rs:683:30
[INFO] [stdout]     |
[INFO] [stdout] 683 |                         _ => bug!("{} cannot be cast to a fn ptr", operand.layout().ty),
[INFO] [stdout]     |                              ^^^
[INFO] [stdout]     |
[INFO] [stdout]     = note: import resolution is stuck, try simplifying macro imports
[INFO] [stdout] 
[INFO] [stdout] 
[INFO] [stdout] error: cannot determine resolution for the macro `bug`
[INFO] [stdout]    --> src/base.rs:843:14
[INFO] [stdout]     |
[INFO] [stdout] 843 |         _ => bug!("Rvalue::Len({:?})", place),
[INFO] [stdout]     |              ^^^
[INFO] [stdout]     |
[INFO] [stdout]     = note: import resolution is stuck, try simplifying macro imports
[INFO] [stdout] 
[INFO] [stdout] 
[INFO] [stdout] error: cannot determine resolution for the macro `bug`
[INFO] [stdout]   --> src/common.rs:23:17
[INFO] [stdout]    |
[INFO] [stdout] 23 |         bits => bug!("ptr_sized_integer: unknown pointer bit size {}", bits),
[INFO] [stdout]    |                 ^^^
[INFO] [stdout]    |
[INFO] [stdout]    = note: import resolution is stuck, try simplifying macro imports
[INFO] [stdout] 
[INFO] [stdout] 
[INFO] [stdout] error: cannot determine resolution for the macro `bug`
[INFO] [stdout]   --> src/common.rs:75:25
[INFO] [stdout]    |
[INFO] [stdout] 75 |         ty::Param(_) => bug!("ty param {:?}", ty),
[INFO] [stdout]    |                         ^^^
[INFO] [stdout]    |
[INFO] [stdout]    = note: import resolution is stuck, try simplifying macro imports
[INFO] [stdout] 
[INFO] [stdout] 
[INFO] [stdout] error: cannot find macro `span_bug` in this scope
[INFO] [stdout]    --> src/common.rs:486:13
[INFO] [stdout]     |
[INFO] [stdout] 486 |             span_bug!(span, "failed to get layout for `{}`: {}", ty, err)
[INFO] [stdout]     |             ^^^^^^^^
[INFO] [stdout] 
[INFO] [stdout] 
[INFO] [stdout] error: cannot find macro `span_bug` in this scope
[INFO] [stdout]    --> src/common.rs:506:21
[INFO] [stdout]     |
[INFO] [stdout] 506 |                     span_bug!(
[INFO] [stdout]     |                     ^^^^^^^^
[INFO] [stdout] 
[INFO] [stdout] 
[INFO] [stdout] error: cannot find macro `span_bug` in this scope
[INFO] [stdout]    --> src/common.rs:515:21
[INFO] [stdout]     |
[INFO] [stdout] 515 |                     span_bug!(
[INFO] [stdout]     |                     ^^^^^^^^
[INFO] [stdout] 
[INFO] [stdout] 
[INFO] [stdout] error: cannot find macro `span_bug` in this scope
[INFO] [stdout]   --> src/constant.rs:87:20
[INFO] [stdout]    |
[INFO] [stdout] 87 |             err => span_bug!(
[INFO] [stdout]    |                    ^^^^^^^^
[INFO] [stdout] 
[INFO] [stdout] 
[INFO] [stdout] error: cannot find macro `span_bug` in this scope
[INFO] [stdout]   --> src/constant.rs:96:13
[INFO] [stdout]    |
[INFO] [stdout] 96 |             span_bug!(constant.span, "MIR constant refers to static");
[INFO] [stdout]    |             ^^^^^^^^
[INFO] [stdout] 
[INFO] [stdout] 
[INFO] [stdout] error: cannot find macro `span_bug` in this scope
[INFO] [stdout]    --> src/constant.rs:110:17
[INFO] [stdout]     |
[INFO] [stdout] 110 |                 span_bug!(constant.span, "codegen encountered polymorphic constant: {:?}", err);
[INFO] [stdout]     |                 ^^^^^^^^
[INFO] [stdout] 
[INFO] [stdout] 
[INFO] [stdout] error: cannot find macro `span_bug` in this scope
[INFO] [stdout]    --> src/constant.rs:122:9
[INFO] [stdout]     |
[INFO] [stdout] 122 |         span_bug!(constant.span, "erroneous constant not captured by required_consts")
[INFO] [stdout]     |         ^^^^^^^^
[INFO] [stdout] 
[INFO] [stdout] 
[INFO] [stdout] error: cannot find macro `span_bug` in this scope
[INFO] [stdout]   --> src/global_asm.rs:31:41
[INFO] [stdout]    |
[INFO] [stdout] 31 | ...                   |_| span_bug!(op_sp, "asm const cannot be resolved"),
[INFO] [stdout]    |                           ^^^^^^^^
[INFO] [stdout] 
[INFO] [stdout] 
[INFO] [stdout] error: cannot find macro `span_bug` in this scope
[INFO] [stdout]   --> src/global_asm.rs:46:38
[INFO] [stdout]    |
[INFO] [stdout] 46 | ...                   _ => span_bug!(op_sp, "asm sym is not a function"),
[INFO] [stdout]    |                            ^^^^^^^^
[INFO] [stdout] 
[INFO] [stdout] 
[INFO] [stdout] error: cannot find macro `span_bug` in this scope
[INFO] [stdout]   --> src/global_asm.rs:62:29
[INFO] [stdout]    |
[INFO] [stdout] 62 | ...                   span_bug!(op_sp, "invalid operand type for global_asm!")
[INFO] [stdout]    |                       ^^^^^^^^
[INFO] [stdout] 
[INFO] [stdout] 
[INFO] [stdout] error: cannot determine resolution for the macro `bug`
[INFO] [stdout]   --> src/global_asm.rs:70:9
[INFO] [stdout]    |
[INFO] [stdout] 70 |         bug!("Expected GlobalAsm found {:?}", item);
[INFO] [stdout]    |         ^^^
[INFO] [stdout]    |
[INFO] [stdout]    = note: import resolution is stuck, try simplifying macro imports
[INFO] [stdout] 
[INFO] [stdout] 
[INFO] [stdout] error: cannot find macro `span_bug` in this scope
[INFO] [stdout]    --> src/inline_asm.rs:246:40
[INFO] [stdout]     |
[INFO] [stdout] 246 |                     .unwrap_or_else(|| span_bug!(span, "asm const cannot be resolved"));
[INFO] [stdout]     |                                        ^^^^^^^^
[INFO] [stdout] 
[INFO] [stdout] 
[INFO] [stdout] error: cannot find macro `span_bug` in this scope
[INFO] [stdout]    --> src/inline_asm.rs:289:21
[INFO] [stdout]     |
[INFO] [stdout] 289 |                     span_bug!(span, "invalid type for asm sym (fn)");
[INFO] [stdout]     |                     ^^^^^^^^
[INFO] [stdout] 
[INFO] [stdout] 
[INFO] [stdout] error: cannot determine resolution for the macro `bug`
[INFO] [stdout]   --> src/intrinsics/llvm_x86.rs:56:22
[INFO] [stdout]    |
[INFO] [stdout] 56 |                 _ => bug!("wrong number of args for intrinsic {intrinsic}"),
[INFO] [stdout]    |                      ^^^
[INFO] [stdout]    |
[INFO] [stdout]    = note: import resolution is stuck, try simplifying macro imports
[INFO] [stdout] 
[INFO] [stdout] 
[INFO] [stdout] error: cannot determine resolution for the macro `bug`
[INFO] [stdout]   --> src/intrinsics/llvm_x86.rs:89:22
[INFO] [stdout]    |
[INFO] [stdout] 89 |                 _ => bug!("wrong number of args for intrinsic {intrinsic}"),
[INFO] [stdout]    |                      ^^^
[INFO] [stdout]    |
[INFO] [stdout]    = note: import resolution is stuck, try simplifying macro imports
[INFO] [stdout] 
[INFO] [stdout] 
[INFO] [stdout] error: cannot determine resolution for the macro `bug`
[INFO] [stdout]    --> src/intrinsics/llvm_x86.rs:106:22
[INFO] [stdout]     |
[INFO] [stdout] 106 |                 _ => bug!("wrong number of args for intrinsic {intrinsic}"),
[INFO] [stdout]     |                      ^^^
[INFO] [stdout]     |
[INFO] [stdout]     = note: import resolution is stuck, try simplifying macro imports
[INFO] [stdout] 
[INFO] [stdout] 
[INFO] [stdout] error: cannot determine resolution for the macro `bug`
[INFO] [stdout]    --> src/intrinsics/simd.rs:125:21
[INFO] [stdout]     |
[INFO] [stdout] 125 |                     bug!("wrong number of args for intrinsic {intrinsic}");
[INFO] [stdout]     |                     ^^^
[INFO] [stdout]     |
[INFO] [stdout]     = note: import resolution is stuck, try simplifying macro imports
[INFO] [stdout] 
[INFO] [stdout] 
[INFO] [stdout] error: cannot find macro `span_bug` in this scope
[INFO] [stdout]    --> src/intrinsics/simd.rs:146:29
[INFO] [stdout]     |
[INFO] [stdout] 146 | ...                   span_bug!(span, "could not evaluate shuffle index array length")
[INFO] [stdout]     |                       ^^^^^^^^
[INFO] [stdout] 
[INFO] [stdout] 
[INFO] [stdout] error: cannot determine resolution for the macro `bug`
[INFO] [stdout]    --> src/intrinsics/simd.rs:229:21
[INFO] [stdout]     |
[INFO] [stdout] 229 |                     bug!("wrong number of args for intrinsic {intrinsic}");
[INFO] [stdout]     |                     ^^^
[INFO] [stdout]     |
[INFO] [stdout]     = note: import resolution is stuck, try simplifying macro imports
[INFO] [stdout] 
[INFO] [stdout] 
[INFO] [stdout] error: cannot determine resolution for the macro `bug`
[INFO] [stdout]    --> src/intrinsics/simd.rs:264:21
[INFO] [stdout]     |
[INFO] [stdout] 264 |                     bug!("wrong number of args for intrinsic {intrinsic}");
[INFO] [stdout]     |                     ^^^
[INFO] [stdout]     |
[INFO] [stdout]     = note: import resolution is stuck, try simplifying macro imports
[INFO] [stdout] 
[INFO] [stdout] 
[INFO] [stdout] error: cannot determine resolution for the macro `bug`
[INFO] [stdout]   --> src/intrinsics/mod.rs:34:5
[INFO] [stdout]    |
[INFO] [stdout] 34 |     bug!("wrong number of args for intrinsic {}", intrinsic);
[INFO] [stdout]    |     ^^^
[INFO] [stdout]    |
[INFO] [stdout]    = note: import resolution is stuck, try simplifying macro imports
[INFO] [stdout] 
[INFO] [stdout] 
[INFO] [stdout] error: cannot determine resolution for the macro `bug`
[INFO] [stdout]    --> src/intrinsics/mod.rs:294:9
[INFO] [stdout]     |
[INFO] [stdout] 294 |         bug!("wrong number of args for intrinsic {:?}", intrinsic);
[INFO] [stdout]     |         ^^^
[INFO] [stdout]     |
[INFO] [stdout]     = note: import resolution is stuck, try simplifying macro imports
[INFO] [stdout] 
[INFO] [stdout] 
[INFO] [stdout] error: cannot determine resolution for the macro `with_no_visible_paths`
[INFO] [stdout]    --> src/intrinsics/mod.rs:634:35
[INFO] [stdout]     |
[INFO] [stdout] 634 |                     let msg_str = with_no_visible_paths!({
[INFO] [stdout]     |                                   ^^^^^^^^^^^^^^^^^^^^^
[INFO] [stdout]     |
[INFO] [stdout]     = note: import resolution is stuck, try simplifying macro imports
[INFO] [stdout] 
[INFO] [stdout] 
[INFO] [stdout] error: cannot determine resolution for the macro `bug`
[INFO] [stdout]    --> src/num.rs:266:14
[INFO] [stdout]     |
[INFO] [stdout] 266 |         _ => bug!("binop {:?} on checked int/uint lhs: {:?} rhs: {:?}", bin_op, in_lhs, in_rhs),
[INFO] [stdout]     |              ^^^
[INFO] [stdout]     |
[INFO] [stdout]     = note: import resolution is stuck, try simplifying macro imports
[INFO] [stdout] 
[INFO] [stdout] 
[INFO] [stdout] error: cannot determine resolution for the macro `bug`
[INFO] [stdout]    --> src/num.rs:330:22
[INFO] [stdout]     |
[INFO] [stdout] 330 |                 _ => bug!(),
[INFO] [stdout]     |                      ^^^
[INFO] [stdout]     |
[INFO] [stdout]     = note: import resolution is stuck, try simplifying macro imports
[INFO] [stdout] 
[INFO] [stdout] 
[INFO] [stdout] error: cannot determine resolution for the macro `bug`
[INFO] [stdout]   --> src/unsize.rs:57:14
[INFO] [stdout]    |
[INFO] [stdout] 57 |         _ => bug!("unsized_info: invalid unsizing {:?} -> {:?}", source, target),
[INFO] [stdout]    |              ^^^
[INFO] [stdout]    |
[INFO] [stdout]    = note: import resolution is stuck, try simplifying macro imports
[INFO] [stdout] 
[INFO] [stdout] 
[INFO] [stdout] error: cannot determine resolution for the macro `bug`
[INFO] [stdout]    --> src/unsize.rs:103:14
[INFO] [stdout]     |
[INFO] [stdout] 103 |         _ => bug!("unsize_ptr: called on bad types"),
[INFO] [stdout]     |              ^^^
[INFO] [stdout]     |
[INFO] [stdout]     = note: import resolution is stuck, try simplifying macro imports
[INFO] [stdout] 
[INFO] [stdout] 
[INFO] [stdout] error: cannot determine resolution for the macro `bug`
[INFO] [stdout]    --> src/unsize.rs:164:14
[INFO] [stdout]     |
[INFO] [stdout] 164 |         _ => bug!("coerce_unsized_into: invalid coercion {:?} -> {:?}", src_ty, dst_ty),
[INFO] [stdout]     |              ^^^
[INFO] [stdout]     |
[INFO] [stdout]     = note: import resolution is stuck, try simplifying macro imports
[INFO] [stdout] 
[INFO] [stdout] 
[INFO] [stdout] error: cannot determine resolution for the macro `bug`
[INFO] [stdout]    --> src/value_and_place.rs:179:47
[INFO] [stdout]     |
[INFO] [stdout] 179 |             CValueInner::ByRef(_, Some(_)) => bug!("load_scalar for unsized value not allowed"),
[INFO] [stdout]     |                                               ^^^
[INFO] [stdout]     |
[INFO] [stdout]     = note: import resolution is stuck, try simplifying macro imports
[INFO] [stdout] 
[INFO] [stdout] 
[INFO] [stdout] error: cannot determine resolution for the macro `bug`
[INFO] [stdout]    --> src/value_and_place.rs:180:45
[INFO] [stdout]     |
[INFO] [stdout] 180 |             CValueInner::ByValPair(_, _) => bug!("Please use load_scalar_pair for ByValPair"),
[INFO] [stdout]     |                                             ^^^
[INFO] [stdout]     |
[INFO] [stdout]     = note: import resolution is stuck, try simplifying macro imports
[INFO] [stdout] 
[INFO] [stdout] 
[INFO] [stdout] error: cannot determine resolution for the macro `bug`
[INFO] [stdout]    --> src/value_and_place.rs:203:17
[INFO] [stdout]     |
[INFO] [stdout] 203 |                 bug!("load_scalar_pair for unsized value not allowed")
[INFO] [stdout]     |                 ^^^
[INFO] [stdout]     |
[INFO] [stdout]     = note: import resolution is stuck, try simplifying macro imports
[INFO] [stdout] 
[INFO] [stdout] 
[INFO] [stdout] error: cannot determine resolution for the macro `bug`
[INFO] [stdout]    --> src/value_and_place.rs:205:38
[INFO] [stdout]     |
[INFO] [stdout] 205 |             CValueInner::ByVal(_) => bug!("Please use load_scalar for ByVal"),
[INFO] [stdout]     |                                      ^^^
[INFO] [stdout]     |
[INFO] [stdout]     = note: import resolution is stuck, try simplifying macro imports
[INFO] [stdout] 
[INFO] [stdout] 
[INFO] [stdout] error: cannot determine resolution for the macro `bug`
[INFO] [stdout]    --> src/value_and_place.rs:223:30
[INFO] [stdout]     |
[INFO] [stdout] 223 |                         _ => bug!("field should be 0 or 1"),
[INFO] [stdout]     |                              ^^^
[INFO] [stdout]     |
[INFO] [stdout]     = note: import resolution is stuck, try simplifying macro imports
[INFO] [stdout] 
[INFO] [stdout] 
[INFO] [stdout] error: cannot determine resolution for the macro `bug`
[INFO] [stdout]    --> src/value_and_place.rs:451:46
[INFO] [stdout]     |
[INFO] [stdout] 451 |             CPlaceInner::Addr(_, Some(_)) => bug!("Expected sized cplace, found {:?}", self),
[INFO] [stdout]     |                                              ^^^
[INFO] [stdout]     |
[INFO] [stdout]     = note: import resolution is stuck, try simplifying macro imports
[INFO] [stdout] 
[INFO] [stdout] 
[INFO] [stdout] error: cannot determine resolution for the macro `bug`
[INFO] [stdout]    --> src/value_and_place.rs:453:17
[INFO] [stdout]     |
[INFO] [stdout] 453 |                 bug!("Expected CPlace::Addr, found {:?}", self)
[INFO] [stdout]     |                 ^^^
[INFO] [stdout]     |
[INFO] [stdout]     = note: import resolution is stuck, try simplifying macro imports
[INFO] [stdout] 
[INFO] [stdout] 
[INFO] [stdout] error: cannot determine resolution for the macro `bug`
[INFO] [stdout]    --> src/value_and_place.rs:463:17
[INFO] [stdout]     |
[INFO] [stdout] 463 |                 bug!("Expected unsized cplace, found {:?}", self)
[INFO] [stdout]     |                 ^^^
[INFO] [stdout]     |
[INFO] [stdout]     = note: import resolution is stuck, try simplifying macro imports
[INFO] [stdout] 
[INFO] [stdout] 
[INFO] [stdout] error: cannot determine resolution for the macro `bug`
[INFO] [stdout]    --> src/value_and_place.rs:472:46
[INFO] [stdout]     |
[INFO] [stdout] 472 |             CPlaceInner::Addr(_, Some(_)) => bug!("Expected sized cplace, found {:?}", self),
[INFO] [stdout]     |                                              ^^^
[INFO] [stdout]     |
[INFO] [stdout]     = note: import resolution is stuck, try simplifying macro imports
[INFO] [stdout] 
[INFO] [stdout] 
[INFO] [stdout] error: cannot determine resolution for the macro `bug`
[INFO] [stdout]    --> src/value_and_place.rs:581:46
[INFO] [stdout]     |
[INFO] [stdout] 581 |             CPlaceInner::Addr(_, Some(_)) => bug!("Can't write value to unsized place {:?}", self),
[INFO] [stdout]     |                                              ^^^
[INFO] [stdout]     |
[INFO] [stdout]     = note: import resolution is stuck, try simplifying macro imports
[INFO] [stdout] 
[INFO] [stdout] 
[INFO] [stdout] error: cannot determine resolution for the macro `bug`
[INFO] [stdout]    --> src/value_and_place.rs:610:25
[INFO] [stdout]     |
[INFO] [stdout] 610 |                         bug!("Non ScalarPair abi {:?} for ByValPair CValue", dst_layout.abi);
[INFO] [stdout]     |                         ^^^
[INFO] [stdout]     |
[INFO] [stdout]     = note: import resolution is stuck, try simplifying macro imports
[INFO] [stdout] 
[INFO] [stdout] 
[INFO] [stdout] error: cannot determine resolution for the macro `bug`
[INFO] [stdout]    --> src/value_and_place.rs:667:17
[INFO] [stdout]     |
[INFO] [stdout] 667 |                 bug!("Expected CPlace::Addr, found {:?}", self)
[INFO] [stdout]     |                 ^^^
[INFO] [stdout]     |
[INFO] [stdout]     = note: import resolution is stuck, try simplifying macro imports
[INFO] [stdout] 
[INFO] [stdout] 
[INFO] [stdout] error: cannot determine resolution for the macro `bug`
[INFO] [stdout]    --> src/value_and_place.rs:721:56
[INFO] [stdout]     |
[INFO] [stdout] 721 |                     | CPlaceInner::VarPair(_, _, _) => bug!("Can't index into {self:?}"),
[INFO] [stdout]     |                                                        ^^^
[INFO] [stdout]     |
[INFO] [stdout]     = note: import resolution is stuck, try simplifying macro imports
[INFO] [stdout] 
[INFO] [stdout] 
[INFO] [stdout] error: cannot determine resolution for the macro `bug`
[INFO] [stdout]    --> src/value_and_place.rs:725:18
[INFO] [stdout]     |
[INFO] [stdout] 725 |             _ => bug!("place_index({:?})", self.layout().ty),
[INFO] [stdout]     |                  ^^^
[INFO] [stdout]     |
[INFO] [stdout]     = note: import resolution is stuck, try simplifying macro imports
[INFO] [stdout] 
[INFO] [stdout] 
[INFO] [stdout] error: cannot determine resolution for the macro `bug`
[INFO] [stdout]   --> src/vtable.rs:63:17
[INFO] [stdout]    |
[INFO] [stdout] 63 |                 bug!("receiver has no non-zero-sized fields {:?}", arg);
[INFO] [stdout]    |                 ^^^
[INFO] [stdout]    |
[INFO] [stdout]    = note: import resolution is stuck, try simplifying macro imports
[INFO] [stdout] 
[INFO] [stdout] 
[INFO] [stdout] error[E0433]: failed to resolve: use of undeclared type `Operand`
[INFO] [stdout]    --> src/abi/mod.rs:362:37
[INFO] [stdout]     |
[INFO] [stdout] 362 |         is_owned: matches!(operand, Operand::Move(_)),
[INFO] [stdout]     |                                     ^^^^^^^ use of undeclared type `Operand`
[INFO] [stdout] 
[INFO] [stdout] 
[INFO] [stdout] error[E0433]: failed to resolve: use of undeclared type `Rvalue`
[INFO] [stdout]   --> src/analyze.rs:29:21
[INFO] [stdout]    |
[INFO] [stdout] 29 |                     Rvalue::Ref(_, _, place) | Rvalue::AddressOf(_, place) => {
[INFO] [stdout]    |                     ^^^^^^ use of undeclared type `Rvalue`
[INFO] [stdout] 
[INFO] [stdout] 
[INFO] [stdout] error[E0433]: failed to resolve: use of undeclared type `Rvalue`
[INFO] [stdout]   --> src/analyze.rs:29:48
[INFO] [stdout]    |
[INFO] [stdout] 29 |                     Rvalue::Ref(_, _, place) | Rvalue::AddressOf(_, place) => {
[INFO] [stdout]    |                                                ^^^^^^ use of undeclared type `Rvalue`
[INFO] [stdout] 
[INFO] [stdout] 
[INFO] [stdout] error[E0433]: failed to resolve: use of undeclared type `TerminatorKind`
[INFO] [stdout]    --> src/base.rs:293:13
[INFO] [stdout]     |
[INFO] [stdout] 293 |             TerminatorKind::Goto { target } => {
[INFO] [stdout]     |             ^^^^^^^^^^^^^^ use of undeclared type `TerminatorKind`
[INFO] [stdout] 
[INFO] [stdout] 
[INFO] [stdout] error[E0433]: failed to resolve: use of undeclared type `TerminatorKind`
[INFO] [stdout]    --> src/base.rs:294:24
[INFO] [stdout]     |
[INFO] [stdout] 294 |                 if let TerminatorKind::Return = fx.mir[*target].terminator().kind {
[INFO] [stdout]     |                        ^^^^^^^^^^^^^^ use of undeclared type `TerminatorKind`
[INFO] [stdout] 
[INFO] [stdout] 
[INFO] [stdout] error[E0433]: failed to resolve: use of undeclared type `StatementKind`
[INFO] [stdout]    --> src/base.rs:297:32
[INFO] [stdout]     |
[INFO] [stdout] 297 |                         if let StatementKind::StorageDead(_) = stmt.kind {
[INFO] [stdout]     |                                ^^^^^^^^^^^^^ use of undeclared type `StatementKind`
[INFO] [stdout] 
[INFO] [stdout] 
[INFO] [stdout] error[E0433]: failed to resolve: use of undeclared type `TerminatorKind`
[INFO] [stdout]    --> src/base.rs:314:13
[INFO] [stdout]     |
[INFO] [stdout] 314 |             TerminatorKind::Return => {
[INFO] [stdout]     |             ^^^^^^^^^^^^^^ use of undeclared type `TerminatorKind`
[INFO] [stdout] 
[INFO] [stdout] 
[INFO] [stdout] error[E0433]: failed to resolve: use of undeclared type `TerminatorKind`
[INFO] [stdout]    --> src/base.rs:317:13
[INFO] [stdout]     |
[INFO] [stdout] 317 |             TerminatorKind::Assert { cond, expected, msg, target, unwind: _ } => {
[INFO] [stdout]     |             ^^^^^^^^^^^^^^ use of undeclared type `TerminatorKind`
[INFO] [stdout] 
[INFO] [stdout] 
[INFO] [stdout] error[E0433]: failed to resolve: use of undeclared type `AssertKind`
[INFO] [stdout]    --> src/base.rs:339:21
[INFO] [stdout]     |
[INFO] [stdout] 339 |                     AssertKind::BoundsCheck { ref len, ref index } => {
[INFO] [stdout]     |                     ^^^^^^^^^^ use of undeclared type `AssertKind`
[INFO] [stdout] 
[INFO] [stdout] 
[INFO] [stdout] error[E0433]: failed to resolve: use of undeclared type `AssertKind`
[INFO] [stdout]    --> src/base.rs:351:21
[INFO] [stdout]     |
[INFO] [stdout] 351 |                     AssertKind::MisalignedPointerDereference { ref required, ref found } => {
[INFO] [stdout]     |                     ^^^^^^^^^^ use of undeclared type `AssertKind`
[INFO] [stdout] 
[INFO] [stdout] 
[INFO] [stdout] error[E0433]: failed to resolve: use of undeclared type `TerminatorKind`
[INFO] [stdout]    --> src/base.rs:370:13
[INFO] [stdout]     |
[INFO] [stdout] 370 |             TerminatorKind::SwitchInt { discr, targets } => {
[INFO] [stdout]     |             ^^^^^^^^^^^^^^ use of undeclared type `TerminatorKind`
[INFO] [stdout] 
[INFO] [stdout] 
[INFO] [stdout] error[E0433]: failed to resolve: use of undeclared type `TerminatorKind`
[INFO] [stdout]    --> src/base.rs:416:13
[INFO] [stdout]     |
[INFO] [stdout] 416 |             TerminatorKind::Call {
[INFO] [stdout]     |             ^^^^^^^^^^^^^^ use of undeclared type `TerminatorKind`
[INFO] [stdout] 
[INFO] [stdout] 
[INFO] [stdout] error[E0433]: failed to resolve: use of undeclared type `TerminatorKind`
[INFO] [stdout]    --> src/base.rs:436:13
[INFO] [stdout]     |
[INFO] [stdout] 436 |             TerminatorKind::InlineAsm {
[INFO] [stdout]     |             ^^^^^^^^^^^^^^ use of undeclared type `TerminatorKind`
[INFO] [stdout] 
[INFO] [stdout] 
[INFO] [stdout] error[E0433]: failed to resolve: use of undeclared type `TerminatorKind`
[INFO] [stdout]    --> src/base.rs:460:13
[INFO] [stdout]     |
[INFO] [stdout] 460 |             TerminatorKind::Terminate => {
[INFO] [stdout]     |             ^^^^^^^^^^^^^^ use of undeclared type `TerminatorKind`
[INFO] [stdout] 
[INFO] [stdout] 
[INFO] [stdout] error[E0433]: failed to resolve: use of undeclared type `TerminatorKind`
[INFO] [stdout]    --> src/base.rs:463:13
[INFO] [stdout]     |
[INFO] [stdout] 463 |             TerminatorKind::Resume => {
[INFO] [stdout]     |             ^^^^^^^^^^^^^^ use of undeclared type `TerminatorKind`
[INFO] [stdout] 
[INFO] [stdout] 
[INFO] [stdout] error[E0433]: failed to resolve: use of undeclared type `TerminatorKind`
[INFO] [stdout]    --> src/base.rs:467:13
[INFO] [stdout]     |
[INFO] [stdout] 467 |             TerminatorKind::Unreachable => {
[INFO] [stdout]     |             ^^^^^^^^^^^^^^ use of undeclared type `TerminatorKind`
[INFO] [stdout] 
[INFO] [stdout] 
[INFO] [stdout] error[E0433]: failed to resolve: use of undeclared type `TerminatorKind`
[INFO] [stdout]    --> src/base.rs:470:13
[INFO] [stdout]     |
[INFO] [stdout] 470 |             TerminatorKind::Yield { .. }
[INFO] [stdout]     |             ^^^^^^^^^^^^^^ use of undeclared type `TerminatorKind`
[INFO] [stdout] 
[INFO] [stdout] 
[INFO] [stdout] error[E0433]: failed to resolve: use of undeclared type `TerminatorKind`
[INFO] [stdout]    --> src/base.rs:471:15
[INFO] [stdout]     |
[INFO] [stdout] 471 |             | TerminatorKind::FalseEdge { .. }
[INFO] [stdout]     |               ^^^^^^^^^^^^^^ use of undeclared type `TerminatorKind`
[INFO] [stdout] 
[INFO] [stdout] 
[INFO] [stdout] error[E0433]: failed to resolve: use of undeclared type `TerminatorKind`
[INFO] [stdout]    --> src/base.rs:472:15
[INFO] [stdout]     |
[INFO] [stdout] 472 |             | TerminatorKind::FalseUnwind { .. }
[INFO] [stdout]     |               ^^^^^^^^^^^^^^ use of undeclared type `TerminatorKind`
[INFO] [stdout] 
[INFO] [stdout] 
[INFO] [stdout] error[E0433]: failed to resolve: use of undeclared type `TerminatorKind`
[INFO] [stdout]    --> src/base.rs:473:15
[INFO] [stdout]     |
[INFO] [stdout] 473 |             | TerminatorKind::GeneratorDrop => {
[INFO] [stdout]     |               ^^^^^^^^^^^^^^ use of undeclared type `TerminatorKind`
[INFO] [stdout] 
[INFO] [stdout] 
[INFO] [stdout] error[E0433]: failed to resolve: use of undeclared type `TerminatorKind`
[INFO] [stdout]    --> src/base.rs:476:13
[INFO] [stdout]     |
[INFO] [stdout] 476 |             TerminatorKind::Drop { place, target, unwind: _ } => {
[INFO] [stdout]     |             ^^^^^^^^^^^^^^ use of undeclared type `TerminatorKind`
[INFO] [stdout] 
[INFO] [stdout] 
[INFO] [stdout] error[E0433]: failed to resolve: use of undeclared type `StatementKind`
[INFO] [stdout]    --> src/base.rs:497:9
[INFO] [stdout]     |
[INFO] [stdout] 497 |         StatementKind::StorageLive(..) | StatementKind::StorageDead(..) => {} // Those are not very useful
[INFO] [stdout]     |         ^^^^^^^^^^^^^ use of undeclared type `StatementKind`
[INFO] [stdout] 
[INFO] [stdout] 
[INFO] [stdout] error[E0433]: failed to resolve: use of undeclared type `StatementKind`
[INFO] [stdout]    --> src/base.rs:497:42
[INFO] [stdout]     |
[INFO] [stdout] 497 |         StatementKind::StorageLive(..) | StatementKind::StorageDead(..) => {} // Those are not very useful
[INFO] [stdout]     |                                          ^^^^^^^^^^^^^ use of undeclared type `StatementKind`
[INFO] [stdout] 
[INFO] [stdout] 
[INFO] [stdout] error[E0433]: failed to resolve: use of undeclared type `StatementKind`
[INFO] [stdout]    --> src/base.rs:509:9
[INFO] [stdout]     |
[INFO] [stdout] 509 |         StatementKind::SetDiscriminant { place, variant_index } => {
[INFO] [stdout]     |         ^^^^^^^^^^^^^ use of undeclared type `StatementKind`
[INFO] [stdout] 
[INFO] [stdout] 
[INFO] [stdout] error[E0433]: failed to resolve: use of undeclared type `StatementKind`
[INFO] [stdout]    --> src/base.rs:513:9
[INFO] [stdout]     |
[INFO] [stdout] 513 |         StatementKind::Assign(to_place_and_rval) => {
[INFO] [stdout]     |         ^^^^^^^^^^^^^ use of undeclared type `StatementKind`
[INFO] [stdout] 
[INFO] [stdout] 
[INFO] [stdout] error[E0433]: failed to resolve: use of undeclared type `Rvalue`
[INFO] [stdout]    --> src/base.rs:517:17
[INFO] [stdout]     |
[INFO] [stdout] 517 |                 Rvalue::Use(ref operand) => {
[INFO] [stdout]     |                 ^^^^^^ use of undeclared type `Rvalue`
[INFO] [stdout] 
[INFO] [stdout] 
[INFO] [stdout] error[E0433]: failed to resolve: use of undeclared type `Rvalue`
[INFO] [stdout]    --> src/base.rs:521:17
[INFO] [stdout]     |
[INFO] [stdout] 521 |                 Rvalue::CopyForDeref(place) => {
[INFO] [stdout]     |                 ^^^^^^ use of undeclared type `Rvalue`
[INFO] [stdout] 
[INFO] [stdout] 
[INFO] [stdout] error[E0433]: failed to resolve: use of undeclared type `Rvalue`
[INFO] [stdout]    --> src/base.rs:526:17
[INFO] [stdout]     |
[INFO] [stdout] 526 |                 Rvalue::Ref(_, _, place) | Rvalue::AddressOf(_, place) => {
[INFO] [stdout]     |                 ^^^^^^ use of undeclared type `Rvalue`
[INFO] [stdout] 
[INFO] [stdout] 
[INFO] [stdout] error[E0433]: failed to resolve: use of undeclared type `Rvalue`
[INFO] [stdout]    --> src/base.rs:526:44
[INFO] [stdout]     |
[INFO] [stdout] 526 |                 Rvalue::Ref(_, _, place) | Rvalue::AddressOf(_, place) => {
[INFO] [stdout]     |                                            ^^^^^^ use of undeclared type `Rvalue`
[INFO] [stdout] 
[INFO] [stdout] 
[INFO] [stdout] error[E0433]: failed to resolve: use of undeclared type `Rvalue`
[INFO] [stdout]    --> src/base.rs:531:17
[INFO] [stdout]     |
[INFO] [stdout] 531 |                 Rvalue::ThreadLocalRef(def_id) => {
[INFO] [stdout]     |                 ^^^^^^ use of undeclared type `Rvalue`
[INFO] [stdout] 
[INFO] [stdout] 
[INFO] [stdout] error[E0433]: failed to resolve: use of undeclared type `Rvalue`
[INFO] [stdout]    --> src/base.rs:535:17
[INFO] [stdout]     |
[INFO] [stdout] 535 |                 Rvalue::BinaryOp(bin_op, ref lhs_rhs) => {
[INFO] [stdout]     |                 ^^^^^^ use of undeclared type `Rvalue`
[INFO] [stdout] 
[INFO] [stdout] 
[INFO] [stdout] error[E0433]: failed to resolve: use of undeclared type `Rvalue`
[INFO] [stdout]    --> src/base.rs:542:17
[INFO] [stdout]     |
[INFO] [stdout] 542 |                 Rvalue::CheckedBinaryOp(bin_op, ref lhs_rhs) => {
[INFO] [stdout]     |                 ^^^^^^ use of undeclared type `Rvalue`
[INFO] [stdout] 
[INFO] [stdout] 
[INFO] [stdout] error[E0433]: failed to resolve: use of undeclared type `Rvalue`
[INFO] [stdout]    --> src/base.rs:549:17
[INFO] [stdout]     |
[INFO] [stdout] 549 |                 Rvalue::UnaryOp(un_op, ref operand) => {
[INFO] [stdout]     |                 ^^^^^^ use of undeclared type `Rvalue`
[INFO] [stdout] 
[INFO] [stdout] 
[INFO] [stdout] error[E0433]: failed to resolve: use of undeclared type `UnOp`
[INFO] [stdout]    --> src/base.rs:554:25
[INFO] [stdout]     |
[INFO] [stdout] 554 |                         UnOp::Not => match layout.ty.kind() {
[INFO] [stdout]     |                         ^^^^ use of undeclared type `UnOp`
[INFO] [stdout] 
[INFO] [stdout] 
[INFO] [stdout] error[E0433]: failed to resolve: use of undeclared type `UnOp`
[INFO] [stdout]    --> src/base.rs:564:25
[INFO] [stdout]     |
[INFO] [stdout] 564 |                         UnOp::Neg => match layout.ty.kind() {
[INFO] [stdout]     |                         ^^^^ use of undeclared type `UnOp`
[INFO] [stdout] 
[INFO] [stdout] 
[INFO] [stdout] error[E0433]: failed to resolve: use of undeclared type `Rvalue`
[INFO] [stdout]    --> src/base.rs:572:17
[INFO] [stdout]     |
[INFO] [stdout] 572 |                 Rvalue::Cast(
[INFO] [stdout]     |                 ^^^^^^ use of undeclared type `Rvalue`
[INFO] [stdout] 
[INFO] [stdout] 
[INFO] [stdout] error[E0433]: failed to resolve: use of undeclared type `CastKind`
[INFO] [stdout]    --> src/base.rs:573:21
[INFO] [stdout]     |
[INFO] [stdout] 573 |                     CastKind::Pointer(PointerCast::ReifyFnPointer),
[INFO] [stdout]     |                     ^^^^^^^^ use of undeclared type `CastKind`
[INFO] [stdout] 
[INFO] [stdout] 
[INFO] [stdout] error[E0433]: failed to resolve: use of undeclared type `Rvalue`
[INFO] [stdout]    --> src/base.rs:597:17
[INFO] [stdout]     |
[INFO] [stdout] 597 |                 Rvalue::Cast(
[INFO] [stdout]     |                 ^^^^^^ use of undeclared type `Rvalue`
[INFO] [stdout] 
[INFO] [stdout] 
[INFO] [stdout] error[E0433]: failed to resolve: use of undeclared type `CastKind`
[INFO] [stdout]    --> src/base.rs:598:21
[INFO] [stdout]     |
[INFO] [stdout] 598 |                     CastKind::Pointer(PointerCast::UnsafeFnPointer),
[INFO] [stdout]     |                     ^^^^^^^^ use of undeclared type `CastKind`
[INFO] [stdout] 
[INFO] [stdout] 
[INFO] [stdout] error[E0433]: failed to resolve: use of undeclared type `Rvalue`
[INFO] [stdout]    --> src/base.rs:602:19
[INFO] [stdout]     |
[INFO] [stdout] 602 |                 | Rvalue::Cast(
[INFO] [stdout]     |                   ^^^^^^ use of undeclared type `Rvalue`
[INFO] [stdout] 
[INFO] [stdout] 
[INFO] [stdout] error[E0433]: failed to resolve: use of undeclared type `CastKind`
[INFO] [stdout]    --> src/base.rs:603:21
[INFO] [stdout]     |
[INFO] [stdout] 603 |                     CastKind::Pointer(PointerCast::MutToConstPointer),
[INFO] [stdout]     |                     ^^^^^^^^ use of undeclared type `CastKind`
[INFO] [stdout] 
[INFO] [stdout] 
[INFO] [stdout] error[E0433]: failed to resolve: use of undeclared type `Rvalue`
[INFO] [stdout]    --> src/base.rs:607:19
[INFO] [stdout]     |
[INFO] [stdout] 607 |                 | Rvalue::Cast(
[INFO] [stdout]     |                   ^^^^^^ use of undeclared type `Rvalue`
[INFO] [stdout] 
[INFO] [stdout] 
[INFO] [stdout] error[E0433]: failed to resolve: use of undeclared type `CastKind`
[INFO] [stdout]    --> src/base.rs:608:21
[INFO] [stdout]     |
[INFO] [stdout] 608 |                     CastKind::Pointer(PointerCast::ArrayToPointer),
[INFO] [stdout]     |                     ^^^^^^^^ use of undeclared type `CastKind`
[INFO] [stdout] 
[INFO] [stdout] 
[INFO] [stdout] error[E0433]: failed to resolve: use of undeclared type `Rvalue`
[INFO] [stdout]    --> src/base.rs:616:17
[INFO] [stdout]     |
[INFO] [stdout] 616 |                 Rvalue::Cast(
[INFO] [stdout]     |                 ^^^^^^ use of undeclared type `Rvalue`
[INFO] [stdout] 
[INFO] [stdout] 
[INFO] [stdout] error[E0433]: failed to resolve: use of undeclared type `CastKind`
[INFO] [stdout]    --> src/base.rs:617:21
[INFO] [stdout]     |
[INFO] [stdout] 617 |                     CastKind::IntToInt
[INFO] [stdout]     |                     ^^^^^^^^ use of undeclared type `CastKind`
[INFO] [stdout] 
[INFO] [stdout] 
[INFO] [stdout] error[E0433]: failed to resolve: use of undeclared type `CastKind`
[INFO] [stdout]    --> src/base.rs:618:23
[INFO] [stdout]     |
[INFO] [stdout] 618 |                     | CastKind::FloatToFloat
[INFO] [stdout]     |                       ^^^^^^^^ use of undeclared type `CastKind`
[INFO] [stdout] 
[INFO] [stdout] 
[INFO] [stdout] error[E0433]: failed to resolve: use of undeclared type `CastKind`
[INFO] [stdout]    --> src/base.rs:619:23
[INFO] [stdout]     |
[INFO] [stdout] 619 |                     | CastKind::FloatToInt
[INFO] [stdout]     |                       ^^^^^^^^ use of undeclared type `CastKind`
[INFO] [stdout] 
[INFO] [stdout] 
[INFO] [stdout] error[E0433]: failed to resolve: use of undeclared type `CastKind`
[INFO] [stdout]    --> src/base.rs:620:23
[INFO] [stdout]     |
[INFO] [stdout] 620 |                     | CastKind::IntToFloat
[INFO] [stdout]     |                       ^^^^^^^^ use of undeclared type `CastKind`
[INFO] [stdout] 
[INFO] [stdout] 
[INFO] [stdout] error[E0433]: failed to resolve: use of undeclared type `CastKind`
[INFO] [stdout]    --> src/base.rs:621:23
[INFO] [stdout]     |
[INFO] [stdout] 621 |                     | CastKind::FnPtrToPtr
[INFO] [stdout]     |                       ^^^^^^^^ use of undeclared type `CastKind`
[INFO] [stdout] 
[INFO] [stdout] 
[INFO] [stdout] error[E0433]: failed to resolve: use of undeclared type `CastKind`
[INFO] [stdout]    --> src/base.rs:622:23
[INFO] [stdout]     |
[INFO] [stdout] 622 |                     | CastKind::PtrToPtr
[INFO] [stdout]     |                       ^^^^^^^^ use of undeclared type `CastKind`
[INFO] [stdout] 
[INFO] [stdout] 
[INFO] [stdout] error[E0433]: failed to resolve: use of undeclared type `CastKind`
[INFO] [stdout]    --> src/base.rs:623:23
[INFO] [stdout]     |
[INFO] [stdout] 623 |                     | CastKind::PointerExposeAddress
[INFO] [stdout]     |                       ^^^^^^^^ use of undeclared type `CastKind`
[INFO] [stdout] 
[INFO] [stdout] 
[INFO] [stdout] error[E0433]: failed to resolve: use of undeclared type `CastKind`
[INFO] [stdout]    --> src/base.rs:624:23
[INFO] [stdout]     |
[INFO] [stdout] 624 |                     | CastKind::PointerFromExposedAddress,
[INFO] [stdout]     |                       ^^^^^^^^ use of undeclared type `CastKind`
[INFO] [stdout] 
[INFO] [stdout] 
[INFO] [stdout] error[E0433]: failed to resolve: use of undeclared type `Rvalue`
[INFO] [stdout]    --> src/base.rs:663:17
[INFO] [stdout]     |
[INFO] [stdout] 663 |                 Rvalue::Cast(
[INFO] [stdout]     |                 ^^^^^^ use of undeclared type `Rvalue`
[INFO] [stdout] 
[INFO] [stdout] 
[INFO] [stdout] error[E0433]: failed to resolve: use of undeclared type `CastKind`
[INFO] [stdout]    --> src/base.rs:664:21
[INFO] [stdout]     |
[INFO] [stdout] 664 |                     CastKind::Pointer(PointerCast::ClosureFnPointer(_)),
[INFO] [stdout]     |                     ^^^^^^^^ use of undeclared type `CastKind`
[INFO] [stdout] 
[INFO] [stdout] 
[INFO] [stdout] error[E0433]: failed to resolve: use of undeclared type `Rvalue`
[INFO] [stdout]    --> src/base.rs:686:17
[INFO] [stdout]     |
[INFO] [stdout] 686 |                 Rvalue::Cast(CastKind::Pointer(PointerCast::Unsize), ref operand, _to_ty) => {
[INFO] [stdout]     |                 ^^^^^^ use of undeclared type `Rvalue`
[INFO] [stdout] 
[INFO] [stdout] 
[INFO] [stdout] error[E0433]: failed to resolve: use of undeclared type `CastKind`
[INFO] [stdout]    --> src/base.rs:686:30
[INFO] [stdout]     |
[INFO] [stdout] 686 |                 Rvalue::Cast(CastKind::Pointer(PointerCast::Unsize), ref operand, _to_ty) => {
[INFO] [stdout]     |                              ^^^^^^^^ use of undeclared type `CastKind`
[INFO] [stdout] 
[INFO] [stdout] 
[INFO] [stdout] error[E0433]: failed to resolve: use of undeclared type `Rvalue`
[INFO] [stdout]    --> src/base.rs:690:17
[INFO] [stdout]     |
[INFO] [stdout] 690 |                 Rvalue::Cast(CastKind::DynStar, ref operand, _) => {
[INFO] [stdout]     |                 ^^^^^^ use of undeclared type `Rvalue`
[INFO] [stdout] 
[INFO] [stdout] 
[INFO] [stdout] error[E0433]: failed to resolve: use of undeclared type `CastKind`
[INFO] [stdout]    --> src/base.rs:690:30
[INFO] [stdout]     |
[INFO] [stdout] 690 |                 Rvalue::Cast(CastKind::DynStar, ref operand, _) => {
[INFO] [stdout]     |                              ^^^^^^^^ use of undeclared type `CastKind`
[INFO] [stdout] 
[INFO] [stdout] 
[INFO] [stdout] error[E0433]: failed to resolve: use of undeclared type `Rvalue`
[INFO] [stdout]    --> src/base.rs:694:17
[INFO] [stdout]     |
[INFO] [stdout] 694 |                 Rvalue::Cast(CastKind::Transmute, ref operand, _to_ty) => {
[INFO] [stdout]     |                 ^^^^^^ use of undeclared type `Rvalue`
[INFO] [stdout] 
[INFO] [stdout] 
[INFO] [stdout] error[E0433]: failed to resolve: use of undeclared type `CastKind`
[INFO] [stdout]    --> src/base.rs:694:30
[INFO] [stdout]     |
[INFO] [stdout] 694 |                 Rvalue::Cast(CastKind::Transmute, ref operand, _to_ty) => {
[INFO] [stdout]     |                              ^^^^^^^^ use of undeclared type `CastKind`
[INFO] [stdout] 
[INFO] [stdout] 
[INFO] [stdout] error[E0433]: failed to resolve: use of undeclared type `Rvalue`
[INFO] [stdout]    --> src/base.rs:698:17
[INFO] [stdout]     |
[INFO] [stdout] 698 |                 Rvalue::Discriminant(place) => {
[INFO] [stdout]     |                 ^^^^^^ use of undeclared type `Rvalue`
[INFO] [stdout] 
[INFO] [stdout] 
[INFO] [stdout] error[E0433]: failed to resolve: use of undeclared type `Rvalue`
[INFO] [stdout]    --> src/base.rs:703:17
[INFO] [stdout]     |
[INFO] [stdout] 703 |                 Rvalue::Repeat(ref operand, times) => {
[INFO] [stdout]     |                 ^^^^^^ use of undeclared type `Rvalue`
[INFO] [stdout] 
[INFO] [stdout] 
[INFO] [stdout] error[E0433]: failed to resolve: use of undeclared type `Rvalue`
[INFO] [stdout]    --> src/base.rs:741:17
[INFO] [stdout]     |
[INFO] [stdout] 741 |                 Rvalue::Len(place) => {
[INFO] [stdout]     |                 ^^^^^^ use of undeclared type `Rvalue`
[INFO] [stdout] 
[INFO] [stdout] 
[INFO] [stdout] error[E0433]: failed to resolve: use of undeclared type `Rvalue`
[INFO] [stdout]    --> src/base.rs:747:17
[INFO] [stdout]     |
[INFO] [stdout] 747 |                 Rvalue::ShallowInitBox(ref operand, content_ty) => {
[INFO] [stdout]     |                 ^^^^^^ use of undeclared type `Rvalue`
[INFO] [stdout] 
[INFO] [stdout] 
[INFO] [stdout] error[E0433]: failed to resolve: use of undeclared type `Rvalue`
[INFO] [stdout]    --> src/base.rs:754:17
[INFO] [stdout]     |
[INFO] [stdout] 754 |                 Rvalue::NullaryOp(ref null_op, ty) => {
[INFO] [stdout]     |                 ^^^^^^ use of undeclared type `Rvalue`
[INFO] [stdout] 
[INFO] [stdout] 
[INFO] [stdout] error[E0433]: failed to resolve: use of undeclared type `NullOp`
[INFO] [stdout]    --> src/base.rs:758:25
[INFO] [stdout]     |
[INFO] [stdout] 758 |                         NullOp::SizeOf => layout.size.bytes(),
[INFO] [stdout]     |                         ^^^^^^ use of undeclared type `NullOp`
[INFO] [stdout] 
[INFO] [stdout] 
[INFO] [stdout] error[E0433]: failed to resolve: use of undeclared type `NullOp`
[INFO] [stdout]    --> src/base.rs:759:25
[INFO] [stdout]     |
[INFO] [stdout] 759 |                         NullOp::AlignOf => layout.align.abi.bytes(),
[INFO] [stdout]     |                         ^^^^^^ use of undeclared type `NullOp`
[INFO] [stdout] 
[INFO] [stdout] 
[INFO] [stdout] error[E0433]: failed to resolve: use of undeclared type `NullOp`
[INFO] [stdout]    --> src/base.rs:760:25
[INFO] [stdout]     |
[INFO] [stdout] 760 |                         NullOp::OffsetOf(fields) => {
[INFO] [stdout]     |                         ^^^^^^ use of undeclared type `NullOp`
[INFO] [stdout] 
[INFO] [stdout] 
[INFO] [stdout] error[E0433]: failed to resolve: use of undeclared type `Rvalue`
[INFO] [stdout]    --> src/base.rs:770:17
[INFO] [stdout]     |
[INFO] [stdout] 770 |                 Rvalue::Aggregate(ref kind, ref operands) => {
[INFO] [stdout]     |                 ^^^^^^ use of undeclared type `Rvalue`
[INFO] [stdout] 
[INFO] [stdout] 
[INFO] [stdout] error[E0433]: failed to resolve: use of undeclared type `StatementKind`
[INFO] [stdout]    --> src/base.rs:797:9
[INFO] [stdout]     |
[INFO] [stdout] 797 |         StatementKind::StorageLive(_)
[INFO] [stdout]     |         ^^^^^^^^^^^^^ use of undeclared type `StatementKind`
[INFO] [stdout] 
[INFO] [stdout] 
[INFO] [stdout] error[E0433]: failed to resolve: use of undeclared type `StatementKind`
[INFO] [stdout]    --> src/base.rs:798:11
[INFO] [stdout]     |
[INFO] [stdout] 798 |         | StatementKind::StorageDead(_)
[INFO] [stdout]     |           ^^^^^^^^^^^^^ use of undeclared type `StatementKind`
[INFO] [stdout] 
[INFO] [stdout] 
[INFO] [stdout] error[E0433]: failed to resolve: use of undeclared type `StatementKind`
[INFO] [stdout]    --> src/base.rs:799:11
[INFO] [stdout]     |
[INFO] [stdout] 799 |         | StatementKind::Deinit(_)
[INFO] [stdout]     |           ^^^^^^^^^^^^^ use of undeclared type `StatementKind`
[INFO] [stdout] 
[INFO] [stdout] 
[INFO] [stdout] error[E0433]: failed to resolve: use of undeclared type `StatementKind`
[INFO] [stdout]    --> src/base.rs:800:11
[INFO] [stdout]     |
[INFO] [stdout] 800 |         | StatementKind::ConstEvalCounter
[INFO] [stdout]     |           ^^^^^^^^^^^^^ use of undeclared type `StatementKind`
[INFO] [stdout] 
[INFO] [stdout] 
[INFO] [stdout] error[E0433]: failed to resolve: use of undeclared type `StatementKind`
[INFO] [stdout]    --> src/base.rs:801:11
[INFO] [stdout]     |
[INFO] [stdout] 801 |         | StatementKind::Nop
[INFO] [stdout]     |           ^^^^^^^^^^^^^ use of undeclared type `StatementKind`
[INFO] [stdout] 
[INFO] [stdout] 
[INFO] [stdout] error[E0433]: failed to resolve: use of undeclared type `StatementKind`
[INFO] [stdout]    --> src/base.rs:802:11
[INFO] [stdout]     |
[INFO] [stdout] 802 |         | StatementKind::FakeRead(..)
[INFO] [stdout]     |           ^^^^^^^^^^^^^ use of undeclared type `StatementKind`
[INFO] [stdout] 
[INFO] [stdout] 
[INFO] [stdout] error[E0433]: failed to resolve: use of undeclared type `StatementKind`
[INFO] [stdout]    --> src/base.rs:803:11
[INFO] [stdout]     |
[INFO] [stdout] 803 |         | StatementKind::Retag { .. }
[INFO] [stdout]     |           ^^^^^^^^^^^^^ use of undeclared type `StatementKind`
[INFO] [stdout] 
[INFO] [stdout] 
[INFO] [stdout] error[E0433]: failed to resolve: use of undeclared type `StatementKind`
[INFO] [stdout]    --> src/base.rs:804:11
[INFO] [stdout]     |
[INFO] [stdout] 804 |         | StatementKind::PlaceMention(..)
[INFO] [stdout]     |           ^^^^^^^^^^^^^ use of undeclared type `StatementKind`
[INFO] [stdout] 
[INFO] [stdout] 
[INFO] [stdout] error[E0433]: failed to resolve: use of undeclared type `StatementKind`
[INFO] [stdout]    --> src/base.rs:805:11
[INFO] [stdout]     |
[INFO] [stdout] 805 |         | StatementKind::AscribeUserType(..) => {}
[INFO] [stdout]     |           ^^^^^^^^^^^^^ use of undeclared type `StatementKind`
[INFO] [stdout] 
[INFO] [stdout] 
[INFO] [stdout] error[E0433]: failed to resolve: use of undeclared type `StatementKind`
[INFO] [stdout]    --> src/base.rs:807:9
[INFO] [stdout]     |
[INFO] [stdout] 807 |         StatementKind::Coverage { .. } => fx.tcx.sess.fatal("-Zcoverage is unimplemented"),
[INFO] [stdout]     |         ^^^^^^^^^^^^^ use of undeclared type `StatementKind`
[INFO] [stdout] 
[INFO] [stdout] 
[INFO] [stdout] error[E0433]: failed to resolve: use of undeclared type `StatementKind`
[INFO] [stdout]    --> src/base.rs:808:9
[INFO] [stdout]     |
[INFO] [stdout] 808 |         StatementKind::Intrinsic(ref intrinsic) => match &**intrinsic {
[INFO] [stdout]     |         ^^^^^^^^^^^^^ use of undeclared type `StatementKind`
[INFO] [stdout] 
[INFO] [stdout] 
[INFO] [stdout] error[E0433]: failed to resolve: use of undeclared type `NonDivergingIntrinsic`
[INFO] [stdout]    --> src/base.rs:810:13
[INFO] [stdout]     |
[INFO] [stdout] 810 |             NonDivergingIntrinsic::Assume(_) => {}
[INFO] [stdout]     |             ^^^^^^^^^^^^^^^^^^^^^ use of undeclared type `NonDivergingIntrinsic`
[INFO] [stdout] 
[INFO] [stdout] 
[INFO] [stdout] error[E0433]: failed to resolve: use of undeclared type `NonDivergingIntrinsic`
[INFO] [stdout]    --> src/base.rs:811:13
[INFO] [stdout]     |
[INFO] [stdout] 811 |             NonDivergingIntrinsic::CopyNonOverlapping(mir::CopyNonOverlapping {
[INFO] [stdout]     |             ^^^^^^^^^^^^^^^^^^^^^ use of undeclared type `NonDivergingIntrinsic`
[INFO] [stdout] 
[INFO] [stdout] 
[INFO] [stdout] error[E0433]: failed to resolve: use of undeclared type `PlaceElem`
[INFO] [stdout]    --> src/base.rs:855:13
[INFO] [stdout]     |
[INFO] [stdout] 855 |             PlaceElem::Deref => {
[INFO] [stdout]     |             ^^^^^^^^^ use of undeclared type `PlaceElem`
[INFO] [stdout] 
[INFO] [stdout] 
[INFO] [stdout] error[E0433]: failed to resolve: use of undeclared type `PlaceElem`
[INFO] [stdout]    --> src/base.rs:858:13
[INFO] [stdout]     |
[INFO] [stdout] 858 |             PlaceElem::OpaqueCast(ty) => cplace = cplace.place_opaque_cast(fx, ty),
[INFO] [stdout]     |             ^^^^^^^^^ use of undeclared type `PlaceElem`
[INFO] [stdout] 
[INFO] [stdout] 
[INFO] [stdout] error[E0433]: failed to resolve: use of undeclared type `PlaceElem`
[INFO] [stdout]    --> src/base.rs:859:13
[INFO] [stdout]     |
[INFO] [stdout] 859 |             PlaceElem::Field(field, _ty) => {
[INFO] [stdout]     |             ^^^^^^^^^ use of undeclared type `PlaceElem`
[INFO] [stdout] 
[INFO] [stdout] 
[INFO] [stdout] error[E0433]: failed to resolve: use of undeclared type `PlaceElem`
[INFO] [stdout]    --> src/base.rs:862:13
[INFO] [stdout]     |
[INFO] [stdout] 862 |             PlaceElem::Index(local) => {
[INFO] [stdout]     |             ^^^^^^^^^ use of undeclared type `PlaceElem`
[INFO] [stdout] 
[INFO] [stdout] 
[INFO] [stdout] error[E0433]: failed to resolve: use of undeclared type `PlaceElem`
[INFO] [stdout]    --> src/base.rs:866:13
[INFO] [stdout]     |
[INFO] [stdout] 866 |             PlaceElem::ConstantIndex { offset, min_length: _, from_end } => {
[INFO] [stdout]     |             ^^^^^^^^^ use of undeclared type `PlaceElem`
[INFO] [stdout] 
[INFO] [stdout] 
[INFO] [stdout] error[E0433]: failed to resolve: use of undeclared type `PlaceElem`
[INFO] [stdout]    --> src/base.rs:876:13
[INFO] [stdout]     |
[INFO] [stdout] 876 |             PlaceElem::Subslice { from, to, from_end } => {
[INFO] [stdout]     |             ^^^^^^^^^ use of undeclared type `PlaceElem`
[INFO] [stdout] 
[INFO] [stdout] 
[INFO] [stdout] error[E0433]: failed to resolve: use of undeclared type `PlaceElem`
[INFO] [stdout]    --> src/base.rs:906:13
[INFO] [stdout]     |
[INFO] [stdout] 906 |             PlaceElem::Downcast(_adt_def, variant) => {
[INFO] [stdout]     |             ^^^^^^^^^ use of undeclared type `PlaceElem`
[INFO] [stdout] 
[INFO] [stdout] 
[INFO] [stdout] error[E0433]: failed to resolve: use of undeclared type `Operand`
[INFO] [stdout]    --> src/base.rs:920:9
[INFO] [stdout]     |
[INFO] [stdout] 920 |         Operand::Move(place) | Operand::Copy(place) => {
[INFO] [stdout]     |         ^^^^^^^ use of undeclared type `Operand`
[INFO] [stdout] 
[INFO] [stdout] 
[INFO] [stdout] error[E0433]: failed to resolve: use of undeclared type `Operand`
[INFO] [stdout]    --> src/base.rs:920:32
[INFO] [stdout]     |
[INFO] [stdout] 920 |         Operand::Move(place) | Operand::Copy(place) => {
[INFO] [stdout]     |                                ^^^^^^^ use of undeclared type `Operand`
[INFO] [stdout] 
[INFO] [stdout] 
[INFO] [stdout] error[E0433]: failed to resolve: use of undeclared type `Operand`
[INFO] [stdout]    --> src/base.rs:924:9
[INFO] [stdout]     |
[INFO] [stdout] 924 |         Operand::Constant(const_) => crate::constant::codegen_constant_operand(fx, const_),
[INFO] [stdout]     |         ^^^^^^^ use of undeclared type `Operand`
[INFO] [stdout] 
[INFO] [stdout] 
[INFO] [stdout] error[E0433]: failed to resolve: use of undeclared type `BinOp`
[INFO] [stdout]   --> src/codegen_i128.rs:24:9
[INFO] [stdout]    |
[INFO] [stdout] 24 |         BinOp::BitAnd | BinOp::BitOr | BinOp::BitXor => None,
[INFO] [stdout]    |         ^^^^^ use of undeclared type `BinOp`
[INFO] [stdout] 
[INFO] [stdout] 
[INFO] [stdout] error[E0433]: failed to resolve: use of undeclared type `BinOp`
[INFO] [stdout]   --> src/codegen_i128.rs:24:25
[INFO] [stdout]    |
[INFO] [stdout] 24 |         BinOp::BitAnd | BinOp::BitOr | BinOp::BitXor => None,
[INFO] [stdout]    |                         ^^^^^ use of undeclared type `BinOp`
[INFO] [stdout] 
[INFO] [stdout] 
[INFO] [stdout] error[E0433]: failed to resolve: use of undeclared type `BinOp`
[INFO] [stdout]   --> src/codegen_i128.rs:24:40
[INFO] [stdout]    |
[INFO] [stdout] 24 |         BinOp::BitAnd | BinOp::BitOr | BinOp::BitXor => None,
[INFO] [stdout]    |                                        ^^^^^ use of undeclared type `BinOp`
[INFO] [stdout] 
[INFO] [stdout] 
[INFO] [stdout] error[E0433]: failed to resolve: use of undeclared type `BinOp`
[INFO] [stdout]   --> src/codegen_i128.rs:25:9
[INFO] [stdout]    |
[INFO] [stdout] 25 |         BinOp::Add | BinOp::Sub => None,
[INFO] [stdout]    |         ^^^^^ use of undeclared type `BinOp`
[INFO] [stdout] 
[INFO] [stdout] 
[INFO] [stdout] error[E0433]: failed to resolve: use of undeclared type `BinOp`
[INFO] [stdout]   --> src/codegen_i128.rs:25:22
[INFO] [stdout]    |
[INFO] [stdout] 25 |         BinOp::Add | BinOp::Sub => None,
[INFO] [stdout]    |                      ^^^^^ use of undeclared type `BinOp`
[INFO] [stdout] 
[INFO] [stdout] 
[INFO] [stdout] error[E0433]: failed to resolve: use of undeclared type `BinOp`
[INFO] [stdout]   --> src/codegen_i128.rs:26:9
[INFO] [stdout]    |
[INFO] [stdout] 26 |         BinOp::Mul => {
[INFO] [stdout]    |         ^^^^^ use of undeclared type `BinOp`
[INFO] [stdout] 
[INFO] [stdout] 
[INFO] [stdout] error[E0433]: failed to resolve: use of undeclared type `BinOp`
[INFO] [stdout]   --> src/codegen_i128.rs:39:9
[INFO] [stdout]    |
[INFO] [stdout] 39 |         BinOp::Offset => unreachable!("offset should only be used on pointers, not 128bit ints"),
[INFO] [stdout]    |         ^^^^^ use of undeclared type `BinOp`
[INFO] [stdout] 
[INFO] [stdout] 
[INFO] [stdout] error[E0433]: failed to resolve: use of undeclared type `BinOp`
[INFO] [stdout]   --> src/codegen_i128.rs:40:9
[INFO] [stdout]    |
[INFO] [stdout] 40 |         BinOp::Div | BinOp::Rem => {
[INFO] [stdout]    |         ^^^^^ use of undeclared type `BinOp`
[INFO] [stdout] 
[INFO] [stdout] 
[INFO] [stdout] error[E0433]: failed to resolve: use of undeclared type `BinOp`
[INFO] [stdout]   --> src/codegen_i128.rs:40:22
[INFO] [stdout]    |
[INFO] [stdout] 40 |         BinOp::Div | BinOp::Rem => {
[INFO] [stdout]    |                      ^^^^^ use of undeclared type `BinOp`
[INFO] [stdout] 
[INFO] [stdout] 
[INFO] [stdout] error[E0433]: failed to resolve: use of undeclared type `BinOp`
[INFO] [stdout]   --> src/codegen_i128.rs:42:18
[INFO] [stdout]    |
[INFO] [stdout] 42 |                 (BinOp::Div, false) => "__udivti3",
[INFO] [stdout]    |                  ^^^^^ use of undeclared type `BinOp`
[INFO] [stdout] 
[INFO] [stdout] 
[INFO] [stdout] error[E0433]: failed to resolve: use of undeclared type `BinOp`
[INFO] [stdout]   --> src/codegen_i128.rs:43:18
[INFO] [stdout]    |
[INFO] [stdout] 43 |                 (BinOp::Div, true) => "__divti3",
[INFO] [stdout]    |                  ^^^^^ use of undeclared type `BinOp`
[INFO] [stdout] 
[INFO] [stdout] 
[INFO] [stdout] error[E0433]: failed to resolve: use of undeclared type `BinOp`
[INFO] [stdout]   --> src/codegen_i128.rs:44:18
[INFO] [stdout]    |
[INFO] [stdout] 44 |                 (BinOp::Rem, false) => "__umodti3",
[INFO] [stdout]    |                  ^^^^^ use of undeclared type `BinOp`
[INFO] [stdout] 
[INFO] [stdout] 
[INFO] [stdout] error[E0433]: failed to resolve: use of undeclared type `BinOp`
[INFO] [stdout]   --> src/codegen_i128.rs:45:18
[INFO] [stdout]    |
[INFO] [stdout] 45 |                 (BinOp::Rem, true) => "__modti3",
[INFO] [stdout]    |                  ^^^^^ use of undeclared type `BinOp`
[INFO] [stdout] 
[INFO] [stdout] 
[INFO] [stdout] error[E0433]: failed to resolve: use of undeclared type `BinOp`
[INFO] [stdout]   --> src/codegen_i128.rs:71:9
[INFO] [stdout]    |
[INFO] [stdout] 71 |         BinOp::Lt | BinOp::Le | BinOp::Eq | BinOp::Ge | BinOp::Gt | BinOp::Ne => None,
[INFO] [stdout]    |         ^^^^^ use of undeclared type `BinOp`
[INFO] [stdout] 
[INFO] [stdout] 
[INFO] [stdout] error[E0433]: failed to resolve: use of undeclared type `BinOp`
[INFO] [stdout]   --> src/codegen_i128.rs:71:21
[INFO] [stdout]    |
[INFO] [stdout] 71 |         BinOp::Lt | BinOp::Le | BinOp::Eq | BinOp::Ge | BinOp::Gt | BinOp::Ne => None,
[INFO] [stdout]    |                     ^^^^^ use of undeclared type `BinOp`
[INFO] [stdout] 
[INFO] [stdout] 
[INFO] [stdout] error[E0433]: failed to resolve: use of undeclared type `BinOp`
[INFO] [stdout]   --> src/codegen_i128.rs:71:33
[INFO] [stdout]    |
[INFO] [stdout] 71 |         BinOp::Lt | BinOp::Le | BinOp::Eq | BinOp::Ge | BinOp::Gt | BinOp::Ne => None,
[INFO] [stdout]    |                                 ^^^^^ use of undeclared type `BinOp`
[INFO] [stdout] 
[INFO] [stdout] 
[INFO] [stdout] error[E0433]: failed to resolve: use of undeclared type `BinOp`
[INFO] [stdout]   --> src/codegen_i128.rs:71:45
[INFO] [stdout]    |
[INFO] [stdout] 71 |         BinOp::Lt | BinOp::Le | BinOp::Eq | BinOp::Ge | BinOp::Gt | BinOp::Ne => None,
[INFO] [stdout]    |                                             ^^^^^ use of undeclared type `BinOp`
[INFO] [stdout] 
[INFO] [stdout] 
[INFO] [stdout] error[E0433]: failed to resolve: use of undeclared type `BinOp`
[INFO] [stdout]   --> src/codegen_i128.rs:71:57
[INFO] [stdout]    |
[INFO] [stdout] 71 |         BinOp::Lt | BinOp::Le | BinOp::Eq | BinOp::Ge | BinOp::Gt | BinOp::Ne => None,
[INFO] [stdout]    |                                                         ^^^^^ use of undeclared type `BinOp`
[INFO] [stdout] 
[INFO] [stdout] 
[INFO] [stdout] error[E0433]: failed to resolve: use of undeclared type `BinOp`
[INFO] [stdout]   --> src/codegen_i128.rs:71:69
[INFO] [stdout]    |
[INFO] [stdout] 71 |         BinOp::Lt | BinOp::Le | BinOp::Eq | BinOp::Ge | BinOp::Gt | BinOp::Ne => None,
[INFO] [stdout]    |                                                                     ^^^^^ use of undeclared type `BinOp`
[INFO] [stdout] 
[INFO] [stdout] 
[INFO] [stdout] error[E0433]: failed to resolve: use of undeclared type `BinOp`
[INFO] [stdout]   --> src/codegen_i128.rs:72:9
[INFO] [stdout]    |
[INFO] [stdout] 72 |         BinOp::Shl | BinOp::Shr => None,
[INFO] [stdout]    |         ^^^^^ use of undeclared type `BinOp`
[INFO] [stdout] 
[INFO] [stdout] 
[INFO] [stdout] error[E0433]: failed to resolve: use of undeclared type `BinOp`
[INFO] [stdout]   --> src/codegen_i128.rs:72:22
[INFO] [stdout]    |
[INFO] [stdout] 72 |         BinOp::Shl | BinOp::Shr => None,
[INFO] [stdout]    |                      ^^^^^ use of undeclared type `BinOp`
[INFO] [stdout] 
[INFO] [stdout] 
[INFO] [stdout] error[E0433]: failed to resolve: use of undeclared type `BinOp`
[INFO] [stdout]   --> src/codegen_i128.rs:93:9
[INFO] [stdout]    |
[INFO] [stdout] 93 |         BinOp::BitAnd | BinOp::BitOr | BinOp::BitXor => unreachable!(),
[INFO] [stdout]    |         ^^^^^ use of undeclared type `BinOp`
[INFO] [stdout] 
[INFO] [stdout] 
[INFO] [stdout] error[E0433]: failed to resolve: use of undeclared type `BinOp`
[INFO] [stdout]   --> src/codegen_i128.rs:93:25
[INFO] [stdout]    |
[INFO] [stdout] 93 |         BinOp::BitAnd | BinOp::BitOr | BinOp::BitXor => unreachable!(),
[INFO] [stdout]    |                         ^^^^^ use of undeclared type `BinOp`
[INFO] [stdout] 
[INFO] [stdout] 
[INFO] [stdout] error[E0433]: failed to resolve: use of undeclared type `BinOp`
[INFO] [stdout]   --> src/codegen_i128.rs:93:40
[INFO] [stdout]    |
[INFO] [stdout] 93 |         BinOp::BitAnd | BinOp::BitOr | BinOp::BitXor => unreachable!(),
[INFO] [stdout]    |                                        ^^^^^ use of undeclared type `BinOp`
[INFO] [stdout] 
[INFO] [stdout] 
[INFO] [stdout] error[E0433]: failed to resolve: use of undeclared type `BinOp`
[INFO] [stdout]   --> src/codegen_i128.rs:94:9
[INFO] [stdout]    |
[INFO] [stdout] 94 |         BinOp::Mul if is_signed => {
[INFO] [stdout]    |         ^^^^^ use of undeclared type `BinOp`
[INFO] [stdout] 
[INFO] [stdout] 
[INFO] [stdout] error[E0433]: failed to resolve: use of undeclared type `BinOp`
[INFO] [stdout]    --> src/codegen_i128.rs:114:9
[INFO] [stdout]     |
[INFO] [stdout] 114 |         BinOp::Add | BinOp::Sub | BinOp::Mul => {
[INFO] [stdout]     |         ^^^^^ use of undeclared type `BinOp`
[INFO] [stdout] 
[INFO] [stdout] 
[INFO] [stdout] error[E0433]: failed to resolve: use of undeclared type `BinOp`
[INFO] [stdout]    --> src/codegen_i128.rs:114:22
[INFO] [stdout]     |
[INFO] [stdout] 114 |         BinOp::Add | BinOp::Sub | BinOp::Mul => {
[INFO] [stdout]     |                      ^^^^^ use of undeclared type `BinOp`
[INFO] [stdout] 
[INFO] [stdout] 
[INFO] [stdout] error[E0433]: failed to resolve: use of undeclared type `BinOp`
[INFO] [stdout]    --> src/codegen_i128.rs:114:35
[INFO] [stdout]     |
[INFO] [stdout] 114 |         BinOp::Add | BinOp::Sub | BinOp::Mul => {
[INFO] [stdout]     |                                   ^^^^^ use of undeclared type `BinOp`
[INFO] [stdout] 
[INFO] [stdout] 
[INFO] [stdout] error[E0433]: failed to resolve: use of undeclared type `BinOp`
[INFO] [stdout]    --> src/codegen_i128.rs:124:18
[INFO] [stdout]     |
[INFO] [stdout] 124 |                 (BinOp::Add, false) => "__rust_u128_addo",
[INFO] [stdout]     |                  ^^^^^ use of undeclared type `BinOp`
[INFO] [stdout] 
[INFO] [stdout] 
[INFO] [stdout] error[E0433]: failed to resolve: use of undeclared type `BinOp`
[INFO] [stdout]    --> src/codegen_i128.rs:125:18
[INFO] [stdout]     |
[INFO] [stdout] 125 |                 (BinOp::Add, true) => "__rust_i128_addo",
[INFO] [stdout]     |                  ^^^^^ use of undeclared type `BinOp`
[INFO] [stdout] 
[INFO] [stdout] 
[INFO] [stdout] error[E0433]: failed to resolve: use of undeclared type `BinOp`
[INFO] [stdout]    --> src/codegen_i128.rs:126:18
[INFO] [stdout]     |
[INFO] [stdout] 126 |                 (BinOp::Sub, false) => "__rust_u128_subo",
[INFO] [stdout]     |                  ^^^^^ use of undeclared type `BinOp`
[INFO] [stdout] 
[INFO] [stdout] 
[INFO] [stdout] error[E0433]: failed to resolve: use of undeclared type `BinOp`
[INFO] [stdout]    --> src/codegen_i128.rs:127:18
[INFO] [stdout]     |
[INFO] [stdout] 127 |                 (BinOp::Sub, true) => "__rust_i128_subo",
[INFO] [stdout]     |                  ^^^^^ use of undeclared type `BinOp`
[INFO] [stdout] 
[INFO] [stdout] 
[INFO] [stdout] error[E0433]: failed to resolve: use of undeclared type `BinOp`
[INFO] [stdout]    --> src/codegen_i128.rs:128:18
[INFO] [stdout]     |
[INFO] [stdout] 128 |                 (BinOp::Mul, false) => "__rust_u128_mulo",
[INFO] [stdout]     |                  ^^^^^ use of undeclared type `BinOp`
[INFO] [stdout] 
[INFO] [stdout] 
[INFO] [stdout] error[E0433]: failed to resolve: use of undeclared type `BinOp`
[INFO] [stdout]    --> src/codegen_i128.rs:134:9
[INFO] [stdout]     |
[INFO] [stdout] 134 |         BinOp::Offset => unreachable!("offset should only be used on pointers, not 128bit ints"),
[INFO] [stdout]     |         ^^^^^ use of undeclared type `BinOp`
[INFO] [stdout] 
[INFO] [stdout] 
[INFO] [stdout] error[E0433]: failed to resolve: use of undeclared type `BinOp`
[INFO] [stdout]    --> src/codegen_i128.rs:135:9
[INFO] [stdout]     |
[INFO] [stdout] 135 |         BinOp::Div | BinOp::Rem => unreachable!(),
[INFO] [stdout]     |         ^^^^^ use of undeclared type `BinOp`
[INFO] [stdout] 
[INFO] [stdout] 
[INFO] [stdout] error[E0433]: failed to resolve: use of undeclared type `BinOp`
[INFO] [stdout]    --> src/codegen_i128.rs:135:22
[INFO] [stdout]     |
[INFO] [stdout] 135 |         BinOp::Div | BinOp::Rem => unreachable!(),
[INFO] [stdout]     |                      ^^^^^ use of undeclared type `BinOp`
[INFO] [stdout] 
[INFO] [stdout] 
[INFO] [stdout] error[E0433]: failed to resolve: use of undeclared type `BinOp`
[INFO] [stdout]    --> src/codegen_i128.rs:136:9
[INFO] [stdout]     |
[INFO] [stdout] 136 |         BinOp::Lt | BinOp::Le | BinOp::Eq | BinOp::Ge | BinOp::Gt | BinOp::Ne => unreachable!(),
[INFO] [stdout]     |         ^^^^^ use of undeclared type `BinOp`
[INFO] [stdout] 
[INFO] [stdout] 
[INFO] [stdout] error[E0433]: failed to resolve: use of undeclared type `BinOp`
[INFO] [stdout]    --> src/codegen_i128.rs:136:21
[INFO] [stdout]     |
[INFO] [stdout] 136 |         BinOp::Lt | BinOp::Le | BinOp::Eq | BinOp::Ge | BinOp::Gt | BinOp::Ne => unreachable!(),
[INFO] [stdout]     |                     ^^^^^ use of undeclared type `BinOp`
[INFO] [stdout] 
[INFO] [stdout] 
[INFO] [stdout] error[E0433]: failed to resolve: use of undeclared type `BinOp`
[INFO] [stdout]    --> src/codegen_i128.rs:136:33
[INFO] [stdout]     |
[INFO] [stdout] 136 |         BinOp::Lt | BinOp::Le | BinOp::Eq | BinOp::Ge | BinOp::Gt | BinOp::Ne => unreachable!(),
[INFO] [stdout]     |                                 ^^^^^ use of undeclared type `BinOp`
[INFO] [stdout] 
[INFO] [stdout] 
[INFO] [stdout] error[E0433]: failed to resolve: use of undeclared type `BinOp`
[INFO] [stdout]    --> src/codegen_i128.rs:136:45
[INFO] [stdout]     |
[INFO] [stdout] 136 |         BinOp::Lt | BinOp::Le | BinOp::Eq | BinOp::Ge | BinOp::Gt | BinOp::Ne => unreachable!(),
[INFO] [stdout]     |                                             ^^^^^ use of undeclared type `BinOp`
[INFO] [stdout] 
[INFO] [stdout] 
[INFO] [stdout] error[E0433]: failed to resolve: use of undeclared type `BinOp`
[INFO] [stdout]    --> src/codegen_i128.rs:136:57
[INFO] [stdout]     |
[INFO] [stdout] 136 |         BinOp::Lt | BinOp::Le | BinOp::Eq | BinOp::Ge | BinOp::Gt | BinOp::Ne => unreachable!(),
[INFO] [stdout]     |                                                         ^^^^^ use of undeclared type `BinOp`
[INFO] [stdout] 
[INFO] [stdout] 
[INFO] [stdout] error[E0433]: failed to resolve: use of undeclared type `BinOp`
[INFO] [stdout]    --> src/codegen_i128.rs:136:69
[INFO] [stdout]     |
[INFO] [stdout] 136 |         BinOp::Lt | BinOp::Le | BinOp::Eq | BinOp::Ge | BinOp::Gt | BinOp::Ne => unreachable!(),
[INFO] [stdout]     |                                                                     ^^^^^ use of undeclared type `BinOp`
[INFO] [stdout] 
[INFO] [stdout] 
[INFO] [stdout] error[E0433]: failed to resolve: use of undeclared type `BinOp`
[INFO] [stdout]    --> src/codegen_i128.rs:137:9
[INFO] [stdout]     |
[INFO] [stdout] 137 |         BinOp::Shl | BinOp::Shr => unreachable!(),
[INFO] [stdout]     |         ^^^^^ use of undeclared type `BinOp`
[INFO] [stdout] 
[INFO] [stdout] 
[INFO] [stdout] error[E0433]: failed to resolve: use of undeclared type `BinOp`
[INFO] [stdout]    --> src/codegen_i128.rs:137:22
[INFO] [stdout]     |
[INFO] [stdout] 137 |         BinOp::Shl | BinOp::Shr => unreachable!(),
[INFO] [stdout]     |                      ^^^^^ use of undeclared type `BinOp`
[INFO] [stdout] 
[INFO] [stdout] 
[INFO] [stdout] error[E0433]: failed to resolve: use of undeclared type `ConstantKind`
[INFO] [stdout]   --> src/constant.rs:82:9
[INFO] [stdout]    |
[INFO] [stdout] 82 |         ConstantKind::Ty(const_) => match const_.kind() {
[INFO] [stdout]    |         ^^^^^^^^^^^^ use of undeclared type `ConstantKind`
[INFO] [stdout] 
[INFO] [stdout] 
[INFO] [stdout] error[E0433]: failed to resolve: use of undeclared type `ConstantKind`
[INFO] [stdout]   --> src/constant.rs:93:9
[INFO] [stdout]    |
[INFO] [stdout] 93 |         ConstantKind::Unevaluated(mir::UnevaluatedConst { def, .. }, _)
[INFO] [stdout]    |         ^^^^^^^^^^^^ use of undeclared type `ConstantKind`
[INFO] [stdout] 
[INFO] [stdout] 
[INFO] [stdout] error[E0433]: failed to resolve: use of undeclared type `ConstantKind`
[INFO] [stdout]   --> src/constant.rs:98:9
[INFO] [stdout]    |
[INFO] [stdout] 98 |         ConstantKind::Unevaluated(uv, _) => uv,
[INFO] [stdout]    |         ^^^^^^^^^^^^ use of undeclared type `ConstantKind`
[INFO] [stdout] 
[INFO] [stdout] 
[INFO] [stdout] error[E0433]: failed to resolve: use of undeclared type `ConstantKind`
[INFO] [stdout]   --> src/constant.rs:99:9
[INFO] [stdout]    |
[INFO] [stdout] 99 |         ConstantKind::Val(val, _) => return Some((val, constant_kind.ty())),
[INFO] [stdout]    |         ^^^^^^^^^^^^ use of undeclared type `ConstantKind`
[INFO] [stdout] 
[INFO] [stdout] 
[INFO] [stdout] error[E0433]: failed to resolve: use of undeclared type `Mutability`
[INFO] [stdout]    --> src/constant.rs:447:64
[INFO] [stdout]     |
[INFO] [stdout] 447 |                     data_id_for_alloc_id(cx, module, alloc_id, Mutability::Not)
[INFO] [stdout]     |                                                                ^^^^^^^^^^ use of undeclared type `Mutability`
[INFO] [stdout] 
[INFO] [stdout] 
[INFO] [stdout] error[E0433]: failed to resolve: use of undeclared type `Operand`
[INFO] [stdout]    --> src/constant.rs:482:9
[INFO] [stdout]     |
[INFO] [stdout] 482 |         Operand::Constant(const_) => Some(eval_mir_constant(fx, const_).unwrap().0),
[INFO] [stdout]     |         ^^^^^^^ use of undeclared type `Operand`
[INFO] [stdout] 
[INFO] [stdout] 
[INFO] [stdout] error[E0433]: failed to resolve: use of undeclared type `Operand`
[INFO] [stdout]    --> src/constant.rs:486:9
[INFO] [stdout]     |
[INFO] [stdout] 486 |         Operand::Copy(place) | Operand::Move(place) => {
[INFO] [stdout]     |         ^^^^^^^ use of undeclared type `Operand`
[INFO] [stdout] 
[INFO] [stdout] 
[INFO] [stdout] error[E0433]: failed to resolve: use of undeclared type `Operand`
[INFO] [stdout]    --> src/constant.rs:486:32
[INFO] [stdout]     |
[INFO] [stdout] 486 |         Operand::Copy(place) | Operand::Move(place) => {
[INFO] [stdout]     |                                ^^^^^^^ use of undeclared type `Operand`
[INFO] [stdout] 
[INFO] [stdout] 
[INFO] [stdout] error[E0433]: failed to resolve: use of undeclared type `StatementKind`
[INFO] [stdout]    --> src/constant.rs:494:25
[INFO] [stdout]     |
[INFO] [stdout] 494 |                         StatementKind::Assign(local_and_rvalue) if &local_and_rvalue.0 == place => {
[INFO] [stdout]     |                         ^^^^^^^^^^^^^ use of undeclared type `StatementKind`
[INFO] [stdout] 
[INFO] [stdout] 
[INFO] [stdout] error[E0433]: failed to resolve: use of undeclared type `Rvalue`
[INFO] [stdout]    --> src/constant.rs:496:33
[INFO] [stdout]     |
[INFO] [stdout] 496 | ...                   Rvalue::Cast(
[INFO] [stdout]     |                       ^^^^^^ use of undeclared type `Rvalue`
[INFO] [stdout] 
[INFO] [stdout] 
[INFO] [stdout] error[E0433]: failed to resolve: use of undeclared type `CastKind`
[INFO] [stdout]    --> src/constant.rs:497:37
[INFO] [stdout]     |
[INFO] [stdout] 497 | ...                   CastKind::IntToInt
[INFO] [stdout]     |                       ^^^^^^^^ use of undeclared type `CastKind`
[INFO] [stdout] 
[INFO] [stdout] 
[INFO] [stdout] error[E0433]: failed to resolve: use of undeclared type `CastKind`
[INFO] [stdout]    --> src/constant.rs:498:39
[INFO] [stdout]     |
[INFO] [stdout] 498 | ...                   | CastKind::FloatToFloat
[INFO] [stdout]     |                         ^^^^^^^^ use of undeclared type `CastKind`
[INFO] [stdout] 
[INFO] [stdout] 
[INFO] [stdout] error[E0433]: failed to resolve: use of undeclared type `CastKind`
[INFO] [stdout]    --> src/constant.rs:499:39
[INFO] [stdout]     |
[INFO] [stdout] 499 | ...                   | CastKind::FloatToInt
[INFO] [stdout]     |                         ^^^^^^^^ use of undeclared type `CastKind`
[INFO] [stdout] 
[INFO] [stdout] 
[INFO] [stdout] error[E0433]: failed to resolve: use of undeclared type `CastKind`
[INFO] [stdout]    --> src/constant.rs:500:39
[INFO] [stdout]     |
[INFO] [stdout] 500 | ...                   | CastKind::IntToFloat
[INFO] [stdout]     |                         ^^^^^^^^ use of undeclared type `CastKind`
[INFO] [stdout] 
[INFO] [stdout] 
[INFO] [stdout] error[E0433]: failed to resolve: use of undeclared type `CastKind`
[INFO] [stdout]    --> src/constant.rs:501:39
[INFO] [stdout]     |
[INFO] [stdout] 501 | ...                   | CastKind::FnPtrToPtr
[INFO] [stdout]     |                         ^^^^^^^^ use of undeclared type `CastKind`
[INFO] [stdout] 
[INFO] [stdout] 
[INFO] [stdout] error[E0433]: failed to resolve: use of undeclared type `CastKind`
[INFO] [stdout]    --> src/constant.rs:502:39
[INFO] [stdout]     |
[INFO] [stdout] 502 | ...                   | CastKind::PtrToPtr,
[INFO] [stdout]     |                         ^^^^^^^^ use of undeclared type `CastKind`
[INFO] [stdout] 
[INFO] [stdout] 
[INFO] [stdout] error[E0433]: failed to resolve: use of undeclared type `Rvalue`
[INFO] [stdout]    --> src/constant.rs:520:33
[INFO] [stdout]     |
[INFO] [stdout] 520 | ...                   Rvalue::Use(operand) => {
[INFO] [stdout]     |                       ^^^^^^ use of undeclared type `Rvalue`
[INFO] [stdout] 
[INFO] [stdout] 
[INFO] [stdout] error[E0433]: failed to resolve: use of undeclared type `StatementKind`
[INFO] [stdout]    --> src/constant.rs:526:25
[INFO] [stdout]     |
[INFO] [stdout] 526 |                         StatementKind::SetDiscriminant { place: stmt_place, variant_index: _ }
[INFO] [stdout]     |                         ^^^^^^^^^^^^^ use of undeclared type `StatementKind`
[INFO] [stdout] 
[INFO] [stdout] 
[INFO] [stdout] error[E0433]: failed to resolve: use of undeclared type `StatementKind`
[INFO] [stdout]    --> src/constant.rs:531:25
[INFO] [stdout]     |
[INFO] [stdout] 531 |                         StatementKind::Intrinsic(ref intrinsic) => match **intrinsic {
[INFO] [stdout]     |                         ^^^^^^^^^^^^^ use of undeclared type `StatementKind`
[INFO] [stdout] 
[INFO] [stdout] 
[INFO] [stdout] error[E0433]: failed to resolve: use of undeclared type `NonDivergingIntrinsic`
[INFO] [stdout]    --> src/constant.rs:532:29
[INFO] [stdout]     |
[INFO] [stdout] 532 | ...                   NonDivergingIntrinsic::CopyNonOverlapping(..) => return None,
[INFO] [stdout]     |                       ^^^^^^^^^^^^^^^^^^^^^ use of undeclared type `NonDivergingIntrinsic`
[INFO] [stdout] 
[INFO] [stdout] 
[INFO] [stdout] error[E0433]: failed to resolve: use of undeclared type `NonDivergingIntrinsic`
[INFO] [stdout]    --> src/constant.rs:533:29
[INFO] [stdout]     |
[INFO] [stdout] 533 | ...                   NonDivergingIntrinsic::Assume(..) => {}
[INFO] [stdout]     |                       ^^^^^^^^^^^^^^^^^^^^^ use of undeclared type `NonDivergingIntrinsic`
[INFO] [stdout] 
[INFO] [stdout] 
[INFO] [stdout] error[E0433]: failed to resolve: use of undeclared type `StatementKind`
[INFO] [stdout]    --> src/constant.rs:536:25
[INFO] [stdout]     |
[INFO] [stdout] 536 |                         StatementKind::Assign(_)
[INFO] [stdout]     |                         ^^^^^^^^^^^^^ use of undeclared type `StatementKind`
[INFO] [stdout] 
[INFO] [stdout] 
[INFO] [stdout] error[E0433]: failed to resolve: use of undeclared type `StatementKind`
[INFO] [stdout]    --> src/constant.rs:537:27
[INFO] [stdout]     |
[INFO] [stdout] 537 |                         | StatementKind::FakeRead(_)
[INFO] [stdout]     |                           ^^^^^^^^^^^^^ use of undeclared type `StatementKind`
[INFO] [stdout] 
[INFO] [stdout] 
[INFO] [stdout] error[E0433]: failed to resolve: use of undeclared type `StatementKind`
[INFO] [stdout]    --> src/constant.rs:538:27
[INFO] [stdout]     |
[INFO] [stdout] 538 |                         | StatementKind::SetDiscriminant { .. }
[INFO] [stdout]     |                           ^^^^^^^^^^^^^ use of undeclared type `StatementKind`
[INFO] [stdout] 
[INFO] [stdout] 
[INFO] [stdout] error[E0433]: failed to resolve: use of undeclared type `StatementKind`
[INFO] [stdout]    --> src/constant.rs:539:27
[INFO] [stdout]     |
[INFO] [stdout] 539 |                         | StatementKind::Deinit(_)
[INFO] [stdout]     |                           ^^^^^^^^^^^^^ use of undeclared type `StatementKind`
[INFO] [stdout] 
[INFO] [stdout] 
[INFO] [stdout] error[E0433]: failed to resolve: use of undeclared type `StatementKind`
[INFO] [stdout]    --> src/constant.rs:540:27
[INFO] [stdout]     |
[INFO] [stdout] 540 |                         | StatementKind::StorageLive(_)
[INFO] [stdout]     |                           ^^^^^^^^^^^^^ use of undeclared type `StatementKind`
[INFO] [stdout] 
[INFO] [stdout] 
[INFO] [stdout] error[E0433]: failed to resolve: use of undeclared type `StatementKind`
[INFO] [stdout]    --> src/constant.rs:541:27
[INFO] [stdout]     |
[INFO] [stdout] 541 |                         | StatementKind::StorageDead(_)
[INFO] [stdout]     |                           ^^^^^^^^^^^^^ use of undeclared type `StatementKind`
[INFO] [stdout] 
[INFO] [stdout] 
[INFO] [stdout] error[E0433]: failed to resolve: use of undeclared type `StatementKind`
[INFO] [stdout]    --> src/constant.rs:542:27
[INFO] [stdout]     |
[INFO] [stdout] 542 |                         | StatementKind::Retag(_, _)
[INFO] [stdout]     |                           ^^^^^^^^^^^^^ use of undeclared type `StatementKind`
[INFO] [stdout] 
[INFO] [stdout] 
[INFO] [stdout] error[E0433]: failed to resolve: use of undeclared type `StatementKind`
[INFO] [stdout]    --> src/constant.rs:543:27
[INFO] [stdout]     |
[INFO] [stdout] 543 |                         | StatementKind::AscribeUserType(_, _)
[INFO] [stdout]     |                           ^^^^^^^^^^^^^ use of undeclared type `StatementKind`
[INFO] [stdout] 
[INFO] [stdout] 
[INFO] [stdout] error[E0433]: failed to resolve: use of undeclared type `StatementKind`
[INFO] [stdout]    --> src/constant.rs:544:27
[INFO] [stdout]     |
[INFO] [stdout] 544 |                         | StatementKind::PlaceMention(..)
[INFO] [stdout]     |                           ^^^^^^^^^^^^^ use of undeclared type `StatementKind`
[INFO] [stdout] 
[INFO] [stdout] 
[INFO] [stdout] error[E0433]: failed to resolve: use of undeclared type `StatementKind`
[INFO] [stdout]    --> src/constant.rs:545:27
[INFO] [stdout]     |
[INFO] [stdout] 545 |                         | StatementKind::Coverage(_)
[INFO] [stdout]     |                           ^^^^^^^^^^^^^ use of undeclared type `StatementKind`
[INFO] [stdout] 
[INFO] [stdout] 
[INFO] [stdout] error[E0433]: failed to resolve: use of undeclared type `StatementKind`
[INFO] [stdout]    --> src/constant.rs:546:27
[INFO] [stdout]     |
[INFO] [stdout] 546 |                         | StatementKind::ConstEvalCounter
[INFO] [stdout]     |                           ^^^^^^^^^^^^^ use of undeclared type `StatementKind`
[INFO] [stdout] 
[INFO] [stdout] 
[INFO] [stdout] error[E0433]: failed to resolve: use of undeclared type `StatementKind`
[INFO] [stdout]    --> src/constant.rs:547:27
[INFO] [stdout]     |
[INFO] [stdout] 547 |                         | StatementKind::Nop => {}
[INFO] [stdout]     |                           ^^^^^^^^^^^^^ use of undeclared type `StatementKind`
[INFO] [stdout] 
[INFO] [stdout] 
[INFO] [stdout] error[E0433]: failed to resolve: use of undeclared type `TerminatorKind`
[INFO] [stdout]    --> src/constant.rs:551:21
[INFO] [stdout]     |
[INFO] [stdout] 551 |                     TerminatorKind::Goto { .. }
[INFO] [stdout]     |                     ^^^^^^^^^^^^^^ use of undeclared type `TerminatorKind`
[INFO] [stdout] 
[INFO] [stdout] 
[INFO] [stdout] error[E0433]: failed to resolve: use of undeclared type `TerminatorKind`
[INFO] [stdout]    --> src/constant.rs:552:23
[INFO] [stdout]     |
[INFO] [stdout] 552 |                     | TerminatorKind::SwitchInt { .. }
[INFO] [stdout]     |                       ^^^^^^^^^^^^^^ use of undeclared type `TerminatorKind`
[INFO] [stdout] 
[INFO] [stdout] 
[INFO] [stdout] error[E0433]: failed to resolve: use of undeclared type `TerminatorKind`
[INFO] [stdout]    --> src/constant.rs:553:23
[INFO] [stdout]     |
[INFO] [stdout] 553 |                     | TerminatorKind::Resume
[INFO] [stdout]     |                       ^^^^^^^^^^^^^^ use of undeclared type `TerminatorKind`
[INFO] [stdout] 
[INFO] [stdout] 
[INFO] [stdout] error[E0433]: failed to resolve: use of undeclared type `TerminatorKind`
[INFO] [stdout]    --> src/constant.rs:554:23
[INFO] [stdout]     |
[INFO] [stdout] 554 |                     | TerminatorKind::Terminate
[INFO] [stdout]     |                       ^^^^^^^^^^^^^^ use of undeclared type `TerminatorKind`
[INFO] [stdout] 
[INFO] [stdout] 
[INFO] [stdout] error[E0433]: failed to resolve: use of undeclared type `TerminatorKind`
[INFO] [stdout]    --> src/constant.rs:555:23
[INFO] [stdout]     |
[INFO] [stdout] 555 |                     | TerminatorKind::Return
[INFO] [stdout]     |                       ^^^^^^^^^^^^^^ use of undeclared type `TerminatorKind`
[INFO] [stdout] 
[INFO] [stdout] 
[INFO] [stdout] error[E0433]: failed to resolve: use of undeclared type `TerminatorKind`
[INFO] [stdout]    --> src/constant.rs:556:23
[INFO] [stdout]     |
[INFO] [stdout] 556 |                     | TerminatorKind::Unreachable
[INFO] [stdout]     |                       ^^^^^^^^^^^^^^ use of undeclared type `TerminatorKind`
[INFO] [stdout] 
[INFO] [stdout] 
[INFO] [stdout] error[E0433]: failed to resolve: use of undeclared type `TerminatorKind`
[INFO] [stdout]    --> src/constant.rs:557:23
[INFO] [stdout]     |
[INFO] [stdout] 557 |                     | TerminatorKind::Drop { .. }
[INFO] [stdout]     |                       ^^^^^^^^^^^^^^ use of undeclared type `TerminatorKind`
[INFO] [stdout] 
[INFO] [stdout] 
[INFO] [stdout] error[E0433]: failed to resolve: use of undeclared type `TerminatorKind`
[INFO] [stdout]    --> src/constant.rs:558:23
[INFO] [stdout]     |
[INFO] [stdout] 558 |                     | TerminatorKind::Assert { .. } => {}
[INFO] [stdout]     |                       ^^^^^^^^^^^^^^ use of undeclared type `TerminatorKind`
[INFO] [stdout] 
[INFO] [stdout] 
[INFO] [stdout] error[E0433]: failed to resolve: use of undeclared type `TerminatorKind`
[INFO] [stdout]    --> src/constant.rs:559:21
[INFO] [stdout]     |
[INFO] [stdout] 559 |                     TerminatorKind::Yield { .. }
[INFO] [stdout]     |                     ^^^^^^^^^^^^^^ use of undeclared type `TerminatorKind`
[INFO] [stdout] 
[INFO] [stdout] 
[INFO] [stdout] error[E0433]: failed to resolve: use of undeclared type `TerminatorKind`
[INFO] [stdout]    --> src/constant.rs:560:23
[INFO] [stdout]     |
[INFO] [stdout] 560 |                     | TerminatorKind::GeneratorDrop
[INFO] [stdout]     |                       ^^^^^^^^^^^^^^ use of undeclared type `TerminatorKind`
[INFO] [stdout] 
[INFO] [stdout] 
[INFO] [stdout] error[E0433]: failed to resolve: use of undeclared type `TerminatorKind`
[INFO] [stdout]    --> src/constant.rs:561:23
[INFO] [stdout]     |
[INFO] [stdout] 561 |                     | TerminatorKind::FalseEdge { .. }
[INFO] [stdout]     |                       ^^^^^^^^^^^^^^ use of undeclared type `TerminatorKind`
[INFO] [stdout] 
[INFO] [stdout] 
[INFO] [stdout] error[E0433]: failed to resolve: use of undeclared type `TerminatorKind`
[INFO] [stdout]    --> src/constant.rs:562:23
[INFO] [stdout]     |
[INFO] [stdout] 562 |                     | TerminatorKind::FalseUnwind { .. } => unreachable!(),
[INFO] [stdout]     |                       ^^^^^^^^^^^^^^ use of undeclared type `TerminatorKind`
[INFO] [stdout] 
[INFO] [stdout] 
[INFO] [stdout] error[E0433]: failed to resolve: use of undeclared type `TerminatorKind`
[INFO] [stdout]    --> src/constant.rs:563:21
[INFO] [stdout]     |
[INFO] [stdout] 563 |                     TerminatorKind::InlineAsm { .. } => return None,
[INFO] [stdout]     |                     ^^^^^^^^^^^^^^ use of undeclared type `TerminatorKind`
[INFO] [stdout] 
[INFO] [stdout] 
[INFO] [stdout] error[E0433]: failed to resolve: use of undeclared type `TerminatorKind`
[INFO] [stdout]    --> src/constant.rs:564:21
[INFO] [stdout]     |
[INFO] [stdout] 564 |                     TerminatorKind::Call { destination, target: Some(_), .. }
[INFO] [stdout]     |                     ^^^^^^^^^^^^^^ use of undeclared type `TerminatorKind`
[INFO] [stdout] 
[INFO] [stdout] 
[INFO] [stdout] error[E0433]: failed to resolve: use of undeclared type `TerminatorKind`
[INFO] [stdout]    --> src/constant.rs:569:21
[INFO] [stdout]     |
[INFO] [stdout] 569 |                     TerminatorKind::Call { .. } => {}
[INFO] [stdout]     |                     ^^^^^^^^^^^^^^ use of undeclared type `TerminatorKind`
[INFO] [stdout] 
[INFO] [stdout] 
[INFO] [stdout] error[E0433]: failed to resolve: use of undeclared type `InlineAsmRegOrRegClass`
[INFO] [stdout]   --> src/inline_asm.rs:81:26
[INFO] [stdout]    |
[INFO] [stdout] 81 |                     reg: InlineAsmRegOrRegClass::Reg(InlineAsmReg::X86(X86InlineAsmReg::ax)),
[INFO] [stdout]    |                          ^^^^^^^^^^^^^^^^^^^^^^ use of undeclared type `InlineAsmRegOrRegClass`
[INFO] [stdout] 
[INFO] [stdout] 
[INFO] [stdout] error[E0433]: failed to resolve: use of undeclared type `InlineAsmReg`
[INFO] [stdout]   --> src/inline_asm.rs:81:54
[INFO] [stdout]    |
[INFO] [stdout] 81 |                     reg: InlineAsmRegOrRegClass::Reg(InlineAsmReg::X86(X86InlineAsmReg::ax)),
[INFO] [stdout]    |                                                      ^^^^^^^^^^^^ use of undeclared type `InlineAsmReg`
[INFO] [stdout] 
[INFO] [stdout] 
[INFO] [stdout] error[E0433]: failed to resolve: use of undeclared type `X86InlineAsmReg`
[INFO] [stdout]   --> src/inline_asm.rs:81:72
[INFO] [stdout]    |
[INFO] [stdout] 81 |                     reg: InlineAsmRegOrRegClass::Reg(InlineAsmReg::X86(X86InlineAsmReg::ax)),
[INFO] [stdout]    |                                                                        ^^^^^^^^^^^^^^^ use of undeclared type `X86InlineAsmReg`
[INFO] [stdout] 
[INFO] [stdout] 
[INFO] [stdout] error[E0433]: failed to resolve: use of undeclared type `InlineAsmRegOrRegClass`
[INFO] [stdout]   --> src/inline_asm.rs:94:25
[INFO] [stdout]    |
[INFO] [stdout] 94 |                         InlineAsmRegOrRegClass::RegClass(InlineAsmRegClass::X86(
[INFO] [stdout]    |                         ^^^^^^^^^^^^^^^^^^^^^^ use of undeclared type `InlineAsmRegOrRegClass`
[INFO] [stdout] 
[INFO] [stdout] 
[INFO] [stdout] error[E0433]: failed to resolve: use of undeclared type `InlineAsmRegClass`
[INFO] [stdout]   --> src/inline_asm.rs:94:58
[INFO] [stdout]    |
[INFO] [stdout] 94 |                         InlineAsmRegOrRegClass::RegClass(InlineAsmRegClass::X86(
[INFO] [stdout]    |                                                          ^^^^^^^^^^^^^^^^^ use of undeclared type `InlineAsmRegClass`
[INFO] [stdout] 
[INFO] [stdout] 
[INFO] [stdout] error[E0433]: failed to resolve: use of undeclared type `X86InlineAsmRegClass`
[INFO] [stdout]   --> src/inline_asm.rs:95:29
[INFO] [stdout]    |
[INFO] [stdout] 95 | ...                   X86InlineAsmRegClass::reg,
[INFO] [stdout]    |                       ^^^^^^^^^^^^^^^^^^^^ use of undeclared type `X86InlineAsmRegClass`
[INFO] [stdout] 
[INFO] [stdout] 
[INFO] [stdout] error[E0433]: failed to resolve: use of undeclared type `InlineAsmRegOrRegClass`
[INFO] [stdout]    --> src/inline_asm.rs:104:26
[INFO] [stdout]     |
[INFO] [stdout] 104 |                     reg: InlineAsmRegOrRegClass::Reg(InlineAsmReg::X86(X86InlineAsmReg::cx)),
[INFO] [stdout]     |                          ^^^^^^^^^^^^^^^^^^^^^^ use of undeclared type `InlineAsmRegOrRegClass`
[INFO] [stdout] 
[INFO] [stdout] 
[INFO] [stdout] error[E0433]: failed to resolve: use of undeclared type `InlineAsmReg`
[INFO] [stdout]    --> src/inline_asm.rs:104:54
[INFO] [stdout]     |
[INFO] [stdout] 104 |                     reg: InlineAsmRegOrRegClass::Reg(InlineAsmReg::X86(X86InlineAsmReg::cx)),
[INFO] [stdout]     |                                                      ^^^^^^^^^^^^ use of undeclared type `InlineAsmReg`
[INFO] [stdout] 
[INFO] [stdout] 
[INFO] [stdout] error[E0433]: failed to resolve: use of undeclared type `X86InlineAsmReg`
[INFO] [stdout]    --> src/inline_asm.rs:104:72
[INFO] [stdout]     |
[INFO] [stdout] 104 |                     reg: InlineAsmRegOrRegClass::Reg(InlineAsmReg::X86(X86InlineAsmReg::cx)),
[INFO] [stdout]     |                                                                        ^^^^^^^^^^^^^^^ use of undeclared type `X86InlineAsmReg`
[INFO] [stdout] 
[INFO] [stdout] 
[INFO] [stdout] error[E0433]: failed to resolve: use of undeclared type `InlineAsmRegOrRegClass`
[INFO] [stdout]    --> src/inline_asm.rs:116:26
[INFO] [stdout]     |
[INFO] [stdout] 116 |                     reg: InlineAsmRegOrRegClass::Reg(InlineAsmReg::X86(X86InlineAsmReg::dx)),
[INFO] [stdout]     |                          ^^^^^^^^^^^^^^^^^^^^^^ use of undeclared type `InlineAsmRegOrRegClass`
[INFO] [stdout] 
[INFO] [stdout] 
[INFO] [stdout] error[E0433]: failed to resolve: use of undeclared type `InlineAsmReg`
[INFO] [stdout]    --> src/inline_asm.rs:116:54
[INFO] [stdout]     |
[INFO] [stdout] 116 |                     reg: InlineAsmRegOrRegClass::Reg(InlineAsmReg::X86(X86InlineAsmReg::dx)),
[INFO] [stdout]     |                                                      ^^^^^^^^^^^^ use of undeclared type `InlineAsmReg`
[INFO] [stdout] 
[INFO] [stdout] 
[INFO] [stdout] error[E0433]: failed to resolve: use of undeclared type `X86InlineAsmReg`
[INFO] [stdout]    --> src/inline_asm.rs:116:72
[INFO] [stdout]     |
[INFO] [stdout] 116 |                     reg: InlineAsmRegOrRegClass::Reg(InlineAsmReg::X86(X86InlineAsmReg::dx)),
[INFO] [stdout]     |                                                                        ^^^^^^^^^^^^^^^ use of undeclared type `X86InlineAsmReg`
[INFO] [stdout] 
[INFO] [stdout] 
[INFO] [stdout] error[E0433]: failed to resolve: use of undeclared type `InlineAsmRegOrRegClass`
[INFO] [stdout]    --> src/inline_asm.rs:177:26
[INFO] [stdout]     |
[INFO] [stdout] 177 |                     reg: InlineAsmRegOrRegClass::Reg(InlineAsmReg::X86(X86InlineAsmReg::cx)),
[INFO] [stdout]     |                          ^^^^^^^^^^^^^^^^^^^^^^ use of undeclared type `InlineAsmRegOrRegClass`
[INFO] [stdout] 
[INFO] [stdout] 
[INFO] [stdout] error[E0433]: failed to resolve: use of undeclared type `InlineAsmReg`
[INFO] [stdout]    --> src/inline_asm.rs:177:54
[INFO] [stdout]     |
[INFO] [stdout] 177 |                     reg: InlineAsmRegOrRegClass::Reg(InlineAsmReg::X86(X86InlineAsmReg::cx)),
[INFO] [stdout]     |                                                      ^^^^^^^^^^^^ use of undeclared type `InlineAsmReg`
[INFO] [stdout] 
[INFO] [stdout] 
[INFO] [stdout] error[E0433]: failed to resolve: use of undeclared type `X86InlineAsmReg`
[INFO] [stdout]    --> src/inline_asm.rs:177:72
[INFO] [stdout]     |
[INFO] [stdout] 177 |                     reg: InlineAsmRegOrRegClass::Reg(InlineAsmReg::X86(X86InlineAsmReg::cx)),
[INFO] [stdout]     |                                                                        ^^^^^^^^^^^^^^^ use of undeclared type `X86InlineAsmReg`
[INFO] [stdout] 
[INFO] [stdout] 
[INFO] [stdout] error[E0433]: failed to resolve: use of undeclared type `InlineAsmRegOrRegClass`
[INFO] [stdout]    --> src/inline_asm.rs:184:26
[INFO] [stdout]     |
[INFO] [stdout] 184 |                     reg: InlineAsmRegOrRegClass::Reg(InlineAsmReg::X86(X86InlineAsmReg::ax)),
[INFO] [stdout]     |                          ^^^^^^^^^^^^^^^^^^^^^^ use of undeclared type `InlineAsmRegOrRegClass`
[INFO] [stdout] 
[INFO] [stdout] 
[INFO] [stdout] error[E0433]: failed to resolve: use of undeclared type `InlineAsmReg`
[INFO] [stdout]    --> src/inline_asm.rs:184:54
[INFO] [stdout]     |
[INFO] [stdout] 184 |                     reg: InlineAsmRegOrRegClass::Reg(InlineAsmReg::X86(X86InlineAsmReg::ax)),
[INFO] [stdout]     |                                                      ^^^^^^^^^^^^ use of undeclared type `InlineAsmReg`
[INFO] [stdout] 
[INFO] [stdout] 
[INFO] [stdout] error[E0433]: failed to resolve: use of undeclared type `X86InlineAsmReg`
[INFO] [stdout]    --> src/inline_asm.rs:184:72
[INFO] [stdout]     |
[INFO] [stdout] 184 |                     reg: InlineAsmRegOrRegClass::Reg(InlineAsmReg::X86(X86InlineAsmReg::ax)),
[INFO] [stdout]     |                                                                        ^^^^^^^^^^^^^^^ use of undeclared type `X86InlineAsmReg`
[INFO] [stdout] 
[INFO] [stdout] 
[INFO] [stdout] error[E0433]: failed to resolve: use of undeclared type `InlineAsmRegOrRegClass`
[INFO] [stdout]    --> src/inline_asm.rs:192:26
[INFO] [stdout]     |
[INFO] [stdout] 192 |                     reg: InlineAsmRegOrRegClass::Reg(InlineAsmReg::X86(X86InlineAsmReg::dx)),
[INFO] [stdout]     |                          ^^^^^^^^^^^^^^^^^^^^^^ use of undeclared type `InlineAsmRegOrRegClass`
[INFO] [stdout] 
[INFO] [stdout] 
[INFO] [stdout] error[E0433]: failed to resolve: use of undeclared type `InlineAsmReg`
[INFO] [stdout]    --> src/inline_asm.rs:192:54
[INFO] [stdout]     |
[INFO] [stdout] 192 |                     reg: InlineAsmRegOrRegClass::Reg(InlineAsmReg::X86(X86InlineAsmReg::dx)),
[INFO] [stdout]     |                                                      ^^^^^^^^^^^^ use of undeclared type `InlineAsmReg`
[INFO] [stdout] 
[INFO] [stdout] 
[INFO] [stdout] error[E0433]: failed to resolve: use of undeclared type `X86InlineAsmReg`
[INFO] [stdout]    --> src/inline_asm.rs:192:72
[INFO] [stdout]     |
[INFO] [stdout] 192 |                     reg: InlineAsmRegOrRegClass::Reg(InlineAsmReg::X86(X86InlineAsmReg::dx)),
[INFO] [stdout]     |                                                                        ^^^^^^^^^^^^^^^ use of undeclared type `X86InlineAsmReg`
[INFO] [stdout] 
[INFO] [stdout] 
[INFO] [stdout] error[E0433]: failed to resolve: use of undeclared type `InlineAsmRegOrRegClass`
[INFO] [stdout]    --> src/inline_asm.rs:392:46
[INFO] [stdout]     |
[INFO] [stdout] 392 |                 CInlineAsmOperand::In { reg: InlineAsmRegOrRegClass::Reg(reg), .. } => {
[INFO] [stdout]     |                                              ^^^^^^^^^^^^^^^^^^^^^^ use of undeclared type `InlineAsmRegOrRegClass`
[INFO] [stdout] 
[INFO] [stdout] 
[INFO] [stdout] error[E0433]: failed to resolve: use of undeclared type `InlineAsmRegOrRegClass`
[INFO] [stdout]    --> src/inline_asm.rs:397:26
[INFO] [stdout]     |
[INFO] [stdout] 397 |                     reg: InlineAsmRegOrRegClass::Reg(reg),
[INFO] [stdout]     |                          ^^^^^^^^^^^^^^^^^^^^^^ use of undeclared type `InlineAsmRegOrRegClass`
[INFO] [stdout] 
[INFO] [stdout] 
[INFO] [stdout] error[E0433]: failed to resolve: use of undeclared type `InlineAsmRegOrRegClass`
[INFO] [stdout]    --> src/inline_asm.rs:404:47
[INFO] [stdout]     |
[INFO] [stdout] 404 |                 CInlineAsmOperand::Out { reg: InlineAsmRegOrRegClass::Reg(reg), .. }
[INFO] [stdout]     |                                               ^^^^^^^^^^^^^^^^^^^^^^ use of undeclared type `InlineAsmRegOrRegClass`
[INFO] [stdout] 
[INFO] [stdout] 
[INFO] [stdout] error[E0433]: failed to resolve: use of undeclared type `InlineAsmRegOrRegClass`
[INFO] [stdout]    --> src/inline_asm.rs:405:51
[INFO] [stdout]     |
[INFO] [stdout] 405 |                 | CInlineAsmOperand::InOut { reg: InlineAsmRegOrRegClass::Reg(reg), .. } => {
[INFO] [stdout]     |                                                   ^^^^^^^^^^^^^^^^^^^^^^ use of undeclared type `InlineAsmRegOrRegClass`
[INFO] [stdout] 
[INFO] [stdout] 
[INFO] [stdout] error[E0433]: failed to resolve: use of undeclared type `InlineAsmRegOrRegClass`
[INFO] [stdout]    --> src/inline_asm.rs:417:26
[INFO] [stdout]     |
[INFO] [stdout] 417 |                     reg: InlineAsmRegOrRegClass::RegClass(class),
[INFO] [stdout]     |                          ^^^^^^^^^^^^^^^^^^^^^^ use of undeclared type `InlineAsmRegOrRegClass`
[INFO] [stdout] 
[INFO] [stdout] 
[INFO] [stdout] error[E0433]: failed to resolve: use of undeclared type `InlineAsmRegOrRegClass`
[INFO] [stdout]    --> src/inline_asm.rs:422:26
[INFO] [stdout]     |
[INFO] [stdout] 422 |                     reg: InlineAsmRegOrRegClass::RegClass(class), ..
[INFO] [stdout]     |                          ^^^^^^^^^^^^^^^^^^^^^^ use of undeclared type `InlineAsmRegOrRegClass`
[INFO] [stdout] 
[INFO] [stdout] 
[INFO] [stdout] error[E0433]: failed to resolve: use of undeclared type `InlineAsmRegOrRegClass`
[INFO] [stdout]    --> src/inline_asm.rs:450:46
[INFO] [stdout]     |
[INFO] [stdout] 450 |                 CInlineAsmOperand::In { reg: InlineAsmRegOrRegClass::RegClass(class), .. } => {
[INFO] [stdout]     |                                              ^^^^^^^^^^^^^^^^^^^^^^ use of undeclared type `InlineAsmRegOrRegClass`
[INFO] [stdout] 
[INFO] [stdout] 
[INFO] [stdout] error[E0433]: failed to resolve: use of undeclared type `InlineAsmRegOrRegClass`
[INFO] [stdout]    --> src/inline_asm.rs:471:26
[INFO] [stdout]     |
[INFO] [stdout] 471 |                     reg: InlineAsmRegOrRegClass::RegClass(class),
[INFO] [stdout]     |                          ^^^^^^^^^^^^^^^^^^^^^^ use of undeclared type `InlineAsmRegOrRegClass`
[INFO] [stdout] 
[INFO] [stdout] 
[INFO] [stdout] error[E0433]: failed to resolve: use of undeclared type `InlineAsmArch`
[INFO] [stdout]    --> src/inline_asm.rs:599:42
[INFO] [stdout]     |
[INFO] [stdout] 599 |         let is_x86 = matches!(self.arch, InlineAsmArch::X86 | InlineAsmArch::X86_64);
[INFO] [stdout]     |                                          ^^^^^^^^^^^^^ use of undeclared type `InlineAsmArch`
[INFO] [stdout] 
[INFO] [stdout] 
[INFO] [stdout] error[E0433]: failed to resolve: use of undeclared type `InlineAsmArch`
[INFO] [stdout]    --> src/inline_asm.rs:599:63
[INFO] [stdout]     |
[INFO] [stdout] 599 |         let is_x86 = matches!(self.arch, InlineAsmArch::X86 | InlineAsmArch::X86_64);
[INFO] [stdout]     |                                                               ^^^^^^^^^^^^^ use of undeclared type `InlineAsmArch`
[INFO] [stdout] 
[INFO] [stdout] 
[INFO] [stdout] error[E0433]: failed to resolve: use of undeclared type `InlineAsmArch`
[INFO] [stdout]    --> src/inline_asm.rs:703:13
[INFO] [stdout]     |
[INFO] [stdout] 703 |             InlineAsmArch::X86 => {
[INFO] [stdout]     |             ^^^^^^^^^^^^^ use of undeclared type `InlineAsmArch`
[INFO] [stdout] 
[INFO] [stdout] 
[INFO] [stdout] error[E0433]: failed to resolve: use of undeclared type `InlineAsmArch`
[INFO] [stdout]    --> src/inline_asm.rs:707:13
[INFO] [stdout]     |
[INFO] [stdout] 707 |             InlineAsmArch::X86_64 => {
[INFO] [stdout]     |             ^^^^^^^^^^^^^ use of undeclared type `InlineAsmArch`
[INFO] [stdout] 
[INFO] [stdout] 
[INFO] [stdout] error[E0433]: failed to resolve: use of undeclared type `InlineAsmArch`
[INFO] [stdout]    --> src/inline_asm.rs:711:13
[INFO] [stdout]     |
[INFO] [stdout] 711 |             InlineAsmArch::RiscV32 => {
[INFO] [stdout]     |             ^^^^^^^^^^^^^ use of undeclared type `InlineAsmArch`
[INFO] [stdout] 
[INFO] [stdout] 
[INFO] [stdout] error[E0433]: failed to resolve: use of undeclared type `InlineAsmArch`
[INFO] [stdout]    --> src/inline_asm.rs:717:13
[INFO] [stdout]     |
[INFO] [stdout] 717 |             InlineAsmArch::RiscV64 => {
[INFO] [stdout]     |             ^^^^^^^^^^^^^ use of undeclared type `InlineAsmArch`
[INFO] [stdout] 
[INFO] [stdout] 
[INFO] [stdout] error[E0433]: failed to resolve: use of undeclared type `InlineAsmArch`
[INFO] [stdout]    --> src/inline_asm.rs:729:13
[INFO] [stdout]     |
[INFO] [stdout] 729 |             InlineAsmArch::X86 => {
[INFO] [stdout]     |             ^^^^^^^^^^^^^ use of undeclared type `InlineAsmArch`
[INFO] [stdout] 
[INFO] [stdout] 
[INFO] [stdout] error[E0433]: failed to resolve: use of undeclared type `InlineAsmArch`
[INFO] [stdout]    --> src/inline_asm.rs:733:13
[INFO] [stdout]     |
[INFO] [stdout] 733 |             InlineAsmArch::X86_64 => {
[INFO] [stdout]     |             ^^^^^^^^^^^^^ use of undeclared type `InlineAsmArch`
[INFO] [stdout] 
[INFO] [stdout] 
[INFO] [stdout] error[E0433]: failed to resolve: use of undeclared type `InlineAsmArch`
[INFO] [stdout]    --> src/inline_asm.rs:737:13
[INFO] [stdout]     |
[INFO] [stdout] 737 |             InlineAsmArch::RiscV32 => {
[INFO] [stdout]     |             ^^^^^^^^^^^^^ use of undeclared type `InlineAsmArch`
[INFO] [stdout] 
[INFO] [stdout] 
[INFO] [stdout] error[E0433]: failed to resolve: use of undeclared type `InlineAsmArch`
[INFO] [stdout]    --> src/inline_asm.rs:743:13
[INFO] [stdout]     |
[INFO] [stdout] 743 |             InlineAsmArch::RiscV64 => {
[INFO] [stdout]     |             ^^^^^^^^^^^^^ use of undeclared type `InlineAsmArch`
[INFO] [stdout] 
[INFO] [stdout] 
[INFO] [stdout] error[E0433]: failed to resolve: use of undeclared type `InlineAsmArch`
[INFO] [stdout]    --> src/inline_asm.rs:755:13
[INFO] [stdout]     |
[INFO] [stdout] 755 |             InlineAsmArch::X86 | InlineAsmArch::X86_64 => {
[INFO] [stdout]     |             ^^^^^^^^^^^^^ use of undeclared type `InlineAsmArch`
[INFO] [stdout] 
[INFO] [stdout] 
[INFO] [stdout] error[E0433]: failed to resolve: use of undeclared type `InlineAsmArch`
[INFO] [stdout]    --> src/inline_asm.rs:755:34
[INFO] [stdout]     |
[INFO] [stdout] 755 |             InlineAsmArch::X86 | InlineAsmArch::X86_64 => {
[INFO] [stdout]     |                                  ^^^^^^^^^^^^^ use of undeclared type `InlineAsmArch`
[INFO] [stdout] 
[INFO] [stdout] 
[INFO] [stdout] error[E0433]: failed to resolve: use of undeclared type `InlineAsmArch`
[INFO] [stdout]    --> src/inline_asm.rs:758:13
[INFO] [stdout]     |
[INFO] [stdout] 758 |             InlineAsmArch::RiscV32 | InlineAsmArch::RiscV64 => {
[INFO] [stdout]     |             ^^^^^^^^^^^^^ use of undeclared type `InlineAsmArch`
[INFO] [stdout] 
[INFO] [stdout] 
[INFO] [stdout] error[E0433]: failed to resolve: use of undeclared type `InlineAsmArch`
[INFO] [stdout]    --> src/inline_asm.rs:758:38
[INFO] [stdout]     |
[INFO] [stdout] 758 |             InlineAsmArch::RiscV32 | InlineAsmArch::RiscV64 => {
[INFO] [stdout]     |                                      ^^^^^^^^^^^^^ use of undeclared type `InlineAsmArch`
[INFO] [stdout] 
[INFO] [stdout] 
[INFO] [stdout] error[E0433]: failed to resolve: use of undeclared type `InlineAsmArch`
[INFO] [stdout]    --> src/inline_asm.rs:772:13
[INFO] [stdout]     |
[INFO] [stdout] 772 |             InlineAsmArch::X86 => {
[INFO] [stdout]     |             ^^^^^^^^^^^^^ use of undeclared type `InlineAsmArch`
[INFO] [stdout] 
[INFO] [stdout] 
[INFO] [stdout] error[E0433]: failed to resolve: use of undeclared type `InlineAsmArch`
[INFO] [stdout]    --> src/inline_asm.rs:774:41
[INFO] [stdout]     |
[INFO] [stdout] 774 |                 reg.emit(generated_asm, InlineAsmArch::X86, None).unwrap();
[INFO] [stdout]     |                                         ^^^^^^^^^^^^^ use of undeclared type `InlineAsmArch`
[INFO] [stdout] 
[INFO] [stdout] 
[INFO] [stdout] error[E0433]: failed to resolve: use of undeclared type `InlineAsmArch`
[INFO] [stdout]    --> src/inline_asm.rs:777:13
[INFO] [stdout]     |
[INFO] [stdout] 777 |             InlineAsmArch::X86_64 => {
[INFO] [stdout]     |             ^^^^^^^^^^^^^ use of undeclared type `InlineAsmArch`
[INFO] [stdout] 
[INFO] [stdout] 
[INFO] [stdout] error[E0433]: failed to resolve: use of undeclared type `InlineAsmArch`
[INFO] [stdout]    --> src/inline_asm.rs:779:41
[INFO] [stdout]     |
[INFO] [stdout] 779 |                 reg.emit(generated_asm, InlineAsmArch::X86_64, None).unwrap();
[INFO] [stdout]     |                                         ^^^^^^^^^^^^^ use of undeclared type `InlineAsmArch`
[INFO] [stdout] 
[INFO] [stdout] 
[INFO] [stdout] error[E0433]: failed to resolve: use of undeclared type `InlineAsmArch`
[INFO] [stdout]    --> src/inline_asm.rs:782:13
[INFO] [stdout]     |
[INFO] [stdout] 782 |             InlineAsmArch::RiscV32 => {
[INFO] [stdout]     |             ^^^^^^^^^^^^^ use of undeclared type `InlineAsmArch`
[INFO] [stdout] 
[INFO] [stdout] 
[INFO] [stdout] error[E0433]: failed to resolve: use of undeclared type `InlineAsmArch`
[INFO] [stdout]    --> src/inline_asm.rs:784:41
[INFO] [stdout]     |
[INFO] [stdout] 784 |                 reg.emit(generated_asm, InlineAsmArch::RiscV32, None).unwrap();
[INFO] [stdout]     |                                         ^^^^^^^^^^^^^ use of undeclared type `InlineAsmArch`
[INFO] [stdout] 
[INFO] [stdout] 
[INFO] [stdout] error[E0433]: failed to resolve: use of undeclared type `InlineAsmArch`
[INFO] [stdout]    --> src/inline_asm.rs:787:13
[INFO] [stdout]     |
[INFO] [stdout] 787 |             InlineAsmArch::RiscV64 => {
[INFO] [stdout]     |             ^^^^^^^^^^^^^ use of undeclared type `InlineAsmArch`
[INFO] [stdout] 
[INFO] [stdout] 
[INFO] [stdout] error[E0433]: failed to resolve: use of undeclared type `InlineAsmArch`
[INFO] [stdout]    --> src/inline_asm.rs:789:41
[INFO] [stdout]     |
[INFO] [stdout] 789 |                 reg.emit(generated_asm, InlineAsmArch::RiscV64, None).unwrap();
[INFO] [stdout]     |                                         ^^^^^^^^^^^^^ use of undeclared type `InlineAsmArch`
[INFO] [stdout] 
[INFO] [stdout] 
[INFO] [stdout] error[E0433]: failed to resolve: use of undeclared type `InlineAsmArch`
[INFO] [stdout]    --> src/inline_asm.rs:803:13
[INFO] [stdout]     |
[INFO] [stdout] 803 |             InlineAsmArch::X86 => {
[INFO] [stdout]     |             ^^^^^^^^^^^^^ use of undeclared type `InlineAsmArch`
[INFO] [stdout] 
[INFO] [stdout] 
[INFO] [stdout] error[E0433]: failed to resolve: use of undeclared type `InlineAsmArch`
[INFO] [stdout]    --> src/inline_asm.rs:805:41
[INFO] [stdout]     |
[INFO] [stdout] 805 |                 reg.emit(generated_asm, InlineAsmArch::X86, None).unwrap();
[INFO] [stdout]     |                                         ^^^^^^^^^^^^^ use of undeclared type `InlineAsmArch`
[INFO] [stdout] 
[INFO] [stdout] 
[INFO] [stdout] error[E0433]: failed to resolve: use of undeclared type `InlineAsmArch`
[INFO] [stdout]    --> src/inline_asm.rs:808:13
[INFO] [stdout]     |
[INFO] [stdout] 808 |             InlineAsmArch::X86_64 => {
[INFO] [stdout]     |             ^^^^^^^^^^^^^ use of undeclared type `InlineAsmArch`
[INFO] [stdout] 
[INFO] [stdout] 
[INFO] [stdout] error[E0433]: failed to resolve: use of undeclared type `InlineAsmArch`
[INFO] [stdout]    --> src/inline_asm.rs:810:41
[INFO] [stdout]     |
[INFO] [stdout] 810 |                 reg.emit(generated_asm, InlineAsmArch::X86_64, None).unwrap();
[INFO] [stdout]     |                                         ^^^^^^^^^^^^^ use of undeclared type `InlineAsmArch`
[INFO] [stdout] 
[INFO] [stdout] 
[INFO] [stdout] error[E0433]: failed to resolve: use of undeclared type `InlineAsmArch`
[INFO] [stdout]    --> src/inline_asm.rs:813:13
[INFO] [stdout]     |
[INFO] [stdout] 813 |             InlineAsmArch::RiscV32 => {
[INFO] [stdout]     |             ^^^^^^^^^^^^^ use of undeclared type `InlineAsmArch`
[INFO] [stdout] 
[INFO] [stdout] 
[INFO] [stdout] error[E0433]: failed to resolve: use of undeclared type `InlineAsmArch`
[INFO] [stdout]    --> src/inline_asm.rs:815:41
[INFO] [stdout]     |
[INFO] [stdout] 815 |                 reg.emit(generated_asm, InlineAsmArch::RiscV32, None).unwrap();
[INFO] [stdout]     |                                         ^^^^^^^^^^^^^ use of undeclared type `InlineAsmArch`
[INFO] [stdout] 
[INFO] [stdout] 
[INFO] [stdout] error[E0433]: failed to resolve: use of undeclared type `InlineAsmArch`
[INFO] [stdout]    --> src/inline_asm.rs:818:13
[INFO] [stdout]     |
[INFO] [stdout] 818 |             InlineAsmArch::RiscV64 => {
[INFO] [stdout]     |             ^^^^^^^^^^^^^ use of undeclared type `InlineAsmArch`
[INFO] [stdout] 
[INFO] [stdout] 
[INFO] [stdout] error[E0433]: failed to resolve: use of undeclared type `InlineAsmArch`
[INFO] [stdout]    --> src/inline_asm.rs:820:41
[INFO] [stdout]     |
[INFO] [stdout] 820 |                 reg.emit(generated_asm, InlineAsmArch::RiscV64, None).unwrap();
[INFO] [stdout]     |                                         ^^^^^^^^^^^^^ use of undeclared type `InlineAsmArch`
[INFO] [stdout] 
[INFO] [stdout] 
[INFO] [stdout] error[E0433]: failed to resolve: use of undeclared type `BinOp`
[INFO] [stdout]   --> src/intrinsics/llvm_aarch64.rs:51:62
[INFO] [stdout]    |
[INFO] [stdout] 51 |                 crate::num::codegen_saturating_int_binop(fx, BinOp::Add, x_lane, y_lane)
[INFO] [stdout]    |                                                              ^^^^^ use of undeclared type `BinOp`
[INFO] [stdout] 
[INFO] [stdout] 
[INFO] [stdout] error[E0433]: failed to resolve: use of undeclared type `BinOp`
[INFO] [stdout]   --> src/intrinsics/llvm_aarch64.rs:59:62
[INFO] [stdout]    |
[INFO] [stdout] 59 |                 crate::num::codegen_saturating_int_binop(fx, BinOp::Sub, x_lane, y_lane)
[INFO] [stdout]    |                                                              ^^^^^ use of undeclared type `BinOp`
[INFO] [stdout] 
[INFO] [stdout] 
[INFO] [stdout] error[E0433]: failed to resolve: use of undeclared type `BinOp`
[INFO] [stdout]    --> src/intrinsics/llvm_x86.rs:132:30
[INFO] [stdout]     |
[INFO] [stdout] 132 |             llvm_add_sub(fx, BinOp::Add, ret, c_in, a, b);
[INFO] [stdout]     |                              ^^^^^ use of undeclared type `BinOp`
[INFO] [stdout] 
[INFO] [stdout] 
[INFO] [stdout] error[E0433]: failed to resolve: use of undeclared type `BinOp`
[INFO] [stdout]    --> src/intrinsics/llvm_x86.rs:138:30
[INFO] [stdout]     |
[INFO] [stdout] 138 |             llvm_add_sub(fx, BinOp::Sub, ret, b_in, a, b);
[INFO] [stdout]     |                              ^^^^^ use of undeclared type `BinOp`
[INFO] [stdout] 
[INFO] [stdout] 
[INFO] [stdout] error[E0433]: failed to resolve: use of undeclared type `ConstValue`
[INFO] [stdout]    --> src/intrinsics/simd.rs:185:21
[INFO] [stdout]     |
[INFO] [stdout] 185 |                     ConstValue::ByRef { alloc, offset } => {
[INFO] [stdout]     |                     ^^^^^^^^^^ use of undeclared type `ConstValue`
[INFO] [stdout] 
[INFO] [stdout] 
[INFO] [stdout] error[E0433]: failed to resolve: use of undeclared type `BinOp`
[INFO] [stdout]    --> src/intrinsics/simd.rs:761:45
[INFO] [stdout]     |
[INFO] [stdout] 761 |                 sym::simd_saturating_add => BinOp::Add,
[INFO] [stdout]     |                                             ^^^^^ use of undeclared type `BinOp`
[INFO] [stdout] 
[INFO] [stdout] 
[INFO] [stdout] error[E0433]: failed to resolve: use of undeclared type `BinOp`
[INFO] [stdout]    --> src/intrinsics/simd.rs:762:45
[INFO] [stdout]     |
[INFO] [stdout] 762 |                 sym::simd_saturating_sub => BinOp::Sub,
[INFO] [stdout]     |                                             ^^^^^ use of undeclared type `BinOp`
[INFO] [stdout] 
[INFO] [stdout] 
[INFO] [stdout] error[E0433]: failed to resolve: use of undeclared type `BinOp`
[INFO] [stdout]    --> src/intrinsics/mod.rs:487:39
[INFO] [stdout]     |
[INFO] [stdout] 487 |                 sym::unchecked_add => BinOp::Add,
[INFO] [stdout]     |                                       ^^^^^ use of undeclared type `BinOp`
[INFO] [stdout] 
[INFO] [stdout] 
[INFO] [stdout] error[E0433]: failed to resolve: use of undeclared type `BinOp`
[INFO] [stdout]    --> src/intrinsics/mod.rs:488:39
[INFO] [stdout]     |
[INFO] [stdout] 488 |                 sym::unchecked_sub => BinOp::Sub,
[INFO] [stdout]     |                                       ^^^^^ use of undeclared type `BinOp`
[INFO] [stdout] 
[INFO] [stdout] 
[INFO] [stdout] error[E0433]: failed to resolve: use of undeclared type `BinOp`
[INFO] [stdout]    --> src/intrinsics/mod.rs:489:39
[INFO] [stdout]     |
[INFO] [stdout] 489 |                 sym::unchecked_mul => BinOp::Mul,
[INFO] [stdout]     |                                       ^^^^^ use of undeclared type `BinOp`
[INFO] [stdout] 
[INFO] [stdout] 
[INFO] [stdout] error[E0433]: failed to resolve: use of undeclared type `BinOp`
[INFO] [stdout]    --> src/intrinsics/mod.rs:490:56
[INFO] [stdout]     |
[INFO] [stdout] 490 |                 sym::unchecked_div | sym::exact_div => BinOp::Div,
[INFO] [stdout]     |                                                        ^^^^^ use of undeclared type `BinOp`
[INFO] [stdout] 
[INFO] [stdout] 
[INFO] [stdout] error[E0433]: failed to resolve: use of undeclared type `BinOp`
[INFO] [stdout]    --> src/intrinsics/mod.rs:491:39
[INFO] [stdout]     |
[INFO] [stdout] 491 |                 sym::unchecked_rem => BinOp::Rem,
[INFO] [stdout]     |                                       ^^^^^ use of undeclared type `BinOp`
[INFO] [stdout] 
[INFO] [stdout] 
[INFO] [stdout] error[E0433]: failed to resolve: use of undeclared type `BinOp`
[INFO] [stdout]    --> src/intrinsics/mod.rs:492:39
[INFO] [stdout]     |
[INFO] [stdout] 492 |                 sym::unchecked_shl => BinOp::Shl,
[INFO] [stdout]     |                                       ^^^^^ use of undeclared type `BinOp`
[INFO] [stdout] 
[INFO] [stdout] 
[INFO] [stdout] error[E0433]: failed to resolve: use of undeclared type `BinOp`
[INFO] [stdout]    --> src/intrinsics/mod.rs:493:39
[INFO] [stdout]     |
[INFO] [stdout] 493 |                 sym::unchecked_shr => BinOp::Shr,
[INFO] [stdout]     |                                       ^^^^^ use of undeclared type `BinOp`
[INFO] [stdout] 
[INFO] [stdout] 
[INFO] [stdout] error[E0433]: failed to resolve: use of undeclared type `BinOp`
[INFO] [stdout]    --> src/intrinsics/mod.rs:504:40
[INFO] [stdout]     |
[INFO] [stdout] 504 |                 sym::saturating_add => BinOp::Add,
[INFO] [stdout]     |                                        ^^^^^ use of undeclared type `BinOp`
[INFO] [stdout] 
[INFO] [stdout] 
[INFO] [stdout] error[E0433]: failed to resolve: use of undeclared type `BinOp`
[INFO] [stdout]    --> src/intrinsics/mod.rs:505:40
[INFO] [stdout]     |
[INFO] [stdout] 505 |                 sym::saturating_sub => BinOp::Sub,
[INFO] [stdout]     |                                        ^^^^^ use of undeclared type `BinOp`
[INFO] [stdout] 
[INFO] [stdout] 
[INFO] [stdout] error[E0433]: failed to resolve: use of undeclared type `BinOp`
[INFO] [stdout]    --> src/intrinsics/mod.rs:714:57
[INFO] [stdout]     |
[INFO] [stdout] 714 |             let val = crate::num::codegen_ptr_binop(fx, BinOp::Eq, a, b).load_scalar(fx);
[INFO] [stdout]     |                                                         ^^^^^ use of undeclared type `BinOp`
[INFO] [stdout] 
[INFO] [stdout] 
[INFO] [stdout] error[E0433]: failed to resolve: use of undeclared type `BinOp`
[INFO] [stdout]     --> src/intrinsics/mod.rs:1117:39
[INFO] [stdout]      |
[INFO] [stdout] 1117 |                     sym::fadd_fast => BinOp::Add,
[INFO] [stdout]      |                                       ^^^^^ use of undeclared type `BinOp`
[INFO] [stdout] 
[INFO] [stdout] 
[INFO] [stdout] error[E0433]: failed to resolve: use of undeclared type `BinOp`
[INFO] [stdout]     --> src/intrinsics/mod.rs:1118:39
[INFO] [stdout]      |
[INFO] [stdout] 1118 |                     sym::fsub_fast => BinOp::Sub,
[INFO] [stdout]      |                                       ^^^^^ use of undeclared type `BinOp`
[INFO] [stdout] 
[INFO] [stdout] 
[INFO] [stdout] error[E0433]: failed to resolve: use of undeclared type `BinOp`
[INFO] [stdout]     --> src/intrinsics/mod.rs:1119:39
[INFO] [stdout]      |
[INFO] [stdout] 1119 |                     sym::fmul_fast => BinOp::Mul,
[INFO] [stdout]      |                                       ^^^^^ use of undeclared type `BinOp`
[INFO] [stdout] 
[INFO] [stdout] 
[INFO] [stdout] error[E0433]: failed to resolve: use of undeclared type `BinOp`
[INFO] [stdout]     --> src/intrinsics/mod.rs:1120:39
[INFO] [stdout]      |
[INFO] [stdout] 1120 |                     sym::fdiv_fast => BinOp::Div,
[INFO] [stdout]      |                                       ^^^^^ use of undeclared type `BinOp`
[INFO] [stdout] 
[INFO] [stdout] 
[INFO] [stdout] error[E0433]: failed to resolve: use of undeclared type `BinOp`
[INFO] [stdout]     --> src/intrinsics/mod.rs:1121:39
[INFO] [stdout]      |
[INFO] [stdout] 1121 |                     sym::frem_fast => BinOp::Rem,
[INFO] [stdout]      |                                       ^^^^^ use of undeclared type `BinOp`
[INFO] [stdout] 
[INFO] [stdout] 
[INFO] [stdout] error[E0433]: failed to resolve: use of undeclared type `BinOp`
[INFO] [stdout]   --> src/num.rs:62:9
[INFO] [stdout]    |
[INFO] [stdout] 62 |         BinOp::Eq | BinOp::Lt | BinOp::Le | BinOp::Ne | BinOp::Ge | BinOp::Gt => {
[INFO] [stdout]    |         ^^^^^ use of undeclared type `BinOp`
[INFO] [stdout] 
[INFO] [stdout] 
[INFO] [stdout] error[E0433]: failed to resolve: use of undeclared type `BinOp`
[INFO] [stdout]   --> src/num.rs:62:21
[INFO] [stdout]    |
[INFO] [stdout] 62 |         BinOp::Eq | BinOp::Lt | BinOp::Le | BinOp::Ne | BinOp::Ge | BinOp::Gt => {
[INFO] [stdout]    |                     ^^^^^ use of undeclared type `BinOp`
[INFO] [stdout] 
[INFO] [stdout] 
[INFO] [stdout] error[E0433]: failed to resolve: use of undeclared type `BinOp`
[INFO] [stdout]   --> src/num.rs:62:33
[INFO] [stdout]    |
[INFO] [stdout] 62 |         BinOp::Eq | BinOp::Lt | BinOp::Le | BinOp::Ne | BinOp::Ge | BinOp::Gt => {
[INFO] [stdout]    |                                 ^^^^^ use of undeclared type `BinOp`
[INFO] [stdout] 
[INFO] [stdout] 
[INFO] [stdout] error[E0433]: failed to resolve: use of undeclared type `BinOp`
[INFO] [stdout]   --> src/num.rs:62:45
[INFO] [stdout]    |
[INFO] [stdout] 62 |         BinOp::Eq | BinOp::Lt | BinOp::Le | BinOp::Ne | BinOp::Ge | BinOp::Gt => {
[INFO] [stdout]    |                                             ^^^^^ use of undeclared type `BinOp`
[INFO] [stdout] 
[INFO] [stdout] 
[INFO] [stdout] error[E0433]: failed to resolve: use of undeclared type `BinOp`
[INFO] [stdout]   --> src/num.rs:62:57
[INFO] [stdout]    |
[INFO] [stdout] 62 |         BinOp::Eq | BinOp::Lt | BinOp::Le | BinOp::Ne | BinOp::Ge | BinOp::Gt => {
[INFO] [stdout]    |                                                         ^^^^^ use of undeclared type `BinOp`
[INFO] [stdout] 
[INFO] [stdout] 
[INFO] [stdout] error[E0433]: failed to resolve: use of undeclared type `BinOp`
[INFO] [stdout]   --> src/num.rs:62:69
[INFO] [stdout]    |
[INFO] [stdout] 62 |         BinOp::Eq | BinOp::Lt | BinOp::Le | BinOp::Ne | BinOp::Ge | BinOp::Gt => {
[INFO] [stdout]    |                                                                     ^^^^^ use of undeclared type `BinOp`
[INFO] [stdout] 
[INFO] [stdout] 
[INFO] [stdout] error[E0433]: failed to resolve: use of undeclared type `BinOp`
[INFO] [stdout]   --> src/num.rs:97:9
[INFO] [stdout]    |
[INFO] [stdout] 97 |         BinOp::BitXor => b.bxor(lhs, rhs),
[INFO] [stdout]    |         ^^^^^ use of undeclared type `BinOp`
[INFO] [stdout] 
[INFO] [stdout] 
[INFO] [stdout] error[E0433]: failed to resolve: use of undeclared type `BinOp`
[INFO] [stdout]   --> src/num.rs:98:9
[INFO] [stdout]    |
[INFO] [stdout] 98 |         BinOp::BitAnd => b.band(lhs, rhs),
[INFO] [stdout]    |         ^^^^^ use of undeclared type `BinOp`
[INFO] [stdout] 
[INFO] [stdout] 
[INFO] [stdout] error[E0433]: failed to resolve: use of undeclared type `BinOp`
[INFO] [stdout]   --> src/num.rs:99:9
[INFO] [stdout]    |
[INFO] [stdout] 99 |         BinOp::BitOr => b.bor(lhs, rhs),
[INFO] [stdout]    |         ^^^^^ use of undeclared type `BinOp`
[INFO] [stdout] 
[INFO] [stdout] 
[INFO] [stdout] error[E0433]: failed to resolve: use of undeclared type `BinOp`
[INFO] [stdout]    --> src/num.rs:113:18
[INFO] [stdout]     |
[INFO] [stdout] 113 |     if bin_op != BinOp::Shl && bin_op != BinOp::Shr {
[INFO] [stdout]     |                  ^^^^^ use of undeclared type `BinOp`
[INFO] [stdout] 
[INFO] [stdout] 
[INFO] [stdout] error[E0433]: failed to resolve: use of undeclared type `BinOp`
[INFO] [stdout]    --> src/num.rs:113:42
[INFO] [stdout]     |
[INFO] [stdout] 113 |     if bin_op != BinOp::Shl && bin_op != BinOp::Shr {
[INFO] [stdout]     |                                          ^^^^^ use of undeclared type `BinOp`
[INFO] [stdout] 
[INFO] [stdout] 
[INFO] [stdout] error[E0433]: failed to resolve: use of undeclared type `BinOp`
[INFO] [stdout]    --> src/num.rs:132:9
[INFO] [stdout]     |
[INFO] [stdout] 132 |         BinOp::Add => b.iadd(lhs, rhs),
[INFO] [stdout]     |         ^^^^^ use of undeclared type `BinOp`
[INFO] [stdout] 
[INFO] [stdout] 
[INFO] [stdout] error[E0433]: failed to resolve: use of undeclared type `BinOp`
[INFO] [stdout]    --> src/num.rs:133:9
[INFO] [stdout]     |
[INFO] [stdout] 133 |         BinOp::Sub => b.isub(lhs, rhs),
[INFO] [stdout]     |         ^^^^^ use of undeclared type `BinOp`
[INFO] [stdout] 
[INFO] [stdout] 
[INFO] [stdout] error[E0433]: failed to resolve: use of undeclared type `BinOp`
[INFO] [stdout]    --> src/num.rs:134:9
[INFO] [stdout]     |
[INFO] [stdout] 134 |         BinOp::Mul => b.imul(lhs, rhs),
[INFO] [stdout]     |         ^^^^^ use of undeclared type `BinOp`
[INFO] [stdout] 
[INFO] [stdout] 
[INFO] [stdout] error[E0433]: failed to resolve: use of undeclared type `BinOp`
[INFO] [stdout]    --> src/num.rs:135:9
[INFO] [stdout]     |
[INFO] [stdout] 135 |         BinOp::Div => {
[INFO] [stdout]     |         ^^^^^ use of undeclared type `BinOp`
[INFO] [stdout] 
[INFO] [stdout] 
[INFO] [stdout] error[E0433]: failed to resolve: use of undeclared type `BinOp`
[INFO] [stdout]    --> src/num.rs:142:9
[INFO] [stdout]     |
[INFO] [stdout] 142 |         BinOp::Rem => {
[INFO] [stdout]     |         ^^^^^ use of undeclared type `BinOp`
[INFO] [stdout] 
[INFO] [stdout] 
[INFO] [stdout] error[E0433]: failed to resolve: use of undeclared type `BinOp`
[INFO] [stdout]    --> src/num.rs:149:9
[INFO] [stdout]     |
[INFO] [stdout] 149 |         BinOp::BitXor => b.bxor(lhs, rhs),
[INFO] [stdout]     |         ^^^^^ use of undeclared type `BinOp`
[INFO] [stdout] 
[INFO] [stdout] 
[INFO] [stdout] error[E0433]: failed to resolve: use of undeclared type `BinOp`
[INFO] [stdout]    --> src/num.rs:150:9
[INFO] [stdout]     |
[INFO] [stdout] 150 |         BinOp::BitAnd => b.band(lhs, rhs),
[INFO] [stdout]     |         ^^^^^ use of undeclared type `BinOp`
[INFO] [stdout] 
[INFO] [stdout] 
[INFO] [stdout] error[E0433]: failed to resolve: use of undeclared type `BinOp`
[INFO] [stdout]    --> src/num.rs:151:9
[INFO] [stdout]     |
[INFO] [stdout] 151 |         BinOp::BitOr => b.bor(lhs, rhs),
[INFO] [stdout]     |         ^^^^^ use of undeclared type `BinOp`
[INFO] [stdout] 
[INFO] [stdout] 
[INFO] [stdout] error[E0433]: failed to resolve: use of undeclared type `BinOp`
[INFO] [stdout]    --> src/num.rs:152:9
[INFO] [stdout]     |
[INFO] [stdout] 152 |         BinOp::Shl => b.ishl(lhs, rhs),
[INFO] [stdout]     |         ^^^^^ use of undeclared type `BinOp`
[INFO] [stdout] 
[INFO] [stdout] 
[INFO] [stdout] error[E0433]: failed to resolve: use of undeclared type `BinOp`
[INFO] [stdout]    --> src/num.rs:153:9
[INFO] [stdout]     |
[INFO] [stdout] 153 |         BinOp::Shr => {
[INFO] [stdout]     |         ^^^^^ use of undeclared type `BinOp`
[INFO] [stdout] 
[INFO] [stdout] 
[INFO] [stdout] error[E0433]: failed to resolve: use of undeclared type `BinOp`
[INFO] [stdout]    --> src/num.rs:183:9
[INFO] [stdout]     |
[INFO] [stdout] 183 |         BinOp::Add => {
[INFO] [stdout]     |         ^^^^^ use of undeclared type `BinOp`
[INFO] [stdout] 
[INFO] [stdout] 
[INFO] [stdout] error[E0433]: failed to resolve: use of undeclared type `BinOp`
[INFO] [stdout]    --> src/num.rs:197:9
[INFO] [stdout]     |
[INFO] [stdout] 197 |         BinOp::Sub => {
[INFO] [stdout]     |         ^^^^^ use of undeclared type `BinOp`
[INFO] [stdout] 
[INFO] [stdout] 
[INFO] [stdout] error[E0433]: failed to resolve: use of undeclared type `BinOp`
[INFO] [stdout]    --> src/num.rs:211:9
[INFO] [stdout]     |
[INFO] [stdout] 211 |         BinOp::Mul => {
[INFO] [stdout]     |         ^^^^^ use of undeclared type `BinOp`
[INFO] [stdout] 
[INFO] [stdout] 
[INFO] [stdout] error[E0433]: failed to resolve: use of undeclared type `BinOp`
[INFO] [stdout]    --> src/num.rs:289:10
[INFO] [stdout]     |
[INFO] [stdout] 289 |         (BinOp::Add, false) => fx.bcx.ins().select(has_overflow, max, val),
[INFO] [stdout]     |          ^^^^^ use of undeclared type `BinOp`
[INFO] [stdout] 
[INFO] [stdout] 
[INFO] [stdout] error[E0433]: failed to resolve: use of undeclared type `BinOp`
[INFO] [stdout]    --> src/num.rs:290:10
[INFO] [stdout]     |
[INFO] [stdout] 290 |         (BinOp::Sub, false) => fx.bcx.ins().select(has_overflow, min, val),
[INFO] [stdout]     |          ^^^^^ use of undeclared type `BinOp`
[INFO] [stdout] 
[INFO] [stdout] 
[INFO] [stdout] error[E0433]: failed to resolve: use of undeclared type `BinOp`
[INFO] [stdout]    --> src/num.rs:291:10
[INFO] [stdout]     |
[INFO] [stdout] 291 |         (BinOp::Add, true) => {
[INFO] [stdout]     |          ^^^^^ use of undeclared type `BinOp`
[INFO] [stdout] 
[INFO] [stdout] 
[INFO] [stdout] error[E0433]: failed to resolve: use of undeclared type `BinOp`
[INFO] [stdout]    --> src/num.rs:297:10
[INFO] [stdout]     |
[INFO] [stdout] 297 |         (BinOp::Sub, true) => {
[INFO] [stdout]     |          ^^^^^ use of undeclared type `BinOp`
[INFO] [stdout] 
[INFO] [stdout] 
[INFO] [stdout] error[E0433]: failed to resolve: use of undeclared type `BinOp`
[INFO] [stdout]    --> src/num.rs:322:9
[INFO] [stdout]     |
[INFO] [stdout] 322 |         BinOp::Add => b.fadd(lhs, rhs),
[INFO] [stdout]     |         ^^^^^ use of undeclared type `BinOp`
[INFO] [stdout] 
[INFO] [stdout] 
[INFO] [stdout] error[E0433]: failed to resolve: use of undeclared type `BinOp`
[INFO] [stdout]    --> src/num.rs:323:9
[INFO] [stdout]     |
[INFO] [stdout] 323 |         BinOp::Sub => b.fsub(lhs, rhs),
[INFO] [stdout]     |         ^^^^^ use of undeclared type `BinOp`
[INFO] [stdout] 
[INFO] [stdout] 
[INFO] [stdout] error[E0433]: failed to resolve: use of undeclared type `BinOp`
[INFO] [stdout]    --> src/num.rs:324:9
[INFO] [stdout]     |
[INFO] [stdout] 324 |         BinOp::Mul => b.fmul(lhs, rhs),
[INFO] [stdout]     |         ^^^^^ use of undeclared type `BinOp`
[INFO] [stdout] 
[INFO] [stdout] 
[INFO] [stdout] error[E0433]: failed to resolve: use of undeclared type `BinOp`
[INFO] [stdout]    --> src/num.rs:325:9
[INFO] [stdout]     |
[INFO] [stdout] 325 |         BinOp::Div => b.fdiv(lhs, rhs),
[INFO] [stdout]     |         ^^^^^ use of undeclared type `BinOp`
[INFO] [stdout] 
[INFO] [stdout] 
[INFO] [stdout] error[E0433]: failed to resolve: use of undeclared type `BinOp`
[INFO] [stdout]    --> src/num.rs:326:9
[INFO] [stdout]     |
[INFO] [stdout] 326 |         BinOp::Rem => {
[INFO] [stdout]     |         ^^^^^ use of undeclared type `BinOp`
[INFO] [stdout] 
[INFO] [stdout] 
[INFO] [stdout] error[E0433]: failed to resolve: use of undeclared type `BinOp`
[INFO] [stdout]    --> src/num.rs:342:9
[INFO] [stdout]     |
[INFO] [stdout] 342 |         BinOp::Eq | BinOp::Lt | BinOp::Le | BinOp::Ne | BinOp::Ge | BinOp::Gt => {
[INFO] [stdout]     |         ^^^^^ use of undeclared type `BinOp`
[INFO] [stdout] 
[INFO] [stdout] 
[INFO] [stdout] error[E0433]: failed to resolve: use of undeclared type `BinOp`
[INFO] [stdout]    --> src/num.rs:342:21
[INFO] [stdout]     |
[INFO] [stdout] 342 |         BinOp::Eq | BinOp::Lt | BinOp::Le | BinOp::Ne | BinOp::Ge | BinOp::Gt => {
[INFO] [stdout]     |                     ^^^^^ use of undeclared type `BinOp`
[INFO] [stdout] 
[INFO] [stdout] 
[INFO] [stdout] error[E0433]: failed to resolve: use of undeclared type `BinOp`
[INFO] [stdout]    --> src/num.rs:342:33
[INFO] [stdout]     |
[INFO] [stdout] 342 |         BinOp::Eq | BinOp::Lt | BinOp::Le | BinOp::Ne | BinOp::Ge | BinOp::Gt => {
[INFO] [stdout]     |                                 ^^^^^ use of undeclared type `BinOp`
[INFO] [stdout] 
[INFO] [stdout] 
[INFO] [stdout] error[E0433]: failed to resolve: use of undeclared type `BinOp`
[INFO] [stdout]    --> src/num.rs:342:45
[INFO] [stdout]     |
[INFO] [stdout] 342 |         BinOp::Eq | BinOp::Lt | BinOp::Le | BinOp::Ne | BinOp::Ge | BinOp::Gt => {
[INFO] [stdout]     |                                             ^^^^^ use of undeclared type `BinOp`
[INFO] [stdout] 
[INFO] [stdout] 
[INFO] [stdout] error[E0433]: failed to resolve: use of undeclared type `BinOp`
[INFO] [stdout]    --> src/num.rs:342:57
[INFO] [stdout]     |
[INFO] [stdout] 342 |         BinOp::Eq | BinOp::Lt | BinOp::Le | BinOp::Ne | BinOp::Ge | BinOp::Gt => {
[INFO] [stdout]     |                                                         ^^^^^ use of undeclared type `BinOp`
[INFO] [stdout] 
[INFO] [stdout] 
[INFO] [stdout] error[E0433]: failed to resolve: use of undeclared type `BinOp`
[INFO] [stdout]    --> src/num.rs:342:69
[INFO] [stdout]     |
[INFO] [stdout] 342 |         BinOp::Eq | BinOp::Lt | BinOp::Le | BinOp::Ne | BinOp::Ge | BinOp::Gt => {
[INFO] [stdout]     |                                                                     ^^^^^ use of undeclared type `BinOp`
[INFO] [stdout] 
[INFO] [stdout] 
[INFO] [stdout] error[E0433]: failed to resolve: use of undeclared type `BinOp`
[INFO] [stdout]    --> src/num.rs:344:17
[INFO] [stdout]     |
[INFO] [stdout] 344 |                 BinOp::Eq => FloatCC::Equal,
[INFO] [stdout]     |                 ^^^^^ use of undeclared type `BinOp`
[INFO] [stdout] 
[INFO] [stdout] 
[INFO] [stdout] error[E0433]: failed to resolve: use of undeclared type `BinOp`
[INFO] [stdout]    --> src/num.rs:345:17
[INFO] [stdout]     |
[INFO] [stdout] 345 |                 BinOp::Lt => FloatCC::LessThan,
[INFO] [stdout]     |                 ^^^^^ use of undeclared type `BinOp`
[INFO] [stdout] 
[INFO] [stdout] 
[INFO] [stdout] error[E0433]: failed to resolve: use of undeclared type `BinOp`
[INFO] [stdout]    --> src/num.rs:346:17
[INFO] [stdout]     |
[INFO] [stdout] 346 |                 BinOp::Le => FloatCC::LessThanOrEqual,
[INFO] [stdout]     |                 ^^^^^ use of undeclared type `BinOp`
[INFO] [stdout] 
[INFO] [stdout] 
[INFO] [stdout] error[E0433]: failed to resolve: use of undeclared type `BinOp`
[INFO] [stdout]    --> src/num.rs:347:17
[INFO] [stdout]     |
[INFO] [stdout] 347 |                 BinOp::Ne => FloatCC::NotEqual,
[INFO] [stdout]     |                 ^^^^^ use of undeclared type `BinOp`
[INFO] [stdout] 
[INFO] [stdout] 
[INFO] [stdout] error[E0433]: failed to resolve: use of undeclared type `BinOp`
[INFO] [stdout]    --> src/num.rs:348:17
[INFO] [stdout]     |
[INFO] [stdout] 348 |                 BinOp::Ge => FloatCC::GreaterThanOrEqual,
[INFO] [stdout]     |                 ^^^^^ use of undeclared type `BinOp`
[INFO] [stdout] 
[INFO] [stdout] 
[INFO] [stdout] error[E0433]: failed to resolve: use of undeclared type `BinOp`
[INFO] [stdout]    --> src/num.rs:349:17
[INFO] [stdout]     |
[INFO] [stdout] 349 |                 BinOp::Gt => FloatCC::GreaterThan,
[INFO] [stdout]     |                 ^^^^^ use of undeclared type `BinOp`
[INFO] [stdout] 
[INFO] [stdout] 
[INFO] [stdout] error[E0433]: failed to resolve: use of undeclared type `BinOp`
[INFO] [stdout]    --> src/num.rs:376:13
[INFO] [stdout]     |
[INFO] [stdout] 376 |             BinOp::Eq | BinOp::Lt | BinOp::Le | BinOp::Ne | BinOp::Ge | BinOp::Gt => {
[INFO] [stdout]     |             ^^^^^ use of undeclared type `BinOp`
[INFO] [stdout] 
[INFO] [stdout] 
[INFO] [stdout] error[E0433]: failed to resolve: use of undeclared type `BinOp`
[INFO] [stdout]    --> src/num.rs:376:25
[INFO] [stdout]     |
[INFO] [stdout] 376 |             BinOp::Eq | BinOp::Lt | BinOp::Le | BinOp::Ne | BinOp::Ge | BinOp::Gt => {
[INFO] [stdout]     |                         ^^^^^ use of undeclared type `BinOp`
[INFO] [stdout] 
[INFO] [stdout] 
[INFO] [stdout] error[E0433]: failed to resolve: use of undeclared type `BinOp`
[INFO] [stdout]    --> src/num.rs:376:37
[INFO] [stdout]     |
[INFO] [stdout] 376 |             BinOp::Eq | BinOp::Lt | BinOp::Le | BinOp::Ne | BinOp::Ge | BinOp::Gt => {
[INFO] [stdout]     |                                     ^^^^^ use of undeclared type `BinOp`
[INFO] [stdout] 
[INFO] [stdout] 
[INFO] [stdout] error[E0433]: failed to resolve: use of undeclared type `BinOp`
[INFO] [stdout]    --> src/num.rs:376:49
[INFO] [stdout]     |
[INFO] [stdout] 376 |             BinOp::Eq | BinOp::Lt | BinOp::Le | BinOp::Ne | BinOp::Ge | BinOp::Gt => {
[INFO] [stdout]     |                                                 ^^^^^ use of undeclared type `BinOp`
[INFO] [stdout] 
[INFO] [stdout] 
[INFO] [stdout] error[E0433]: failed to resolve: use of undeclared type `BinOp`
[INFO] [stdout]    --> src/num.rs:376:61
[INFO] [stdout]     |
[INFO] [stdout] 376 |             BinOp::Eq | BinOp::Lt | BinOp::Le | BinOp::Ne | BinOp::Ge | BinOp::Gt => {
[INFO] [stdout]     |                                                             ^^^^^ use of undeclared type `BinOp`
[INFO] [stdout] 
[INFO] [stdout] 
[INFO] [stdout] error[E0433]: failed to resolve: use of undeclared type `BinOp`
[INFO] [stdout]    --> src/num.rs:376:73
[INFO] [stdout]     |
[INFO] [stdout] 376 |             BinOp::Eq | BinOp::Lt | BinOp::Le | BinOp::Ne | BinOp::Ge | BinOp::Gt => {
[INFO] [stdout]     |                                                                         ^^^^^ use of undeclared type `BinOp`
[INFO] [stdout] 
[INFO] [stdout] 
[INFO] [stdout] error[E0433]: failed to resolve: use of undeclared type `BinOp`
[INFO] [stdout]    --> src/num.rs:382:13
[INFO] [stdout]     |
[INFO] [stdout] 382 |             BinOp::Offset => {
[INFO] [stdout]     |             ^^^^^ use of undeclared type `BinOp`
[INFO] [stdout] 
[INFO] [stdout] 
[INFO] [stdout] error[E0433]: failed to resolve: use of undeclared type `BinOp`
[INFO] [stdout]    --> src/num.rs:398:13
[INFO] [stdout]     |
[INFO] [stdout] 398 |             BinOp::Eq => {
[INFO] [stdout]     |             ^^^^^ use of undeclared type `BinOp`
[INFO] [stdout] 
[INFO] [stdout] 
[INFO] [stdout] error[E0433]: failed to resolve: use of undeclared type `BinOp`
[INFO] [stdout]    --> src/num.rs:403:13
[INFO] [stdout]     |
[INFO] [stdout] 403 |             BinOp::Ne => {
[INFO] [stdout]     |             ^^^^^ use of undeclared type `BinOp`
[INFO] [stdout] 
[INFO] [stdout] 
[INFO] [stdout] error[E0433]: failed to resolve: use of undeclared type `BinOp`
[INFO] [stdout]    --> src/num.rs:408:13
[INFO] [stdout]     |
[INFO] [stdout] 408 |             BinOp::Lt | BinOp::Le | BinOp::Ge | BinOp::Gt => {
[INFO] [stdout]     |             ^^^^^ use of undeclared type `BinOp`
[INFO] [stdout] 
[INFO] [stdout] 
[INFO] [stdout] error[E0433]: failed to resolve: use of undeclared type `BinOp`
[INFO] [stdout]    --> src/num.rs:408:25
[INFO] [stdout]     |
[INFO] [stdout] 408 |             BinOp::Lt | BinOp::Le | BinOp::Ge | BinOp::Gt => {
[INFO] [stdout]     |                         ^^^^^ use of undeclared type `BinOp`
[INFO] [stdout] 
[INFO] [stdout] 
[INFO] [stdout] error[E0433]: failed to resolve: use of undeclared type `BinOp`
[INFO] [stdout]    --> src/num.rs:408:37
[INFO] [stdout]     |
[INFO] [stdout] 408 |             BinOp::Lt | BinOp::Le | BinOp::Ge | BinOp::Gt => {
[INFO] [stdout]     |                                     ^^^^^ use of undeclared type `BinOp`
[INFO] [stdout] 
[INFO] [stdout] 
[INFO] [stdout] error[E0433]: failed to resolve: use of undeclared type `BinOp`
[INFO] [stdout]    --> src/num.rs:408:49
[INFO] [stdout]     |
[INFO] [stdout] 408 |             BinOp::Lt | BinOp::Le | BinOp::Ge | BinOp::Gt => {
[INFO] [stdout]     |                                                 ^^^^^ use of undeclared type `BinOp`
[INFO] [stdout] 
[INFO] [stdout] 
[INFO] [stdout] error[E0433]: failed to resolve: use of undeclared type `Mutability`
[INFO] [stdout]    --> src/vtable.rs:104:79
[INFO] [stdout]     |
[INFO] [stdout] 104 |         data_id_for_alloc_id(&mut fx.constants_cx, &mut *fx.module, alloc_id, Mutability::Not);
[INFO] [stdout]     |                                                                               ^^^^^^^^^^ use of undeclared type `Mutability`
[INFO] [stdout] 
[INFO] [stdout] 
[INFO] [stdout] error[E0412]: cannot find type `Local` in this scope
[INFO] [stdout]   --> src/abi/comments.rs:77:12
[INFO] [stdout]    |
[INFO] [stdout] 77 |     local: Local,
[INFO] [stdout]    |            ^^^^^ not found in this scope
[INFO] [stdout]    |
[INFO] [stdout] help: there is an enum variant `cranelift_module::Linkage::Local` and 1 other; try using the variant's enum
[INFO] [stdout]    |
[INFO] [stdout] 77 |     local: cranelift_module::Linkage,
[INFO] [stdout]    |            ~~~~~~~~~~~~~~~~~~~~~~~~~
[INFO] [stdout] 77 |     local: crate::Linkage,
[INFO] [stdout]    |            ~~~~~~~~~~~~~~
[INFO] [stdout] 
[INFO] [stdout] 
[INFO] [stdout] error[E0412]: cannot find type `Local` in this scope
[INFO] [stdout]   --> src/abi/returning.rs:12:44
[INFO] [stdout]    |
[INFO] [stdout] 12 |     ssa_analyzed: &rustc_index::IndexSlice<Local, crate::analyze::SsaKind>,
[INFO] [stdout]    |                                            ^^^^^ not found in this scope
[INFO] [stdout]    |
[INFO] [stdout] help: there is an enum variant `cranelift_module::Linkage::Local` and 1 other; try using the variant's enum
[INFO] [stdout]    |
[INFO] [stdout] 12 |     ssa_analyzed: &rustc_index::IndexSlice<cranelift_module::Linkage, crate::analyze::SsaKind>,
[INFO] [stdout]    |                                            ~~~~~~~~~~~~~~~~~~~~~~~~~
[INFO] [stdout] 12 |     ssa_analyzed: &rustc_index::IndexSlice<crate::Linkage, crate::analyze::SsaKind>,
[INFO] [stdout]    |                                            ~~~~~~~~~~~~~~
[INFO] [stdout] help: you might be missing a type parameter
[INFO] [stdout]    |
[INFO] [stdout] 10 | pub(super) fn codegen_return_param<'tcx, Local>(
[INFO] [stdout]    |                                        +++++++
[INFO] [stdout] 
[INFO] [stdout] 
[INFO] [stdout] error[E0425]: cannot find value `RETURN_PLACE` in this scope
[INFO] [stdout]   --> src/abi/returning.rs:18:30
[INFO] [stdout]    |
[INFO] [stdout] 18 |                 ssa_analyzed[RETURN_PLACE].is_ssa(fx, fx.fn_abi.as_ref().unwrap().ret.layout.ty);
[INFO] [stdout]    |                              ^^^^^^^^^^^^ not found in this scope
[INFO] [stdout] 
[INFO] [stdout] 
[INFO] [stdout] error[E0425]: cannot find value `RETURN_PLACE` in this scope
[INFO] [stdout]   --> src/abi/returning.rs:22:21
[INFO] [stdout]    |
[INFO] [stdout] 22 |                     RETURN_PLACE,
[INFO] [stdout]    |                     ^^^^^^^^^^^^ not found in this scope
[INFO] [stdout] 
[INFO] [stdout] 
[INFO] [stdout] error[E0425]: cannot find value `RETURN_PLACE` in this scope
[INFO] [stdout]   --> src/abi/returning.rs:45:14
[INFO] [stdout]    |
[INFO] [stdout] 45 |         Some(RETURN_PLACE),
[INFO] [stdout]    |              ^^^^^^^^^^^^ not found in this scope
[INFO] [stdout] 
[INFO] [stdout] 
[INFO] [stdout] error[E0425]: cannot find value `RETURN_PLACE` in this scope
[INFO] [stdout]    --> src/abi/returning.rs:126:44
[INFO] [stdout]     |
[INFO] [stdout] 126 |             let place = fx.get_local_place(RETURN_PLACE);
[INFO] [stdout]     |                                            ^^^^^^^^^^^^ not found in this scope
[INFO] [stdout] 
[INFO] [stdout] 
[INFO] [stdout] error[E0425]: cannot find value `RETURN_PLACE` in this scope
[INFO] [stdout]    --> src/abi/returning.rs:131:44
[INFO] [stdout]     |
[INFO] [stdout] 131 |             let place = fx.get_local_place(RETURN_PLACE);
[INFO] [stdout]     |                                            ^^^^^^^^^^^^ not found in this scope
[INFO] [stdout] 
[INFO] [stdout] 
[INFO] [stdout] error[E0425]: cannot find value `RETURN_PLACE` in this scope
[INFO] [stdout]    --> src/abi/returning.rs:136:44
[INFO] [stdout]     |
[INFO] [stdout] 136 |             let place = fx.get_local_place(RETURN_PLACE);
[INFO] [stdout]     |                                            ^^^^^^^^^^^^ not found in this scope
[INFO] [stdout] 
[INFO] [stdout] 
[INFO] [stdout] error[E0412]: cannot find type `Local` in this scope
[INFO] [stdout]    --> src/abi/mod.rs:186:12
[INFO] [stdout]     |
[INFO] [stdout] 186 |     local: Local,
[INFO] [stdout]     |            ^^^^^ not found in this scope
[INFO] [stdout]     |
[INFO] [stdout] help: there is an enum variant `cranelift_module::Linkage::Local` and 1 other; try using the variant's enum
[INFO] [stdout]     |
[INFO] [stdout] 186 |     local: cranelift_module::Linkage,
[INFO] [stdout]     |            ~~~~~~~~~~~~~~~~~~~~~~~~~
[INFO] [stdout] 186 |     local: crate::Linkage,
[INFO] [stdout]     |            ~~~~~~~~~~~~~~
[INFO] [stdout] 
[INFO] [stdout] 
[INFO] [stdout] error[E0425]: cannot find value `RETURN_PLACE` in this scope
[INFO] [stdout]    --> src/abi/mod.rs:224:46
[INFO] [stdout]     |
[INFO] [stdout] 224 |     assert_eq!(fx.local_map.push(ret_place), RETURN_PLACE);
[INFO] [stdout]     |                                              ^^^^^^^^^^^^ not found in this scope
[INFO] [stdout] 
[INFO] [stdout] 
[INFO] [stdout] error[E0412]: cannot find type `Local` in this scope
[INFO] [stdout]    --> src/abi/mod.rs:278:25
[INFO] [stdout]     |
[INFO] [stdout] 278 |         .collect::<Vec<(Local, ArgKind<'tcx>, Ty<'tcx>)>>();
[INFO] [stdout]     |                         ^^^^^ not found in this scope
[INFO] [stdout]     |
[INFO] [stdout] help: there is an enum variant `cranelift_module::Linkage::Local` and 1 other; try using the variant's enum
[INFO] [stdout]     |
[INFO] [stdout] 278 |         .collect::<Vec<(cranelift_module::Linkage, ArgKind<'tcx>, Ty<'tcx>)>>();
[INFO] [stdout]     |                         ~~~~~~~~~~~~~~~~~~~~~~~~~
[INFO] [stdout] 278 |         .collect::<Vec<(crate::Linkage, ArgKind<'tcx>, Ty<'tcx>)>>();
[INFO] [stdout]     |                         ~~~~~~~~~~~~~~
[INFO] [stdout] help: you might be missing a type parameter
[INFO] [stdout]     |
[INFO] [stdout] 211 | pub(crate) fn codegen_fn_prelude<'tcx, Local>(fx: &mut FunctionCx<'_, '_, 'tcx>, start_block: Block) {
[INFO] [stdout]     |                                      +++++++
[INFO] [stdout] 
[INFO] [stdout] 
[INFO] [stdout] error[E0425]: cannot find value `START_BLOCK` in this scope
[INFO] [stdout]    --> src/abi/mod.rs:347:41
[INFO] [stdout]     |
[INFO] [stdout] 347 |     fx.bcx.ins().jump(*fx.block_map.get(START_BLOCK).unwrap(), &[]);
[INFO] [stdout]     |                                         ^^^^^^^^^^^ help: a local variable with a similar name exists: `start_block`
[INFO] [stdout] 
[INFO] [stdout] 
[INFO] [stdout] error[E0412]: cannot find type `Operand` in this scope
[INFO] [stdout]    --> src/abi/mod.rs:358:15
[INFO] [stdout]     |
[INFO] [stdout] 358 |     operand: &Operand<'tcx>,
[INFO] [stdout]     |               ^^^^^^^ not found in this scope
[INFO] [stdout] 
[INFO] [stdout] 
[INFO] [stdout] error[E0412]: cannot find type `Operand` in this scope
[INFO] [stdout]    --> src/abi/mod.rs:369:12
[INFO] [stdout]     |
[INFO] [stdout] 369 |     func: &Operand<'tcx>,
[INFO] [stdout]     |            ^^^^^^^ not found in this scope
[INFO] [stdout] 
[INFO] [stdout] 
[INFO] [stdout] error[E0412]: cannot find type `Operand` in this scope
[INFO] [stdout]    --> src/abi/mod.rs:370:13
[INFO] [stdout]     |
[INFO] [stdout] 370 |     args: &[Operand<'tcx>],
[INFO] [stdout]     |             ^^^^^^^ not found in this scope
[INFO] [stdout] 
[INFO] [stdout] 
[INFO] [stdout] error[E0412]: cannot find type `Place` in this scope
[INFO] [stdout]    --> src/abi/mod.rs:371:18
[INFO] [stdout]     |
[INFO] [stdout] 371 |     destination: Place<'tcx>,
[INFO] [stdout]     |                  ^^^^^ help: a struct with a similar name exists: `CPlace`
[INFO] [stdout]     |
[INFO] [stdout]    ::: src/value_and_place.rs:315:1
[INFO] [stdout]     |
[INFO] [stdout] 315 | pub(crate) struct CPlace<'tcx> {
[INFO] [stdout]     | ------------------------------ similarly named struct `CPlace` defined here
[INFO] [stdout] 
[INFO] [stdout] 
[INFO] [stdout] error[E0412]: cannot find type `BasicBlock` in this scope
[INFO] [stdout]    --> src/abi/mod.rs:372:20
[INFO] [stdout]     |
[INFO] [stdout] 372 |     target: Option<BasicBlock>,
[INFO] [stdout]     |                    ^^^^^^^^^^ not found in this scope
[INFO] [stdout]     |
[INFO] [stdout] help: consider importing one of these items
[INFO] [stdout]     |
[INFO] [stdout] 7   + use core::intrinsics::mir::BasicBlock;
[INFO] [stdout]     |
[INFO] [stdout] 7   + use std::intrinsics::mir::BasicBlock;
[INFO] [stdout]     |
[INFO] [stdout] 
[INFO] [stdout] 
[INFO] [stdout] error[E0412]: cannot find type `Local` in this scope
[INFO] [stdout]   --> src/analyze.rs:21:64
[INFO] [stdout]    |
[INFO] [stdout] 21 | pub(crate) fn analyze(fx: &FunctionCx<'_, '_, '_>) -> IndexVec<Local, SsaKind> {
[INFO] [stdout]    |                                                                ^^^^^ not found in this scope
[INFO] [stdout]    |
[INFO] [stdout] help: there is an enum variant `cranelift_module::Linkage::Local` and 1 other; try using the variant's enum
[INFO] [stdout]    |
[INFO] [stdout] 21 | pub(crate) fn analyze(fx: &FunctionCx<'_, '_, '_>) -> IndexVec<cranelift_module::Linkage, SsaKind> {
[INFO] [stdout]    |                                                                ~~~~~~~~~~~~~~~~~~~~~~~~~
[INFO] [stdout] 21 | pub(crate) fn analyze(fx: &FunctionCx<'_, '_, '_>) -> IndexVec<crate::Linkage, SsaKind> {
[INFO] [stdout]    |                                                                ~~~~~~~~~~~~~~
[INFO] [stdout] help: you might be missing a type parameter
[INFO] [stdout]    |
[INFO] [stdout] 21 | pub(crate) fn analyze<Local>(fx: &FunctionCx<'_, '_, '_>) -> IndexVec<Local, SsaKind> {
[INFO] [stdout]    |                      +++++++
[INFO] [stdout] 
[INFO] [stdout] 
[INFO] [stdout] error[E0412]: cannot find type `Local` in this scope
[INFO] [stdout]   --> src/analyze.rs:23:81
[INFO] [stdout]    |
[INFO] [stdout] 23 |         fx.mir.local_decls.iter().map(|_| SsaKind::MaybeSsa).collect::<IndexVec<Local, SsaKind>>();
[INFO] [stdout]    |                                                                                 ^^^^^ not found in this scope
[INFO] [stdout]    |
[INFO] [stdout] help: there is an enum variant `cranelift_module::Linkage::Local` and 1 other; try using the variant's enum
[INFO] [stdout]    |
[INFO] [stdout] 23 |         fx.mir.local_decls.iter().map(|_| SsaKind::MaybeSsa).collect::<IndexVec<cranelift_module::Linkage, SsaKind>>();
[INFO] [stdout]    |                                                                                 ~~~~~~~~~~~~~~~~~~~~~~~~~
[INFO] [stdout] 23 |         fx.mir.local_decls.iter().map(|_| SsaKind::MaybeSsa).collect::<IndexVec<crate::Linkage, SsaKind>>();
[INFO] [stdout]    |                                                                                 ~~~~~~~~~~~~~~
[INFO] [stdout] help: you might be missing a type parameter
[INFO] [stdout]    |
[INFO] [stdout] 21 | pub(crate) fn analyze<Local>(fx: &FunctionCx<'_, '_, '_>) -> IndexVec<Local, SsaKind> {
[INFO] [stdout]    |                      +++++++
[INFO] [stdout] 
[INFO] [stdout] 
[INFO] [stdout] error[E0531]: cannot find tuple struct or tuple variant `Assign` in this scope
[INFO] [stdout]   --> src/analyze.rs:28:17
[INFO] [stdout]    |
[INFO] [stdout] 28 |                 Assign(place_and_rval) => match &place_and_rval.1 {
[INFO] [stdout]    |                 ^^^^^^ not found in this scope
[INFO] [stdout] 
[INFO] [stdout] 
[INFO] [stdout] error[E0412]: cannot find type `BasicBlock` in this scope
[INFO] [stdout]   --> src/base.rs:62:29
[INFO] [stdout]    |
[INFO] [stdout] 62 |     let block_map: IndexVec<BasicBlock, Block> =
[INFO] [stdout]    |                             ^^^^^^^^^^ not found in this scope
[INFO] [stdout]    |
[INFO] [stdout] help: consider importing one of these items
[INFO] [stdout]    |
[INFO] [stdout] 3  + use core::intrinsics::mir::BasicBlock;
[INFO] [stdout]    |
[INFO] [stdout] 3  + use std::intrinsics::mir::BasicBlock;
[INFO] [stdout]    |
[INFO] [stdout] 
[INFO] [stdout] 
[INFO] [stdout] error[E0425]: cannot find value `START_BLOCK` in this scope
[INFO] [stdout]    --> src/base.rs:237:69
[INFO] [stdout]     |
[INFO] [stdout] 237 |         fx.bcx.append_block_params_for_function_params(fx.block_map[START_BLOCK]);
[INFO] [stdout]     |                                                                     ^^^^^^^^^^^ help: a local variable with a similar name exists: `start_block`
[INFO] [stdout] 
[INFO] [stdout] 
[INFO] [stdout] error[E0425]: cannot find value `START_BLOCK` in this scope
[INFO] [stdout]    --> src/base.rs:238:45
[INFO] [stdout]     |
[INFO] [stdout] 238 |         fx.bcx.switch_to_block(fx.block_map[START_BLOCK]);
[INFO] [stdout]     |                                             ^^^^^^^^^^^ help: a local variable with a similar name exists: `start_block`
[INFO] [stdout] 
[INFO] [stdout] 
[INFO] [stdout] error[E0425]: cannot find value `START_BLOCK` in this scope
[INFO] [stdout]    --> src/base.rs:249:69
[INFO] [stdout]     |
[INFO] [stdout] 249 |         fx.bcx.append_block_params_for_function_params(fx.block_map[START_BLOCK]);
[INFO] [stdout]     |                                                                     ^^^^^^^^^^^ help: a local variable with a similar name exists: `start_block`
[INFO] [stdout] 
[INFO] [stdout] 
[INFO] [stdout] error[E0425]: cannot find value `START_BLOCK` in this scope
[INFO] [stdout]    --> src/base.rs:250:45
[INFO] [stdout]     |
[INFO] [stdout] 250 |         fx.bcx.switch_to_block(fx.block_map[START_BLOCK]);
[INFO] [stdout]     |                                             ^^^^^^^^^^^ help: a local variable with a similar name exists: `start_block`
[INFO] [stdout] 
[INFO] [stdout] 
[INFO] [stdout] error[E0412]: cannot find type `Statement` in this scope
[INFO] [stdout]    --> src/base.rs:490:12
[INFO] [stdout]     |
[INFO] [stdout] 490 |     stmt: &Statement<'tcx>,
[INFO] [stdout]     |            ^^^^^^^^^ not found in this scope
[INFO] [stdout] 
[INFO] [stdout] 
[INFO] [stdout] error[E0412]: cannot find type `Place` in this scope
[INFO] [stdout]    --> src/base.rs:849:12
[INFO] [stdout]     |
[INFO] [stdout] 849 |     place: Place<'tcx>,
[INFO] [stdout]     |            ^^^^^ help: a struct with a similar name exists: `CPlace`
[INFO] [stdout]     |
[INFO] [stdout]    ::: src/value_and_place.rs:315:1
[INFO] [stdout]     |
[INFO] [stdout] 315 | pub(crate) struct CPlace<'tcx> {
[INFO] [stdout]     | ------------------------------ similarly named struct `CPlace` defined here
[INFO] [stdout] 
[INFO] [stdout] 
[INFO] [stdout] error[E0412]: cannot find type `Operand` in this scope
[INFO] [stdout]    --> src/base.rs:917:15
[INFO] [stdout]     |
[INFO] [stdout] 917 |     operand: &Operand<'tcx>,
[INFO] [stdout]     |               ^^^^^^^ not found in this scope
[INFO] [stdout] 
[INFO] [stdout] 
[INFO] [stdout] error[E0412]: cannot find type `BinOp` in this scope
[INFO] [stdout]  --> src/codegen_i128.rs:9:13
[INFO] [stdout]   |
[INFO] [stdout] 9 |     bin_op: BinOp,
[INFO] [stdout]   |             ^^^^^ not found in this scope
[INFO] [stdout] 
[INFO] [stdout] 
[INFO] [stdout] error[E0412]: cannot find type `BinOp` in this scope
[INFO] [stdout]   --> src/codegen_i128.rs:78:13
[INFO] [stdout]    |
[INFO] [stdout] 78 |     bin_op: BinOp,
[INFO] [stdout]    |             ^^^^^ not found in this scope
[INFO] [stdout] 
[INFO] [stdout] 
[INFO] [stdout] error[E0412]: cannot find type `Body` in this scope
[INFO] [stdout]    --> src/common.rs:288:27
[INFO] [stdout]     |
[INFO] [stdout] 288 |     pub(crate) mir: &'tcx Body<'tcx>,
[INFO] [stdout]     |                           ^^^^ not found in this scope
[INFO] [stdout] 
[INFO] [stdout] 
[INFO] [stdout] error[E0412]: cannot find type `BasicBlock` in this scope
[INFO] [stdout]    --> src/common.rs:292:36
[INFO] [stdout]     |
[INFO] [stdout] 292 |     pub(crate) block_map: IndexVec<BasicBlock, Block>,
[INFO] [stdout]     |                                    ^^^^^^^^^^ not found in this scope
[INFO] [stdout]     |
[INFO] [stdout] help: consider importing one of these items
[INFO] [stdout]     |
[INFO] [stdout] 1   + use core::intrinsics::mir::BasicBlock;
[INFO] [stdout]     |
[INFO] [stdout] 1   + use std::intrinsics::mir::BasicBlock;
[INFO] [stdout]     |
[INFO] [stdout] 
[INFO] [stdout] 
[INFO] [stdout] error[E0412]: cannot find type `Local` in this scope
[INFO] [stdout]    --> src/common.rs:293:36
[INFO] [stdout]     |
[INFO] [stdout] 293 |     pub(crate) local_map: IndexVec<Local, CPlace<'tcx>>,
[INFO] [stdout]     |                                    ^^^^^ not found in this scope
[INFO] [stdout]     |
[INFO] [stdout] help: there is an enum variant `cranelift_module::Linkage::Local` and 1 other; try using the variant's enum
[INFO] [stdout]     |
[INFO] [stdout] 293 |     pub(crate) local_map: IndexVec<cranelift_module::Linkage, CPlace<'tcx>>,
[INFO] [stdout]     |                                    ~~~~~~~~~~~~~~~~~~~~~~~~~
[INFO] [stdout] 293 |     pub(crate) local_map: IndexVec<crate::Linkage, CPlace<'tcx>>,
[INFO] [stdout]     |                                    ~~~~~~~~~~~~~~
[INFO] [stdout] help: you might be missing a type parameter
[INFO] [stdout]     |
[INFO] [stdout] 277 | pub(crate) struct FunctionCx<'m, 'clif, 'tcx: 'm, Local> {
[INFO] [stdout]     |                                                 +++++++
[INFO] [stdout] 
[INFO] [stdout] 
[INFO] [stdout] error[E0412]: cannot find type `BasicBlock` in this scope
[INFO] [stdout]    --> src/common.rs:376:40
[INFO] [stdout]     |
[INFO] [stdout] 376 |     pub(crate) fn get_block(&self, bb: BasicBlock) -> Block {
[INFO] [stdout]     |                                        ^^^^^^^^^^ not found in this scope
[INFO] [stdout]     |
[INFO] [stdout] help: consider importing one of these items
[INFO] [stdout]     |
[INFO] [stdout] 1   + use core::intrinsics::mir::BasicBlock;
[INFO] [stdout]     |
[INFO] [stdout] 1   + use std::intrinsics::mir::BasicBlock;
[INFO] [stdout]     |
[INFO] [stdout] 
[INFO] [stdout] 
[INFO] [stdout] error[E0412]: cannot find type `Local` in this scope
[INFO] [stdout]    --> src/common.rs:380:53
[INFO] [stdout]     |
[INFO] [stdout] 380 |     pub(crate) fn get_local_place(&mut self, local: Local) -> CPlace<'tcx> {
[INFO] [stdout]     |                                                     ^^^^^ not found in this scope
[INFO] [stdout]     |
[INFO] [stdout] help: there is an enum variant `cranelift_module::Linkage::Local` and 1 other; try using the variant's enum
[INFO] [stdout]     |
[INFO] [stdout] 380 |     pub(crate) fn get_local_place(&mut self, local: cranelift_module::Linkage) -> CPlace<'tcx> {
[INFO] [stdout]     |                                                     ~~~~~~~~~~~~~~~~~~~~~~~~~
[INFO] [stdout] 380 |     pub(crate) fn get_local_place(&mut self, local: crate::Linkage) -> CPlace<'tcx> {
[INFO] [stdout]     |                                                     ~~~~~~~~~~~~~~
[INFO] [stdout] 
[INFO] [stdout] 
[INFO] [stdout] error[E0412]: cannot find type `Constant` in this scope
[INFO] [stdout]   --> src/constant.rs:78:16
[INFO] [stdout]    |
[INFO] [stdout] 13 | pub(crate) struct ConstantCx {
[INFO] [stdout]    | ---------------------------- similarly named struct `ConstantCx` defined here
[INFO] [stdout] ...
[INFO] [stdout] 78 |     constant: &Constant<'tcx>,
[INFO] [stdout]    |                ^^^^^^^^
[INFO] [stdout]    |
[INFO] [stdout] help: a struct with a similar name exists
[INFO] [stdout]    |
[INFO] [stdout] 78 |     constant: &ConstantCx<'tcx>,
[INFO] [stdout]    |                ~~~~~~~~~~
[INFO] [stdout] help: consider importing this struct
[INFO] [stdout]    |
[INFO] [stdout] 3  + use cranelift_codegen::ir::Constant;
[INFO] [stdout]    |
[INFO] [stdout] 
[INFO] [stdout] 
[INFO] [stdout] error[E0412]: cannot find type `Constant` in this scope
[INFO] [stdout]    --> src/constant.rs:119:16
[INFO] [stdout]     |
[INFO] [stdout] 13  | pub(crate) struct ConstantCx {
[INFO] [stdout]     | ---------------------------- similarly named struct `ConstantCx` defined here
[INFO] [stdout] ...
[INFO] [stdout] 119 |     constant: &Constant<'tcx>,
[INFO] [stdout]     |                ^^^^^^^^
[INFO] [stdout]     |
[INFO] [stdout] help: a struct with a similar name exists
[INFO] [stdout]     |
[INFO] [stdout] 119 |     constant: &ConstantCx<'tcx>,
[INFO] [stdout]     |                ~~~~~~~~~~
[INFO] [stdout] help: consider importing this struct
[INFO] [stdout]     |
[INFO] [stdout] 3   + use cranelift_codegen::ir::Constant;
[INFO] [stdout]     |
[INFO] [stdout] 
[INFO] [stdout] 
[INFO] [stdout] error[E0412]: cannot find type `Operand` in this scope
[INFO] [stdout]    --> src/constant.rs:479:15
[INFO] [stdout]     |
[INFO] [stdout] 479 |     operand: &Operand<'tcx>,
[INFO] [stdout]     |               ^^^^^^^ not found in this scope
[INFO] [stdout] 
[INFO] [stdout] 
[INFO] [stdout] error[E0412]: cannot find type `InlineAsmRegOrRegClass` in this scope
[INFO] [stdout]   --> src/inline_asm.rs:14:14
[INFO] [stdout]    |
[INFO] [stdout] 14 |         reg: InlineAsmRegOrRegClass,
[INFO] [stdout]    |              ^^^^^^^^^^^^^^^^^^^^^^ not found in this scope
[INFO] [stdout] 
[INFO] [stdout] 
[INFO] [stdout] error[E0412]: cannot find type `InlineAsmRegOrRegClass` in this scope
[INFO] [stdout]   --> src/inline_asm.rs:18:14
[INFO] [stdout]    |
[INFO] [stdout] 18 |         reg: InlineAsmRegOrRegClass,
[INFO] [stdout]    |              ^^^^^^^^^^^^^^^^^^^^^^ not found in this scope
[INFO] [stdout] 
[INFO] [stdout] 
[INFO] [stdout] error[E0412]: cannot find type `InlineAsmRegOrRegClass` in this scope
[INFO] [stdout]   --> src/inline_asm.rs:23:14
[INFO] [stdout]    |
[INFO] [stdout] 23 |         reg: InlineAsmRegOrRegClass,
[INFO] [stdout]    |              ^^^^^^^^^^^^^^^^^^^^^^ not found in this scope
[INFO] [stdout] 
[INFO] [stdout] 
[INFO] [stdout] error[E0412]: cannot find type `InlineAsmArch` in this scope
[INFO] [stdout]    --> src/inline_asm.rs:365:11
[INFO] [stdout]     |
[INFO] [stdout] 365 |     arch: InlineAsmArch,
[INFO] [stdout]     |           ^^^^^^^^^^^^^ not found in this scope
[INFO] [stdout] 
[INFO] [stdout] 
[INFO] [stdout] error[E0412]: cannot find type `InlineAsmReg` in this scope
[INFO] [stdout]    --> src/inline_asm.rs:370:27
[INFO] [stdout]     |
[INFO] [stdout] 370 |     registers: Vec<Option<InlineAsmReg>>,
[INFO] [stdout]     |                           ^^^^^^^^^^^^ not found in this scope
[INFO] [stdout]     |
[INFO] [stdout] help: you might be missing a type parameter
[INFO] [stdout]     |
[INFO] [stdout] 363 | struct InlineAssemblyGenerator<'a, 'tcx, InlineAsmReg> {
[INFO] [stdout]     |                                        ++++++++++++++
[INFO] [stdout] 
[INFO] [stdout] 
[INFO] [stdout] error[E0412]: cannot find type `InlineAsmRegClass` in this scope
[INFO] [stdout]    --> src/inline_asm.rs:507:61
[INFO] [stdout]     |
[INFO] [stdout] 507 |         let new_slot_fn = |slot_size: &mut Size, reg_class: InlineAsmRegClass| {
[INFO] [stdout]     |                                                             ^^^^^^^^^^^^^^^^^ not found in this scope
[INFO] [stdout] 
[INFO] [stdout] 
[INFO] [stdout] error[E0412]: cannot find type `InlineAsmArch` in this scope
[INFO] [stdout]    --> src/inline_asm.rs:701:51
[INFO] [stdout]     |
[INFO] [stdout] 701 |     fn prologue(generated_asm: &mut String, arch: InlineAsmArch) {
[INFO] [stdout]     |                                                   ^^^^^^^^^^^^^ not found in this scope
[INFO] [stdout] 
[INFO] [stdout] 
[INFO] [stdout] error[E0412]: cannot find type `InlineAsmArch` in this scope
[INFO] [stdout]    --> src/inline_asm.rs:727:51
[INFO] [stdout]     |
[INFO] [stdout] 727 |     fn epilogue(generated_asm: &mut String, arch: InlineAsmArch) {
[INFO] [stdout]     |                                                   ^^^^^^^^^^^^^ not found in this scope
[INFO] [stdout] 
[INFO] [stdout] 
[INFO] [stdout] error[E0412]: cannot find type `InlineAsmArch` in this scope
[INFO] [stdout]    --> src/inline_asm.rs:753:60
[INFO] [stdout]     |
[INFO] [stdout] 753 |     fn epilogue_noreturn(generated_asm: &mut String, arch: InlineAsmArch) {
[INFO] [stdout]     |                                                            ^^^^^^^^^^^^^ not found in this scope
[INFO] [stdout] 
[INFO] [stdout] 
[INFO] [stdout] error[E0412]: cannot find type `InlineAsmArch` in this scope
[INFO] [stdout]    --> src/inline_asm.rs:767:15
[INFO] [stdout]     |
[INFO] [stdout] 767 |         arch: InlineAsmArch,
[INFO] [stdout]     |               ^^^^^^^^^^^^^ not found in this scope
[INFO] [stdout] 
[INFO] [stdout] 
[INFO] [stdout] error[E0412]: cannot find type `InlineAsmReg` in this scope
[INFO] [stdout]    --> src/inline_asm.rs:768:14
[INFO] [stdout]     |
[INFO] [stdout] 768 |         reg: InlineAsmReg,
[INFO] [stdout]     |              ^^^^^^^^^^^^ not found in this scope
[INFO] [stdout] 
[INFO] [stdout] 
[INFO] [stdout] error[E0412]: cannot find type `InlineAsmArch` in this scope
[INFO] [stdout]    --> src/inline_asm.rs:798:15
[INFO] [stdout]     |
[INFO] [stdout] 798 |         arch: InlineAsmArch,
[INFO] [stdout]     |               ^^^^^^^^^^^^^ not found in this scope
[INFO] [stdout] 
[INFO] [stdout] 
[INFO] [stdout] error[E0412]: cannot find type `InlineAsmReg` in this scope
[INFO] [stdout]    --> src/inline_asm.rs:799:14
[INFO] [stdout]     |
[INFO] [stdout] 799 |         reg: InlineAsmReg,
[INFO] [stdout]     |              ^^^^^^^^^^^^ not found in this scope
[INFO] [stdout] 
[INFO] [stdout] 
[INFO] [stdout] error[E0412]: cannot find type `BasicBlock` in this scope
[INFO] [stdout]   --> src/intrinsics/llvm.rs:14:20
[INFO] [stdout]    |
[INFO] [stdout] 14 |     target: Option<BasicBlock>,
[INFO] [stdout]    |                    ^^^^^^^^^^ not found in this scope
[INFO] [stdout]    |
[INFO] [stdout] help: consider importing one of these items
[INFO] [stdout]    |
[INFO] [stdout] 3  + use core::intrinsics::mir::BasicBlock;
[INFO] [stdout]    |
[INFO] [stdout] 3  + use std::intrinsics::mir::BasicBlock;
[INFO] [stdout]    |
[INFO] [stdout] 
[INFO] [stdout] 
[INFO] [stdout] error[E0412]: cannot find type `BasicBlock` in this scope
[INFO] [stdout]   --> src/intrinsics/llvm_aarch64.rs:14:20
[INFO] [stdout]    |
[INFO] [stdout] 14 |     target: Option<BasicBlock>,
[INFO] [stdout]    |                    ^^^^^^^^^^ not found in this scope
[INFO] [stdout]    |
[INFO] [stdout] help: consider importing one of these items
[INFO] [stdout]    |
[INFO] [stdout] 3  + use core::intrinsics::mir::BasicBlock;
[INFO] [stdout]    |
[INFO] [stdout] 3  + use std::intrinsics::mir::BasicBlock;
[INFO] [stdout]    |
[INFO] [stdout] 
[INFO] [stdout] 
[INFO] [stdout] error[E0412]: cannot find type `BasicBlock` in this scope
[INFO] [stdout]   --> src/intrinsics/llvm_x86.rs:14:20
[INFO] [stdout]    |
[INFO] [stdout] 14 |     target: Option<BasicBlock>,
[INFO] [stdout]    |                    ^^^^^^^^^^ not found in this scope
[INFO] [stdout]    |
[INFO] [stdout] help: consider importing one of these items
[INFO] [stdout]    |
[INFO] [stdout] 3  + use core::intrinsics::mir::BasicBlock;
[INFO] [stdout]    |
[INFO] [stdout] 3  + use std::intrinsics::mir::BasicBlock;
[INFO] [stdout]    |
[INFO] [stdout] 
[INFO] [stdout] 
[INFO] [stdout] error[E0412]: cannot find type `BinOp` in this scope
[INFO] [stdout]    --> src/intrinsics/llvm_x86.rs:163:13
[INFO] [stdout]     |
[INFO] [stdout] 163 |     bin_op: BinOp,
[INFO] [stdout]     |             ^^^^^ not found in this scope
[INFO] [stdout] 
[INFO] [stdout] 
[INFO] [stdout] error[E0412]: cannot find type `BasicBlock` in this scope
[INFO] [stdout]   --> src/intrinsics/simd.rs:27:13
[INFO] [stdout]    |
[INFO] [stdout] 27 |     target: BasicBlock,
[INFO] [stdout]    |             ^^^^^^^^^^ not found in this scope
[INFO] [stdout]    |
[INFO] [stdout] help: consider importing one of these items
[INFO] [stdout]    |
[INFO] [stdout] 3  + use core::intrinsics::mir::BasicBlock;
[INFO] [stdout]    |
[INFO] [stdout] 3  + use std::intrinsics::mir::BasicBlock;
[INFO] [stdout]    |
[INFO] [stdout] 
[INFO] [stdout] 
[INFO] [stdout] error[E0412]: cannot find type `BasicBlock` in this scope
[INFO] [stdout]    --> src/intrinsics/mod.rs:212:20
[INFO] [stdout]     |
[INFO] [stdout] 212 |     target: Option<BasicBlock>,
[INFO] [stdout]     |                    ^^^^^^^^^^ not found in this scope
[INFO] [stdout]     |
[INFO] [stdout] help: consider importing one of these items
[INFO] [stdout]     |
[INFO] [stdout] 21  + use core::intrinsics::mir::BasicBlock;
[INFO] [stdout]     |
[INFO] [stdout] 21  + use std::intrinsics::mir::BasicBlock;
[INFO] [stdout]     |
[INFO] [stdout] 
[INFO] [stdout] 
[INFO] [stdout] error[E0412]: cannot find type `BasicBlock` in this scope
[INFO] [stdout]    --> src/intrinsics/mod.rs:371:25
[INFO] [stdout]     |
[INFO] [stdout] 371 |     destination: Option<BasicBlock>,
[INFO] [stdout]     |                         ^^^^^^^^^^ not found in this scope
[INFO] [stdout]     |
[INFO] [stdout] help: consider importing one of these items
[INFO] [stdout]     |
[INFO] [stdout] 21  + use core::intrinsics::mir::BasicBlock;
[INFO] [stdout]     |
[INFO] [stdout] 21  + use std::intrinsics::mir::BasicBlock;
[INFO] [stdout]     |
[INFO] [stdout] 
[INFO] [stdout] 
[INFO] [stdout] error[E0412]: cannot find type `BinOp` in this scope
[INFO] [stdout]  --> src/num.rs:5:39
[INFO] [stdout]   |
[INFO] [stdout] 5 | pub(crate) fn bin_op_to_intcc(bin_op: BinOp, signed: bool) -> Option<IntCC> {
[INFO] [stdout]   |                                       ^^^^^ not found in this scope
[INFO] [stdout] 
[INFO] [stdout] 
[INFO] [stdout] error[E0412]: cannot find type `BinOp` in this scope
[INFO] [stdout]   --> src/num.rs:45:13
[INFO] [stdout]    |
[INFO] [stdout] 45 |     bin_op: BinOp,
[INFO] [stdout]    |             ^^^^^ not found in this scope
[INFO] [stdout] 
[INFO] [stdout] 
[INFO] [stdout] error[E0412]: cannot find type `BinOp` in this scope
[INFO] [stdout]   --> src/num.rs:57:13
[INFO] [stdout]    |
[INFO] [stdout] 57 |     bin_op: BinOp,
[INFO] [stdout]    |             ^^^^^ not found in this scope
[INFO] [stdout] 
[INFO] [stdout] 
[INFO] [stdout] error[E0412]: cannot find type `BinOp` in this scope
[INFO] [stdout]   --> src/num.rs:88:13
[INFO] [stdout]    |
[INFO] [stdout] 88 |     bin_op: BinOp,
[INFO] [stdout]    |             ^^^^^ not found in this scope
[INFO] [stdout] 
[INFO] [stdout] 
[INFO] [stdout] error[E0412]: cannot find type `BinOp` in this scope
[INFO] [stdout]    --> src/num.rs:109:13
[INFO] [stdout]     |
[INFO] [stdout] 109 |     bin_op: BinOp,
[INFO] [stdout]     |             ^^^^^ not found in this scope
[INFO] [stdout] 
[INFO] [stdout] 
[INFO] [stdout] error[E0412]: cannot find type `BinOp` in this scope
[INFO] [stdout]    --> src/num.rs:169:13
[INFO] [stdout]     |
[INFO] [stdout] 169 |     bin_op: BinOp,
[INFO] [stdout]     |             ^^^^^ not found in this scope
[INFO] [stdout] 
[INFO] [stdout] 
[INFO] [stdout] error[E0412]: cannot find type `BinOp` in this scope
[INFO] [stdout]    --> src/num.rs:275:13
[INFO] [stdout]     |
[INFO] [stdout] 275 |     bin_op: BinOp,
[INFO] [stdout]     |             ^^^^^ not found in this scope
[INFO] [stdout] 
[INFO] [stdout] 
[INFO] [stdout] error[E0412]: cannot find type `BinOp` in this scope
[INFO] [stdout]    --> src/num.rs:311:13
[INFO] [stdout]     |
[INFO] [stdout] 311 |     bin_op: BinOp,
[INFO] [stdout]     |             ^^^^^ not found in this scope
[INFO] [stdout] 
[INFO] [stdout] 
[INFO] [stdout] error[E0412]: cannot find type `BinOp` in this scope
[INFO] [stdout]    --> src/num.rs:363:13
[INFO] [stdout]     |
[INFO] [stdout] 363 |     bin_op: BinOp,
[INFO] [stdout]     |             ^^^^^ not found in this scope
[INFO] [stdout] 
[INFO] [stdout] 
[INFO] [stdout] error[E0412]: cannot find type `Local` in this scope
[INFO] [stdout]    --> src/value_and_place.rs:322:9
[INFO] [stdout]     |
[INFO] [stdout] 322 |     Var(Local, Variable),
[INFO] [stdout]     |         ^^^^^ not found in this scope
[INFO] [stdout]     |
[INFO] [stdout] help: there is an enum variant `cranelift_module::Linkage::Local` and 1 other; try using the variant's enum
[INFO] [stdout]     |
[INFO] [stdout] 322 |     Var(cranelift_module::Linkage, Variable),
[INFO] [stdout]     |         ~~~~~~~~~~~~~~~~~~~~~~~~~
[INFO] [stdout] 322 |     Var(crate::Linkage, Variable),
[INFO] [stdout]     |         ~~~~~~~~~~~~~~
[INFO] [stdout] 
[INFO] [stdout] 
[INFO] [stdout] error[E0412]: cannot find type `Local` in this scope
[INFO] [stdout]    --> src/value_and_place.rs:323:13
[INFO] [stdout]     |
[INFO] [stdout] 323 |     VarPair(Local, Variable, Variable),
[INFO] [stdout]     |             ^^^^^ not found in this scope
[INFO] [stdout]     |
[INFO] [stdout] help: there is an enum variant `cranelift_module::Linkage::Local` and 1 other; try using the variant's enum
[INFO] [stdout]     |
[INFO] [stdout] 323 |     VarPair(cranelift_module::Linkage, Variable, Variable),
[INFO] [stdout]     |             ~~~~~~~~~~~~~~~~~~~~~~~~~
[INFO] [stdout] 323 |     VarPair(crate::Linkage, Variable, Variable),
[INFO] [stdout]     |             ~~~~~~~~~~~~~~
[INFO] [stdout] 
[INFO] [stdout] 
[INFO] [stdout] error[E0412]: cannot find type `Local` in this scope
[INFO] [stdout]    --> src/value_and_place.rs:322:9
[INFO] [stdout]     |
[INFO] [stdout] 322 |     Var(Local, Variable),
[INFO] [stdout]     |         ^^^^^ not found in this scope
[INFO] [stdout]     |
[INFO] [stdout] help: there is an enum variant `cranelift_module::Linkage::Local` and 1 other; try using the variant's enum
[INFO] [stdout]     |
[INFO] [stdout] 322 |     Var(cranelift_module::Linkage, Variable),
[INFO] [stdout]     |         ~~~~~~~~~~~~~~~~~~~~~~~~~
[INFO] [stdout] 322 |     Var(crate::Linkage, Variable),
[INFO] [stdout]     |         ~~~~~~~~~~~~~~
[INFO] [stdout] help: you might be missing a type parameter
[INFO] [stdout]     |
[INFO] [stdout] 321 | enum CPlaceInner<Local> {
[INFO] [stdout]     |                 +++++++
[INFO] [stdout] 
[INFO] [stdout] 
[INFO] [stdout] error[E0412]: cannot find type `Local` in this scope
[INFO] [stdout]    --> src/value_and_place.rs:361:16
[INFO] [stdout]     |
[INFO] [stdout] 361 |         local: Local,
[INFO] [stdout]     |                ^^^^^ not found in this scope
[INFO] [stdout]     |
[INFO] [stdout] help: there is an enum variant `cranelift_module::Linkage::Local` and 1 other; try using the variant's enum
[INFO] [stdout]     |
[INFO] [stdout] 361 |         local: cranelift_module::Linkage,
[INFO] [stdout]     |                ~~~~~~~~~~~~~~~~~~~~~~~~~
[INFO] [stdout] 361 |         local: crate::Linkage,
[INFO] [stdout]     |                ~~~~~~~~~~~~~~
[INFO] [stdout] 
[INFO] [stdout] 
[INFO] [stdout] error[E0412]: cannot find type `Local` in this scope
[INFO] [stdout]    --> src/value_and_place.rs:372:16
[INFO] [stdout]     |
[INFO] [stdout] 372 |         local: Local,
[INFO] [stdout]     |                ^^^^^ not found in this scope
[INFO] [stdout]     |
[INFO] [stdout] help: there is an enum variant `cranelift_module::Linkage::Local` and 1 other; try using the variant's enum
[INFO] [stdout]     |
[INFO] [stdout] 372 |         local: cranelift_module::Linkage,
[INFO] [stdout]     |                ~~~~~~~~~~~~~~~~~~~~~~~~~
[INFO] [stdout] 372 |         local: crate::Linkage,
[INFO] [stdout]     |                ~~~~~~~~~~~~~~
[INFO] [stdout] 
[INFO] [stdout] 
[INFO] [stdout] error[E0554]: `#![feature]` may not be used on the beta release channel
[INFO] [stdout]  --> src/lib.rs:1:1
[INFO] [stdout]   |
[INFO] [stdout] 1 | #![feature(rustc_private)]
[INFO] [stdout]   | ^^^^^^^^^^^^^^^^^^^^^^^^^^
[INFO] [stdout] 
[INFO] [stdout] 
[INFO] [stdout] error[E0433]: failed to resolve: use of undeclared type `InlineAsmClobberAbi`
[INFO] [stdout]    --> src/inline_asm.rs:518:27
[INFO] [stdout]     |
[INFO] [stdout] 518 |         let abi_clobber = InlineAsmClobberAbi::parse(self.arch, &self.tcx.sess.target, sym::C)
[INFO] [stdout]     |                           ^^^^^^^^^^^^^^^^^^^ use of undeclared type `InlineAsmClobberAbi`
[INFO] [stdout] 
[INFO] [stdout] 
[INFO] [stdout] error[E0425]: cannot find function `allocatable_registers` in this scope
[INFO] [stdout]    --> src/inline_asm.rs:380:19
[INFO] [stdout]     |
[INFO] [stdout] 380 |         let map = allocatable_registers(
[INFO] [stdout]     |                   ^^^^^^^^^^^^^^^^^^^^^ not found in this scope
[INFO] [stdout] 
[INFO] [stdout] 
[INFO] [stdout] error[E0425]: cannot find function `alloc_range` in this scope
[INFO] [stdout]    --> src/intrinsics/simd.rs:191:61
[INFO] [stdout]     |
[INFO] [stdout] 191 | ...                   .get_bytes_strip_provenance(fx, alloc_range(offset, size))
[INFO] [stdout]     |                                                       ^^^^^^^^^^^ not found in this scope
[INFO] [stdout] 
[INFO] [stdout] 
[INFO] [stdout] error: aborting due to 471 previous errors
[INFO] [stdout] 
[INFO] [stdout] 
[INFO] [stdout] Some errors have detailed explanations: E0412, E0425, E0432, E0433, E0463, E0531, E0554.
[INFO] [stdout] 
[INFO] [stdout] For more information about an error, try `rustc --explain E0412`.
[INFO] [stdout] 
[INFO] [stderr] error: could not compile `rustc_codegen_cranelift` (lib) due to 472 previous errors
[INFO] running `Command { std: "docker" "inspect" "3a640ad80d92a177dcd6d3a55fdc94aca34cd440c9110c3195af9e17bf4f25d9", kill_on_drop: false }`
[INFO] running `Command { std: "docker" "rm" "-f" "3a640ad80d92a177dcd6d3a55fdc94aca34cd440c9110c3195af9e17bf4f25d9", kill_on_drop: false }`
[INFO] [stdout] 3a640ad80d92a177dcd6d3a55fdc94aca34cd440c9110c3195af9e17bf4f25d9
