[INFO] cloning repository https://github.com/bjcohen/aoc-2020
[INFO] running `Command { std: "git" "-c" "credential.helper=" "-c" "credential.helper=/workspace/cargo-home/bin/git-credential-null" "clone" "--bare" "https://github.com/bjcohen/aoc-2020" "/workspace/cache/git-repos/https%3A%2F%2Fgithub.com%2Fbjcohen%2Faoc-2020", kill_on_drop: false }`
[INFO] [stderr] Cloning into bare repository '/workspace/cache/git-repos/https%3A%2F%2Fgithub.com%2Fbjcohen%2Faoc-2020'...
[INFO] running `Command { std: "git" "rev-parse" "HEAD", kill_on_drop: false }`
[INFO] [stdout] f84c684a637427aeeb1c119baeb3539d8d219bcd
[INFO] testing bjcohen/aoc-2020 against 1.69.0 for beta-1.70-1
[INFO] running `Command { std: "git" "clone" "/workspace/cache/git-repos/https%3A%2F%2Fgithub.com%2Fbjcohen%2Faoc-2020" "/workspace/builds/worker-4-tc1/source", kill_on_drop: false }`
[INFO] [stderr] Cloning into '/workspace/builds/worker-4-tc1/source'...
[INFO] [stderr] done.
[INFO] validating manifest of git repo https://github.com/bjcohen/aoc-2020 on toolchain 1.69.0
[INFO] running `Command { std: CARGO_HOME="/workspace/cargo-home" RUSTUP_HOME="/workspace/rustup-home" "/workspace/cargo-home/bin/cargo" "+1.69.0" "metadata" "--manifest-path" "Cargo.toml" "--no-deps", kill_on_drop: false }`
[INFO] started tweaking git repo https://github.com/bjcohen/aoc-2020
[INFO] finished tweaking git repo https://github.com/bjcohen/aoc-2020
[INFO] tweaked toml for git repo https://github.com/bjcohen/aoc-2020 written to /workspace/builds/worker-4-tc1/source/Cargo.toml
[INFO] crate git repo https://github.com/bjcohen/aoc-2020 already has a lockfile, it will not be regenerated
[INFO] running `Command { std: CARGO_HOME="/workspace/cargo-home" RUSTUP_HOME="/workspace/rustup-home" "/workspace/cargo-home/bin/cargo" "+1.69.0" "fetch" "--manifest-path" "Cargo.toml", kill_on_drop: false }`
[INFO] running `Command { std: "docker" "create" "-v" "/var/lib/crater-agent-workspace/builds/worker-4-tc1/target:/opt/rustwide/target:rw,Z" "-v" "/var/lib/crater-agent-workspace/builds/worker-4-tc1/source:/opt/rustwide/workdir:ro,Z" "-v" "/var/lib/crater-agent-workspace/cargo-home:/opt/rustwide/cargo-home:ro,Z" "-v" "/var/lib/crater-agent-workspace/rustup-home:/opt/rustwide/rustup-home:ro,Z" "-e" "SOURCE_DIR=/opt/rustwide/workdir" "-e" "CARGO_TARGET_DIR=/opt/rustwide/target" "-e" "CARGO_HOME=/opt/rustwide/cargo-home" "-e" "RUSTUP_HOME=/opt/rustwide/rustup-home" "-w" "/opt/rustwide/workdir" "-m" "1610612736" "--user" "0:0" "--network" "none" "ghcr.io/rust-lang/crates-build-env/linux@sha256:5ff2268d62e97bff2cde7d5815dd6ed5b47097566f13b8d0ca110b04b60e07ed" "/opt/rustwide/cargo-home/bin/cargo" "+1.69.0" "metadata" "--no-deps" "--format-version=1", kill_on_drop: false }`
[INFO] [stdout] d33c55f084755b89fc1c3926944c859d390cd6821510001cf890df1dc883a5d6
[INFO] running `Command { std: "docker" "start" "-a" "d33c55f084755b89fc1c3926944c859d390cd6821510001cf890df1dc883a5d6", kill_on_drop: false }`
[INFO] running `Command { std: "docker" "inspect" "d33c55f084755b89fc1c3926944c859d390cd6821510001cf890df1dc883a5d6", kill_on_drop: false }`
[INFO] running `Command { std: "docker" "rm" "-f" "d33c55f084755b89fc1c3926944c859d390cd6821510001cf890df1dc883a5d6", kill_on_drop: false }`
[INFO] [stdout] d33c55f084755b89fc1c3926944c859d390cd6821510001cf890df1dc883a5d6
[INFO] running `Command { std: "docker" "create" "-v" "/var/lib/crater-agent-workspace/builds/worker-4-tc1/target:/opt/rustwide/target:rw,Z" "-v" "/var/lib/crater-agent-workspace/builds/worker-4-tc1/source:/opt/rustwide/workdir:ro,Z" "-v" "/var/lib/crater-agent-workspace/cargo-home:/opt/rustwide/cargo-home:ro,Z" "-v" "/var/lib/crater-agent-workspace/rustup-home:/opt/rustwide/rustup-home:ro,Z" "-e" "SOURCE_DIR=/opt/rustwide/workdir" "-e" "CARGO_TARGET_DIR=/opt/rustwide/target" "-e" "CARGO_INCREMENTAL=0" "-e" "RUST_BACKTRACE=full" "-e" "RUSTFLAGS=--cap-lints=warn" "-e" "RUSTDOCFLAGS=--cap-lints=warn" "-e" "CARGO_HOME=/opt/rustwide/cargo-home" "-e" "RUSTUP_HOME=/opt/rustwide/rustup-home" "-w" "/opt/rustwide/workdir" "-m" "1610612736" "--user" "0:0" "--network" "none" "ghcr.io/rust-lang/crates-build-env/linux@sha256:5ff2268d62e97bff2cde7d5815dd6ed5b47097566f13b8d0ca110b04b60e07ed" "/opt/rustwide/cargo-home/bin/cargo" "+1.69.0" "build" "--frozen" "--message-format=json", kill_on_drop: false }`
[INFO] [stdout] 14a0300935f2b519b16c3f01cd83f327b933eddd59d6bf1503a193e73f277009
[INFO] running `Command { std: "docker" "start" "-a" "14a0300935f2b519b16c3f01cd83f327b933eddd59d6bf1503a193e73f277009", kill_on_drop: false }`
[INFO] [stderr]    Compiling proc-macro2 v1.0.24
[INFO] [stderr]    Compiling unicode-xid v0.2.1
[INFO] [stderr]    Compiling memchr v2.3.4
[INFO] [stderr]    Compiling syn v1.0.53
[INFO] [stderr]    Compiling anyhow v1.0.35
[INFO] [stderr]    Compiling regex-syntax v0.6.21
[INFO] [stderr]    Compiling thread_local v1.0.1
[INFO] [stderr]    Compiling itertools v0.9.0
[INFO] [stderr]    Compiling aho-corasick v0.7.15
[INFO] [stderr]    Compiling quote v1.0.7
[INFO] [stderr]    Compiling regex v1.4.2
[INFO] [stderr]    Compiling aoc v0.1.0 (/opt/rustwide/workdir/aoc)
[INFO] [stderr]    Compiling aoc_2020 v0.1.0 (/opt/rustwide/workdir)
[INFO] [stdout] error[E0554]: `#![feature]` may not be used on the stable release channel
[INFO] [stdout]  --> src/day12.rs:1:1
[INFO] [stdout]   |
[INFO] [stdout] 1 | #![feature(destructuring_assignment)]
[INFO] [stdout]   | ^^^^^^^^^^^^^^^^^^^^^^^^^^^^^^^^^^^^^ help: remove the attribute
[INFO] [stdout]   |
[INFO] [stdout]   = help: the feature `destructuring_assignment` has been stable since `1.59.0` and no longer requires an attribute to enable
[INFO] [stdout] 
[INFO] [stdout] 
[INFO] [stdout] warning: the feature `destructuring_assignment` has been stable since 1.59.0 and no longer requires an attribute to enable
[INFO] [stdout]  --> src/day12.rs:1:12
[INFO] [stdout]   |
[INFO] [stdout] 1 | #![feature(destructuring_assignment)]
[INFO] [stdout]   |            ^^^^^^^^^^^^^^^^^^^^^^^^
[INFO] [stdout]   |
[INFO] [stdout]   = note: `#[warn(stable_features)]` on by default
[INFO] [stdout] 
[INFO] [stdout] 
[INFO] [stdout] error[E0554]: `#![feature]` may not be used on the stable release channel
[INFO] [stdout]  --> src/day13.rs:1:1
[INFO] [stdout]   |
[INFO] [stdout] 1 | #![feature(destructuring_assignment)]
[INFO] [stdout]   | ^^^^^^^^^^^^^^^^^^^^^^^^^^^^^^^^^^^^^ help: remove the attribute
[INFO] [stdout]   |
[INFO] [stdout]   = help: the feature `destructuring_assignment` has been stable since `1.59.0` and no longer requires an attribute to enable
[INFO] [stdout] 
[INFO] [stdout] 
[INFO] [stdout] warning: the feature `destructuring_assignment` has been stable since 1.59.0 and no longer requires an attribute to enable
[INFO] [stdout]  --> src/day13.rs:1:12
[INFO] [stdout]   |
[INFO] [stdout] 1 | #![feature(destructuring_assignment)]
[INFO] [stdout]   |            ^^^^^^^^^^^^^^^^^^^^^^^^
[INFO] [stdout]   |
[INFO] [stdout]   = note: `#[warn(stable_features)]` on by default
[INFO] [stdout] 
[INFO] [stdout] 
[INFO] [stdout] error[E0554]: `#![feature]` may not be used on the stable release channel
[INFO] [stdout]  --> src/day6.rs:2:12
[INFO] [stdout]   |
[INFO] [stdout] 2 | #![feature(iterator_fold_self)]
[INFO] [stdout]   |            ^^^^^^^^^^^^^^^^^^
[INFO] [stdout] 
[INFO] [stdout] 
[INFO] [stdout] warning: the feature `iterator_fold_self` has been stable since 1.51.0 and no longer requires an attribute to enable
[INFO] [stdout]  --> src/day6.rs:2:12
[INFO] [stdout]   |
[INFO] [stdout] 2 | #![feature(iterator_fold_self)]
[INFO] [stdout]   |            ^^^^^^^^^^^^^^^^^^
[INFO] [stdout]   |
[INFO] [stdout]   = note: `#[warn(stable_features)]` on by default
[INFO] [stdout] 
[INFO] [stdout] 
[INFO] [stdout] error: aborting due to previous error; 1 warning emitted
[INFO] [stdout] 
[INFO] [stdout] 
[INFO] [stdout] For more information about this error, try `rustc --explain E0554`.
[INFO] [stdout] 
[INFO] [stderr] error: could not compile `aoc_2020` due to 2 previous errors; 1 warning emitted
[INFO] [stderr] warning: build failed, waiting for other jobs to finish...
[INFO] [stdout] error[E0554]: `#![feature]` may not be used on the stable release channel
[INFO] [stdout]  --> src/main.rs:1:12
[INFO] [stdout]   |
[INFO] [stdout] 1 | #![feature(iterator_fold_self)]
[INFO] [stdout]   |            ^^^^^^^^^^^^^^^^^^
[INFO] [stdout] 
[INFO] [stdout] 
[INFO] [stdout] warning: the feature `iterator_fold_self` has been stable since 1.51.0 and no longer requires an attribute to enable
[INFO] [stdout]  --> src/main.rs:1:12
[INFO] [stdout]   |
[INFO] [stdout] 1 | #![feature(iterator_fold_self)]
[INFO] [stdout]   |            ^^^^^^^^^^^^^^^^^^
[INFO] [stdout]   |
[INFO] [stdout]   = note: `#[warn(stable_features)]` on by default
[INFO] [stdout] 
[INFO] [stdout] 
[INFO] [stdout] error: aborting due to previous error; 1 warning emitted
[INFO] [stdout] 
[INFO] [stdout] 
[INFO] [stdout] For more information about this error, try `rustc --explain E0554`.
[INFO] [stdout] 
[INFO] [stderr] error: could not compile `aoc_2020` due to 2 previous errors; 1 warning emitted
[INFO] [stdout] error[E0599]: no method named `fold_first` found for struct `Map` in the current scope
[INFO] [stdout]   --> src/day6.rs:36:18
[INFO] [stdout]    |
[INFO] [stdout] 34 | /             g.lines()
[INFO] [stdout] 35 | |                 .map(|l| l.chars().collect::<HashSet<char>>())
[INFO] [stdout] 36 | |                 .fold_first(|a, b| a.intersection(&b).cloned().collect())
[INFO] [stdout]    | |                 -^^^^^^^^^^ method not found in `Map<Lines<'_>, [closure@day6.rs:35:22]>`
[INFO] [stdout]    | |_________________|
[INFO] [stdout]    | 
[INFO] [stdout] 
[INFO] [stdout] 
[INFO] [stdout] warning: field `cid` is never read
[INFO] [stdout]   --> src/day4.rs:17:5
[INFO] [stdout]    |
[INFO] [stdout] 9  | struct Passport {
[INFO] [stdout]    |        -------- field in this struct
[INFO] [stdout] ...
[INFO] [stdout] 17 |     cid: Option<u32>,
[INFO] [stdout]    |     ^^^
[INFO] [stdout]    |
[INFO] [stdout]    = note: `Passport` has a derived impl for the trait `Debug`, but this is intentionally ignored during dead code analysis
[INFO] [stdout]    = note: `#[warn(dead_code)]` on by default
[INFO] [stdout] 
[INFO] [stdout] 
[INFO] [stdout] error: aborting due to 2 previous errors; 1 warning emitted
[INFO] [stdout] 
[INFO] [stdout] 
[INFO] [stdout] Some errors have detailed explanations: E0554, E0599.
[INFO] [stdout] 
[INFO] [stdout] For more information about an error, try `rustc --explain E0554`.
[INFO] [stdout] 
[INFO] [stderr] error: could not compile `aoc_2020` due to 3 previous errors; 1 warning emitted
[INFO] [stdout] error[E0599]: no method named `fold_first` found for struct `Map` in the current scope
[INFO] [stdout]   --> src/day6.rs:36:18
[INFO] [stdout]    |
[INFO] [stdout] 34 | /             g.lines()
[INFO] [stdout] 35 | |                 .map(|l| l.chars().collect::<HashSet<char>>())
[INFO] [stdout] 36 | |                 .fold_first(|a, b| a.intersection(&b).cloned().collect())
[INFO] [stdout]    | |                 -^^^^^^^^^^ method not found in `Map<Lines<'_>, [closure@day6.rs:35:22]>`
[INFO] [stdout]    | |_________________|
[INFO] [stdout]    | 
[INFO] [stdout] 
[INFO] [stdout] 
[INFO] [stdout] error: aborting due to 2 previous errors; 1 warning emitted
[INFO] [stdout] 
[INFO] [stdout] 
[INFO] [stdout] Some errors have detailed explanations: E0554, E0599.
[INFO] [stdout] 
[INFO] [stdout] For more information about an error, try `rustc --explain E0554`.
[INFO] [stdout] 
[INFO] [stderr] error: could not compile `aoc_2020` due to 3 previous errors; 1 warning emitted
[INFO] [stdout] warning: 1 warning emitted
[INFO] [stdout] 
[INFO] [stdout] 
[INFO] running `Command { std: "docker" "inspect" "14a0300935f2b519b16c3f01cd83f327b933eddd59d6bf1503a193e73f277009", kill_on_drop: false }`
[INFO] running `Command { std: "docker" "rm" "-f" "14a0300935f2b519b16c3f01cd83f327b933eddd59d6bf1503a193e73f277009", kill_on_drop: false }`
[INFO] [stdout] 14a0300935f2b519b16c3f01cd83f327b933eddd59d6bf1503a193e73f277009
