[INFO] cloning repository https://github.com/binyomen/sexe
[INFO] running `Command { std: "git" "-c" "credential.helper=" "-c" "credential.helper=/workspace/cargo-home/bin/git-credential-null" "clone" "--bare" "https://github.com/binyomen/sexe" "/workspace/cache/git-repos/https%3A%2F%2Fgithub.com%2Fbinyomen%2Fsexe", kill_on_drop: false }`
[INFO] [stderr] Cloning into bare repository '/workspace/cache/git-repos/https%3A%2F%2Fgithub.com%2Fbinyomen%2Fsexe'...
[INFO] running `Command { std: "git" "rev-parse" "HEAD", kill_on_drop: false }`
[INFO] [stdout] cce1836ef13617fb326ebf7a9f7b278424b7306a
[INFO] testing binyomen/sexe against beta-2023-04-20 for beta-1.70-1
[INFO] running `Command { std: "git" "clone" "/workspace/cache/git-repos/https%3A%2F%2Fgithub.com%2Fbinyomen%2Fsexe" "/workspace/builds/worker-4-tc2/source", kill_on_drop: false }`
[INFO] [stderr] Cloning into '/workspace/builds/worker-4-tc2/source'...
[INFO] [stderr] done.
[INFO] validating manifest of git repo https://github.com/binyomen/sexe on toolchain beta-2023-04-20
[INFO] running `Command { std: CARGO_HOME="/workspace/cargo-home" RUSTUP_HOME="/workspace/rustup-home" "/workspace/cargo-home/bin/cargo" "+beta-2023-04-20" "metadata" "--manifest-path" "Cargo.toml" "--no-deps", kill_on_drop: false }`
[INFO] removed /workspace/builds/worker-4-tc2/source/.cargo/config.toml
[INFO] started tweaking git repo https://github.com/binyomen/sexe
[INFO] finished tweaking git repo https://github.com/binyomen/sexe
[INFO] tweaked toml for git repo https://github.com/binyomen/sexe written to /workspace/builds/worker-4-tc2/source/Cargo.toml
[INFO] crate git repo https://github.com/binyomen/sexe already has a lockfile, it will not be regenerated
[INFO] running `Command { std: CARGO_HOME="/workspace/cargo-home" RUSTUP_HOME="/workspace/rustup-home" "/workspace/cargo-home/bin/cargo" "+beta-2023-04-20" "fetch" "--manifest-path" "Cargo.toml", kill_on_drop: false }`
[INFO] [stderr] warning: /workspace/builds/worker-4-tc2/source/util/Cargo.toml: file `/workspace/builds/worker-4-tc2/source/util/tests/test_provider.rs` found to be present in multiple build targets:
[INFO] [stderr]   * `bin` target `test_provider`
[INFO] [stderr]   * `integration-test` target `test_provider`
[INFO] [stderr]  Downloading crates ...
[INFO] [stderr]   Downloaded flexi_logger v0.16.2
[INFO] running `Command { std: "docker" "create" "-v" "/var/lib/crater-agent-workspace/builds/worker-4-tc2/target:/opt/rustwide/target:rw,Z" "-v" "/var/lib/crater-agent-workspace/builds/worker-4-tc2/source:/opt/rustwide/workdir:ro,Z" "-v" "/var/lib/crater-agent-workspace/cargo-home:/opt/rustwide/cargo-home:ro,Z" "-v" "/var/lib/crater-agent-workspace/rustup-home:/opt/rustwide/rustup-home:ro,Z" "-e" "SOURCE_DIR=/opt/rustwide/workdir" "-e" "CARGO_TARGET_DIR=/opt/rustwide/target" "-e" "CARGO_HOME=/opt/rustwide/cargo-home" "-e" "RUSTUP_HOME=/opt/rustwide/rustup-home" "-w" "/opt/rustwide/workdir" "-m" "1610612736" "--user" "0:0" "--network" "none" "ghcr.io/rust-lang/crates-build-env/linux@sha256:5ff2268d62e97bff2cde7d5815dd6ed5b47097566f13b8d0ca110b04b60e07ed" "/opt/rustwide/cargo-home/bin/cargo" "+beta-2023-04-20" "metadata" "--no-deps" "--format-version=1", kill_on_drop: false }`
[INFO] [stdout] b937e76c52436cbea33e3c741e7dc2e862237d92ad9dfff48f115f530cb365c2
[INFO] running `Command { std: "docker" "start" "-a" "b937e76c52436cbea33e3c741e7dc2e862237d92ad9dfff48f115f530cb365c2", kill_on_drop: false }`
[INFO] running `Command { std: "docker" "inspect" "b937e76c52436cbea33e3c741e7dc2e862237d92ad9dfff48f115f530cb365c2", kill_on_drop: false }`
[INFO] running `Command { std: "docker" "rm" "-f" "b937e76c52436cbea33e3c741e7dc2e862237d92ad9dfff48f115f530cb365c2", kill_on_drop: false }`
[INFO] [stdout] b937e76c52436cbea33e3c741e7dc2e862237d92ad9dfff48f115f530cb365c2
[INFO] running `Command { std: "docker" "create" "-v" "/var/lib/crater-agent-workspace/builds/worker-4-tc2/target:/opt/rustwide/target:rw,Z" "-v" "/var/lib/crater-agent-workspace/builds/worker-4-tc2/source:/opt/rustwide/workdir:ro,Z" "-v" "/var/lib/crater-agent-workspace/cargo-home:/opt/rustwide/cargo-home:ro,Z" "-v" "/var/lib/crater-agent-workspace/rustup-home:/opt/rustwide/rustup-home:ro,Z" "-e" "SOURCE_DIR=/opt/rustwide/workdir" "-e" "CARGO_TARGET_DIR=/opt/rustwide/target" "-e" "CARGO_INCREMENTAL=0" "-e" "RUST_BACKTRACE=full" "-e" "RUSTFLAGS=--cap-lints=warn" "-e" "RUSTDOCFLAGS=--cap-lints=warn" "-e" "CARGO_HOME=/opt/rustwide/cargo-home" "-e" "RUSTUP_HOME=/opt/rustwide/rustup-home" "-w" "/opt/rustwide/workdir" "-m" "1610612736" "--user" "0:0" "--network" "none" "ghcr.io/rust-lang/crates-build-env/linux@sha256:5ff2268d62e97bff2cde7d5815dd6ed5b47097566f13b8d0ca110b04b60e07ed" "/opt/rustwide/cargo-home/bin/cargo" "+beta-2023-04-20" "build" "--frozen" "--message-format=json", kill_on_drop: false }`
[INFO] [stdout] 9c7d4f2cb86aa1cf489d202230f9f4a0e5890888a58eb67f3ddc04f23ca06ffb
[INFO] running `Command { std: "docker" "start" "-a" "9c7d4f2cb86aa1cf489d202230f9f4a0e5890888a58eb67f3ddc04f23ca06ffb", kill_on_drop: false }`
[INFO] [stderr] warning: /opt/rustwide/workdir/util/Cargo.toml: file `/opt/rustwide/workdir/util/tests/test_provider.rs` found to be present in multiple build targets:
[INFO] [stderr]   * `bin` target `test_provider`
[INFO] [stderr]   * `integration-test` target `test_provider`
[INFO] [stderr]    Compiling proc-macro2 v1.0.24
[INFO] [stderr]    Compiling libc v0.2.80
[INFO] [stderr]    Compiling unicode-xid v0.2.1
[INFO] [stderr]    Compiling syn v1.0.50
[INFO] [stderr]    Compiling autocfg v1.0.1
[INFO] [stderr]    Compiling cfg-if v0.1.10
[INFO] [stderr]    Compiling version_check v0.9.2
[INFO] [stderr]    Compiling byteorder v1.3.4
[INFO] [stderr]    Compiling log v0.4.11
[INFO] [stderr]    Compiling crc32fast v1.2.1
[INFO] [stderr]    Compiling winapi v0.3.9 (https://github.com/binyomen/winapi-rs?branch=projfs#e613157f)
[INFO] [stderr]    Compiling getrandom v0.1.15
[INFO] [stderr]    Compiling same-file v1.0.6
[INFO] [stderr]    Compiling cfg-if v1.0.0
[INFO] [stderr]    Compiling lazy_static v1.4.0
[INFO] [stderr]    Compiling glob v0.3.0
[INFO] [stderr]    Compiling bitflags v1.2.1
[INFO] [stderr]    Compiling unicode-width v0.1.8
[INFO] [stderr]    Compiling unicode-segmentation v1.6.0
[INFO] [stderr]    Compiling walkdir v2.3.1
[INFO] [stderr]    Compiling ppv-lite86 v0.2.10
[INFO] [stderr]    Compiling winapi v0.3.9
[INFO] [stderr]    Compiling proc-macro-error-attr v1.0.4
[INFO] [stderr]    Compiling proc-macro-error v1.0.4
[INFO] [stderr]    Compiling num-traits v0.2.14
[INFO] [stderr]    Compiling num-integer v0.1.44
[INFO] [stderr]    Compiling heck v0.3.1
[INFO] [stderr]    Compiling textwrap v0.11.0
[INFO] [stderr]    Compiling vec_map v0.8.2
[INFO] [stderr]    Compiling strsim v0.8.0
[INFO] [stderr]    Compiling ansi_term v0.11.0
[INFO] [stderr]    Compiling time v0.1.44
[INFO] [stderr]    Compiling atty v0.2.14
[INFO] [stderr]    Compiling quote v1.0.7
[INFO] [stderr]    Compiling clap v2.33.3
[INFO] [stderr]    Compiling testapp v0.1.3 (/opt/rustwide/workdir/testapp)
[INFO] [stderr]    Compiling rand_core v0.5.1
[INFO] [stdout] error[E0433]: failed to resolve: could not find `windows` in `os`
[INFO] [stdout]  --> testapp/src/main.rs:2:73
[INFO] [stdout]   |
[INFO] [stdout] 2 |     std::{env, error, ffi::OsString, fmt, fs::File, io::Read, iter, os::windows::ffi::OsStrExt},
[INFO] [stdout]   |                                                                         ^^^^^^^ could not find `windows` in `os`
[INFO] [stdout] 
[INFO] [stdout] 
[INFO] [stdout] error[E0433]: failed to resolve: could not find `shared` in `winapi`
[INFO] [stdout]  --> testapp/src/main.rs:5:9
[INFO] [stdout]   |
[INFO] [stdout] 5 |         shared::minwindef::DWORD,
[INFO] [stdout]   |         ^^^^^^ could not find `shared` in `winapi`
[INFO] [stdout] 
[INFO] [stdout] 
[INFO] [stdout] error[E0433]: failed to resolve: could not find `um` in `winapi`
[INFO] [stdout]  --> testapp/src/main.rs:6:9
[INFO] [stdout]   |
[INFO] [stdout] 6 |         um::{
[INFO] [stdout]   |         ^^ could not find `um` in `winapi`
[INFO] [stdout] 
[INFO] [stdout] 
[INFO] [stdout] error[E0599]: no method named `encode_wide` found for struct `OsString` in the current scope
[INFO] [stdout]    --> testapp/src/main.rs:103:10
[INFO] [stdout]     |
[INFO] [stdout] 102 | /     s.into()
[INFO] [stdout] 103 | |         .encode_wide()
[INFO] [stdout]     | |         -^^^^^^^^^^^ method not found in `OsString`
[INFO] [stdout]     | |_________|
[INFO] [stdout]     | 
[INFO] [stdout] 
[INFO] [stdout] 
[INFO] [stdout] error: aborting due to 4 previous errors
[INFO] [stdout] 
[INFO] [stdout] 
[INFO] [stdout] Some errors have detailed explanations: E0433, E0599.
[INFO] [stdout] 
[INFO] [stdout] For more information about an error, try `rustc --explain E0433`.
[INFO] [stdout] 
[INFO] [stderr] error: could not compile `testapp` (bin "testapp") due to 5 previous errors
[INFO] [stderr] warning: build failed, waiting for other jobs to finish...
[INFO] running `Command { std: "docker" "inspect" "9c7d4f2cb86aa1cf489d202230f9f4a0e5890888a58eb67f3ddc04f23ca06ffb", kill_on_drop: false }`
[INFO] running `Command { std: "docker" "rm" "-f" "9c7d4f2cb86aa1cf489d202230f9f4a0e5890888a58eb67f3ddc04f23ca06ffb", kill_on_drop: false }`
[INFO] [stdout] 9c7d4f2cb86aa1cf489d202230f9f4a0e5890888a58eb67f3ddc04f23ca06ffb
