[INFO] cloning repository https://github.com/binshengliu/rforests
[INFO] running `Command { std: "git" "-c" "credential.helper=" "-c" "credential.helper=/workspace/cargo-home/bin/git-credential-null" "clone" "--bare" "https://github.com/binshengliu/rforests" "/workspace/cache/git-repos/https%3A%2F%2Fgithub.com%2Fbinshengliu%2Frforests", kill_on_drop: false }`
[INFO] [stderr] Cloning into bare repository '/workspace/cache/git-repos/https%3A%2F%2Fgithub.com%2Fbinshengliu%2Frforests'...
[INFO] running `Command { std: "git" "rev-parse" "HEAD", kill_on_drop: false }`
[INFO] [stdout] 40a73e30640d99db67db94435f2361758a7ea949
[INFO] testing binshengliu/rforests against beta-2023-04-20 for beta-1.70-1
[INFO] running `Command { std: "git" "clone" "/workspace/cache/git-repos/https%3A%2F%2Fgithub.com%2Fbinshengliu%2Frforests" "/workspace/builds/worker-5-tc2/source", kill_on_drop: false }`
[INFO] [stderr] Cloning into '/workspace/builds/worker-5-tc2/source'...
[INFO] [stderr] done.
[INFO] validating manifest of git repo https://github.com/binshengliu/rforests on toolchain beta-2023-04-20
[INFO] running `Command { std: CARGO_HOME="/workspace/cargo-home" RUSTUP_HOME="/workspace/rustup-home" "/workspace/cargo-home/bin/cargo" "+beta-2023-04-20" "metadata" "--manifest-path" "Cargo.toml" "--no-deps", kill_on_drop: false }`
[INFO] started tweaking git repo https://github.com/binshengliu/rforests
[INFO] finished tweaking git repo https://github.com/binshengliu/rforests
[INFO] tweaked toml for git repo https://github.com/binshengliu/rforests written to /workspace/builds/worker-5-tc2/source/Cargo.toml
[INFO] crate git repo https://github.com/binshengliu/rforests already has a lockfile, it will not be regenerated
[INFO] running `Command { std: CARGO_HOME="/workspace/cargo-home" RUSTUP_HOME="/workspace/rustup-home" "/workspace/cargo-home/bin/cargo" "+beta-2023-04-20" "fetch" "--manifest-path" "Cargo.toml", kill_on_drop: false }`
[INFO] [stderr]  Downloading crates ...
[INFO] [stderr]   Downloaded scoped_threadpool v0.1.8
[INFO] [stderr]   Downloaded atty v0.2.3
[INFO] [stderr]   Downloaded clap v2.27.0
[INFO] running `Command { std: "docker" "create" "-v" "/var/lib/crater-agent-workspace/builds/worker-5-tc2/target:/opt/rustwide/target:rw,Z" "-v" "/var/lib/crater-agent-workspace/builds/worker-5-tc2/source:/opt/rustwide/workdir:ro,Z" "-v" "/var/lib/crater-agent-workspace/cargo-home:/opt/rustwide/cargo-home:ro,Z" "-v" "/var/lib/crater-agent-workspace/rustup-home:/opt/rustwide/rustup-home:ro,Z" "-e" "SOURCE_DIR=/opt/rustwide/workdir" "-e" "CARGO_TARGET_DIR=/opt/rustwide/target" "-e" "CARGO_HOME=/opt/rustwide/cargo-home" "-e" "RUSTUP_HOME=/opt/rustwide/rustup-home" "-w" "/opt/rustwide/workdir" "-m" "1610612736" "--user" "0:0" "--network" "none" "ghcr.io/rust-lang/crates-build-env/linux@sha256:5ff2268d62e97bff2cde7d5815dd6ed5b47097566f13b8d0ca110b04b60e07ed" "/opt/rustwide/cargo-home/bin/cargo" "+beta-2023-04-20" "metadata" "--no-deps" "--format-version=1", kill_on_drop: false }`
[INFO] [stdout] a0a89db991b0f75ac2464f5b65b6c47d420a5641b6d6a237036fbd0b118d40f8
[INFO] running `Command { std: "docker" "start" "-a" "a0a89db991b0f75ac2464f5b65b6c47d420a5641b6d6a237036fbd0b118d40f8", kill_on_drop: false }`
[INFO] running `Command { std: "docker" "inspect" "a0a89db991b0f75ac2464f5b65b6c47d420a5641b6d6a237036fbd0b118d40f8", kill_on_drop: false }`
[INFO] running `Command { std: "docker" "rm" "-f" "a0a89db991b0f75ac2464f5b65b6c47d420a5641b6d6a237036fbd0b118d40f8", kill_on_drop: false }`
[INFO] [stdout] a0a89db991b0f75ac2464f5b65b6c47d420a5641b6d6a237036fbd0b118d40f8
[INFO] running `Command { std: "docker" "create" "-v" "/var/lib/crater-agent-workspace/builds/worker-5-tc2/target:/opt/rustwide/target:rw,Z" "-v" "/var/lib/crater-agent-workspace/builds/worker-5-tc2/source:/opt/rustwide/workdir:ro,Z" "-v" "/var/lib/crater-agent-workspace/cargo-home:/opt/rustwide/cargo-home:ro,Z" "-v" "/var/lib/crater-agent-workspace/rustup-home:/opt/rustwide/rustup-home:ro,Z" "-e" "SOURCE_DIR=/opt/rustwide/workdir" "-e" "CARGO_TARGET_DIR=/opt/rustwide/target" "-e" "CARGO_INCREMENTAL=0" "-e" "RUST_BACKTRACE=full" "-e" "RUSTFLAGS=--cap-lints=warn" "-e" "RUSTDOCFLAGS=--cap-lints=warn" "-e" "CARGO_HOME=/opt/rustwide/cargo-home" "-e" "RUSTUP_HOME=/opt/rustwide/rustup-home" "-w" "/opt/rustwide/workdir" "-m" "1610612736" "--user" "0:0" "--network" "none" "ghcr.io/rust-lang/crates-build-env/linux@sha256:5ff2268d62e97bff2cde7d5815dd6ed5b47097566f13b8d0ca110b04b60e07ed" "/opt/rustwide/cargo-home/bin/cargo" "+beta-2023-04-20" "build" "--frozen" "--message-format=json", kill_on_drop: false }`
[INFO] [stdout] 74bbe0401417ff0ea29694a581f1f0ccd415b615b9109f799c7209cb048d43e9
[INFO] running `Command { std: "docker" "start" "-a" "74bbe0401417ff0ea29694a581f1f0ccd415b615b9109f799c7209cb048d43e9", kill_on_drop: false }`
[INFO] [stderr]    Compiling libc v0.2.32
[INFO] [stderr]    Compiling void v1.0.2
[INFO] [stderr]    Compiling lazy_static v0.2.9
[INFO] [stderr]    Compiling unicode-width v0.1.4
[INFO] [stderr]    Compiling utf8-ranges v1.0.0
[INFO] [stderr]    Compiling regex-syntax v0.4.1
[INFO] [stderr]    Compiling ansi_term v0.9.0
[INFO] [stderr]    Compiling strsim v0.6.0
[INFO] [stderr]    Compiling bitflags v0.9.1
[INFO] [stderr]    Compiling log v0.3.8
[INFO] [stderr]    Compiling vec_map v0.8.0
[INFO] [stderr]    Compiling scoped_threadpool v0.1.8
[INFO] [stderr]    Compiling unreachable v1.0.0
[INFO] [stderr]    Compiling textwrap v0.9.0
[INFO] [stderr]    Compiling thread_local v0.3.4
[INFO] [stderr]    Compiling memchr v1.0.2
[INFO] [stderr]    Compiling atty v0.2.3
[INFO] [stderr]    Compiling num_cpus v1.7.0
[INFO] [stderr]    Compiling clap v2.27.0
[INFO] [stderr]    Compiling aho-corasick v0.6.3
[INFO] [stderr]    Compiling regex v0.2.2
[INFO] [stderr]    Compiling env_logger v0.4.3
[INFO] [stderr]    Compiling rforests v0.1.0 (/opt/rustwide/workdir)
[INFO] [stdout] error[E0554]: `#![feature]` may not be used on the beta release channel
[INFO] [stdout]  --> src/lib.rs:1:1
[INFO] [stdout]   |
[INFO] [stdout] 1 | #![feature(ord_max_min)]
[INFO] [stdout]   | ^^^^^^^^^^^^^^^^^^^^^^^^
[INFO] [stdout] 
[INFO] [stdout] 
[INFO] [stdout] error[E0554]: `#![feature]` may not be used on the beta release channel
[INFO] [stdout]  --> src/lib.rs:2:1
[INFO] [stdout]   |
[INFO] [stdout] 2 | #![feature(conservative_impl_trait)]
[INFO] [stdout]   | ^^^^^^^^^^^^^^^^^^^^^^^^^^^^^^^^^^^^ help: remove the attribute
[INFO] [stdout]   |
[INFO] [stdout]   = help: the feature `conservative_impl_trait` has been stable since `1.26.0` and no longer requires an attribute to enable
[INFO] [stdout] 
[INFO] [stdout] 
[INFO] [stdout] error[E0554]: `#![feature]` may not be used on the beta release channel
[INFO] [stdout]  --> src/lib.rs:3:1
[INFO] [stdout]   |
[INFO] [stdout] 3 | #![feature(unboxed_closures)]
[INFO] [stdout]   | ^^^^^^^^^^^^^^^^^^^^^^^^^^^^^
[INFO] [stdout] 
[INFO] [stdout] 
[INFO] [stdout] error[E0554]: `#![feature]` may not be used on the beta release channel
[INFO] [stdout]  --> src/lib.rs:4:1
[INFO] [stdout]   |
[INFO] [stdout] 4 | #![feature(test)]
[INFO] [stdout]   | ^^^^^^^^^^^^^^^^^
[INFO] [stdout] 
[INFO] [stdout] 
[INFO] [stdout] warning: use of deprecated constant `std::sync::ONCE_INIT`: the `new` function is now preferred
[INFO] [stdout]   --> src/util.rs:12:1
[INFO] [stdout]    |
[INFO] [stdout] 12 | / lazy_static! {
[INFO] [stdout] 13 | |     pub static ref POOL: Mutex<Pool> = Mutex::new(Pool::new(num_cpus::get() as u32));
[INFO] [stdout] 14 | | }
[INFO] [stdout]    | |_^
[INFO] [stdout]    |
[INFO] [stdout]    = note: `#[warn(deprecated)]` on by default
[INFO] [stdout]    = note: this warning originates in the macro `__lazy_static_create` which comes from the expansion of the macro `lazy_static` (in Nightly builds, run with -Z macro-backtrace for more info)
[INFO] [stdout] 
[INFO] [stdout] 
[INFO] [stdout] warning: use of deprecated constant `std::sync::ONCE_INIT`: the `new` function is now preferred
[INFO] [stdout]   --> src/util.rs:12:1
[INFO] [stdout]    |
[INFO] [stdout] 12 | / lazy_static! {
[INFO] [stdout] 13 | |     pub static ref POOL: Mutex<Pool> = Mutex::new(Pool::new(num_cpus::get() as u32));
[INFO] [stdout] 14 | | }
[INFO] [stdout]    | |_^
[INFO] [stdout]    |
[INFO] [stdout]    = note: this warning originates in the macro `__lazy_static_create` which comes from the expansion of the macro `lazy_static` (in Nightly builds, run with -Z macro-backtrace for more info)
[INFO] [stdout] 
[INFO] [stdout] 
[INFO] [stdout] warning: use of deprecated constant `std::sync::ONCE_INIT`: the `new` function is now preferred
[INFO] [stdout]  --> src/metric/ndcg.rs:4:1
[INFO] [stdout]   |
[INFO] [stdout] 4 | / lazy_static! {
[INFO] [stdout] 5 | |     static ref DISCOUNT: Vec<f64> = (0..128).map(|i| 1.0 / (i as f64 + 2.0).log2()).collect();
[INFO] [stdout] 6 | | }
[INFO] [stdout]   | |_^
[INFO] [stdout]   |
[INFO] [stdout]   = note: this warning originates in the macro `__lazy_static_create` which comes from the expansion of the macro `lazy_static` (in Nightly builds, run with -Z macro-backtrace for more info)
[INFO] [stdout] 
[INFO] [stdout] 
[INFO] [stdout] warning: use of deprecated constant `std::sync::ONCE_INIT`: the `new` function is now preferred
[INFO] [stdout]  --> src/metric/ndcg.rs:4:1
[INFO] [stdout]   |
[INFO] [stdout] 4 | / lazy_static! {
[INFO] [stdout] 5 | |     static ref DISCOUNT: Vec<f64> = (0..128).map(|i| 1.0 / (i as f64 + 2.0).log2()).collect();
[INFO] [stdout] 6 | | }
[INFO] [stdout]   | |_^
[INFO] [stdout]   |
[INFO] [stdout]   = note: this warning originates in the macro `__lazy_static_create` which comes from the expansion of the macro `lazy_static` (in Nightly builds, run with -Z macro-backtrace for more info)
[INFO] [stdout] 
[INFO] [stdout] 
[INFO] [stdout] warning: the feature `conservative_impl_trait` has been stable since 1.26.0 and no longer requires an attribute to enable
[INFO] [stdout]  --> src/lib.rs:2:12
[INFO] [stdout]   |
[INFO] [stdout] 2 | #![feature(conservative_impl_trait)]
[INFO] [stdout]   |            ^^^^^^^^^^^^^^^^^^^^^^^
[INFO] [stdout]   |
[INFO] [stdout]   = note: `#[warn(stable_features)]` on by default
[INFO] [stdout] 
[INFO] [stdout] 
[INFO] [stdout] error[E0554]: `#![feature]` may not be used on the beta release channel
[INFO] [stdout]  --> src/lib.rs:1:12
[INFO] [stdout]   |
[INFO] [stdout] 1 | #![feature(ord_max_min)]
[INFO] [stdout]   |            ^^^^^^^^^^^
[INFO] [stdout] 
[INFO] [stdout] 
[INFO] [stdout] error[E0554]: `#![feature]` may not be used on the beta release channel
[INFO] [stdout]  --> src/lib.rs:4:12
[INFO] [stdout]   |
[INFO] [stdout] 4 | #![feature(test)]
[INFO] [stdout]   |            ^^^^
[INFO] [stdout] 
[INFO] [stdout] 
[INFO] [stdout] warning: the feature `ord_max_min` has been stable since 1.21.0 and no longer requires an attribute to enable
[INFO] [stdout]  --> src/lib.rs:1:12
[INFO] [stdout]   |
[INFO] [stdout] 1 | #![feature(ord_max_min)]
[INFO] [stdout]   |            ^^^^^^^^^^^
[INFO] [stdout] 
[INFO] [stdout] 
[INFO] [stdout] warning: trait objects without an explicit `dyn` are deprecated
[INFO] [stdout]  --> src/util.rs:1:51
[INFO] [stdout]   |
[INFO] [stdout] 1 | pub type Result<T> = ::std::result::Result<T, Box<::std::error::Error>>;
[INFO] [stdout]   |                                                   ^^^^^^^^^^^^^^^^^^^
[INFO] [stdout]   |
[INFO] [stdout]   = warning: this is accepted in the current edition (Rust 2015) but is a hard error in Rust 2021!
[INFO] [stdout]   = note: for more information, see <https://doc.rust-lang.org/nightly/edition-guide/rust-2021/warnings-promoted-to-error.html>
[INFO] [stdout]   = note: `#[warn(bare_trait_objects)]` on by default
[INFO] [stdout] help: use `dyn`
[INFO] [stdout]   |
[INFO] [stdout] 1 | pub type Result<T> = ::std::result::Result<T, Box<dyn (::std::error::Error)>>;
[INFO] [stdout]   |                                                   +++++                   +
[INFO] [stdout] 
[INFO] [stdout] 
[INFO] [stdout] warning: trait objects without an explicit `dyn` are deprecated
[INFO] [stdout]   --> src/train/lambdamart/lambdamart.rs:20:21
[INFO] [stdout]    |
[INFO] [stdout] 20 |     pub metric: Box<Measure>,
[INFO] [stdout]    |                     ^^^^^^^
[INFO] [stdout]    |
[INFO] [stdout]    = warning: this is accepted in the current edition (Rust 2015) but is a hard error in Rust 2021!
[INFO] [stdout]    = note: for more information, see <https://doc.rust-lang.org/nightly/edition-guide/rust-2021/warnings-promoted-to-error.html>
[INFO] [stdout] help: use `dyn`
[INFO] [stdout]    |
[INFO] [stdout] 20 |     pub metric: Box<dyn Measure>,
[INFO] [stdout]    |                     +++
[INFO] [stdout] 
[INFO] [stdout] 
[INFO] [stdout] warning: trait objects without an explicit `dyn` are deprecated
[INFO] [stdout]   --> src/metric/mod.rs:18:48
[INFO] [stdout]    |
[INFO] [stdout] 18 | pub fn new(name: &str, k: usize) -> Option<Box<Measure>> {
[INFO] [stdout]    |                                                ^^^^^^^
[INFO] [stdout]    |
[INFO] [stdout]    = warning: this is accepted in the current edition (Rust 2015) but is a hard error in Rust 2021!
[INFO] [stdout]    = note: for more information, see <https://doc.rust-lang.org/nightly/edition-guide/rust-2021/warnings-promoted-to-error.html>
[INFO] [stdout] help: use `dyn`
[INFO] [stdout]    |
[INFO] [stdout] 18 | pub fn new(name: &str, k: usize) -> Option<Box<dyn Measure>> {
[INFO] [stdout]    |                                                +++
[INFO] [stdout] 
[INFO] [stdout] 
[INFO] [stdout] warning: trait objects without an explicit `dyn` are deprecated
[INFO] [stdout]    --> src/train/dataset.rs:326:22
[INFO] [stdout]     |
[INFO] [stdout] 326 |         metric: &Box<Measure>,
[INFO] [stdout]     |                      ^^^^^^^
[INFO] [stdout]     |
[INFO] [stdout]     = warning: this is accepted in the current edition (Rust 2015) but is a hard error in Rust 2021!
[INFO] [stdout]     = note: for more information, see <https://doc.rust-lang.org/nightly/edition-guide/rust-2021/warnings-promoted-to-error.html>
[INFO] [stdout] help: use `dyn`
[INFO] [stdout]     |
[INFO] [stdout] 326 |         metric: &Box<dyn Measure>,
[INFO] [stdout]     |                      +++
[INFO] [stdout] 
[INFO] [stdout] 
[INFO] [stdout] warning: trait objects without an explicit `dyn` are deprecated
[INFO] [stdout]   --> src/train/validate_set.rs:24:40
[INFO] [stdout]    |
[INFO] [stdout] 24 |     pub fn measure(&self, metric: &Box<Measure>) -> f64 {
[INFO] [stdout]    |                                        ^^^^^^^
[INFO] [stdout]    |
[INFO] [stdout]    = warning: this is accepted in the current edition (Rust 2015) but is a hard error in Rust 2021!
[INFO] [stdout]    = note: for more information, see <https://doc.rust-lang.org/nightly/edition-guide/rust-2021/warnings-promoted-to-error.html>
[INFO] [stdout] help: use `dyn`
[INFO] [stdout]    |
[INFO] [stdout] 24 |     pub fn measure(&self, metric: &Box<dyn Measure>) -> f64 {
[INFO] [stdout]    |                                        +++
[INFO] [stdout] 
[INFO] [stdout] 
[INFO] [stdout] warning: trait objects without an explicit `dyn` are deprecated
[INFO] [stdout]    --> src/train/lambdamart/training_set.rs:174:18
[INFO] [stdout]     |
[INFO] [stdout] 174 |     metric: &Box<Measure>,
[INFO] [stdout]     |                  ^^^^^^^
[INFO] [stdout]     |
[INFO] [stdout]     = warning: this is accepted in the current edition (Rust 2015) but is a hard error in Rust 2021!
[INFO] [stdout]     = note: for more information, see <https://doc.rust-lang.org/nightly/edition-guide/rust-2021/warnings-promoted-to-error.html>
[INFO] [stdout] help: use `dyn`
[INFO] [stdout]     |
[INFO] [stdout] 174 |     metric: &Box<dyn Measure>,
[INFO] [stdout]     |                  +++
[INFO] [stdout] 
[INFO] [stdout] 
[INFO] [stdout] warning: trait objects without an explicit `dyn` are deprecated
[INFO] [stdout]    --> src/train/lambdamart/training_set.rs:351:70
[INFO] [stdout]     |
[INFO] [stdout] 351 |     pub fn update_lambdas_weights<'a, 'b>(&'a mut self, metric: &Box<Measure>) {
[INFO] [stdout]     |                                                                      ^^^^^^^
[INFO] [stdout]     |
[INFO] [stdout]     = warning: this is accepted in the current edition (Rust 2015) but is a hard error in Rust 2021!
[INFO] [stdout]     = note: for more information, see <https://doc.rust-lang.org/nightly/edition-guide/rust-2021/warnings-promoted-to-error.html>
[INFO] [stdout] help: use `dyn`
[INFO] [stdout]     |
[INFO] [stdout] 351 |     pub fn update_lambdas_weights<'a, 'b>(&'a mut self, metric: &Box<dyn Measure>) {
[INFO] [stdout]     |                                                                      +++
[INFO] [stdout] 
[INFO] [stdout] 
[INFO] [stdout] warning: trait objects without an explicit `dyn` are deprecated
[INFO] [stdout]    --> src/train/lambdamart/training_set.rs:392:40
[INFO] [stdout]     |
[INFO] [stdout] 392 |     pub fn measure(&self, metric: &Box<Measure>) -> f64 {
[INFO] [stdout]     |                                        ^^^^^^^
[INFO] [stdout]     |
[INFO] [stdout]     = warning: this is accepted in the current edition (Rust 2015) but is a hard error in Rust 2021!
[INFO] [stdout]     = note: for more information, see <https://doc.rust-lang.org/nightly/edition-guide/rust-2021/warnings-promoted-to-error.html>
[INFO] [stdout] help: use `dyn`
[INFO] [stdout]     |
[INFO] [stdout] 392 |     pub fn measure(&self, metric: &Box<dyn Measure>) -> f64 {
[INFO] [stdout]     |                                        +++
[INFO] [stdout] 
[INFO] [stdout] 
[INFO] [stdout] warning: use of deprecated method `std::error::Error::description`: use the Display impl or to_string()
[INFO] [stdout]    --> src/format/svmlight.rs:217:32
[INFO] [stdout]     |
[INFO] [stdout] 217 |                 .map_err(|e| e.description().into())
[INFO] [stdout]     |                                ^^^^^^^^^^^
[INFO] [stdout] 
[INFO] [stdout] 
[INFO] [stdout] error: aborting due to 6 previous errors; 15 warnings emitted
[INFO] [stdout] 
[INFO] [stdout] 
[INFO] [stdout] For more information about this error, try `rustc --explain E0554`.
[INFO] [stdout] 
[INFO] [stderr] error: could not compile `rforests` (lib) due to 7 previous errors; 15 warnings emitted
[INFO] [stderr] warning: build failed, waiting for other jobs to finish...
[INFO] running `Command { std: "docker" "inspect" "74bbe0401417ff0ea29694a581f1f0ccd415b615b9109f799c7209cb048d43e9", kill_on_drop: false }`
[INFO] running `Command { std: "docker" "rm" "-f" "74bbe0401417ff0ea29694a581f1f0ccd415b615b9109f799c7209cb048d43e9", kill_on_drop: false }`
[INFO] [stdout] 74bbe0401417ff0ea29694a581f1f0ccd415b615b9109f799c7209cb048d43e9
