[INFO] cloning repository https://github.com/bianguolong/shadowsocks-rust
[INFO] running `Command { std: "git" "-c" "credential.helper=" "-c" "credential.helper=/workspace/cargo-home/bin/git-credential-null" "clone" "--bare" "https://github.com/bianguolong/shadowsocks-rust" "/workspace/cache/git-repos/https%3A%2F%2Fgithub.com%2Fbianguolong%2Fshadowsocks-rust", kill_on_drop: false }`
[INFO] [stderr] Cloning into bare repository '/workspace/cache/git-repos/https%3A%2F%2Fgithub.com%2Fbianguolong%2Fshadowsocks-rust'...
[INFO] running `Command { std: "git" "rev-parse" "HEAD", kill_on_drop: false }`
[INFO] [stdout] 91d25d3cc0d00c4339908b7b24a5fcbc58d78b7e
[INFO] testing bianguolong/shadowsocks-rust against 1.69.0 for beta-1.70-1
[INFO] running `Command { std: "git" "clone" "/workspace/cache/git-repos/https%3A%2F%2Fgithub.com%2Fbianguolong%2Fshadowsocks-rust" "/workspace/builds/worker-3-tc1/source", kill_on_drop: false }`
[INFO] [stderr] Cloning into '/workspace/builds/worker-3-tc1/source'...
[INFO] [stderr] done.
[INFO] validating manifest of git repo https://github.com/bianguolong/shadowsocks-rust on toolchain 1.69.0
[INFO] running `Command { std: CARGO_HOME="/workspace/cargo-home" RUSTUP_HOME="/workspace/rustup-home" "/workspace/cargo-home/bin/cargo" "+1.69.0" "metadata" "--manifest-path" "Cargo.toml" "--no-deps", kill_on_drop: false }`
[INFO] removed /workspace/builds/worker-3-tc1/source/.cargo/config.toml
[INFO] removed /workspace/builds/worker-3-tc1/source/rust-toolchain
[INFO] started tweaking git repo https://github.com/bianguolong/shadowsocks-rust
[INFO] finished tweaking git repo https://github.com/bianguolong/shadowsocks-rust
[INFO] tweaked toml for git repo https://github.com/bianguolong/shadowsocks-rust written to /workspace/builds/worker-3-tc1/source/Cargo.toml
[INFO] crate git repo https://github.com/bianguolong/shadowsocks-rust already has a lockfile, it will not be regenerated
[INFO] running `Command { std: CARGO_HOME="/workspace/cargo-home" RUSTUP_HOME="/workspace/rustup-home" "/workspace/cargo-home/bin/cargo" "+1.69.0" "fetch" "--manifest-path" "Cargo.toml", kill_on_drop: false }`
[INFO] [stderr]     Updating git repository `https://github.com/bluejekyll/trust-dns.git`
[INFO] [stderr]  Downloading crates ...
[INFO] [stderr]   Downloaded tokio-stream v0.1.0
[INFO] [stderr]   Downloaded tcmalloc-sys v0.3.0
[INFO] [stderr]   Downloaded spin v0.7.0
[INFO] [stderr]   Downloaded async-stream-impl v0.3.0
[INFO] [stderr]   Downloaded async-stream v0.3.0
[INFO] [stderr]   Downloaded tokio-util v0.6.0
[INFO] [stderr]   Downloaded tcmalloc v0.3.0
[INFO] [stderr]   Downloaded json5 v0.3.0
[INFO] [stderr]   Downloaded iprange v0.6.3
[INFO] [stderr]   Downloaded log4rs v1.0.0
[INFO] [stderr]   Downloaded hyper v0.14.1
[INFO] [stderr]   Downloaded bloomfilter v1.0.3
[INFO] [stderr]   Downloaded shadowsocks-crypto v0.1.0
[INFO] [stderr]   Downloaded lru_time_cache v0.11.3
[INFO] [stderr]   Downloaded crypto2 v0.1.1
[INFO] running `Command { std: "docker" "create" "-v" "/var/lib/crater-agent-workspace/builds/worker-3-tc1/target:/opt/rustwide/target:rw,Z" "-v" "/var/lib/crater-agent-workspace/builds/worker-3-tc1/source:/opt/rustwide/workdir:ro,Z" "-v" "/var/lib/crater-agent-workspace/cargo-home:/opt/rustwide/cargo-home:ro,Z" "-v" "/var/lib/crater-agent-workspace/rustup-home:/opt/rustwide/rustup-home:ro,Z" "-e" "SOURCE_DIR=/opt/rustwide/workdir" "-e" "CARGO_TARGET_DIR=/opt/rustwide/target" "-e" "CARGO_HOME=/opt/rustwide/cargo-home" "-e" "RUSTUP_HOME=/opt/rustwide/rustup-home" "-w" "/opt/rustwide/workdir" "-m" "1610612736" "--user" "0:0" "--network" "none" "ghcr.io/rust-lang/crates-build-env/linux@sha256:5ff2268d62e97bff2cde7d5815dd6ed5b47097566f13b8d0ca110b04b60e07ed" "/opt/rustwide/cargo-home/bin/cargo" "+1.69.0" "metadata" "--no-deps" "--format-version=1", kill_on_drop: false }`
[INFO] [stdout] 5353c5979c90b4732a1183f61fee26ca81e44364712164f73cf5480cd7b22dcb
[INFO] running `Command { std: "docker" "start" "-a" "5353c5979c90b4732a1183f61fee26ca81e44364712164f73cf5480cd7b22dcb", kill_on_drop: false }`
[INFO] running `Command { std: "docker" "inspect" "5353c5979c90b4732a1183f61fee26ca81e44364712164f73cf5480cd7b22dcb", kill_on_drop: false }`
[INFO] running `Command { std: "docker" "rm" "-f" "5353c5979c90b4732a1183f61fee26ca81e44364712164f73cf5480cd7b22dcb", kill_on_drop: false }`
[INFO] [stdout] 5353c5979c90b4732a1183f61fee26ca81e44364712164f73cf5480cd7b22dcb
[INFO] running `Command { std: "docker" "create" "-v" "/var/lib/crater-agent-workspace/builds/worker-3-tc1/target:/opt/rustwide/target:rw,Z" "-v" "/var/lib/crater-agent-workspace/builds/worker-3-tc1/source:/opt/rustwide/workdir:ro,Z" "-v" "/var/lib/crater-agent-workspace/cargo-home:/opt/rustwide/cargo-home:ro,Z" "-v" "/var/lib/crater-agent-workspace/rustup-home:/opt/rustwide/rustup-home:ro,Z" "-e" "SOURCE_DIR=/opt/rustwide/workdir" "-e" "CARGO_TARGET_DIR=/opt/rustwide/target" "-e" "CARGO_INCREMENTAL=0" "-e" "RUST_BACKTRACE=full" "-e" "RUSTFLAGS=--cap-lints=warn" "-e" "RUSTDOCFLAGS=--cap-lints=warn" "-e" "CARGO_HOME=/opt/rustwide/cargo-home" "-e" "RUSTUP_HOME=/opt/rustwide/rustup-home" "-w" "/opt/rustwide/workdir" "-m" "1610612736" "--user" "0:0" "--network" "none" "ghcr.io/rust-lang/crates-build-env/linux@sha256:5ff2268d62e97bff2cde7d5815dd6ed5b47097566f13b8d0ca110b04b60e07ed" "/opt/rustwide/cargo-home/bin/cargo" "+1.69.0" "build" "--frozen" "--message-format=json", kill_on_drop: false }`
[INFO] [stdout] a5d25da8552a7d01e3631a4f0bc1c37991186a53fbd9a49a2453402df17859dc
[INFO] running `Command { std: "docker" "start" "-a" "a5d25da8552a7d01e3631a4f0bc1c37991186a53fbd9a49a2453402df17859dc", kill_on_drop: false }`
[INFO] [stderr]    Compiling proc-macro2 v1.0.24
[INFO] [stderr]    Compiling unicode-xid v0.2.1
[INFO] [stderr]    Compiling syn v1.0.56
[INFO] [stderr]    Compiling libc v0.2.81
[INFO] [stderr]    Compiling cfg-if v0.1.10
[INFO] [stderr]    Compiling serde_derive v1.0.118
[INFO] [stderr]    Compiling serde v1.0.118
[INFO] [stderr]    Compiling autocfg v1.0.1
[INFO] [stderr]    Compiling once_cell v1.5.2
[INFO] [stderr]    Compiling log v0.4.11
[INFO] [stderr]    Compiling futures-core v0.3.8
[INFO] [stderr]    Compiling cfg-if v1.0.0
[INFO] [stderr]    Compiling memchr v2.3.4
[INFO] [stderr]    Compiling slab v0.4.2
[INFO] [stderr]    Compiling pin-project-internal v0.4.27
[INFO] [stderr]    Compiling pin-project-lite v0.2.0
[INFO] [stderr]    Compiling proc-macro-hack v0.5.19
[INFO] [stderr]    Compiling lazy_static v1.4.0
[INFO] [stderr]    Compiling instant v0.1.9
[INFO] [stderr]    Compiling scopeguard v1.1.0
[INFO] [stderr]    Compiling futures-sink v0.3.8
[INFO] [stderr]    Compiling proc-macro-nested v0.1.6
[INFO] [stderr]    Compiling smallvec v1.5.1
[INFO] [stderr]    Compiling fnv v1.0.7
[INFO] [stderr]    Compiling lock_api v0.4.2
[INFO] [stderr]    Compiling bytes v0.5.6
[INFO] [stderr]    Compiling cc v1.0.66
[INFO] [stderr]    Compiling futures-channel v0.3.8
[INFO] [stderr]    Compiling futures-task v0.3.8
[INFO] [stderr]    Compiling pin-utils v0.1.0
[INFO] [stderr]    Compiling bytes v1.0.0
[INFO] [stderr]    Compiling tokio v1.0.1
[INFO] [stderr]    Compiling futures-io v0.3.8
[INFO] [stderr]    Compiling tower-service v0.3.0
[INFO] [stderr]    Compiling spin v0.5.2
[INFO] [stderr]    Compiling ppv-lite86 v0.2.10
[INFO] [stderr]    Compiling untrusted v0.7.1
[INFO] [stderr]    Compiling getrandom v0.2.0
[INFO] [stderr]    Compiling matches v0.1.8
[INFO] [stderr]    Compiling itoa v0.4.7
[INFO] [stderr]    Compiling getrandom v0.1.15
[INFO] [stderr]    Compiling num-traits v0.2.14
[INFO] [stderr]    Compiling pin-project-lite v0.1.11
[INFO] [stderr]    Compiling tinyvec_macros v0.1.0
[INFO] [stderr]    Compiling tokio v0.2.24
[INFO] [stderr]    Compiling tracing-core v0.1.17
[INFO] [stderr]    Compiling tinyvec v1.1.0
[INFO] [stderr]    Compiling quote v1.0.8
[INFO] [stderr]    Compiling linked-hash-map v0.5.3
[INFO] [stderr]    Compiling percent-encoding v2.1.0
[INFO] [stderr]    Compiling ryu v1.0.5
[INFO] [stderr]    Compiling tower-layer v0.3.0
[INFO] [stderr]    Compiling unicode-bidi v0.3.4
[INFO] [stderr]    Compiling form_urlencoded v1.0.0
[INFO] [stderr]    Compiling bitflags v1.2.1
[INFO] [stderr]    Compiling ucd-trie v0.1.3
[INFO] [stderr]    Compiling unicode-segmentation v1.7.1
[INFO] [stderr]    Compiling num-integer v0.1.44
[INFO] [stderr]    Compiling ring v0.16.19
[INFO] [stderr]    Compiling pest v2.1.3
[INFO] [stderr]    Compiling indexmap v1.6.1
[INFO] [stderr]    Compiling heck v0.3.2
[INFO] [stderr]    Compiling match_cfg v0.1.0
[INFO] [stderr]    Compiling parking_lot_core v0.8.2
[INFO] [stderr]    Compiling signal-hook-registry v1.3.0
[INFO] [stderr]    Compiling num_cpus v1.13.0
[INFO] [stderr]    Compiling ipnet v2.3.0
[INFO] [stderr]    Compiling maplit v1.0.2
[INFO] [stderr]    Compiling rand_core v0.6.0
[INFO] [stderr]    Compiling unicode-normalization v0.1.16
[INFO] [stderr]    Compiling rand_core v0.5.1
[INFO] [stderr]    Compiling parking_lot v0.11.1
[INFO] [stderr]    Compiling serde_json v1.0.60
[INFO] [stderr]    Compiling base64 v0.13.0
[INFO] [stderr]    Compiling rand_chacha v0.3.0
[INFO] [stderr]    Compiling rand_chacha v0.2.2
[INFO] [stderr]    Compiling hostname v0.3.1
[INFO] [stderr]    Compiling pest_meta v2.1.3
[INFO] [stderr]    Compiling http v0.2.2
[INFO] [stderr]    Compiling rand v0.8.0
[INFO] [stderr]    Compiling rand v0.7.3
[INFO] [stderr]    Compiling httparse v1.3.4
[INFO] [stderr]    Compiling quick-error v1.2.3
[INFO] [stderr]    Compiling traitobject v0.1.0
[INFO] [stderr]    Compiling idna v0.2.0
[INFO] [stderr]    Compiling data-encoding v2.3.1
[INFO] [stderr]    Compiling hashbrown v0.9.1
[INFO] [stderr]    Compiling anyhow v1.0.36
[INFO] [stderr]    Compiling resolv-conf v0.7.0
[INFO] [stderr]    Compiling unsafe-any v0.4.2
[INFO] [stderr]    Compiling ordered-float v2.0.1
[INFO] [stderr]    Compiling socket2 v0.3.19
[INFO] [stderr]    Compiling time v0.1.44
[INFO] [stderr]    Compiling url v2.2.0
[INFO] [stderr]    Compiling lru-cache v0.1.2
[INFO] [stderr]    Compiling yaml-rust v0.4.4
[INFO] [stderr]    Compiling aho-corasick v0.7.15
[INFO] [stderr]    Compiling thread_local v1.0.1
[INFO] [stderr]    Compiling bit-vec v0.6.3
[INFO] [stderr]    Compiling crypto2 v0.1.1
[INFO] [stderr]    Compiling regex-syntax v0.6.21
[INFO] [stderr]    Compiling try-lock v0.2.3
[INFO] [stderr]    Compiling siphasher v0.3.3
[INFO] [stderr]    Compiling dtoa v0.4.7
[INFO] [stderr]    Compiling byteorder v1.3.4
[INFO] [stderr]    Compiling bloomfilter v1.0.3
[INFO] [stderr]    Compiling chrono v0.4.19
[INFO] [stderr]    Compiling typemap v0.3.3
[INFO] [stderr]    Compiling nix v0.19.1
[INFO] [stderr]    Compiling thread-id v3.3.0
[INFO] [stderr]    Compiling term_size v0.3.2
[INFO] [stderr]    Compiling byte_string v1.0.0
[INFO] [stdout] error[E0554]: `#![feature]` may not be used on the stable release channel
[INFO] [stdout]  --> /opt/rustwide/cargo-home/registry/src/github.com-1ecc6299db9ec823/crypto2-0.1.1/src/lib.rs:2:12
[INFO] [stdout]   |
[INFO] [stdout] 2 | #![feature(stdsimd, llvm_asm)]
[INFO] [stdout]   |            ^^^^^^^
[INFO] [stdout] 
[INFO] [stdout] 
[INFO] [stdout] error[E0554]: `#![feature]` may not be used on the stable release channel
[INFO] [stdout]  --> /opt/rustwide/cargo-home/registry/src/github.com-1ecc6299db9ec823/crypto2-0.1.1/src/lib.rs:2:21
[INFO] [stdout]   |
[INFO] [stdout] 2 | #![feature(stdsimd, llvm_asm)]
[INFO] [stdout]   |                     ^^^^^^^^
[INFO] [stdout] 
[INFO] [stdout] 
[INFO] [stderr]    Compiling http-body v0.4.0
[INFO] [stdout] error[E0635]: unknown feature `llvm_asm`
[INFO] [stdout]  --> /opt/rustwide/cargo-home/registry/src/github.com-1ecc6299db9ec823/crypto2-0.1.1/src/lib.rs:2:21
[INFO] [stdout]   |
[INFO] [stdout] 2 | #![feature(stdsimd, llvm_asm)]
[INFO] [stdout]   |                     ^^^^^^^^
[INFO] [stdout] 
[INFO] [stdout] 
[INFO] [stderr]    Compiling unicode-width v0.1.8
[INFO] [stderr]    Compiling checked_int_cast v1.0.0
[INFO] [stderr]    Compiling spin v0.7.0
[INFO] [stderr]    Compiling arc-swap v0.4.8
[INFO] [stderr]    Compiling httpdate v0.3.2
[INFO] [stderr]    Compiling log-mdc v0.1.0
[INFO] [stderr]    Compiling openssl-probe v0.1.2
[INFO] [stderr]    Compiling humantime v2.0.1
[INFO] [stderr]    Compiling qrcode v0.12.0
[INFO] [stderr]    Compiling textwrap v0.11.0
[INFO] [stderr]    Compiling iprange v0.6.3
[INFO] [stderr]    Compiling atty v0.2.14
[INFO] [stderr]    Compiling boxfnonce v0.1.1
[INFO] [stderr]    Compiling strsim v0.8.0
[INFO] [stderr]    Compiling lru_time_cache v0.11.3
[INFO] [stderr]    Compiling pest_generator v2.1.3
[INFO] [stderr]    Compiling ansi_term v0.11.0
[INFO] [stderr]    Compiling vec_map v0.8.2
[INFO] [stderr]    Compiling daemonize v0.4.1
[INFO] [stderr]    Compiling webpki v0.21.4
[INFO] [stderr]    Compiling sct v0.6.0
[INFO] [stderr]    Compiling clap v2.33.3
[INFO] [stderr]    Compiling regex v1.4.2
[INFO] [stderr]    Compiling webpki-roots v0.21.0
[INFO] [stderr]    Compiling pin-project-internal v1.0.2
[INFO] [stderr]    Compiling futures-macro v0.3.8
[INFO] [stderr]    Compiling tokio-macros v1.0.0
[INFO] [stderr]    Compiling tracing-attributes v0.1.11
[INFO] [stderr]    Compiling thiserror-impl v1.0.23
[INFO] [stderr]    Compiling async-stream-impl v0.3.0
[INFO] [stderr]    Compiling enum-as-inner v0.3.3
[INFO] [stderr]    Compiling async-trait v0.1.42
[INFO] [stderr]    Compiling derivative v2.1.1
[INFO] [stderr]    Compiling pest_derive v2.1.0
[INFO] [stdout] error: aborting due to 3 previous errors
[INFO] [stdout] 
[INFO] [stdout] 
[INFO] [stdout] Some errors have detailed explanations: E0554, E0635.
[INFO] [stdout] 
[INFO] [stdout] For more information about an error, try `rustc --explain E0554`.
[INFO] [stdout] 
[INFO] [stderr] error: could not compile `crypto2` due to 4 previous errors
[INFO] [stderr] warning: build failed, waiting for other jobs to finish...
[INFO] running `Command { std: "docker" "inspect" "a5d25da8552a7d01e3631a4f0bc1c37991186a53fbd9a49a2453402df17859dc", kill_on_drop: false }`
[INFO] running `Command { std: "docker" "rm" "-f" "a5d25da8552a7d01e3631a4f0bc1c37991186a53fbd9a49a2453402df17859dc", kill_on_drop: false }`
[INFO] [stdout] a5d25da8552a7d01e3631a4f0bc1c37991186a53fbd9a49a2453402df17859dc
