[INFO] cloning repository https://github.com/bernardcooke53/interpolate
[INFO] running `Command { std: "git" "-c" "credential.helper=" "-c" "credential.helper=/workspace/cargo-home/bin/git-credential-null" "clone" "--bare" "https://github.com/bernardcooke53/interpolate" "/workspace/cache/git-repos/https%3A%2F%2Fgithub.com%2Fbernardcooke53%2Finterpolate", kill_on_drop: false }`
[INFO] [stderr] Cloning into bare repository '/workspace/cache/git-repos/https%3A%2F%2Fgithub.com%2Fbernardcooke53%2Finterpolate'...
[INFO] running `Command { std: "git" "rev-parse" "HEAD", kill_on_drop: false }`
[INFO] [stdout] 2f91bbc61496b42a6684311028331c8d8508a528
[INFO] testing bernardcooke53/interpolate against 1.69.0 for beta-1.70-1
[INFO] running `Command { std: "git" "clone" "/workspace/cache/git-repos/https%3A%2F%2Fgithub.com%2Fbernardcooke53%2Finterpolate" "/workspace/builds/worker-7-tc1/source", kill_on_drop: false }`
[INFO] [stderr] Cloning into '/workspace/builds/worker-7-tc1/source'...
[INFO] [stderr] done.
[INFO] validating manifest of git repo https://github.com/bernardcooke53/interpolate on toolchain 1.69.0
[INFO] running `Command { std: CARGO_HOME="/workspace/cargo-home" RUSTUP_HOME="/workspace/rustup-home" "/workspace/cargo-home/bin/cargo" "+1.69.0" "metadata" "--manifest-path" "Cargo.toml" "--no-deps", kill_on_drop: false }`
[INFO] started tweaking git repo https://github.com/bernardcooke53/interpolate
[INFO] finished tweaking git repo https://github.com/bernardcooke53/interpolate
[INFO] tweaked toml for git repo https://github.com/bernardcooke53/interpolate written to /workspace/builds/worker-7-tc1/source/Cargo.toml
[INFO] crate git repo https://github.com/bernardcooke53/interpolate already has a lockfile, it will not be regenerated
[INFO] running `Command { std: CARGO_HOME="/workspace/cargo-home" RUSTUP_HOME="/workspace/rustup-home" "/workspace/cargo-home/bin/cargo" "+1.69.0" "fetch" "--manifest-path" "Cargo.toml", kill_on_drop: false }`
[INFO] [stderr] warning: unused manifest key: package.author
[INFO] running `Command { std: "docker" "create" "-v" "/var/lib/crater-agent-workspace/builds/worker-7-tc1/target:/opt/rustwide/target:rw,Z" "-v" "/var/lib/crater-agent-workspace/builds/worker-7-tc1/source:/opt/rustwide/workdir:ro,Z" "-v" "/var/lib/crater-agent-workspace/cargo-home:/opt/rustwide/cargo-home:ro,Z" "-v" "/var/lib/crater-agent-workspace/rustup-home:/opt/rustwide/rustup-home:ro,Z" "-e" "SOURCE_DIR=/opt/rustwide/workdir" "-e" "CARGO_TARGET_DIR=/opt/rustwide/target" "-e" "CARGO_HOME=/opt/rustwide/cargo-home" "-e" "RUSTUP_HOME=/opt/rustwide/rustup-home" "-w" "/opt/rustwide/workdir" "-m" "1610612736" "--user" "0:0" "--network" "none" "ghcr.io/rust-lang/crates-build-env/linux@sha256:5ff2268d62e97bff2cde7d5815dd6ed5b47097566f13b8d0ca110b04b60e07ed" "/opt/rustwide/cargo-home/bin/cargo" "+1.69.0" "metadata" "--no-deps" "--format-version=1", kill_on_drop: false }`
[INFO] [stdout] 0c800e1414d1d40ec208a59777f7981e3b58ce035afad160afe973484ea29331
[INFO] running `Command { std: "docker" "start" "-a" "0c800e1414d1d40ec208a59777f7981e3b58ce035afad160afe973484ea29331", kill_on_drop: false }`
[INFO] running `Command { std: "docker" "inspect" "0c800e1414d1d40ec208a59777f7981e3b58ce035afad160afe973484ea29331", kill_on_drop: false }`
[INFO] running `Command { std: "docker" "rm" "-f" "0c800e1414d1d40ec208a59777f7981e3b58ce035afad160afe973484ea29331", kill_on_drop: false }`
[INFO] [stdout] 0c800e1414d1d40ec208a59777f7981e3b58ce035afad160afe973484ea29331
[INFO] running `Command { std: "docker" "create" "-v" "/var/lib/crater-agent-workspace/builds/worker-7-tc1/target:/opt/rustwide/target:rw,Z" "-v" "/var/lib/crater-agent-workspace/builds/worker-7-tc1/source:/opt/rustwide/workdir:ro,Z" "-v" "/var/lib/crater-agent-workspace/cargo-home:/opt/rustwide/cargo-home:ro,Z" "-v" "/var/lib/crater-agent-workspace/rustup-home:/opt/rustwide/rustup-home:ro,Z" "-e" "SOURCE_DIR=/opt/rustwide/workdir" "-e" "CARGO_TARGET_DIR=/opt/rustwide/target" "-e" "CARGO_INCREMENTAL=0" "-e" "RUST_BACKTRACE=full" "-e" "RUSTFLAGS=--cap-lints=warn" "-e" "RUSTDOCFLAGS=--cap-lints=warn" "-e" "CARGO_HOME=/opt/rustwide/cargo-home" "-e" "RUSTUP_HOME=/opt/rustwide/rustup-home" "-w" "/opt/rustwide/workdir" "-m" "1610612736" "--user" "0:0" "--network" "none" "ghcr.io/rust-lang/crates-build-env/linux@sha256:5ff2268d62e97bff2cde7d5815dd6ed5b47097566f13b8d0ca110b04b60e07ed" "/opt/rustwide/cargo-home/bin/cargo" "+1.69.0" "build" "--frozen" "--message-format=json", kill_on_drop: false }`
[INFO] [stdout] 64557a177a0bee5cb7673f251c02aee07b3e29cc2cac17ce7a688dcf7aa23a62
[INFO] running `Command { std: "docker" "start" "-a" "64557a177a0bee5cb7673f251c02aee07b3e29cc2cac17ce7a688dcf7aa23a62", kill_on_drop: false }`
[INFO] [stderr] warning: unused manifest key: package.author
[INFO] [stderr]    Compiling num-traits v0.2.14
[INFO] [stderr]    Compiling memchr v2.4.1
[INFO] [stderr]    Compiling serde v1.0.136
[INFO] [stderr]    Compiling num-integer v0.1.44
[INFO] [stderr]    Compiling regex-automata v0.1.10
[INFO] [stderr]    Compiling rawpointer v0.2.1
[INFO] [stderr]    Compiling ryu v1.0.9
[INFO] [stderr]    Compiling itoa v0.4.8
[INFO] [stderr]    Compiling linked-hash-map v0.5.4
[INFO] [stderr]    Compiling either v1.6.1
[INFO] [stderr]    Compiling matrixmultiply v0.3.2
[INFO] [stderr]    Compiling linked_hash_set v0.1.4
[INFO] [stderr]    Compiling csv-core v0.1.10
[INFO] [stderr]    Compiling num-complex v0.4.0
[INFO] [stderr]    Compiling ndarray v0.15.4
[INFO] [stderr]    Compiling bstr v0.2.17
[INFO] [stderr]    Compiling csv v1.1.6
[INFO] [stderr]    Compiling ndarray-csv v0.5.1
[INFO] [stderr]    Compiling interpolate v0.1.0 (/opt/rustwide/workdir)
[INFO] [stderr]     Finished dev [unoptimized + debuginfo] target(s) in 4.94s
[INFO] running `Command { std: "docker" "inspect" "64557a177a0bee5cb7673f251c02aee07b3e29cc2cac17ce7a688dcf7aa23a62", kill_on_drop: false }`
[INFO] running `Command { std: "docker" "rm" "-f" "64557a177a0bee5cb7673f251c02aee07b3e29cc2cac17ce7a688dcf7aa23a62", kill_on_drop: false }`
[INFO] [stdout] 64557a177a0bee5cb7673f251c02aee07b3e29cc2cac17ce7a688dcf7aa23a62
[INFO] running `Command { std: "docker" "create" "-v" "/var/lib/crater-agent-workspace/builds/worker-7-tc1/target:/opt/rustwide/target:rw,Z" "-v" "/var/lib/crater-agent-workspace/builds/worker-7-tc1/source:/opt/rustwide/workdir:ro,Z" "-v" "/var/lib/crater-agent-workspace/cargo-home:/opt/rustwide/cargo-home:ro,Z" "-v" "/var/lib/crater-agent-workspace/rustup-home:/opt/rustwide/rustup-home:ro,Z" "-e" "SOURCE_DIR=/opt/rustwide/workdir" "-e" "CARGO_TARGET_DIR=/opt/rustwide/target" "-e" "CARGO_INCREMENTAL=0" "-e" "RUST_BACKTRACE=full" "-e" "RUSTFLAGS=--cap-lints=warn" "-e" "RUSTDOCFLAGS=--cap-lints=warn" "-e" "CARGO_HOME=/opt/rustwide/cargo-home" "-e" "RUSTUP_HOME=/opt/rustwide/rustup-home" "-w" "/opt/rustwide/workdir" "-m" "1610612736" "--user" "0:0" "--network" "none" "ghcr.io/rust-lang/crates-build-env/linux@sha256:5ff2268d62e97bff2cde7d5815dd6ed5b47097566f13b8d0ca110b04b60e07ed" "/opt/rustwide/cargo-home/bin/cargo" "+1.69.0" "test" "--frozen" "--no-run" "--message-format=json", kill_on_drop: false }`
[INFO] [stdout] 9a7bd89371c9beef527ce72dc50901ad81ee5b3ada3ddeb8462520b70cb970da
[INFO] running `Command { std: "docker" "start" "-a" "9a7bd89371c9beef527ce72dc50901ad81ee5b3ada3ddeb8462520b70cb970da", kill_on_drop: false }`
[INFO] [stderr] warning: unused manifest key: package.author
[INFO] [stderr]    Compiling diff v0.1.12
[INFO] [stderr]    Compiling ansi_term v0.12.1
[INFO] [stderr]    Compiling pretty_assertions v1.0.0
[INFO] [stderr]    Compiling interpolate v0.1.0 (/opt/rustwide/workdir)
[INFO] [stdout] error[E0425]: cannot find function `find_nones` in this scope
[INFO] [stdout]    --> src/array.rs:403:25
[INFO] [stdout]     |
[INFO] [stdout] 403 |             let nones = find_nones(&input_array);
[INFO] [stdout]     |                         ^^^^^^^^^^ not found in this scope
[INFO] [stdout] 
[INFO] [stdout] 
[INFO] [stdout] error[E0425]: cannot find function `find_nones` in this scope
[INFO] [stdout]    --> src/array.rs:403:25
[INFO] [stdout]     |
[INFO] [stdout] 403 |             let nones = find_nones(&input_array);
[INFO] [stdout]     |                         ^^^^^^^^^^ not found in this scope
[INFO] [stdout] 
[INFO] [stdout] 
[INFO] [stdout] error[E0425]: cannot find function `find_nones` in this scope
[INFO] [stdout]    --> src/array.rs:411:25
[INFO] [stdout]     |
[INFO] [stdout] 411 |             let nones = find_nones(&input_array);
[INFO] [stdout]     |                         ^^^^^^^^^^ not found in this scope
[INFO] [stdout] 
[INFO] [stdout] 
[INFO] [stdout] error[E0425]: cannot find function `find_nones` in this scope
[INFO] [stdout]    --> src/array.rs:411:25
[INFO] [stdout]     |
[INFO] [stdout] 411 |             let nones = find_nones(&input_array);
[INFO] [stdout]     |                         ^^^^^^^^^^ not found in this scope
[INFO] [stdout] 
[INFO] [stdout] 
[INFO] [stdout] error: aborting due to 2 previous errors
[INFO] [stdout] 
[INFO] [stdout] 
[INFO] [stdout] For more information about this error, try `rustc --explain E0425`.
[INFO] [stdout] 
[INFO] [stdout] error: aborting due to 2 previous errors
[INFO] [stdout] 
[INFO] [stdout] 
[INFO] [stdout] For more information about this error, try `rustc --explain E0425`.
[INFO] [stdout] 
[INFO] [stderr] error: could not compile `interpolate` due to 3 previous errors
[INFO] [stderr] warning: build failed, waiting for other jobs to finish...
[INFO] [stderr] error: could not compile `interpolate` due to 3 previous errors
[INFO] running `Command { std: "docker" "inspect" "9a7bd89371c9beef527ce72dc50901ad81ee5b3ada3ddeb8462520b70cb970da", kill_on_drop: false }`
[INFO] running `Command { std: "docker" "rm" "-f" "9a7bd89371c9beef527ce72dc50901ad81ee5b3ada3ddeb8462520b70cb970da", kill_on_drop: false }`
[INFO] [stdout] 9a7bd89371c9beef527ce72dc50901ad81ee5b3ada3ddeb8462520b70cb970da
