[INFO] cloning repository https://github.com/bennekrouf/dungeon
[INFO] running `Command { std: "git" "-c" "credential.helper=" "-c" "credential.helper=/workspace/cargo-home/bin/git-credential-null" "clone" "--bare" "https://github.com/bennekrouf/dungeon" "/workspace/cache/git-repos/https%3A%2F%2Fgithub.com%2Fbennekrouf%2Fdungeon", kill_on_drop: false }`
[INFO] [stderr] Cloning into bare repository '/workspace/cache/git-repos/https%3A%2F%2Fgithub.com%2Fbennekrouf%2Fdungeon'...
[INFO] running `Command { std: "git" "rev-parse" "HEAD", kill_on_drop: false }`
[INFO] [stdout] 2db242c9f00ba0e1c06ef9ef2303c9d67bbea114
[INFO] testing bennekrouf/dungeon against beta-2023-04-20 for beta-1.70-1
[INFO] running `Command { std: "git" "clone" "/workspace/cache/git-repos/https%3A%2F%2Fgithub.com%2Fbennekrouf%2Fdungeon" "/workspace/builds/worker-6-tc2/source", kill_on_drop: false }`
[INFO] [stderr] Cloning into '/workspace/builds/worker-6-tc2/source'...
[INFO] [stderr] done.
[INFO] validating manifest of git repo https://github.com/bennekrouf/dungeon on toolchain beta-2023-04-20
[INFO] running `Command { std: CARGO_HOME="/workspace/cargo-home" RUSTUP_HOME="/workspace/rustup-home" "/workspace/cargo-home/bin/cargo" "+beta-2023-04-20" "metadata" "--manifest-path" "Cargo.toml" "--no-deps", kill_on_drop: false }`
[INFO] started tweaking git repo https://github.com/bennekrouf/dungeon
[INFO] finished tweaking git repo https://github.com/bennekrouf/dungeon
[INFO] tweaked toml for git repo https://github.com/bennekrouf/dungeon written to /workspace/builds/worker-6-tc2/source/Cargo.toml
[INFO] crate git repo https://github.com/bennekrouf/dungeon already has a lockfile, it will not be regenerated
[INFO] running `Command { std: CARGO_HOME="/workspace/cargo-home" RUSTUP_HOME="/workspace/rustup-home" "/workspace/cargo-home/bin/cargo" "+beta-2023-04-20" "fetch" "--manifest-path" "Cargo.toml", kill_on_drop: false }`
[INFO] [stderr]  Downloading crates ...
[INFO] [stderr]   Downloaded legion_codegen v0.4.0
[INFO] [stderr]   Downloaded legion v0.4.0
[INFO] running `Command { std: "docker" "create" "-v" "/var/lib/crater-agent-workspace/builds/worker-6-tc2/target:/opt/rustwide/target:rw,Z" "-v" "/var/lib/crater-agent-workspace/builds/worker-6-tc2/source:/opt/rustwide/workdir:ro,Z" "-v" "/var/lib/crater-agent-workspace/cargo-home:/opt/rustwide/cargo-home:ro,Z" "-v" "/var/lib/crater-agent-workspace/rustup-home:/opt/rustwide/rustup-home:ro,Z" "-e" "SOURCE_DIR=/opt/rustwide/workdir" "-e" "CARGO_TARGET_DIR=/opt/rustwide/target" "-e" "CARGO_HOME=/opt/rustwide/cargo-home" "-e" "RUSTUP_HOME=/opt/rustwide/rustup-home" "-w" "/opt/rustwide/workdir" "-m" "1610612736" "--user" "0:0" "--network" "none" "ghcr.io/rust-lang/crates-build-env/linux@sha256:5ff2268d62e97bff2cde7d5815dd6ed5b47097566f13b8d0ca110b04b60e07ed" "/opt/rustwide/cargo-home/bin/cargo" "+beta-2023-04-20" "metadata" "--no-deps" "--format-version=1", kill_on_drop: false }`
[INFO] [stdout] 3288b89c409eef045709f5865886428a34e72f430b46519dd768fce03e83984c
[INFO] running `Command { std: "docker" "start" "-a" "3288b89c409eef045709f5865886428a34e72f430b46519dd768fce03e83984c", kill_on_drop: false }`
[INFO] running `Command { std: "docker" "inspect" "3288b89c409eef045709f5865886428a34e72f430b46519dd768fce03e83984c", kill_on_drop: false }`
[INFO] running `Command { std: "docker" "rm" "-f" "3288b89c409eef045709f5865886428a34e72f430b46519dd768fce03e83984c", kill_on_drop: false }`
[INFO] [stdout] 3288b89c409eef045709f5865886428a34e72f430b46519dd768fce03e83984c
[INFO] running `Command { std: "docker" "create" "-v" "/var/lib/crater-agent-workspace/builds/worker-6-tc2/target:/opt/rustwide/target:rw,Z" "-v" "/var/lib/crater-agent-workspace/builds/worker-6-tc2/source:/opt/rustwide/workdir:ro,Z" "-v" "/var/lib/crater-agent-workspace/cargo-home:/opt/rustwide/cargo-home:ro,Z" "-v" "/var/lib/crater-agent-workspace/rustup-home:/opt/rustwide/rustup-home:ro,Z" "-e" "SOURCE_DIR=/opt/rustwide/workdir" "-e" "CARGO_TARGET_DIR=/opt/rustwide/target" "-e" "CARGO_INCREMENTAL=0" "-e" "RUST_BACKTRACE=full" "-e" "RUSTFLAGS=--cap-lints=warn" "-e" "RUSTDOCFLAGS=--cap-lints=warn" "-e" "CARGO_HOME=/opt/rustwide/cargo-home" "-e" "RUSTUP_HOME=/opt/rustwide/rustup-home" "-w" "/opt/rustwide/workdir" "-m" "1610612736" "--user" "0:0" "--network" "none" "ghcr.io/rust-lang/crates-build-env/linux@sha256:5ff2268d62e97bff2cde7d5815dd6ed5b47097566f13b8d0ca110b04b60e07ed" "/opt/rustwide/cargo-home/bin/cargo" "+beta-2023-04-20" "build" "--frozen" "--message-format=json", kill_on_drop: false }`
[INFO] [stdout] 39bf904346eced851650960c32b646b1e255b4e516523705aa0edb6e4559a2fa
[INFO] running `Command { std: "docker" "start" "-a" "39bf904346eced851650960c32b646b1e255b4e516523705aa0edb6e4559a2fa", kill_on_drop: false }`
[INFO] [stderr]    Compiling cfg-if v1.0.0
[INFO] [stderr]    Compiling libc v0.2.124
[INFO] [stderr]    Compiling autocfg v1.1.0
[INFO] [stderr]    Compiling proc-macro2 v1.0.37
[INFO] [stderr]    Compiling lazy_static v1.4.0
[INFO] [stderr]    Compiling unicode-xid v0.2.2
[INFO] [stderr]    Compiling xml-rs v0.8.4
[INFO] [stderr]    Compiling log v0.4.16
[INFO] [stderr]    Compiling pkg-config v0.3.25
[INFO] [stderr]    Compiling smallvec v1.8.0
[INFO] [stderr]    Compiling bitflags v1.3.2
[INFO] [stderr]    Compiling memchr v2.4.1
[INFO] [stderr]    Compiling scopeguard v1.1.0
[INFO] [stderr]    Compiling khronos_api v3.1.0
[INFO] [stderr]    Compiling once_cell v1.10.0
[INFO] [stderr]    Compiling parking_lot_core v0.8.5
[INFO] [stderr]    Compiling libloading v0.7.3
[INFO] [stderr]    Compiling downcast-rs v1.2.0
[INFO] [stderr]    Compiling syn v1.0.91
[INFO] [stderr]    Compiling cfg-if v0.1.10
[INFO] [stderr]    Compiling instant v0.1.12
[INFO] [stderr]    Compiling scoped-tls v1.0.0
[INFO] [stderr]    Compiling bytemuck v1.9.1
[INFO] [stderr]    Compiling ttf-parser v0.6.2
[INFO] [stderr]    Compiling crossbeam-utils v0.8.8
[INFO] [stderr]    Compiling dlib v0.5.0
[INFO] [stderr]    Compiling nix v0.18.0
[INFO] [stderr]    Compiling minimal-lexical v0.2.1
[INFO] [stderr]    Compiling safe_arch v0.5.2
[INFO] [stderr]    Compiling same-file v1.0.6
[INFO] [stderr]    Compiling lock_api v0.4.7
[INFO] [stderr]    Compiling num-traits v0.2.14
[INFO] [stderr]    Compiling memoffset v0.6.5
[INFO] [stderr]    Compiling wayland-sys v0.28.6
[INFO] [stderr]    Compiling x11-dl v2.19.1
[INFO] [stderr]    Compiling num-integer v0.1.44
[INFO] [stderr]    Compiling ab_glyph_rasterizer v0.1.5
[INFO] [stderr]    Compiling gl_generator v0.14.0
[INFO] [stderr]    Compiling crc32fast v1.3.2
[INFO] [stderr]    Compiling wide v0.6.5
[INFO] [stderr] LLVM ERROR: IO failure on output stream: No space left on device
[INFO] [stderr] error: could not compile `safe_arch` (lib)
[INFO] [stderr] warning: build failed, waiting for other jobs to finish...
[INFO] [stderr] thread 'rustc' panicked at 'assertion failed: pos.get() <= self.position()', compiler/rustc_metadata/src/rmeta/encoder.rs:433:9
[INFO] [stderr] LLVM ERROR: IO failure on output stream: No space left on device
[INFO] [stderr] stack backtrace:
[INFO] [stderr] error: could not compile `ab_glyph_rasterizer` (lib)
[INFO] [stderr] LLVM ERROR: IO failure on output stream: No space left on device
[INFO] [stderr]    0:     0x7efe8aea9cca - std::backtrace_rs::backtrace::libunwind::trace::h2f05d0192276a8f6
[INFO] [stderr]                                at /rustc/1b7dd2252b99671ce5d1cb9664c5f8636329436d/library/std/src/../../backtrace/src/backtrace/libunwind.rs:93:5
[INFO] [stderr]    1:     0x7efe8aea9cca - std::backtrace_rs::backtrace::trace_unsynchronized::hedc23dff7a1af150
[INFO] [stderr]                                at /rustc/1b7dd2252b99671ce5d1cb9664c5f8636329436d/library/std/src/../../backtrace/src/backtrace/mod.rs:66:5
[INFO] [stderr]    2:     0x7efe8aea9cca - std::sys_common::backtrace::_print_fmt::h17541ef7592f3ce2
[INFO] [stderr]                                at /rustc/1b7dd2252b99671ce5d1cb9664c5f8636329436d/library/std/src/sys_common/backtrace.rs:65:5
[INFO] [stderr]    3:     0x7efe8aea9cca - <std::sys_common::backtrace::_print::DisplayBacktrace as core::fmt::Display>::fmt::h20f75df5ab0c0792
[INFO] [stderr]                                at /rustc/1b7dd2252b99671ce5d1cb9664c5f8636329436d/library/std/src/sys_common/backtrace.rs:44:22
[INFO] [stderr] error: could not compile `memoffset` (build script) due to 2 previous errors
[INFO] [stdout] error: linking with `cc` failed: exit status: 1
[INFO] [stdout]   |
[INFO] [stdout]   = note: LC_ALL="C" PATH="/opt/rustwide/rustup-home/toolchains/beta-2023-04-20-x86_64-unknown-linux-gnu/lib/rustlib/x86_64-unknown-linux-gnu/bin:/opt/rustwide/cargo-home/bin:/usr/local/sbin:/usr/local/bin:/usr/sbin:/usr/bin:/sbin:/bin" VSLANG="1033" "cc" "-m64" "/tmp/rustcxQzSe9/symbols.o" "/opt/rustwide/target/debug/build/memoffset-0b292052ec1e9019/build_script_build-0b292052ec1e9019.build_script_build.a11d7f75-cgu.0.rcgu.o" "/opt/rustwide/target/debug/build/memoffset-0b292052ec1e9019/build_script_build-0b292052ec1e9019.build_script_build.a11d7f75-cgu.1.rcgu.o" "/opt/rustwide/target/debug/build/memoffset-0b292052ec1e9019/build_script_build-0b292052ec1e9019.build_script_build.a11d7f75-cgu.2.rcgu.o" "/opt/rustwide/target/debug/build/memoffset-0b292052ec1e9019/build_script_build-0b292052ec1e9019.build_script_build.a11d7f75-cgu.3.rcgu.o" "/opt/rustwide/target/debug/build/memoffset-0b292052ec1e9019/build_script_build-0b292052ec1e9019.build_script_build.a11d7f75-cgu.4.rcgu.o" "/opt/rustwide/target/debug/build/memoffset-0b292052ec1e9019/build_script_build-0b292052ec1e9019.build_script_build.a11d7f75-cgu.5.rcgu.o" "/opt/rustwide/target/debug/build/memoffset-0b292052ec1e9019/build_script_build-0b292052ec1e9019.4897tz448wl0148z.rcgu.o" "-Wl,--as-needed" "-L" "/opt/rustwide/target/debug/deps" "-L" "/opt/rustwide/rustup-home/toolchains/beta-2023-04-20-x86_64-unknown-linux-gnu/lib/rustlib/x86_64-unknown-linux-gnu/lib" "-Wl,-Bstatic" "/opt/rustwide/target/debug/deps/libautocfg-2a455f138db37d2f.rlib" "/opt/rustwide/rustup-home/toolchains/beta-2023-04-20-x86_64-unknown-linux-gnu/lib/rustlib/x86_64-unknown-linux-gnu/lib/libstd-0e29cc23c5e02021.rlib" "/opt/rustwide/rustup-home/toolchains/beta-2023-04-20-x86_64-unknown-linux-gnu/lib/rustlib/x86_64-unknown-linux-gnu/lib/libpanic_unwind-d903621768a861d9.rlib" "/opt/rustwide/rustup-home/toolchains/beta-2023-04-20-x86_64-unknown-linux-gnu/lib/rustlib/x86_64-unknown-linux-gnu/lib/libobject-6d0225e655f31c13.rlib" "/opt/rustwide/rustup-home/toolchains/beta-2023-04-20-x86_64-unknown-linux-gnu/lib/rustlib/x86_64-unknown-linux-gnu/lib/libmemchr-9dbaf4eac7eaa079.rlib" "/opt/rustwide/rustup-home/toolchains/beta-2023-04-20-x86_64-unknown-linux-gnu/lib/rustlib/x86_64-unknown-linux-gnu/lib/libaddr2line-27f05b3d42a66dd0.rlib" "/opt/rustwide/rustup-home/toolchains/beta-2023-04-20-x86_64-unknown-linux-gnu/lib/rustlib/x86_64-unknown-linux-gnu/lib/libgimli-4d73f1030321c9a2.rlib" "/opt/rustwide/rustup-home/toolchains/beta-2023-04-20-x86_64-unknown-linux-gnu/lib/rustlib/x86_64-unknown-linux-gnu/lib/librustc_demangle-2846c9e58abd0acb.rlib" "/opt/rustwide/rustup-home/toolchains/beta-2023-04-20-x86_64-unknown-linux-gnu/lib/rustlib/x86_64-unknown-linux-gnu/lib/libstd_detect-a53d0f50415947be.rlib" "/opt/rustwide/rustup-home/toolchains/beta-2023-04-20-x86_64-unknown-linux-gnu/lib/rustlib/x86_64-unknown-linux-gnu/lib/libhashbrown-d48e4b6abc25b9dc.rlib" "/opt/rustwide/rustup-home/toolchains/beta-2023-04-20-x86_64-unknown-linux-gnu/lib/rustlib/x86_64-unknown-linux-gnu/lib/libminiz_oxide-2991859439ef1207.rlib" "/opt/rustwide/rustup-home/toolchains/beta-2023-04-20-x86_64-unknown-linux-gnu/lib/rustlib/x86_64-unknown-linux-gnu/lib/libadler-8a687517e4221bae.rlib" "/opt/rustwide/rustup-home/toolchains/beta-2023-04-20-x86_64-unknown-linux-gnu/lib/rustlib/x86_64-unknown-linux-gnu/lib/librustc_std_workspace_alloc-e07b554f6a67f5b3.rlib" "/opt/rustwide/rustup-home/toolchains/beta-2023-04-20-x86_64-unknown-linux-gnu/lib/rustlib/x86_64-unknown-linux-gnu/lib/libunwind-b68238b7c3c619dd.rlib" "/opt/rustwide/rustup-home/toolchains/beta-2023-04-20-x86_64-unknown-linux-gnu/lib/rustlib/x86_64-unknown-linux-gnu/lib/libcfg_if-d5e213e896c017e4.rlib" "/opt/rustwide/rustup-home/toolchains/beta-2023-04-20-x86_64-unknown-linux-gnu/lib/rustlib/x86_64-unknown-linux-gnu/lib/liblibc-0211a3b2e61d8689.rlib" "/opt/rustwide/rustup-home/toolchains/beta-2023-04-20-x86_64-unknown-linux-gnu/lib/rustlib/x86_64-unknown-linux-gnu/lib/liballoc-b371f055239ba51f.rlib" "/opt/rustwide/rustup-home/toolchains/beta-2023-04-20-x86_64-unknown-linux-gnu/lib/rustlib/x86_64-unknown-linux-gnu/lib/librustc_std_workspace_core-e60518d2760eb01e.rlib" "/opt/rustwide/rustup-home/toolchains/beta-2023-04-20-x86_64-unknown-linux-gnu/lib/rustlib/x86_64-unknown-linux-gnu/lib/libcore-1ad943f92a4b1081.rlib" "/opt/rustwide/rustup-home/toolchains/beta-2023-04-20-x86_64-unknown-linux-gnu/lib/rustlib/x86_64-unknown-linux-gnu/lib/libcompiler_builtins-f0d6e4d0fc1e80b4.rlib" "-Wl,-Bdynamic" "-lgcc_s" "-lutil" "-lrt" "-lpthread" "-lm" "-ldl" "-lc" "-Wl,--eh-frame-hdr" "-Wl,-z,noexecstack" "-L" "/opt/rustwide/rustup-home/toolchains/beta-2023-04-20-x86_64-unknown-linux-gnu/lib/rustlib/x86_64-unknown-linux-gnu/lib" "-o" "/opt/rustwide/target/debug/build/memoffset-0b292052ec1e9019/build_script_build-0b292052ec1e9019" "-Wl,--gc-sections" "-pie" "-Wl,-z,relro,-z,now" "-nodefaultlibs"
[INFO] [stdout]   = note: /usr/bin/ld: final link failed: No space left on device
[INFO] [stdout]           collect2: error: ld returned 1 exit status
[INFO] [stdout]           
[INFO] [stdout] 
[INFO] [stdout] 
[INFO] [stderr]    4:     0x7efe8af0e0cf - core::fmt::write::h78109e6f466b3af6
[INFO] [stdout] error: aborting due to previous error
[INFO] [stdout] 
[INFO] [stdout] 
[INFO] [stderr]                                at /rustc/1b7dd2252b99671ce5d1cb9664c5f8636329436d/library/core/src/fmt/mod.rs:1254:17
[INFO] [stderr]    5:     0x7efe8ae9c805 - std::io::Write::write_fmt::hc59e1b02dd273c8a
[INFO] [stderr]                                at /rustc/1b7dd2252b99671ce5d1cb9664c5f8636329436d/library/std/src/io/mod.rs:1698:15
[INFO] [stderr]    6:     0x7efe8aea9a95 - std::sys_common::backtrace::_print::h8dac57a9f8fbf9a5
[INFO] [stderr]                                at /rustc/1b7dd2252b99671ce5d1cb9664c5f8636329436d/library/std/src/sys_common/backtrace.rs:47:5
[INFO] [stderr]    7:     0x7efe8aea9a95 - std::sys_common::backtrace::print::hf9ecbf41d1aa712f
[INFO] [stdout] error: linking with `cc` failed: exit status: 1
[INFO] [stdout]   |
[INFO] [stdout]   = note: LC_ALL="C" PATH="/opt/rustwide/rustup-home/toolchains/beta-2023-04-20-x86_64-unknown-linux-gnu/lib/rustlib/x86_64-unknown-linux-gnu/bin:/opt/rustwide/cargo-home/bin:/usr/local/sbin:/usr/local/bin:/usr/sbin:/usr/bin:/sbin:/bin" VSLANG="1033" "cc" "-m64" "/tmp/rustcSaGxCy/symbols.o" "/opt/rustwide/target/debug/build/wayland-sys-60383ae1a3db637c/build_script_build-60383ae1a3db637c.build_script_build.14d887d6-cgu.0.rcgu.o" "/opt/rustwide/target/debug/build/wayland-sys-60383ae1a3db637c/build_script_build-60383ae1a3db637c.build_script_build.14d887d6-cgu.1.rcgu.o" "/opt/rustwide/target/debug/build/wayland-sys-60383ae1a3db637c/build_script_build-60383ae1a3db637c.build_script_build.14d887d6-cgu.2.rcgu.o" "/opt/rustwide/target/debug/build/wayland-sys-60383ae1a3db637c/build_script_build-60383ae1a3db637c.build_script_build.14d887d6-cgu.3.rcgu.o" "/opt/rustwide/target/debug/build/wayland-sys-60383ae1a3db637c/build_script_build-60383ae1a3db637c.build_script_build.14d887d6-cgu.4.rcgu.o" "/opt/rustwide/target/debug/build/wayland-sys-60383ae1a3db637c/build_script_build-60383ae1a3db637c.build_script_build.14d887d6-cgu.5.rcgu.o" "/opt/rustwide/target/debug/build/wayland-sys-60383ae1a3db637c/build_script_build-60383ae1a3db637c.4mde30t3bk89hcfb.rcgu.o" "-Wl,--as-needed" "-L" "/opt/rustwide/target/debug/deps" "-L" "/opt/rustwide/rustup-home/toolchains/beta-2023-04-20-x86_64-unknown-linux-gnu/lib/rustlib/x86_64-unknown-linux-gnu/lib" "-Wl,-Bstatic" "/opt/rustwide/target/debug/deps/libpkg_config-4fb12c7087c641b2.rlib" "/opt/rustwide/rustup-home/toolchains/beta-2023-04-20-x86_64-unknown-linux-gnu/lib/rustlib/x86_64-unknown-linux-gnu/lib/libstd-0e29cc23c5e02021.rlib" "/opt/rustwide/rustup-home/toolchains/beta-2023-04-20-x86_64-unknown-linux-gnu/lib/rustlib/x86_64-unknown-linux-gnu/lib/libpanic_unwind-d903621768a861d9.rlib" "/opt/rustwide/rustup-home/toolchains/beta-2023-04-20-x86_64-unknown-linux-gnu/lib/rustlib/x86_64-unknown-linux-gnu/lib/libobject-6d0225e655f31c13.rlib" "/opt/rustwide/rustup-home/toolchains/beta-2023-04-20-x86_64-unknown-linux-gnu/lib/rustlib/x86_64-unknown-linux-gnu/lib/libmemchr-9dbaf4eac7eaa079.rlib" "/opt/rustwide/rustup-home/toolchains/beta-2023-04-20-x86_64-unknown-linux-gnu/lib/rustlib/x86_64-unknown-linux-gnu/lib/libaddr2line-27f05b3d42a66dd0.rlib" "/opt/rustwide/rustup-home/toolchains/beta-2023-04-20-x86_64-unknown-linux-gnu/lib/rustlib/x86_64-unknown-linux-gnu/lib/libgimli-4d73f1030321c9a2.rlib" "/opt/rustwide/rustup-home/toolchains/beta-2023-04-20-x86_64-unknown-linux-gnu/lib/rustlib/x86_64-unknown-linux-gnu/lib/librustc_demangle-2846c9e58abd0acb.rlib" "/opt/rustwide/rustup-home/toolchains/beta-2023-04-20-x86_64-unknown-linux-gnu/lib/rustlib/x86_64-unknown-linux-gnu/lib/libstd_detect-a53d0f50415947be.rlib" "/opt/rustwide/rustup-home/toolchains/beta-2023-04-20-x86_64-unknown-linux-gnu/lib/rustlib/x86_64-unknown-linux-gnu/lib/libhashbrown-d48e4b6abc25b9dc.rlib" "/opt/rustwide/rustup-home/toolchains/beta-2023-04-20-x86_64-unknown-linux-gnu/lib/rustlib/x86_64-unknown-linux-gnu/lib/libminiz_oxide-2991859439ef1207.rlib" "/opt/rustwide/rustup-home/toolchains/beta-2023-04-20-x86_64-unknown-linux-gnu/lib/rustlib/x86_64-unknown-linux-gnu/lib/libadler-8a687517e4221bae.rlib" "/opt/rustwide/rustup-home/toolchains/beta-2023-04-20-x86_64-unknown-linux-gnu/lib/rustlib/x86_64-unknown-linux-gnu/lib/librustc_std_workspace_alloc-e07b554f6a67f5b3.rlib" "/opt/rustwide/rustup-home/toolchains/beta-2023-04-20-x86_64-unknown-linux-gnu/lib/rustlib/x86_64-unknown-linux-gnu/lib/libunwind-b68238b7c3c619dd.rlib" "/opt/rustwide/rustup-home/toolchains/beta-2023-04-20-x86_64-unknown-linux-gnu/lib/rustlib/x86_64-unknown-linux-gnu/lib/libcfg_if-d5e213e896c017e4.rlib" "/opt/rustwide/rustup-home/toolchains/beta-2023-04-20-x86_64-unknown-linux-gnu/lib/rustlib/x86_64-unknown-linux-gnu/lib/liblibc-0211a3b2e61d8689.rlib" "/opt/rustwide/rustup-home/toolchains/beta-2023-04-20-x86_64-unknown-linux-gnu/lib/rustlib/x86_64-unknown-linux-gnu/lib/liballoc-b371f055239ba51f.rlib" "/opt/rustwide/rustup-home/toolchains/beta-2023-04-20-x86_64-unknown-linux-gnu/lib/rustlib/x86_64-unknown-linux-gnu/lib/librustc_std_workspace_core-e60518d2760eb01e.rlib" "/opt/rustwide/rustup-home/toolchains/beta-2023-04-20-x86_64-unknown-linux-gnu/lib/rustlib/x86_64-unknown-linux-gnu/lib/libcore-1ad943f92a4b1081.rlib" "/opt/rustwide/rustup-home/toolchains/beta-2023-04-20-x86_64-unknown-linux-gnu/lib/rustlib/x86_64-unknown-linux-gnu/lib/libcompiler_builtins-f0d6e4d0fc1e80b4.rlib" "-Wl,-Bdynamic" "-lgcc_s" "-lutil" "-lrt" "-lpthread" "-lm" "-ldl" "-lc" "-Wl,--eh-frame-hdr" "-Wl,-z,noexecstack" "-L" "/opt/rustwide/rustup-home/toolchains/beta-2023-04-20-x86_64-unknown-linux-gnu/lib/rustlib/x86_64-unknown-linux-gnu/lib" "-o" "/opt/rustwide/target/debug/build/wayland-sys-60383ae1a3db637c/build_script_build-60383ae1a3db637c" "-Wl,--gc-sections" "-pie" "-Wl,-z,relro,-z,now" "-nodefaultlibs"
[INFO] [stdout]   = note: /usr/bin/ld: final link failed: No space left on device
[INFO] [stdout]           collect2: error: ld returned 1 exit status
[INFO] [stdout]           
[INFO] [stdout] 
[INFO] [stdout] 
[INFO] [stderr]                                at /rustc/1b7dd2252b99671ce5d1cb9664c5f8636329436d/library/std/src/sys_common/backtrace.rs:34:9
[INFO] [stdout] error: aborting due to previous error
[INFO] [stdout] 
[INFO] [stdout] 
[INFO] [stderr]    8:     0x7efe8aeac73e - std::panicking::default_hook::{{closure}}::h04c07acfc84ca028
[INFO] [stderr]                                at /rustc/1b7dd2252b99671ce5d1cb9664c5f8636329436d/library/std/src/panicking.rs:269:22
[INFO] [stderr]    9:     0x7efe8aeac4e5 - std::panicking::default_hook::h01f6bb23e1eceb2c
[INFO] [stderr]                                at /rustc/1b7dd2252b99671ce5d1cb9664c5f8636329436d/library/std/src/panicking.rs:288:9
[INFO] [stderr] error: could not compile `crc32fast` (build script)
[INFO] [stderr] error: could not compile `wayland-sys` (build script) due to 2 previous errors
[INFO] [stderr] LLVM ERROR: IO failure on output stream: No space left on device
[INFO] [stdout] error: linking with `cc` failed: exit status: 1
[INFO] [stdout]   |
[INFO] [stdout]   = note: LC_ALL="C" PATH="/opt/rustwide/rustup-home/toolchains/beta-2023-04-20-x86_64-unknown-linux-gnu/lib/rustlib/x86_64-unknown-linux-gnu/bin:/opt/rustwide/cargo-home/bin:/usr/local/sbin:/usr/local/bin:/usr/sbin:/usr/bin:/sbin:/bin" VSLANG="1033" "cc" "-m64" "/tmp/rustcPenntK/symbols.o" "/opt/rustwide/target/debug/build/num-integer-47746a6ee744e38c/build_script_build-47746a6ee744e38c.build_script_build.2efbc5ce-cgu.0.rcgu.o" "/opt/rustwide/target/debug/build/num-integer-47746a6ee744e38c/build_script_build-47746a6ee744e38c.build_script_build.2efbc5ce-cgu.1.rcgu.o" "/opt/rustwide/target/debug/build/num-integer-47746a6ee744e38c/build_script_build-47746a6ee744e38c.build_script_build.2efbc5ce-cgu.2.rcgu.o" "/opt/rustwide/target/debug/build/num-integer-47746a6ee744e38c/build_script_build-47746a6ee744e38c.build_script_build.2efbc5ce-cgu.3.rcgu.o" "/opt/rustwide/target/debug/build/num-integer-47746a6ee744e38c/build_script_build-47746a6ee744e38c.build_script_build.2efbc5ce-cgu.4.rcgu.o" "/opt/rustwide/target/debug/build/num-integer-47746a6ee744e38c/build_script_build-47746a6ee744e38c.build_script_build.2efbc5ce-cgu.5.rcgu.o" "/opt/rustwide/target/debug/build/num-integer-47746a6ee744e38c/build_script_build-47746a6ee744e38c.ez9o3yl9rdb77lf.rcgu.o" "-Wl,--as-needed" "-L" "/opt/rustwide/target/debug/deps" "-L" "/opt/rustwide/rustup-home/toolchains/beta-2023-04-20-x86_64-unknown-linux-gnu/lib/rustlib/x86_64-unknown-linux-gnu/lib" "-Wl,-Bstatic" "/opt/rustwide/target/debug/deps/libautocfg-2a455f138db37d2f.rlib" "/opt/rustwide/rustup-home/toolchains/beta-2023-04-20-x86_64-unknown-linux-gnu/lib/rustlib/x86_64-unknown-linux-gnu/lib/libstd-0e29cc23c5e02021.rlib" "/opt/rustwide/rustup-home/toolchains/beta-2023-04-20-x86_64-unknown-linux-gnu/lib/rustlib/x86_64-unknown-linux-gnu/lib/libpanic_unwind-d903621768a861d9.rlib" "/opt/rustwide/rustup-home/toolchains/beta-2023-04-20-x86_64-unknown-linux-gnu/lib/rustlib/x86_64-unknown-linux-gnu/lib/libobject-6d0225e655f31c13.rlib" "/opt/rustwide/rustup-home/toolchains/beta-2023-04-20-x86_64-unknown-linux-gnu/lib/rustlib/x86_64-unknown-linux-gnu/lib/libmemchr-9dbaf4eac7eaa079.rlib" "/opt/rustwide/rustup-home/toolchains/beta-2023-04-20-x86_64-unknown-linux-gnu/lib/rustlib/x86_64-unknown-linux-gnu/lib/libaddr2line-27f05b3d42a66dd0.rlib" "/opt/rustwide/rustup-home/toolchains/beta-2023-04-20-x86_64-unknown-linux-gnu/lib/rustlib/x86_64-unknown-linux-gnu/lib/libgimli-4d73f1030321c9a2.rlib" "/opt/rustwide/rustup-home/toolchains/beta-2023-04-20-x86_64-unknown-linux-gnu/lib/rustlib/x86_64-unknown-linux-gnu/lib/librustc_demangle-2846c9e58abd0acb.rlib" "/opt/rustwide/rustup-home/toolchains/beta-2023-04-20-x86_64-unknown-linux-gnu/lib/rustlib/x86_64-unknown-linux-gnu/lib/libstd_detect-a53d0f50415947be.rlib" "/opt/rustwide/rustup-home/toolchains/beta-2023-04-20-x86_64-unknown-linux-gnu/lib/rustlib/x86_64-unknown-linux-gnu/lib/libhashbrown-d48e4b6abc25b9dc.rlib" "/opt/rustwide/rustup-home/toolchains/beta-2023-04-20-x86_64-unknown-linux-gnu/lib/rustlib/x86_64-unknown-linux-gnu/lib/libminiz_oxide-2991859439ef1207.rlib" "/opt/rustwide/rustup-home/toolchains/beta-2023-04-20-x86_64-unknown-linux-gnu/lib/rustlib/x86_64-unknown-linux-gnu/lib/libadler-8a687517e4221bae.rlib" "/opt/rustwide/rustup-home/toolchains/beta-2023-04-20-x86_64-unknown-linux-gnu/lib/rustlib/x86_64-unknown-linux-gnu/lib/librustc_std_workspace_alloc-e07b554f6a67f5b3.rlib" "/opt/rustwide/rustup-home/toolchains/beta-2023-04-20-x86_64-unknown-linux-gnu/lib/rustlib/x86_64-unknown-linux-gnu/lib/libunwind-b68238b7c3c619dd.rlib" "/opt/rustwide/rustup-home/toolchains/beta-2023-04-20-x86_64-unknown-linux-gnu/lib/rustlib/x86_64-unknown-linux-gnu/lib/libcfg_if-d5e213e896c017e4.rlib" "/opt/rustwide/rustup-home/toolchains/beta-2023-04-20-x86_64-unknown-linux-gnu/lib/rustlib/x86_64-unknown-linux-gnu/lib/liblibc-0211a3b2e61d8689.rlib" "/opt/rustwide/rustup-home/toolchains/beta-2023-04-20-x86_64-unknown-linux-gnu/lib/rustlib/x86_64-unknown-linux-gnu/lib/liballoc-b371f055239ba51f.rlib" "/opt/rustwide/rustup-home/toolchains/beta-2023-04-20-x86_64-unknown-linux-gnu/lib/rustlib/x86_64-unknown-linux-gnu/lib/librustc_std_workspace_core-e60518d2760eb01e.rlib" "/opt/rustwide/rustup-home/toolchains/beta-2023-04-20-x86_64-unknown-linux-gnu/lib/rustlib/x86_64-unknown-linux-gnu/lib/libcore-1ad943f92a4b1081.rlib" "/opt/rustwide/rustup-home/toolchains/beta-2023-04-20-x86_64-unknown-linux-gnu/lib/rustlib/x86_64-unknown-linux-gnu/lib/libcompiler_builtins-f0d6e4d0fc1e80b4.rlib" "-Wl,-Bdynamic" "-lgcc_s" "-lutil" "-lrt" "-lpthread" "-lm" "-ldl" "-lc" "-Wl,--eh-frame-hdr" "-Wl,-z,noexecstack" "-L" "/opt/rustwide/rustup-home/toolchains/beta-2023-04-20-x86_64-unknown-linux-gnu/lib/rustlib/x86_64-unknown-linux-gnu/lib" "-o" "/opt/rustwide/target/debug/build/num-integer-47746a6ee744e38c/build_script_build-47746a6ee744e38c" "-Wl,--gc-sections" "-pie" "-Wl,-z,relro,-z,now" "-nodefaultlibs"
[INFO] [stdout]   = note: /usr/bin/ld: final link failed: No space left on device
[INFO] [stdout]           collect2: error: ld returned 1 exit status
[INFO] [stdout]           
[INFO] [stdout] 
[INFO] [stdout] 
[INFO] [stdout] error: aborting due to previous error
[INFO] [stdout] 
[INFO] [stdout] 
[INFO] [stderr] error: could not compile `xml-rs` (lib)
[INFO] [stdout] error: linking with `cc` failed: exit status: 1
[INFO] [stdout]   |
[INFO] [stdout]   = note: LC_ALL="C" PATH="/opt/rustwide/rustup-home/toolchains/beta-2023-04-20-x86_64-unknown-linux-gnu/lib/rustlib/x86_64-unknown-linux-gnu/bin:/opt/rustwide/cargo-home/bin:/usr/local/sbin:/usr/local/bin:/usr/sbin:/usr/bin:/sbin:/bin" VSLANG="1033" "cc" "-m64" "/tmp/rustcFRghvT/symbols.o" "/opt/rustwide/target/debug/build/x11-dl-2a6c196478815ead/build_script_build-2a6c196478815ead.build_script_build.9c0ea726-cgu.0.rcgu.o" "/opt/rustwide/target/debug/build/x11-dl-2a6c196478815ead/build_script_build-2a6c196478815ead.build_script_build.9c0ea726-cgu.1.rcgu.o" "/opt/rustwide/target/debug/build/x11-dl-2a6c196478815ead/build_script_build-2a6c196478815ead.build_script_build.9c0ea726-cgu.10.rcgu.o" "/opt/rustwide/target/debug/build/x11-dl-2a6c196478815ead/build_script_build-2a6c196478815ead.build_script_build.9c0ea726-cgu.11.rcgu.o" "/opt/rustwide/target/debug/build/x11-dl-2a6c196478815ead/build_script_build-2a6c196478815ead.build_script_build.9c0ea726-cgu.12.rcgu.o" "/opt/rustwide/target/debug/build/x11-dl-2a6c196478815ead/build_script_build-2a6c196478815ead.build_script_build.9c0ea726-cgu.13.rcgu.o" "/opt/rustwide/target/debug/build/x11-dl-2a6c196478815ead/build_script_build-2a6c196478815ead.build_script_build.9c0ea726-cgu.14.rcgu.o" "/opt/rustwide/target/debug/build/x11-dl-2a6c196478815ead/build_script_build-2a6c196478815ead.build_script_build.9c0ea726-cgu.15.rcgu.o" "/opt/rustwide/target/debug/build/x11-dl-2a6c196478815ead/build_script_build-2a6c196478815ead.build_script_build.9c0ea726-cgu.2.rcgu.o" "/opt/rustwide/target/debug/build/x11-dl-2a6c196478815ead/build_script_build-2a6c196478815ead.build_script_build.9c0ea726-cgu.3.rcgu.o" "/opt/rustwide/target/debug/build/x11-dl-2a6c196478815ead/build_script_build-2a6c196478815ead.build_script_build.9c0ea726-cgu.4.rcgu.o" "/opt/rustwide/target/debug/build/x11-dl-2a6c196478815ead/build_script_build-2a6c196478815ead.build_script_build.9c0ea726-cgu.5.rcgu.o" "/opt/rustwide/target/debug/build/x11-dl-2a6c196478815ead/build_script_build-2a6c196478815ead.build_script_build.9c0ea726-cgu.6.rcgu.o" "/opt/rustwide/target/debug/build/x11-dl-2a6c196478815ead/build_script_build-2a6c196478815ead.build_script_build.9c0ea726-cgu.7.rcgu.o" "/opt/rustwide/target/debug/build/x11-dl-2a6c196478815ead/build_script_build-2a6c196478815ead.build_script_build.9c0ea726-cgu.8.rcgu.o" "/opt/rustwide/target/debug/build/x11-dl-2a6c196478815ead/build_script_build-2a6c196478815ead.build_script_build.9c0ea726-cgu.9.rcgu.o" "/opt/rustwide/target/debug/build/x11-dl-2a6c196478815ead/build_script_build-2a6c196478815ead.2cxuh4j9hk6oc2lk.rcgu.o" "-Wl,--as-needed" "-L" "/opt/rustwide/target/debug/deps" "-L" "/opt/rustwide/rustup-home/toolchains/beta-2023-04-20-x86_64-unknown-linux-gnu/lib/rustlib/x86_64-unknown-linux-gnu/lib" "-Wl,-Bstatic" "/opt/rustwide/target/debug/deps/libpkg_config-4fb12c7087c641b2.rlib" "/opt/rustwide/rustup-home/toolchains/beta-2023-04-20-x86_64-unknown-linux-gnu/lib/rustlib/x86_64-unknown-linux-gnu/lib/libstd-0e29cc23c5e02021.rlib" "/opt/rustwide/rustup-home/toolchains/beta-2023-04-20-x86_64-unknown-linux-gnu/lib/rustlib/x86_64-unknown-linux-gnu/lib/libpanic_unwind-d903621768a861d9.rlib" "/opt/rustwide/rustup-home/toolchains/beta-2023-04-20-x86_64-unknown-linux-gnu/lib/rustlib/x86_64-unknown-linux-gnu/lib/libobject-6d0225e655f31c13.rlib" "/opt/rustwide/rustup-home/toolchains/beta-2023-04-20-x86_64-unknown-linux-gnu/lib/rustlib/x86_64-unknown-linux-gnu/lib/libmemchr-9dbaf4eac7eaa079.rlib" "/opt/rustwide/rustup-home/toolchains/beta-2023-04-20-x86_64-unknown-linux-gnu/lib/rustlib/x86_64-unknown-linux-gnu/lib/libaddr2line-27f05b3d42a66dd0.rlib" "/opt/rustwide/rustup-home/toolchains/beta-2023-04-20-x86_64-unknown-linux-gnu/lib/rustlib/x86_64-unknown-linux-gnu/lib/libgimli-4d73f1030321c9a2.rlib" "/opt/rustwide/rustup-home/toolchains/beta-2023-04-20-x86_64-unknown-linux-gnu/lib/rustlib/x86_64-unknown-linux-gnu/lib/librustc_demangle-2846c9e58abd0acb.rlib" "/opt/rustwide/rustup-home/toolchains/beta-2023-04-20-x86_64-unknown-linux-gnu/lib/rustlib/x86_64-unknown-linux-gnu/lib/libstd_detect-a53d0f50415947be.rlib" "/opt/rustwide/rustup-home/toolchains/beta-2023-04-20-x86_64-unknown-linux-gnu/lib/rustlib/x86_64-unknown-linux-gnu/lib/libhashbrown-d48e4b6abc25b9dc.rlib" "/opt/rustwide/rustup-home/toolchains/beta-2023-04-20-x86_64-unknown-linux-gnu/lib/rustlib/x86_64-unknown-linux-gnu/lib/libminiz_oxide-2991859439ef1207.rlib" "/opt/rustwide/rustup-home/toolchains/beta-2023-04-20-x86_64-unknown-linux-gnu/lib/rustlib/x86_64-unknown-linux-gnu/lib/libadler-8a687517e4221bae.rlib" "/opt/rustwide/rustup-home/toolchains/beta-2023-04-20-x86_64-unknown-linux-gnu/lib/rustlib/x86_64-unknown-linux-gnu/lib/librustc_std_workspace_alloc-e07b554f6a67f5b3.rlib" "/opt/rustwide/rustup-home/toolchains/beta-2023-04-20-x86_64-unknown-linux-gnu/lib/rustlib/x86_64-unknown-linux-gnu/lib/libunwind-b68238b7c3c619dd.rlib" "/opt/rustwide/rustup-home/toolchains/beta-2023-04-20-x86_64-unknown-linux-gnu/lib/rustlib/x86_64-unknown-linux-gnu/lib/libcfg_if-d5e213e896c017e4.rlib" "/opt/rustwide/rustup-home/toolchains/beta-2023-04-20-x86_64-unknown-linux-gnu/lib/rustlib/x86_64-unknown-linux-gnu/lib/liblibc-0211a3b2e61d8689.rlib" "/opt/rustwide/rustup-home/toolchains/beta-2023-04-20-x86_64-unknown-linux-gnu/lib/rustlib/x86_64-unknown-linux-gnu/lib/liballoc-b371f055239ba51f.rlib" "/opt/rustwide/rustup-home/toolchains/beta-2023-04-20-x86_64-unknown-linux-gnu/lib/rustlib/x86_64-unknown-linux-gnu/lib/librustc_std_workspace_core-e60518d2760eb01e.rlib" "/opt/rustwide/rustup-home/toolchains/beta-2023-04-20-x86_64-unknown-linux-gnu/lib/rustlib/x86_64-unknown-linux-gnu/lib/libcore-1ad943f92a4b1081.rlib" "/opt/rustwide/rustup-home/toolchains/beta-2023-04-20-x86_64-unknown-linux-gnu/lib/rustlib/x86_64-unknown-linux-gnu/lib/libcompiler_builtins-f0d6e4d0fc1e80b4.rlib" "-Wl,-Bdynamic" "-lgcc_s" "-lutil" "-lrt" "-lpthread" "-lm" "-ldl" "-lc" "-Wl,--eh-frame-hdr" "-Wl,-z,noexecstack" "-L" "/opt/rustwide/rustup-home/toolchains/beta-2023-04-20-x86_64-unknown-linux-gnu/lib/rustlib/x86_64-unknown-linux-gnu/lib" "-o" "/opt/rustwide/target/debug/build/x11-dl-2a6c196478815ead/build_script_build-2a6c196478815ead" "-Wl,--gc-sections" "-pie" "-Wl,-z,relro,-z,now" "-nodefaultlibs"
[INFO] [stdout]   = note: /usr/bin/ld: final link failed: No space left on device
[INFO] [stdout]           collect2: error: ld returned 1 exit status
[INFO] [stdout]           
[INFO] [stdout] 
[INFO] [stdout] 
[INFO] [stdout] error: aborting due to previous error
[INFO] [stdout] 
[INFO] [stdout] 
[INFO] [stderr] error: could not compile `num-integer` (build script) due to 2 previous errors
[INFO] [stderr]   10:     0x7efe8e19ca35 - rustc_driver_impl[dc743aefd116e4d1]::DEFAULT_HOOK::{closure#0}::{closure#0}
[INFO] [stderr] error: could not compile `x11-dl` (build script) due to 2 previous errors
[INFO] [stderr]   11:     0x7efe8aeacf34 - <alloc::boxed::Box<F,A> as core::ops::function::Fn<Args>>::call::h3f2d6d8b14c4769f
[INFO] [stderr]                                at /rustc/1b7dd2252b99671ce5d1cb9664c5f8636329436d/library/alloc/src/boxed.rs:1987:9
[INFO] [stderr]   12:     0x7efe8aeacf34 - std::panicking::rust_panic_with_hook::h2bb3722bbaf2f6df
[INFO] [stderr]                                at /rustc/1b7dd2252b99671ce5d1cb9664c5f8636329436d/library/std/src/panicking.rs:695:13
[INFO] [stderr]   13:     0x7efe8aeacc62 - std::panicking::begin_panic_handler::{{closure}}::h91bc7f36a4be011b
[INFO] [stderr]                                at /rustc/1b7dd2252b99671ce5d1cb9664c5f8636329436d/library/std/src/panicking.rs:580:13
[INFO] [stderr]   14:     0x7efe8aeaa136 - std::sys_common::backtrace::__rust_end_short_backtrace::h8b3d3717114f9e59
[INFO] [stderr]                                at /rustc/1b7dd2252b99671ce5d1cb9664c5f8636329436d/library/std/src/sys_common/backtrace.rs:150:18
[INFO] [stderr]   15:     0x7efe8aeaca02 - rust_begin_unwind
[INFO] [stderr]                                at /rustc/1b7dd2252b99671ce5d1cb9664c5f8636329436d/library/std/src/panicking.rs:578:5
[INFO] [stderr]   16:     0x7efe8af0a443 - core::panicking::panic_fmt::hfd368e3fbdabea26
[INFO] [stderr]                                at /rustc/1b7dd2252b99671ce5d1cb9664c5f8636329436d/library/core/src/panicking.rs:67:14
[INFO] [stderr]   17:     0x7efe8af0a4dd - core::panicking::panic::h3f9042d09bd0bf2e
[INFO] [stderr]                                at /rustc/1b7dd2252b99671ce5d1cb9664c5f8636329436d/library/core/src/panicking.rs:117:5
[INFO] [stderr]   18:     0x7efe8d4fb13e - <rustc_metadata[265efc8f25a37d70]::rmeta::encoder::EncodeContext as rustc_hir[e72455f0dee9cbdd]::intravisit::Visitor>::visit_item
[INFO] [stderr]   19:     0x7efe8d4f5f30 - <rustc_middle[190fc878b70c43dc]::hir::map::Map>::visit_all_item_likes_in_crate::<rustc_metadata[265efc8f25a37d70]::rmeta::encoder::EncodeContext>
[INFO] [stderr]   20:     0x7efe8d4e360f - <rustc_metadata[265efc8f25a37d70]::rmeta::encoder::EncodeContext>::encode_crate_root
[INFO] [stderr]   21:     0x7efe8d479f89 - rustc_metadata[265efc8f25a37d70]::rmeta::encoder::encode_metadata_impl
[INFO] [stderr]   22:     0x7efe8d46d951 - rustc_data_structures[f629b2cb664ef839]::sync::join::<rustc_metadata[265efc8f25a37d70]::rmeta::encoder::encode_metadata::{closure#0}, rustc_metadata[265efc8f25a37d70]::rmeta::encoder::encode_metadata::{closure#1}, (), ()>
[INFO] [stderr]   23:     0x7efe8d46d66f - rustc_metadata[265efc8f25a37d70]::rmeta::encoder::encode_metadata
[INFO] [stderr]   24:     0x7efe8d46ca01 - rustc_metadata[265efc8f25a37d70]::fs::encode_and_write_metadata
[INFO] [stderr]   25:     0x7efe8d466190 - rustc_interface[a065794b3504c0d8]::passes::start_codegen
[INFO] [stderr]   26:     0x7efe8d4615c4 - <rustc_middle[190fc878b70c43dc]::ty::context::GlobalCtxt>::enter::<<rustc_interface[a065794b3504c0d8]::queries::Queries>::ongoing_codegen::{closure#0}::{closure#0}, core[5dceb995eb6c8c1c]::result::Result<alloc[2e017f7c06744add]::boxed::Box<dyn core[5dceb995eb6c8c1c]::any::Any>, rustc_span[1c1785c13b4703b1]::ErrorGuaranteed>>
[INFO] [stderr]   27:     0x7efe8d45fc68 - <rustc_interface[a065794b3504c0d8]::queries::Queries>::ongoing_codegen
[INFO] [stderr]   28:     0x7efe8d45f471 - <rustc_interface[a065794b3504c0d8]::interface::Compiler>::enter::<rustc_driver_impl[dc743aefd116e4d1]::run_compiler::{closure#1}::{closure#2}, core[5dceb995eb6c8c1c]::result::Result<core[5dceb995eb6c8c1c]::option::Option<rustc_interface[a065794b3504c0d8]::queries::Linker>, rustc_span[1c1785c13b4703b1]::ErrorGuaranteed>>
[INFO] [stderr]   29:     0x7efe8d45a691 - rustc_span[1c1785c13b4703b1]::set_source_map::<core[5dceb995eb6c8c1c]::result::Result<(), rustc_span[1c1785c13b4703b1]::ErrorGuaranteed>, rustc_interface[a065794b3504c0d8]::interface::run_compiler<core[5dceb995eb6c8c1c]::result::Result<(), rustc_span[1c1785c13b4703b1]::ErrorGuaranteed>, rustc_driver_impl[dc743aefd116e4d1]::run_compiler::{closure#1}>::{closure#0}::{closure#0}>
[INFO] [stderr]   30:     0x7efe8d459c3f - std[c49fe71d1e153478]::sys_common::backtrace::__rust_begin_short_backtrace::<rustc_interface[a065794b3504c0d8]::util::run_in_thread_pool_with_globals<rustc_interface[a065794b3504c0d8]::interface::run_compiler<core[5dceb995eb6c8c1c]::result::Result<(), rustc_span[1c1785c13b4703b1]::ErrorGuaranteed>, rustc_driver_impl[dc743aefd116e4d1]::run_compiler::{closure#1}>::{closure#0}, core[5dceb995eb6c8c1c]::result::Result<(), rustc_span[1c1785c13b4703b1]::ErrorGuaranteed>>::{closure#0}::{closure#0}, core[5dceb995eb6c8c1c]::result::Result<(), rustc_span[1c1785c13b4703b1]::ErrorGuaranteed>>
[INFO] [stderr]   31:     0x7efe8da6a4e1 - <<std[c49fe71d1e153478]::thread::Builder>::spawn_unchecked_<rustc_interface[a065794b3504c0d8]::util::run_in_thread_pool_with_globals<rustc_interface[a065794b3504c0d8]::interface::run_compiler<core[5dceb995eb6c8c1c]::result::Result<(), rustc_span[1c1785c13b4703b1]::ErrorGuaranteed>, rustc_driver_impl[dc743aefd116e4d1]::run_compiler::{closure#1}>::{closure#0}, core[5dceb995eb6c8c1c]::result::Result<(), rustc_span[1c1785c13b4703b1]::ErrorGuaranteed>>::{closure#0}::{closure#0}, core[5dceb995eb6c8c1c]::result::Result<(), rustc_span[1c1785c13b4703b1]::ErrorGuaranteed>>::{closure#1} as core[5dceb995eb6c8c1c]::ops::function::FnOnce<()>>::call_once::{shim:vtable#0}
[INFO] [stderr]   32:     0x7efe8aeb73b5 - <alloc::boxed::Box<F,A> as core::ops::function::FnOnce<Args>>::call_once::h0d83cb2920a49046
[INFO] [stderr]                                at /rustc/1b7dd2252b99671ce5d1cb9664c5f8636329436d/library/alloc/src/boxed.rs:1973:9
[INFO] [stderr]   33:     0x7efe8aeb73b5 - <alloc::boxed::Box<F,A> as core::ops::function::FnOnce<Args>>::call_once::hbe0a008aa7d9ef59
[INFO] [stderr]                                at /rustc/1b7dd2252b99671ce5d1cb9664c5f8636329436d/library/alloc/src/boxed.rs:1973:9
[INFO] [stderr]   34:     0x7efe8aeb73b5 - std::sys::unix::thread::Thread::new::thread_start::h3a466996bdf6b1f9
[INFO] [stderr]                                at /rustc/1b7dd2252b99671ce5d1cb9664c5f8636329436d/library/std/src/sys/unix/thread.rs:108:17
[INFO] [stderr]   35:     0x7efe8abedb43 - <unknown>
[INFO] [stderr]   36:     0x7efe8ac7ebb4 - __clone
[INFO] [stderr]   37:                0x0 - <unknown>
[INFO] [stderr] 
[INFO] [stderr] error: the compiler unexpectedly panicked. this is a bug.
[INFO] [stderr] LLVM ERROR: IO failure on output stream: No space left on device
[INFO] [stderr] error: could not compile `memchr` (lib)
[INFO] [stderr] error: could not compile `proc-macro2` (lib)
[INFO] [stderr] error: failed to write `/opt/rustwide/target/debug/build/lock_api-88a0c9e2e0d6fee9/output`
[INFO] [stderr] 
[INFO] [stderr] Caused by:
[INFO] [stderr]   No space left on device (os error 28)
[INFO] [stderr] thread 'rustc' panicked at 'assertion failed: pos.get() <= self.position()', compiler/rustc_metadata/src/rmeta/encoder.rs:433:9
[INFO] [stdout] error: couldn't create a temp dir: No space left on device (os error 28) at path "/opt/rustwide/target/debug/deps/rmetau4yFP1"
[INFO] [stdout] 
[INFO] [stdout] 
[INFO] [stderr] error: could not compile `ttf-parser` (lib) due to previous error
[INFO] [stderr] error: failed to write `/opt/rustwide/target/debug/build/num-traits-048d7fb92b2ec4c4/output`
[INFO] [stderr] 
[INFO] [stderr] Caused by:
[INFO] [stderr]   No space left on device (os error 28)
[INFO] [stderr] error: could not compile `gl_generator` (lib)
[INFO] [stderr] thread 'rustc' panicked at 'assertion failed: pos.get() <= self.position()', compiler/rustc_metadata/src/rmeta/encoder.rs:433:9
[INFO] [stderr] error: could not compile `libc` (lib)
[INFO] [stderr] thread 'rustc' panicked at 'assertion failed: pos.get() <= self.position()', compiler/rustc_metadata/src/rmeta/encoder.rs:433:9
[INFO] [stderr] error: could not compile `wide` (lib)
[INFO] running `Command { std: "docker" "inspect" "39bf904346eced851650960c32b646b1e255b4e516523705aa0edb6e4559a2fa", kill_on_drop: false }`
[INFO] running `Command { std: "docker" "rm" "-f" "39bf904346eced851650960c32b646b1e255b4e516523705aa0edb6e4559a2fa", kill_on_drop: false }`
[INFO] [stdout] 39bf904346eced851650960c32b646b1e255b4e516523705aa0edb6e4559a2fa
