[INFO] cloning repository https://github.com/beltegeuse/pbrt_rs
[INFO] running `Command { std: "git" "-c" "credential.helper=" "-c" "credential.helper=/workspace/cargo-home/bin/git-credential-null" "clone" "--bare" "https://github.com/beltegeuse/pbrt_rs" "/workspace/cache/git-repos/https%3A%2F%2Fgithub.com%2Fbeltegeuse%2Fpbrt_rs", kill_on_drop: false }`
[INFO] [stderr] Cloning into bare repository '/workspace/cache/git-repos/https%3A%2F%2Fgithub.com%2Fbeltegeuse%2Fpbrt_rs'...
[INFO] running `Command { std: "git" "rev-parse" "HEAD", kill_on_drop: false }`
[INFO] [stdout] f912816c9bc57f504d9315bad9a12d05ba1b1e80
[INFO] testing beltegeuse/pbrt_rs against beta-2023-04-20 for beta-1.70-1
[INFO] running `Command { std: "git" "clone" "/workspace/cache/git-repos/https%3A%2F%2Fgithub.com%2Fbeltegeuse%2Fpbrt_rs" "/workspace/builds/worker-2-tc2/source", kill_on_drop: false }`
[INFO] [stderr] Cloning into '/workspace/builds/worker-2-tc2/source'...
[INFO] [stderr] done.
[INFO] validating manifest of git repo https://github.com/beltegeuse/pbrt_rs on toolchain beta-2023-04-20
[INFO] running `Command { std: CARGO_HOME="/workspace/cargo-home" RUSTUP_HOME="/workspace/rustup-home" "/workspace/cargo-home/bin/cargo" "+beta-2023-04-20" "metadata" "--manifest-path" "Cargo.toml" "--no-deps", kill_on_drop: false }`
[INFO] started tweaking git repo https://github.com/beltegeuse/pbrt_rs
[INFO] finished tweaking git repo https://github.com/beltegeuse/pbrt_rs
[INFO] tweaked toml for git repo https://github.com/beltegeuse/pbrt_rs written to /workspace/builds/worker-2-tc2/source/Cargo.toml
[INFO] crate git repo https://github.com/beltegeuse/pbrt_rs already has a lockfile, it will not be regenerated
[INFO] running `Command { std: CARGO_HOME="/workspace/cargo-home" RUSTUP_HOME="/workspace/rustup-home" "/workspace/cargo-home/bin/cargo" "+beta-2023-04-20" "fetch" "--manifest-path" "Cargo.toml", kill_on_drop: false }`
[INFO] [stderr]     Updating crates.io index
[INFO] [stderr]  Downloading crates ...
[INFO] [stderr]   Downloaded pbr v1.0.4
[INFO] [stderr]   Downloaded peg-macros v0.6.3
[INFO] [stderr]   Downloaded peg v0.6.3
[INFO] [stderr]   Downloaded peg-runtime v0.6.3
[INFO] [stderr]   Downloaded clap v3.2.15
[INFO] [stderr]   Downloaded ply-rs v0.1.3
[INFO] running `Command { std: "docker" "create" "-v" "/var/lib/crater-agent-workspace/builds/worker-2-tc2/target:/opt/rustwide/target:rw,Z" "-v" "/var/lib/crater-agent-workspace/builds/worker-2-tc2/source:/opt/rustwide/workdir:ro,Z" "-v" "/var/lib/crater-agent-workspace/cargo-home:/opt/rustwide/cargo-home:ro,Z" "-v" "/var/lib/crater-agent-workspace/rustup-home:/opt/rustwide/rustup-home:ro,Z" "-e" "SOURCE_DIR=/opt/rustwide/workdir" "-e" "CARGO_TARGET_DIR=/opt/rustwide/target" "-e" "CARGO_HOME=/opt/rustwide/cargo-home" "-e" "RUSTUP_HOME=/opt/rustwide/rustup-home" "-w" "/opt/rustwide/workdir" "-m" "1610612736" "--user" "0:0" "--network" "none" "ghcr.io/rust-lang/crates-build-env/linux@sha256:5ff2268d62e97bff2cde7d5815dd6ed5b47097566f13b8d0ca110b04b60e07ed" "/opt/rustwide/cargo-home/bin/cargo" "+beta-2023-04-20" "metadata" "--no-deps" "--format-version=1", kill_on_drop: false }`
[INFO] [stdout] 95f7de2ae5657b77ac12ae8e97fdabcbe6c8e69d738ea96211fdc40ae3c12e85
[INFO] running `Command { std: "docker" "start" "-a" "95f7de2ae5657b77ac12ae8e97fdabcbe6c8e69d738ea96211fdc40ae3c12e85", kill_on_drop: false }`
[INFO] running `Command { std: "docker" "inspect" "95f7de2ae5657b77ac12ae8e97fdabcbe6c8e69d738ea96211fdc40ae3c12e85", kill_on_drop: false }`
[INFO] running `Command { std: "docker" "rm" "-f" "95f7de2ae5657b77ac12ae8e97fdabcbe6c8e69d738ea96211fdc40ae3c12e85", kill_on_drop: false }`
[INFO] [stdout] 95f7de2ae5657b77ac12ae8e97fdabcbe6c8e69d738ea96211fdc40ae3c12e85
[INFO] running `Command { std: "docker" "create" "-v" "/var/lib/crater-agent-workspace/builds/worker-2-tc2/target:/opt/rustwide/target:rw,Z" "-v" "/var/lib/crater-agent-workspace/builds/worker-2-tc2/source:/opt/rustwide/workdir:ro,Z" "-v" "/var/lib/crater-agent-workspace/cargo-home:/opt/rustwide/cargo-home:ro,Z" "-v" "/var/lib/crater-agent-workspace/rustup-home:/opt/rustwide/rustup-home:ro,Z" "-e" "SOURCE_DIR=/opt/rustwide/workdir" "-e" "CARGO_TARGET_DIR=/opt/rustwide/target" "-e" "CARGO_INCREMENTAL=0" "-e" "RUST_BACKTRACE=full" "-e" "RUSTFLAGS=--cap-lints=warn" "-e" "RUSTDOCFLAGS=--cap-lints=warn" "-e" "CARGO_HOME=/opt/rustwide/cargo-home" "-e" "RUSTUP_HOME=/opt/rustwide/rustup-home" "-w" "/opt/rustwide/workdir" "-m" "1610612736" "--user" "0:0" "--network" "none" "ghcr.io/rust-lang/crates-build-env/linux@sha256:5ff2268d62e97bff2cde7d5815dd6ed5b47097566f13b8d0ca110b04b60e07ed" "/opt/rustwide/cargo-home/bin/cargo" "+beta-2023-04-20" "build" "--frozen" "--message-format=json", kill_on_drop: false }`
[INFO] [stdout] a5e9ea62d0ae9caebf90b20d6e635a0861ab28b612188a76ad0dbf5c7dfb0d9a
[INFO] running `Command { std: "docker" "start" "-a" "a5e9ea62d0ae9caebf90b20d6e635a0861ab28b612188a76ad0dbf5c7dfb0d9a", kill_on_drop: false }`
[INFO] [stderr]    Compiling proc-macro2 v1.0.42
[INFO] [stderr]    Compiling unicode-ident v1.0.2
[INFO] [stderr]    Compiling quote v1.0.20
[INFO] [stderr]    Compiling syn v1.0.98
[INFO] [stderr]    Compiling serde_derive v1.0.140
[INFO] [stderr]    Compiling serde v1.0.140
[INFO] [stderr]    Compiling version_check v0.9.4
[INFO] [stderr]    Compiling memchr v2.5.0
[INFO] [stderr]    Compiling camino v1.0.9
[INFO] [stderr]    Compiling libc v0.2.126
[INFO] [stderr]    Compiling semver v1.0.12
[INFO] [stderr]    Compiling serde_json v1.0.82
[INFO] [stderr]    Compiling unicase v2.6.0
[INFO] [stderr]    Compiling error-chain v0.12.4
[INFO] [stderr]    Compiling itoa v1.0.2
[INFO] [stderr]    Compiling pulldown-cmark v0.9.2
[INFO] [stderr]    Compiling ryu v1.0.10
[INFO] [stderr]    Compiling fastrand v1.8.0
[INFO] [stderr]    Compiling bitflags v1.3.2
[INFO] [stderr]    Compiling same-file v1.0.6
[INFO] [stderr]    Compiling remove_dir_all v0.5.3
[INFO] [stderr]    Compiling autocfg v1.1.0
[INFO] [stderr]    Compiling walkdir v2.3.2
[INFO] [stderr]    Compiling bytecount v0.6.3
[INFO] [stderr]    Compiling tempfile v3.3.0
[INFO] [stderr]    Compiling glob v0.3.0
[INFO] [stderr]    Compiling peg-runtime v0.6.3
[INFO] [stderr]    Compiling log v0.4.17
[INFO] [stderr]    Compiling num-traits v0.2.15
[INFO] [stderr]    Compiling cgmath v0.18.0
[INFO] [stderr]    Compiling linked-hash-map v0.5.6
[INFO] [stderr]    Compiling minimal-lexical v0.2.1
[INFO] [stderr]    Compiling peg-macros v0.6.3
[INFO] [stderr]    Compiling nom v7.1.1
[INFO] [stderr]    Compiling peg v0.6.3
[INFO] [stderr]    Compiling approx v0.4.0
[INFO] [stderr]    Compiling cargo-platform v0.1.2
[INFO] [stderr]    Compiling cargo_metadata v0.14.2
[INFO] [stderr]    Compiling skeptic v0.13.7
[INFO] [stderr]    Compiling ply-rs v0.1.3
[INFO] [stderr]    Compiling pbrt_rs v0.0.2 (/opt/rustwide/workdir)
[INFO] [stderr]     Finished dev [unoptimized + debuginfo] target(s) in 17.58s
[INFO] running `Command { std: "docker" "inspect" "a5e9ea62d0ae9caebf90b20d6e635a0861ab28b612188a76ad0dbf5c7dfb0d9a", kill_on_drop: false }`
[INFO] running `Command { std: "docker" "rm" "-f" "a5e9ea62d0ae9caebf90b20d6e635a0861ab28b612188a76ad0dbf5c7dfb0d9a", kill_on_drop: false }`
[INFO] [stdout] a5e9ea62d0ae9caebf90b20d6e635a0861ab28b612188a76ad0dbf5c7dfb0d9a
[INFO] running `Command { std: "docker" "create" "-v" "/var/lib/crater-agent-workspace/builds/worker-2-tc2/target:/opt/rustwide/target:rw,Z" "-v" "/var/lib/crater-agent-workspace/builds/worker-2-tc2/source:/opt/rustwide/workdir:ro,Z" "-v" "/var/lib/crater-agent-workspace/cargo-home:/opt/rustwide/cargo-home:ro,Z" "-v" "/var/lib/crater-agent-workspace/rustup-home:/opt/rustwide/rustup-home:ro,Z" "-e" "SOURCE_DIR=/opt/rustwide/workdir" "-e" "CARGO_TARGET_DIR=/opt/rustwide/target" "-e" "CARGO_INCREMENTAL=0" "-e" "RUST_BACKTRACE=full" "-e" "RUSTFLAGS=--cap-lints=warn" "-e" "RUSTDOCFLAGS=--cap-lints=warn" "-e" "CARGO_HOME=/opt/rustwide/cargo-home" "-e" "RUSTUP_HOME=/opt/rustwide/rustup-home" "-w" "/opt/rustwide/workdir" "-m" "1610612736" "--user" "0:0" "--network" "none" "ghcr.io/rust-lang/crates-build-env/linux@sha256:5ff2268d62e97bff2cde7d5815dd6ed5b47097566f13b8d0ca110b04b60e07ed" "/opt/rustwide/cargo-home/bin/cargo" "+beta-2023-04-20" "test" "--frozen" "--no-run" "--message-format=json", kill_on_drop: false }`
[INFO] [stdout] 2d5306b4aee7539546c375cc107b32b85f1957eca04a54e97e218d05db331f27
[INFO] running `Command { std: "docker" "start" "-a" "2d5306b4aee7539546c375cc107b32b85f1957eca04a54e97e218d05db331f27", kill_on_drop: false }`
[INFO] [stderr]    Compiling libc v0.2.126
[INFO] [stderr]    Compiling crossbeam-utils v0.8.11
[INFO] [stderr]    Compiling once_cell v1.13.0
[INFO] [stderr]    Compiling bitflags v1.3.2
[INFO] [stderr]    Compiling memoffset v0.6.5
[INFO] [stderr]    Compiling fastrand v1.8.0
[INFO] [stderr]    Compiling remove_dir_all v0.5.3
[INFO] [stderr]    Compiling crossbeam-epoch v0.9.10
[INFO] [stderr]    Compiling pulldown-cmark v0.9.2
[INFO] [stderr]    Compiling rayon-core v1.9.3
[INFO] [stderr]    Compiling scopeguard v1.1.0
[INFO] [stderr]    Compiling indexmap v1.9.1
[INFO] [stderr]    Compiling aho-corasick v0.7.18
[INFO] [stderr]    Compiling rayon v1.5.3
[INFO] [stderr]    Compiling regex-syntax v0.6.27
[INFO] [stderr]    Compiling hashbrown v0.12.3
[INFO] [stderr]    Compiling os_str_bytes v6.2.0
[INFO] [stderr]    Compiling termcolor v1.1.3
[INFO] [stderr]    Compiling tempfile v3.3.0
[INFO] [stderr]    Compiling crossbeam-channel v0.5.6
[INFO] [stderr]    Compiling skeptic v0.13.7
[INFO] [stderr]    Compiling num_cpus v1.13.1
[INFO] [stderr]    Compiling atty v0.2.14
[INFO] [stderr]    Compiling crossbeam-deque v0.8.2
[INFO] [stderr]    Compiling quick-error v1.2.3
[INFO] [stderr]    Compiling humantime v1.3.0
[INFO] [stderr]    Compiling clap_lex v0.2.4
[INFO] [stderr]    Compiling time v0.1.44
[INFO] [stderr]    Compiling ply-rs v0.1.3
[INFO] [stderr]    Compiling textwrap v0.15.0
[INFO] [stderr]    Compiling strsim v0.10.0
[INFO] [stderr]    Compiling regex v1.6.0
[INFO] [stderr]    Compiling either v1.7.0
[INFO] [stderr]    Compiling clap v3.2.15
[INFO] [stderr]    Compiling pbr v1.0.4
[INFO] [stderr]    Compiling pbrt_rs v0.0.2 (/opt/rustwide/workdir)
[INFO] [stderr]    Compiling env_logger v0.7.1
[INFO] [stdout] error[E0027]: pattern does not mention field `medium`
[INFO] [stdout]    --> examples/obj_exporter.rs:380:13
[INFO] [stdout]     |
[INFO] [stdout] 380 | /             pbrt_rs::Camera::Perspective {
[INFO] [stdout] 381 | |                 fov,
[INFO] [stdout] 382 | |                 world_to_camera,
[INFO] [stdout] 383 | |             } => {
[INFO] [stdout]     | |_____________^ missing field `medium`
[INFO] [stdout]     |
[INFO] [stdout] help: include the missing field in the pattern
[INFO] [stdout]     |
[INFO] [stdout] 382 |                 world_to_camera, medium } => {
[INFO] [stdout]     |                                ~~~~~~~~~~
[INFO] [stdout] help: if you don't care about this missing field, you can explicitly ignore it
[INFO] [stdout]     |
[INFO] [stdout] 382 |                 world_to_camera, .. } => {
[INFO] [stdout]     |                                ~~~~~~
[INFO] [stdout] 
[INFO] [stdout] 
[INFO] [stdout] error[E0027]: pattern does not mention field `medium`
[INFO] [stdout]    --> examples/viewer.rs:708:17
[INFO] [stdout]     |
[INFO] [stdout] 708 | /                 pbrt_rs::Camera::Perspective {
[INFO] [stdout] 709 | |                     world_to_camera,
[INFO] [stdout] 710 | |                     fov,
[INFO] [stdout] 711 | |                 } => {
[INFO] [stdout]     | |_________________^ missing field `medium`
[INFO] [stdout]     |
[INFO] [stdout] help: include the missing field in the pattern
[INFO] [stdout]     |
[INFO] [stdout] 710 |                     fov, medium } => {
[INFO] [stdout]     |                        ~~~~~~~~~~
[INFO] [stdout] help: if you don't care about this missing field, you can explicitly ignore it
[INFO] [stdout]     |
[INFO] [stdout] 710 |                     fov, .. } => {
[INFO] [stdout]     |                        ~~~~~~
[INFO] [stdout] 
[INFO] [stdout] 
[INFO] [stdout] error: aborting due to previous error
[INFO] [stdout] 
[INFO] [stdout] 
[INFO] [stdout] For more information about this error, try `rustc --explain E0027`.
[INFO] [stdout] 
[INFO] [stderr] error: could not compile `pbrt_rs` (example "viewer") due to 2 previous errors
[INFO] [stderr] warning: build failed, waiting for other jobs to finish...
[INFO] [stdout] error[E0308]: mismatched types
[INFO] [stdout]    --> examples/obj_exporter.rs:424:44
[INFO] [stdout]     |
[INFO] [stdout] 424 |         .arg(Arg::with_name("debug").short("d").help("debug output"))
[INFO] [stdout]     |                                      ----- ^^^ expected `char`, found `&str`
[INFO] [stdout]     |                                      |
[INFO] [stdout]     |                                      arguments to this method are incorrect
[INFO] [stdout]     |
[INFO] [stdout] note: method defined here
[INFO] [stdout]    --> /opt/rustwide/cargo-home/registry/src/index.crates.io-6f17d22bba15001f/clap-3.2.15/src/builder/arg.rs:172:12
[INFO] [stdout]     |
[INFO] [stdout] 172 |     pub fn short(mut self, s: char) -> Self {
[INFO] [stdout]     |            ^^^^^
[INFO] [stdout] help: if you meant to write a `char` literal, use single quotes
[INFO] [stdout]     |
[INFO] [stdout] 424 |         .arg(Arg::with_name("debug").short('d').help("debug output"))
[INFO] [stdout]     |                                            ~~~
[INFO] [stdout] 
[INFO] [stdout] 
[INFO] [stdout] error[E0308]: mismatched types
[INFO] [stdout]    --> examples/obj_exporter.rs:429:24
[INFO] [stdout]     |
[INFO] [stdout] 429 |                 .short("o")
[INFO] [stdout]     |                  ----- ^^^ expected `char`, found `&str`
[INFO] [stdout]     |                  |
[INFO] [stdout]     |                  arguments to this method are incorrect
[INFO] [stdout]     |
[INFO] [stdout] note: method defined here
[INFO] [stdout]    --> /opt/rustwide/cargo-home/registry/src/index.crates.io-6f17d22bba15001f/clap-3.2.15/src/builder/arg.rs:172:12
[INFO] [stdout]     |
[INFO] [stdout] 172 |     pub fn short(mut self, s: char) -> Self {
[INFO] [stdout]     |            ^^^^^
[INFO] [stdout] help: if you meant to write a `char` literal, use single quotes
[INFO] [stdout]     |
[INFO] [stdout] 429 |                 .short('o')
[INFO] [stdout]     |                        ~~~
[INFO] [stdout] 
[INFO] [stdout] 
[INFO] [stdout] error: aborting due to 3 previous errors
[INFO] [stdout] 
[INFO] [stdout] 
[INFO] [stdout] Some errors have detailed explanations: E0027, E0308.
[INFO] [stdout] 
[INFO] [stdout] For more information about an error, try `rustc --explain E0027`.
[INFO] [stdout] 
[INFO] [stderr] error: could not compile `pbrt_rs` (example "obj_exporter") due to 4 previous errors
[INFO] running `Command { std: "docker" "inspect" "2d5306b4aee7539546c375cc107b32b85f1957eca04a54e97e218d05db331f27", kill_on_drop: false }`
[INFO] running `Command { std: "docker" "rm" "-f" "2d5306b4aee7539546c375cc107b32b85f1957eca04a54e97e218d05db331f27", kill_on_drop: false }`
[INFO] [stdout] 2d5306b4aee7539546c375cc107b32b85f1957eca04a54e97e218d05db331f27
