[INFO] cloning repository https://github.com/bbqsrc/pahkat-reposrv
[INFO] running `Command { std: "git" "-c" "credential.helper=" "-c" "credential.helper=/workspace/cargo-home/bin/git-credential-null" "clone" "--bare" "https://github.com/bbqsrc/pahkat-reposrv" "/workspace/cache/git-repos/https%3A%2F%2Fgithub.com%2Fbbqsrc%2Fpahkat-reposrv", kill_on_drop: false }`
[INFO] [stderr] Cloning into bare repository '/workspace/cache/git-repos/https%3A%2F%2Fgithub.com%2Fbbqsrc%2Fpahkat-reposrv'...
[INFO] running `Command { std: "git" "rev-parse" "HEAD", kill_on_drop: false }`
[INFO] [stdout] 2413e55ffb132c5081f3398980f4f1465e0fe443
[INFO] testing bbqsrc/pahkat-reposrv against beta-2023-04-20 for beta-1.70-1
[INFO] running `Command { std: "git" "clone" "/workspace/cache/git-repos/https%3A%2F%2Fgithub.com%2Fbbqsrc%2Fpahkat-reposrv" "/workspace/builds/worker-7-tc2/source", kill_on_drop: false }`
[INFO] [stderr] Cloning into '/workspace/builds/worker-7-tc2/source'...
[INFO] [stderr] done.
[INFO] validating manifest of git repo https://github.com/bbqsrc/pahkat-reposrv on toolchain beta-2023-04-20
[INFO] running `Command { std: CARGO_HOME="/workspace/cargo-home" RUSTUP_HOME="/workspace/rustup-home" "/workspace/cargo-home/bin/cargo" "+beta-2023-04-20" "metadata" "--manifest-path" "Cargo.toml" "--no-deps", kill_on_drop: false }`
[INFO] started tweaking git repo https://github.com/bbqsrc/pahkat-reposrv
[INFO] finished tweaking git repo https://github.com/bbqsrc/pahkat-reposrv
[INFO] tweaked toml for git repo https://github.com/bbqsrc/pahkat-reposrv written to /workspace/builds/worker-7-tc2/source/Cargo.toml
[INFO] crate git repo https://github.com/bbqsrc/pahkat-reposrv already has a lockfile, it will not be regenerated
[INFO] running `Command { std: CARGO_HOME="/workspace/cargo-home" RUSTUP_HOME="/workspace/rustup-home" "/workspace/cargo-home/bin/cargo" "+beta-2023-04-20" "fetch" "--manifest-path" "Cargo.toml", kill_on_drop: false }`
[INFO] [stderr]     Blocking waiting for file lock on package cache
[INFO] [stderr]     Updating crates.io index
[INFO] [stderr]     Blocking waiting for file lock on package cache
[INFO] [stderr]  Downloading crates ...
[INFO] [stderr]   Downloaded async-graphql v4.0.16
[INFO] [stderr]   Downloaded cxxbridge-macro v1.0.79
[INFO] [stderr]   Downloaded cxx-build v1.0.79
[INFO] [stderr]   Downloaded cxxbridge-flags v1.0.79
[INFO] [stderr]   Downloaded cxx v1.0.79
[INFO] [stderr]   Downloaded async-graphql-derive v4.0.16
[INFO] [stderr]   Downloaded async-graphql-parser v4.0.16
[INFO] [stderr]   Downloaded fbs-build v0.1.0
[INFO] [stderr]   Downloaded async-graphql-poem v4.0.16
[INFO] [stderr]   Downloaded quick-xml v0.25.0
[INFO] [stderr]   Downloaded poem v1.3.47
[INFO] [stderr]   Downloaded async-graphql-value v4.0.16
[INFO] [stderr]   Downloaded fbs v0.6.0
[INFO] [stderr]   Downloaded poem-derive v1.3.47
[INFO] [stderr]   Downloaded arc-ext v0.1.0
[INFO] [stderr]   Downloaded poem-openapi-derive v2.0.18
[INFO] [stderr]   Downloaded poem-openapi v2.0.18
[INFO] running `Command { std: "docker" "create" "-v" "/var/lib/crater-agent-workspace/builds/worker-7-tc2/target:/opt/rustwide/target:rw,Z" "-v" "/var/lib/crater-agent-workspace/builds/worker-7-tc2/source:/opt/rustwide/workdir:ro,Z" "-v" "/var/lib/crater-agent-workspace/cargo-home:/opt/rustwide/cargo-home:ro,Z" "-v" "/var/lib/crater-agent-workspace/rustup-home:/opt/rustwide/rustup-home:ro,Z" "-e" "SOURCE_DIR=/opt/rustwide/workdir" "-e" "CARGO_TARGET_DIR=/opt/rustwide/target" "-e" "CARGO_HOME=/opt/rustwide/cargo-home" "-e" "RUSTUP_HOME=/opt/rustwide/rustup-home" "-w" "/opt/rustwide/workdir" "-m" "1610612736" "--user" "0:0" "--network" "none" "ghcr.io/rust-lang/crates-build-env/linux@sha256:5ff2268d62e97bff2cde7d5815dd6ed5b47097566f13b8d0ca110b04b60e07ed" "/opt/rustwide/cargo-home/bin/cargo" "+beta-2023-04-20" "metadata" "--no-deps" "--format-version=1", kill_on_drop: false }`
[INFO] [stdout] 5fb692d9861ffc20fd866dc939d9ab76a0819565630d4a5160570fd364f120a2
[INFO] running `Command { std: "docker" "start" "-a" "5fb692d9861ffc20fd866dc939d9ab76a0819565630d4a5160570fd364f120a2", kill_on_drop: false }`
[INFO] running `Command { std: "docker" "inspect" "5fb692d9861ffc20fd866dc939d9ab76a0819565630d4a5160570fd364f120a2", kill_on_drop: false }`
[INFO] running `Command { std: "docker" "rm" "-f" "5fb692d9861ffc20fd866dc939d9ab76a0819565630d4a5160570fd364f120a2", kill_on_drop: false }`
[INFO] [stdout] 5fb692d9861ffc20fd866dc939d9ab76a0819565630d4a5160570fd364f120a2
[INFO] running `Command { std: "docker" "create" "-v" "/var/lib/crater-agent-workspace/builds/worker-7-tc2/target:/opt/rustwide/target:rw,Z" "-v" "/var/lib/crater-agent-workspace/builds/worker-7-tc2/source:/opt/rustwide/workdir:ro,Z" "-v" "/var/lib/crater-agent-workspace/cargo-home:/opt/rustwide/cargo-home:ro,Z" "-v" "/var/lib/crater-agent-workspace/rustup-home:/opt/rustwide/rustup-home:ro,Z" "-e" "SOURCE_DIR=/opt/rustwide/workdir" "-e" "CARGO_TARGET_DIR=/opt/rustwide/target" "-e" "CARGO_INCREMENTAL=0" "-e" "RUST_BACKTRACE=full" "-e" "RUSTFLAGS=--cap-lints=warn" "-e" "RUSTDOCFLAGS=--cap-lints=warn" "-e" "CARGO_HOME=/opt/rustwide/cargo-home" "-e" "RUSTUP_HOME=/opt/rustwide/rustup-home" "-w" "/opt/rustwide/workdir" "-m" "1610612736" "--user" "0:0" "--network" "none" "ghcr.io/rust-lang/crates-build-env/linux@sha256:5ff2268d62e97bff2cde7d5815dd6ed5b47097566f13b8d0ca110b04b60e07ed" "/opt/rustwide/cargo-home/bin/cargo" "+beta-2023-04-20" "build" "--frozen" "--message-format=json", kill_on_drop: false }`
[INFO] [stdout] 78a73b6d9d4eaab631402ad15199b29bd8bc6721e39339e082d0cf084fe5bf62
[INFO] running `Command { std: "docker" "start" "-a" "78a73b6d9d4eaab631402ad15199b29bd8bc6721e39339e082d0cf084fe5bf62", kill_on_drop: false }`
[INFO] [stderr]    Compiling proc-macro2 v1.0.47
[INFO] [stderr]    Compiling quote v1.0.21
[INFO] [stderr]    Compiling unicode-ident v1.0.5
[INFO] [stderr]    Compiling syn v1.0.102
[INFO] [stderr]    Compiling version_check v0.9.4
[INFO] [stderr]    Compiling libc v0.2.135
[INFO] [stderr]    Compiling cfg-if v1.0.0
[INFO] [stderr]    Compiling serde_derive v1.0.145
[INFO] [stderr]    Compiling serde v1.0.145
[INFO] [stderr]    Compiling memchr v2.5.0
[INFO] [stderr]    Compiling smallvec v1.10.0
[INFO] [stderr]    Compiling typenum v1.15.0
[INFO] [stderr]    Compiling itoa v1.0.4
[INFO] [stderr]    Compiling parking_lot_core v0.9.4
[INFO] [stderr]    Compiling log v0.4.17
[INFO] [stderr]    Compiling ryu v1.0.11
[INFO] [stderr]    Compiling fnv v1.0.7
[INFO] [stderr]    Compiling subtle v2.4.1
[INFO] [stderr]    Compiling futures-core v0.3.25
[INFO] [stderr]    Compiling regex-syntax v0.6.27
[INFO] [stderr]    Compiling lock_api v0.4.9
[INFO] [stderr]    Compiling hashbrown v0.12.3
[INFO] [stderr]    Compiling thiserror v1.0.37
[INFO] [stderr]    Compiling pin-project-lite v0.2.9
[INFO] [stderr]    Compiling bitflags v1.3.2
[INFO] [stderr]    Compiling scopeguard v1.1.0
[INFO] [stderr]    Compiling generic-array v0.14.6
[INFO] [stderr]    Compiling tokio v1.21.2
[INFO] [stderr]    Compiling cpufeatures v0.2.5
[INFO] [stderr]    Compiling unicode-width v0.1.10
[INFO] [stderr]    Compiling proc-macro-error-attr v1.0.4
[INFO] [stderr]    Compiling indexmap v1.9.1
[INFO] [stderr]    Compiling slab v0.4.7
[INFO] [stderr]    Compiling futures-sink v0.3.25
[INFO] [stderr]    Compiling serde_json v1.0.87
[INFO] [stderr]    Compiling futures-task v0.3.25
[INFO] [stderr]    Compiling proc-macro-error v1.0.4
[INFO] [stderr]    Compiling futures-io v0.3.25
[INFO] [stderr]    Compiling aho-corasick v0.7.19
[INFO] [stderr]    Compiling static_assertions v1.1.0
[INFO] [stderr]    Compiling percent-encoding v2.2.0
[INFO] [stderr]    Compiling tinyvec_macros v0.1.0
[INFO] [stderr]    Compiling futures-util v0.3.25
[INFO] [stderr]    Compiling httparse v1.8.0
[INFO] [stderr]    Compiling getrandom v0.2.7
[INFO] [stderr]    Compiling signal-hook-registry v1.4.0
[INFO] [stderr]    Compiling num_cpus v1.13.1
[INFO] [stderr]    Compiling rand_core v0.6.4
[INFO] [stderr]    Compiling mio v0.8.4
[INFO] [stderr]    Compiling socket2 v0.4.7
[INFO] [stderr]    Compiling tinyvec v1.6.0
[INFO] [stderr]    Compiling parking_lot v0.12.1
[INFO] [stderr]    Compiling once_cell v1.15.0
[INFO] [stderr]    Compiling textwrap v0.11.0
[INFO] [stderr]    Compiling strsim v0.8.0
[INFO] [stderr]    Compiling vec_map v0.8.2
[INFO] [stderr]    Compiling ansi_term v0.12.1
[INFO] [stderr]    Compiling pin-utils v0.1.0
[INFO] [stderr]    Compiling unicode-segmentation v1.10.0
[INFO] [stderr]    Compiling tracing-core v0.1.30
[INFO] [stderr]    Compiling form_urlencoded v1.1.0
[INFO] [stderr]    Compiling num-traits v0.2.15
[INFO] [stderr]    Compiling lexical-core v0.7.6
[INFO] [stderr]    Compiling unicode-normalization v0.1.22
[INFO] [stderr]    Compiling base64 v0.13.0
[INFO] [stderr]    Compiling strsim v0.10.0
[INFO] [stderr]    Compiling crypto-common v0.1.6
[INFO] [stderr]    Compiling regex v1.6.0
[INFO] [stderr]    Compiling block-buffer v0.10.3
[INFO] [stderr]    Compiling heck v0.3.3
[INFO] [stderr]    Compiling ident_case v1.0.1
[INFO] [stderr]    Compiling unicode-bidi v0.3.8
[INFO] [stderr]    Compiling digest v0.10.5
[INFO] [stderr]    Compiling inout v0.1.3
[INFO] [stderr]    Compiling nom v5.1.2
[INFO] [stderr]    Compiling num-integer v0.1.45
[INFO] [stderr]    Compiling encoding_rs v0.8.31
[INFO] [stderr]    Compiling ppv-lite86 v0.2.16
[INFO] [stderr]    Compiling arrayvec v0.5.2
[INFO] [stderr]    Compiling anyhow v1.0.65
[INFO] [stderr]    Compiling convert_case v0.4.0
[INFO] [stderr]    Compiling mime v0.3.16
[INFO] [stderr]    Compiling cipher v0.4.3
[INFO] [stderr]    Compiling idna v0.3.0
[INFO] [stderr]    Compiling rand_chacha v0.3.1
[INFO] [stderr]    Compiling universal-hash v0.5.0
[INFO] [stderr]    Compiling atty v0.2.14
[INFO] [stderr]    Compiling uncased v0.9.7
[INFO] [stderr]    Compiling multer v2.0.4
[INFO] [stderr]    Compiling async-trait v0.1.58
[INFO] [stderr]    Compiling opaque-debug v0.3.0
[INFO] [stderr]    Compiling either v1.8.0
[INFO] [stderr]    Compiling fastrand v1.8.0
[INFO] [stderr]    Compiling ucd-trie v0.1.5
[INFO] [stderr]    Compiling remove_dir_all v0.5.3
[INFO] [stderr]    Compiling itertools v0.9.0
[INFO] [stderr]    Compiling polyval v0.6.0
[INFO] [stderr]    Compiling tempfile v3.3.0
[INFO] [stderr]    Compiling rand v0.8.5
[INFO] [stderr]    Compiling clap v2.34.0
[INFO] [stderr]    Compiling time v0.1.44
[INFO] [stderr]    Compiling fbs v0.6.0
[INFO] [stderr]    Compiling iana-time-zone v0.1.51
[INFO] [stderr]    Compiling hexf-parse v0.1.0
[INFO] [stderr]    Compiling futures-channel v0.3.25
[INFO] [stderr]    Compiling spin v0.9.4
[INFO] [stderr]    Compiling ghash v0.5.0
[INFO] [stderr]    Compiling aes v0.8.1
[INFO] [stderr]    Compiling ctr v0.9.2
[INFO] [stderr]    Compiling sha-1 v0.10.0
[INFO] [stderr]    Compiling hmac v0.12.1
[INFO] [stderr]    Compiling aead v0.5.1
[INFO] [stderr]    Compiling chrono v0.4.22
[INFO] [stderr]    Compiling cookie v0.16.1
[INFO] [stderr]    Compiling httpdate v1.0.2
[INFO] [stderr]    Compiling num_threads v0.1.6
[INFO] [stderr]    Compiling utf-8 v0.7.6
[INFO] [stderr]    Compiling time-macros v0.2.4
[INFO] [stderr]    Compiling byteorder v1.4.3
[INFO] [stderr]    Compiling try-lock v0.2.3
[INFO] [stderr]    Compiling hkdf v0.12.3
[INFO] [stderr]    Compiling want v0.3.0
[INFO] [stderr]    Compiling aes-gcm v0.10.1
[INFO] [stderr]    Compiling Inflector v0.11.4
[INFO] [stderr]    Compiling sha1 v0.10.5
[INFO] [stderr]    Compiling sha2 v0.10.6
[INFO] [stderr]    Compiling tower-service v0.3.2
[INFO] [stderr]    Compiling ascii_utils v0.9.3
[INFO] [stderr]    Compiling rfc7239 v0.1.0
[INFO] [stderr]    Compiling proc-macro2-diagnostics v0.9.1
[INFO] [stderr]    Compiling fast_chemail v0.9.6
[INFO] [stderr]    Compiling semver v1.0.14
[INFO] [stderr]    Compiling unsafe-libyaml v0.2.4
[INFO] [stderr]    Compiling yansi v0.5.1
[INFO] [stderr]    Compiling terminal_size v0.1.17
[INFO] [stderr]    Compiling darling_core v0.14.1
[INFO] [stderr]    Compiling console v0.15.2
[INFO] [stderr]    Compiling figment v0.10.8
[INFO] [stderr]    Compiling humantime v2.1.0
[INFO] [stderr]    Compiling termcolor v1.1.3
[INFO] [stderr]    Compiling inlinable_string v0.1.15
[INFO] [stderr]    Compiling overload v0.1.1
[INFO] [stderr]    Compiling zeroize v1.5.7
[INFO] [stderr]    Compiling nu-ansi-term v0.46.0
[INFO] [stderr]    Compiling dialoguer v0.10.2
[INFO] [stderr]    Compiling env_logger v0.9.1
[INFO] [stderr]    Compiling tracing-log v0.1.3
[INFO] [stderr]    Compiling thread_local v1.1.4
[INFO] [stderr]    Compiling sharded-slab v0.1.4
[INFO] [stderr]    Compiling uuid v1.2.1
[INFO] [stderr]    Compiling time v0.3.15
[INFO] [stderr]    Compiling dunce v1.0.3
[INFO] [stderr]    Compiling arc-swap v1.5.1
[INFO] [stderr]    Compiling tracing-subscriber v0.3.16
[INFO] [stderr]    Compiling thiserror-impl v1.0.37
[INFO] [stderr]    Compiling tokio-macros v1.8.0
[INFO] [stderr]    Compiling futures-macro v0.3.25
[INFO] [stderr]    Compiling structopt-derive v0.4.18
[INFO] [stderr]    Compiling derive_more v0.99.17
[INFO] [stderr]    Compiling tracing-attributes v0.1.23
[INFO] [stderr]    Compiling darling_macro v0.14.1
[INFO] [stderr]    Compiling typed-builder v0.7.1
[INFO] [stderr]    Compiling async-stream-impl v0.3.3
[INFO] [stderr]    Compiling typed-builder v0.10.0
[INFO] [stderr]    Compiling darling v0.14.1
[INFO] [stderr]    Compiling pear_codegen v0.2.3
[INFO] [stderr]    Compiling async-stream v0.3.3
[INFO] [stderr]    Compiling pest v2.4.0
[INFO] [stderr]    Compiling tracing v0.1.37
[INFO] [stderr]    Compiling structopt v0.3.26
[INFO] [stderr]    Compiling pear v0.2.3
[INFO] [stderr]    Compiling fbs-build v0.1.0
[INFO] [stderr]    Compiling pahkat-types v2.1.1 (https://github.com/divvun/pahkat.git#389365ba)
[INFO] [stderr]    Compiling pahkat-repomgr v2.1.1 (https://github.com/divvun/pahkat.git#389365ba)
[INFO] [stderr]    Compiling bytes v1.2.1
[INFO] [stderr]    Compiling toml v0.5.9
[INFO] [stderr]    Compiling url v2.3.1
[INFO] [stderr]    Compiling serde_urlencoded v0.7.1
[INFO] [stderr]    Compiling quick-xml v0.25.0
[INFO] [stderr]    Compiling quick-xml v0.23.1
[INFO] [stderr]    Compiling serde_yaml v0.9.13
[INFO] [stderr]    Compiling http v0.2.8
[INFO] [stderr]    Compiling async-graphql-value v4.0.16
[INFO] [stderr]    Compiling proc-macro-crate v1.2.1
[INFO] [stderr]    Compiling async-graphql-parser v4.0.16
[INFO] [stderr]    Compiling headers-core v0.2.0
[INFO] [stderr]    Compiling http-body v0.4.5
[INFO] [stderr]    Compiling tungstenite v0.17.3
[INFO] [stderr]    Compiling headers v0.3.8
[INFO] [stderr]    Compiling poem-derive v1.3.47
[INFO] [stderr]    Compiling poem-openapi-derive v2.0.18
[INFO] [stderr]    Compiling async-graphql-derive v4.0.16
[INFO] [stderr]    Compiling tokio-util v0.7.4
[INFO] [stderr]    Compiling tokio-stream v0.1.11
[INFO] [stderr]    Compiling tokio-tungstenite v0.17.2
[INFO] [stderr]    Compiling tokio-util v0.6.10
[INFO] [stderr]    Compiling h2 v0.3.14
[INFO] [stderr]    Compiling hyper v0.14.20
[INFO] [stderr]    Compiling poem v1.3.47
[INFO] [stderr]    Compiling async-graphql v4.0.16
[INFO] [stderr]    Compiling poem-openapi v2.0.18
[INFO] [stderr]    Compiling async-graphql-poem v4.0.16
[INFO] [stderr]    Compiling arc-ext v0.1.0
[INFO] [stdout] error[E0432]: unresolved import `crate::fbs::pahkat`
[INFO] [stdout]    --> /opt/rustwide/cargo-home/git/checkouts/pahkat-24003d9890ca3765/389365b/pahkat-repomgr/src/repo/indexing.rs:134:21
[INFO] [stdout]     |
[INFO] [stdout] 134 |     use crate::fbs::pahkat::WindowsExecutableKind;
[INFO] [stdout]     |                     ^^^^^^ could not find `pahkat` in `fbs`
[INFO] [stdout] 
[INFO] [stdout] 
[INFO] [stdout] error[E0432]: unresolved import `crate::fbs::pahkat`
[INFO] [stdout]    --> /opt/rustwide/cargo-home/git/checkouts/pahkat-24003d9890ca3765/389365b/pahkat-repomgr/src/repo/indexing.rs:151:21
[INFO] [stdout]     |
[INFO] [stdout] 151 |     use crate::fbs::pahkat::WindowsExecutableFlag;
[INFO] [stdout]     |                     ^^^^^^ could not find `pahkat` in `fbs`
[INFO] [stdout] 
[INFO] [stdout] 
[INFO] [stdout] error[E0433]: failed to resolve: could not find `pahkat` in `fbs`
[INFO] [stdout]    --> /opt/rustwide/cargo-home/git/checkouts/pahkat-24003d9890ca3765/389365b/pahkat-repomgr/src/repo/indexing.rs:270:29
[INFO] [stdout]     |
[INFO] [stdout] 270 |             use crate::fbs::pahkat::fbs_gen::PayloadType;
[INFO] [stdout]     |                             ^^^^^^ could not find `pahkat` in `fbs`
[INFO] [stdout] 
[INFO] [stdout] 
[INFO] [stdout] error[E0432]: unresolved import `crate::fbs::pahkat`
[INFO] [stdout]    --> /opt/rustwide/cargo-home/git/checkouts/pahkat-24003d9890ca3765/389365b/pahkat-repomgr/src/repo/indexing.rs:186:21
[INFO] [stdout]     |
[INFO] [stdout] 186 |     use crate::fbs::pahkat::MacOSPackageFlag;
[INFO] [stdout]     |                     ^^^^^^ could not find `pahkat` in `fbs`
[INFO] [stdout] 
[INFO] [stdout] 
[INFO] [stdout] error[E0433]: failed to resolve: could not find `pahkat` in `fbs`
[INFO] [stdout]    --> /opt/rustwide/cargo-home/git/checkouts/pahkat-24003d9890ca3765/389365b/pahkat-repomgr/src/repo/indexing.rs:165:28
[INFO] [stdout]     |
[INFO] [stdout] 165 |     let args = crate::fbs::pahkat::WindowsExecutableArgs {
[INFO] [stdout]     |                            ^^^^^^ could not find `pahkat` in `fbs`
[INFO] [stdout] 
[INFO] [stdout] 
[INFO] [stdout] error[E0433]: failed to resolve: could not find `pahkat` in `fbs`
[INFO] [stdout]    --> /opt/rustwide/cargo-home/git/checkouts/pahkat-24003d9890ca3765/389365b/pahkat-repomgr/src/repo/indexing.rs:176:17
[INFO] [stdout]     |
[INFO] [stdout] 176 |     crate::fbs::pahkat::WindowsExecutable::create(builder, &args).as_union_value()
[INFO] [stdout]     |                 ^^^^^^ could not find `pahkat` in `fbs`
[INFO] [stdout]     |
[INFO] [stdout] help: there is an enum variant `pahkat_types::payload::Payload::WindowsExecutable`; try using the variant's enum
[INFO] [stdout]     |
[INFO] [stdout] 176 |     pahkat_types::payload::Payload(builder, &args).as_union_value()
[INFO] [stdout]     |     ~~~~~~~~~~~~~~~~~~~~~~~~~~~~~~
[INFO] [stdout] 
[INFO] [stdout] 
[INFO] [stdout] error[E0433]: failed to resolve: could not find `pahkat` in `fbs`
[INFO] [stdout]    --> /opt/rustwide/cargo-home/git/checkouts/pahkat-24003d9890ca3765/389365b/pahkat-repomgr/src/repo/indexing.rs:213:28
[INFO] [stdout]     |
[INFO] [stdout] 213 |     let args = crate::fbs::pahkat::MacOSPackageArgs {
[INFO] [stdout]     |                            ^^^^^^ could not find `pahkat` in `fbs`
[INFO] [stdout] 
[INFO] [stdout] 
[INFO] [stdout] error[E0433]: failed to resolve: could not find `pahkat` in `fbs`
[INFO] [stdout]    --> /opt/rustwide/cargo-home/git/checkouts/pahkat-24003d9890ca3765/389365b/pahkat-repomgr/src/repo/indexing.rs:221:17
[INFO] [stdout]     |
[INFO] [stdout] 221 |     crate::fbs::pahkat::MacOSPackage::create(builder, &args).as_union_value()
[INFO] [stdout]     |                 ^^^^^^ could not find `pahkat` in `fbs`
[INFO] [stdout]     |
[INFO] [stdout] help: there is an enum variant `pahkat_types::payload::Payload::MacOSPackage`; try using the variant's enum
[INFO] [stdout]     |
[INFO] [stdout] 221 |     pahkat_types::payload::Payload(builder, &args).as_union_value()
[INFO] [stdout]     |     ~~~~~~~~~~~~~~~~~~~~~~~~~~~~~~
[INFO] [stdout] 
[INFO] [stdout] 
[INFO] [stdout] error[E0433]: failed to resolve: could not find `pahkat` in `fbs`
[INFO] [stdout]    --> /opt/rustwide/cargo-home/git/checkouts/pahkat-24003d9890ca3765/389365b/pahkat-repomgr/src/repo/indexing.rs:230:28
[INFO] [stdout]     |
[INFO] [stdout] 230 |     let args = crate::fbs::pahkat::TarballPackageArgs {
[INFO] [stdout]     |                            ^^^^^^ could not find `pahkat` in `fbs`
[INFO] [stdout] 
[INFO] [stdout] 
[INFO] [stdout] error[E0433]: failed to resolve: could not find `pahkat` in `fbs`
[INFO] [stdout]    --> /opt/rustwide/cargo-home/git/checkouts/pahkat-24003d9890ca3765/389365b/pahkat-repomgr/src/repo/indexing.rs:236:17
[INFO] [stdout]     |
[INFO] [stdout] 236 |     crate::fbs::pahkat::TarballPackage::create(builder, &args).as_union_value()
[INFO] [stdout]     |                 ^^^^^^ could not find `pahkat` in `fbs`
[INFO] [stdout]     |
[INFO] [stdout] help: there is an enum variant `pahkat_types::payload::Payload::TarballPackage`; try using the variant's enum
[INFO] [stdout]     |
[INFO] [stdout] 236 |     pahkat_types::payload::Payload(builder, &args).as_union_value()
[INFO] [stdout]     |     ~~~~~~~~~~~~~~~~~~~~~~~~~~~~~~
[INFO] [stdout] 
[INFO] [stdout] 
[INFO] [stdout] error[E0433]: failed to resolve: could not find `pahkat` in `fbs`
[INFO] [stdout]    --> /opt/rustwide/cargo-home/git/checkouts/pahkat-24003d9890ca3765/389365b/pahkat-repomgr/src/repo/indexing.rs:242:70
[INFO] [stdout]     |
[INFO] [stdout] 242 | ) -> fbs::WIPOffset<fbs::Vector<'a, fbs::ForwardsUOffset<crate::fbs::pahkat::Target<&'a [u8]>>>> {
[INFO] [stdout]     |                                                                      ^^^^^^ could not find `pahkat` in `fbs`
[INFO] [stdout] 
[INFO] [stdout] 
[INFO] [stdout] error[E0433]: failed to resolve: could not find `pahkat` in `fbs`
[INFO] [stdout]    --> /opt/rustwide/cargo-home/git/checkouts/pahkat-24003d9890ca3765/389365b/pahkat-repomgr/src/repo/indexing.rs:289:36
[INFO] [stdout]     |
[INFO] [stdout] 289 |             let args = crate::fbs::pahkat::TargetArgs {
[INFO] [stdout]     |                                    ^^^^^^ could not find `pahkat` in `fbs`
[INFO] [stdout] 
[INFO] [stdout] 
[INFO] [stdout] error[E0433]: failed to resolve: could not find `pahkat` in `fbs`
[INFO] [stdout]    --> /opt/rustwide/cargo-home/git/checkouts/pahkat-24003d9890ca3765/389365b/pahkat-repomgr/src/repo/indexing.rs:303:61
[INFO] [stdout]     |
[INFO] [stdout] 303 |     builder.start_vector::<fbs::ForwardsUOffset<crate::fbs::pahkat::Target<&'_ [u8]>>>(len);
[INFO] [stdout]     |                                                             ^^^^^^ could not find `pahkat` in `fbs`
[INFO] [stdout] 
[INFO] [stdout] 
[INFO] [stdout] error[E0433]: failed to resolve: could not find `pahkat` in `fbs`
[INFO] [stdout]    --> /opt/rustwide/cargo-home/git/checkouts/pahkat-24003d9890ca3765/389365b/pahkat-repomgr/src/repo/indexing.rs:315:70
[INFO] [stdout]     |
[INFO] [stdout] 315 | ) -> fbs::WIPOffset<fbs::Vector<'a, fbs::ForwardsUOffset<crate::fbs::pahkat::Release<&'a [u8]>>>> {
[INFO] [stdout]     |                                                                      ^^^^^^ could not find `pahkat` in `fbs`
[INFO] [stdout] 
[INFO] [stdout] 
[INFO] [stdout] error[E0433]: failed to resolve: could not find `pahkat` in `fbs`
[INFO] [stdout]    --> /opt/rustwide/cargo-home/git/checkouts/pahkat-24003d9890ca3765/389365b/pahkat-repomgr/src/repo/indexing.rs:362:36
[INFO] [stdout]     |
[INFO] [stdout] 362 |             let args = crate::fbs::pahkat::ReleaseArgs {
[INFO] [stdout]     |                                    ^^^^^^ could not find `pahkat` in `fbs`
[INFO] [stdout] 
[INFO] [stdout] 
[INFO] [stdout] error[E0433]: failed to resolve: could not find `pahkat` in `fbs`
[INFO] [stdout]    --> /opt/rustwide/cargo-home/git/checkouts/pahkat-24003d9890ca3765/389365b/pahkat-repomgr/src/repo/indexing.rs:377:61
[INFO] [stdout]     |
[INFO] [stdout] 377 |     builder.start_vector::<fbs::ForwardsUOffset<crate::fbs::pahkat::Release<&'_ [u8]>>>(len);
[INFO] [stdout]     |                                                             ^^^^^^ could not find `pahkat` in `fbs`
[INFO] [stdout] 
[INFO] [stdout] 
[INFO] [stdout] error[E0433]: failed to resolve: could not find `pahkat` in `fbs`
[INFO] [stdout]    --> /opt/rustwide/cargo-home/git/checkouts/pahkat-24003d9890ca3765/389365b/pahkat-repomgr/src/repo/indexing.rs:406:34
[INFO] [stdout]     |
[INFO] [stdout] 406 |         builder.push(crate::fbs::pahkat::fbs_gen::PackageType::Descriptor as u8);
[INFO] [stdout]     |                                  ^^^^^^ could not find `pahkat` in `fbs`
[INFO] [stdout] 
[INFO] [stdout] 
[INFO] [stdout] error[E0433]: failed to resolve: could not find `pahkat` in `fbs`
[INFO] [stdout]    --> /opt/rustwide/cargo-home/git/checkouts/pahkat-24003d9890ca3765/389365b/pahkat-repomgr/src/repo/indexing.rs:448:36
[INFO] [stdout]     |
[INFO] [stdout] 448 |             let args = crate::fbs::pahkat::DescriptorArgs {
[INFO] [stdout]     |                                    ^^^^^^ could not find `pahkat` in `fbs`
[INFO] [stdout] 
[INFO] [stdout] 
[INFO] [stdout] error[E0433]: failed to resolve: could not find `pahkat` in `fbs`
[INFO] [stdout]    --> /opt/rustwide/cargo-home/git/checkouts/pahkat-24003d9890ca3765/389365b/pahkat-repomgr/src/repo/indexing.rs:461:61
[INFO] [stdout]     |
[INFO] [stdout] 461 |     builder.start_vector::<fbs::ForwardsUOffset<crate::fbs::pahkat::Descriptor<&'_ [u8]>>>(
[INFO] [stdout]     |                                                             ^^^^^^ could not find `pahkat` in `fbs`
[INFO] [stdout] 
[INFO] [stdout] 
[INFO] [stdout] error[E0433]: failed to resolve: could not find `pahkat` in `fbs`
[INFO] [stdout]    --> /opt/rustwide/cargo-home/git/checkouts/pahkat-24003d9890ca3765/389365b/pahkat-repomgr/src/repo/indexing.rs:469:28
[INFO] [stdout]     |
[INFO] [stdout] 469 |     let args = crate::fbs::pahkat::PackagesArgs {
[INFO] [stdout]     |                            ^^^^^^ could not find `pahkat` in `fbs`
[INFO] [stdout] 
[INFO] [stdout] 
[INFO] [stdout] error[E0433]: failed to resolve: could not find `pahkat` in `fbs`
[INFO] [stdout]    --> /opt/rustwide/cargo-home/git/checkouts/pahkat-24003d9890ca3765/389365b/pahkat-repomgr/src/repo/indexing.rs:475:28
[INFO] [stdout]     |
[INFO] [stdout] 475 |     let root = crate::fbs::pahkat::Packages::create(builder, &args);
[INFO] [stdout]     |                            ^^^^^^ could not find `pahkat` in `fbs`
[INFO] [stdout] 
[INFO] [stdout] 
[INFO] [stdout] error[E0433]: failed to resolve: could not find `pahkat` in `fbs`
[INFO] [stdout]    --> /opt/rustwide/cargo-home/git/checkouts/pahkat-24003d9890ca3765/389365b/pahkat-repomgr/src/repo/indexing.rs:298:25
[INFO] [stdout]     |
[INFO] [stdout] 298 |             crate::fbs::pahkat::Target::create(builder, &args)
[INFO] [stdout]     |                         ^^^^^^ could not find `pahkat` in `fbs`
[INFO] [stdout]     |
[INFO] [stdout] help: consider importing one of these items
[INFO] [stdout]     |
[INFO] [stdout] 1   + use env_logger::Target;
[INFO] [stdout]     |
[INFO] [stdout] 1   + use pahkat_types::payload::Target;
[INFO] [stdout]     |
[INFO] [stdout] 1   + use pahkat_types::synth::Target;
[INFO] [stdout]     |
[INFO] [stdout] help: if you import `Target`, refer to it directly
[INFO] [stdout]     |
[INFO] [stdout] 298 -             crate::fbs::pahkat::Target::create(builder, &args)
[INFO] [stdout] 298 +             Target::create(builder, &args)
[INFO] [stdout]     |
[INFO] [stdout] 
[INFO] [stdout] 
[INFO] [stdout] error[E0433]: failed to resolve: could not find `pahkat` in `fbs`
[INFO] [stdout]    --> /opt/rustwide/cargo-home/git/checkouts/pahkat-24003d9890ca3765/389365b/pahkat-repomgr/src/repo/indexing.rs:372:25
[INFO] [stdout]     |
[INFO] [stdout] 372 |             crate::fbs::pahkat::Release::create(builder, &args)
[INFO] [stdout]     |                         ^^^^^^ could not find `pahkat` in `fbs`
[INFO] [stdout]     |
[INFO] [stdout] help: consider importing one of these items
[INFO] [stdout]     |
[INFO] [stdout] 1   + use pahkat_types::package::Release;
[INFO] [stdout]     |
[INFO] [stdout] 1   + use pahkat_types::synth::Release;
[INFO] [stdout]     |
[INFO] [stdout] help: if you import `Release`, refer to it directly
[INFO] [stdout]     |
[INFO] [stdout] 372 -             crate::fbs::pahkat::Release::create(builder, &args)
[INFO] [stdout] 372 +             Release::create(builder, &args)
[INFO] [stdout]     |
[INFO] [stdout] 
[INFO] [stdout] 
[INFO] [stdout] error[E0433]: failed to resolve: could not find `pahkat` in `fbs`
[INFO] [stdout]    --> /opt/rustwide/cargo-home/git/checkouts/pahkat-24003d9890ca3765/389365b/pahkat-repomgr/src/repo/indexing.rs:457:25
[INFO] [stdout]     |
[INFO] [stdout] 457 |             crate::fbs::pahkat::Descriptor::create(builder, &args)
[INFO] [stdout]     |                         ^^^^^^ could not find `pahkat` in `fbs`
[INFO] [stdout]     |
[INFO] [stdout] help: consider importing one of these items
[INFO] [stdout]     |
[INFO] [stdout] 1   + use pahkat_types::package::Descriptor;
[INFO] [stdout]     |
[INFO] [stdout] 1   + use pahkat_types::synth::Descriptor;
[INFO] [stdout]     |
[INFO] [stdout] help: if you import `Descriptor`, refer to it directly
[INFO] [stdout]     |
[INFO] [stdout] 457 -             crate::fbs::pahkat::Descriptor::create(builder, &args)
[INFO] [stdout] 457 +             Descriptor::create(builder, &args)
[INFO] [stdout]     |
[INFO] [stdout] 
[INFO] [stdout] 
[INFO] [stdout] error: aborting due to 24 previous errors
[INFO] [stdout] 
[INFO] [stdout] 
[INFO] [stderr] error: could not compile `pahkat-repomgr` (lib) due to 25 previous errors
[INFO] [stdout] Some errors have detailed explanations: E0432, E0433.
[INFO] [stdout] 
[INFO] [stderr] warning: build failed, waiting for other jobs to finish...
[INFO] [stdout] For more information about an error, try `rustc --explain E0432`.
[INFO] [stdout] 
[INFO] running `Command { std: "docker" "inspect" "78a73b6d9d4eaab631402ad15199b29bd8bc6721e39339e082d0cf084fe5bf62", kill_on_drop: false }`
[INFO] running `Command { std: "docker" "rm" "-f" "78a73b6d9d4eaab631402ad15199b29bd8bc6721e39339e082d0cf084fe5bf62", kill_on_drop: false }`
[INFO] [stdout] 78a73b6d9d4eaab631402ad15199b29bd8bc6721e39339e082d0cf084fe5bf62
