[INFO] cloning repository https://github.com/bashhack/actix_todo
[INFO] running `Command { std: "git" "-c" "credential.helper=" "-c" "credential.helper=/workspace/cargo-home/bin/git-credential-null" "clone" "--bare" "https://github.com/bashhack/actix_todo" "/workspace/cache/git-repos/https%3A%2F%2Fgithub.com%2Fbashhack%2Factix_todo", kill_on_drop: false }`
[INFO] [stderr] Cloning into bare repository '/workspace/cache/git-repos/https%3A%2F%2Fgithub.com%2Fbashhack%2Factix_todo'...
[INFO] running `Command { std: "git" "rev-parse" "HEAD", kill_on_drop: false }`
[INFO] [stdout] 13c317cf6c835e735bb8843cd7a25925bf68d763
[INFO] testing bashhack/actix_todo against beta-2023-04-20 for beta-1.70-1
[INFO] running `Command { std: "git" "clone" "/workspace/cache/git-repos/https%3A%2F%2Fgithub.com%2Fbashhack%2Factix_todo" "/workspace/builds/worker-6-tc2/source", kill_on_drop: false }`
[INFO] [stderr] Cloning into '/workspace/builds/worker-6-tc2/source'...
[INFO] [stderr] done.
[INFO] validating manifest of git repo https://github.com/bashhack/actix_todo on toolchain beta-2023-04-20
[INFO] running `Command { std: CARGO_HOME="/workspace/cargo-home" RUSTUP_HOME="/workspace/rustup-home" "/workspace/cargo-home/bin/cargo" "+beta-2023-04-20" "metadata" "--manifest-path" "Cargo.toml" "--no-deps", kill_on_drop: false }`
[INFO] started tweaking git repo https://github.com/bashhack/actix_todo
[INFO] finished tweaking git repo https://github.com/bashhack/actix_todo
[INFO] tweaked toml for git repo https://github.com/bashhack/actix_todo written to /workspace/builds/worker-6-tc2/source/Cargo.toml
[INFO] crate git repo https://github.com/bashhack/actix_todo already has a lockfile, it will not be regenerated
[INFO] running `Command { std: CARGO_HOME="/workspace/cargo-home" RUSTUP_HOME="/workspace/rustup-home" "/workspace/cargo-home/bin/cargo" "+beta-2023-04-20" "fetch" "--manifest-path" "Cargo.toml", kill_on_drop: false }`
[INFO] [stderr]  Downloading crates ...
[INFO] [stderr]   Downloaded slog-async v2.6.0
[INFO] [stderr]   Downloaded deadpool v0.7.0
[INFO] [stderr]   Downloaded ahash v0.6.2
[INFO] [stderr]   Downloaded actix-tls v3.0.0-beta.2
[INFO] [stderr]   Downloaded tokio-util v0.6.1
[INFO] [stderr]   Downloaded actix-codec v0.4.0-beta.1
[INFO] [stderr]   Downloaded tokio-pg-mapper v0.2.0
[INFO] [stderr]   Downloaded tokio v1.0.2
[INFO] [stderr]   Downloaded trust-dns-resolver v0.20.0
[INFO] [stderr]   Downloaded actix-server v2.0.0-beta.2
[INFO] [stderr]   Downloaded trust-dns-proto v0.20.0
[INFO] [stderr]   Downloaded tokio-pg-mapper-derive v0.2.0
[INFO] [stderr]   Downloaded actix-http v3.0.0-beta.1
[INFO] [stderr]   Downloaded actix-web v4.0.0-beta.1
[INFO] [stderr]   Downloaded actix-utils v3.0.0-beta.1
[INFO] [stderr]   Downloaded actix-macros v0.2.0-beta.1
[INFO] [stderr]   Downloaded actix-rt v2.0.0-beta.2
[INFO] [stderr]   Downloaded actix-service v2.0.0-beta.3
[INFO] [stderr]   Downloaded awc v3.0.0-beta.1
[INFO] [stderr]   Downloaded deadpool-postgres v0.7.0
[INFO] running `Command { std: "docker" "create" "-v" "/var/lib/crater-agent-workspace/builds/worker-6-tc2/target:/opt/rustwide/target:rw,Z" "-v" "/var/lib/crater-agent-workspace/builds/worker-6-tc2/source:/opt/rustwide/workdir:ro,Z" "-v" "/var/lib/crater-agent-workspace/cargo-home:/opt/rustwide/cargo-home:ro,Z" "-v" "/var/lib/crater-agent-workspace/rustup-home:/opt/rustwide/rustup-home:ro,Z" "-e" "SOURCE_DIR=/opt/rustwide/workdir" "-e" "CARGO_TARGET_DIR=/opt/rustwide/target" "-e" "CARGO_HOME=/opt/rustwide/cargo-home" "-e" "RUSTUP_HOME=/opt/rustwide/rustup-home" "-w" "/opt/rustwide/workdir" "-m" "1610612736" "--user" "0:0" "--network" "none" "ghcr.io/rust-lang/crates-build-env/linux@sha256:5ff2268d62e97bff2cde7d5815dd6ed5b47097566f13b8d0ca110b04b60e07ed" "/opt/rustwide/cargo-home/bin/cargo" "+beta-2023-04-20" "metadata" "--no-deps" "--format-version=1", kill_on_drop: false }`
[INFO] [stdout] 4b2d802fa36ebd6543707b673e09ba1b441be2f22b3d9b2d1e0bd407aa606e78
[INFO] running `Command { std: "docker" "start" "-a" "4b2d802fa36ebd6543707b673e09ba1b441be2f22b3d9b2d1e0bd407aa606e78", kill_on_drop: false }`
[INFO] running `Command { std: "docker" "inspect" "4b2d802fa36ebd6543707b673e09ba1b441be2f22b3d9b2d1e0bd407aa606e78", kill_on_drop: false }`
[INFO] running `Command { std: "docker" "rm" "-f" "4b2d802fa36ebd6543707b673e09ba1b441be2f22b3d9b2d1e0bd407aa606e78", kill_on_drop: false }`
[INFO] [stdout] 4b2d802fa36ebd6543707b673e09ba1b441be2f22b3d9b2d1e0bd407aa606e78
[INFO] running `Command { std: "docker" "create" "-v" "/var/lib/crater-agent-workspace/builds/worker-6-tc2/target:/opt/rustwide/target:rw,Z" "-v" "/var/lib/crater-agent-workspace/builds/worker-6-tc2/source:/opt/rustwide/workdir:ro,Z" "-v" "/var/lib/crater-agent-workspace/cargo-home:/opt/rustwide/cargo-home:ro,Z" "-v" "/var/lib/crater-agent-workspace/rustup-home:/opt/rustwide/rustup-home:ro,Z" "-e" "SOURCE_DIR=/opt/rustwide/workdir" "-e" "CARGO_TARGET_DIR=/opt/rustwide/target" "-e" "CARGO_INCREMENTAL=0" "-e" "RUST_BACKTRACE=full" "-e" "RUSTFLAGS=--cap-lints=warn" "-e" "RUSTDOCFLAGS=--cap-lints=warn" "-e" "CARGO_HOME=/opt/rustwide/cargo-home" "-e" "RUSTUP_HOME=/opt/rustwide/rustup-home" "-w" "/opt/rustwide/workdir" "-m" "1610612736" "--user" "0:0" "--network" "none" "ghcr.io/rust-lang/crates-build-env/linux@sha256:5ff2268d62e97bff2cde7d5815dd6ed5b47097566f13b8d0ca110b04b60e07ed" "/opt/rustwide/cargo-home/bin/cargo" "+beta-2023-04-20" "build" "--frozen" "--message-format=json", kill_on_drop: false }`
[INFO] [stdout] fdb3b0858394061715df6d1d788cec35f9d5625db9cb930fa3d58cbe761fa749
[INFO] running `Command { std: "docker" "start" "-a" "fdb3b0858394061715df6d1d788cec35f9d5625db9cb930fa3d58cbe761fa749", kill_on_drop: false }`
[INFO] [stderr]    Compiling libc v0.2.82
[INFO] [stderr]    Compiling proc-macro2 v1.0.24
[INFO] [stderr]    Compiling unicode-xid v0.2.1
[INFO] [stderr]    Compiling syn v1.0.58
[INFO] [stderr]    Compiling autocfg v1.0.1
[INFO] [stderr]    Compiling cfg-if v1.0.0
[INFO] [stderr]    Compiling version_check v0.9.2
[INFO] [stderr]    Compiling memchr v2.3.4
[INFO] [stderr]    Compiling cfg-if v0.1.10
[INFO] [stderr]    Compiling pin-project-lite v0.2.4
[INFO] [stderr]    Compiling bytes v1.0.1
[INFO] [stderr]    Compiling log v0.4.13
[INFO] [stderr]    Compiling lazy_static v1.4.0
[INFO] [stderr]    Compiling once_cell v1.5.2
[INFO] [stderr]    Compiling scopeguard v1.1.0
[INFO] [stderr]    Compiling smallvec v1.6.1
[INFO] [stderr]    Compiling instant v0.1.9
[INFO] [stderr]    Compiling futures-core v0.3.12
[INFO] [stderr]    Compiling lock_api v0.4.2
[INFO] [stderr]    Compiling proc-macro-hack v0.5.19
[INFO] [stderr]    Compiling futures-sink v0.3.12
[INFO] [stderr]    Compiling typenum v1.12.0
[INFO] [stderr]    Compiling getrandom v0.2.1
[INFO] [stderr]    Compiling matches v0.1.8
[INFO] [stderr]    Compiling tinyvec_macros v0.1.0
[INFO] [stderr]    Compiling proc-macro-nested v0.1.7
[INFO] [stderr]    Compiling futures-channel v0.3.12
[INFO] [stderr]    Compiling unicode-bidi v0.3.4
[INFO] [stderr]    Compiling tinyvec v1.1.0
[INFO] [stderr]    Compiling slab v0.4.2
[INFO] [stderr]    Compiling futures-task v0.3.12
[INFO] [stderr]    Compiling tokio v1.0.2
[INFO] [stderr]    Compiling generic-array v0.14.4
[INFO] [stderr]    Compiling futures-io v0.3.12
[INFO] [stderr]    Compiling ppv-lite86 v0.2.10
[INFO] [stderr]    Compiling bitflags v1.2.1
[INFO] [stderr]    Compiling percent-encoding v2.1.0
[INFO] [stderr]    Compiling pin-utils v0.1.0
[INFO] [stderr]    Compiling serde_derive v1.0.119
[INFO] [stderr]    Compiling ryu v1.0.5
[INFO] [stderr]    Compiling serde v1.0.119
[INFO] [stderr]    Compiling itoa v0.4.7
[INFO] [stderr]    Compiling thread_local v1.1.0
[INFO] [stderr]    Compiling cpuid-bool v0.1.2
[INFO] [stderr]    Compiling opaque-debug v0.3.0
[INFO] [stderr]    Compiling num-traits v0.2.14
[INFO] [stderr]    Compiling linked-hash-map v0.5.4
[INFO] [stderr]    Compiling byteorder v1.4.2
[INFO] [stderr]    Compiling aho-corasick v0.7.15
[INFO] [stderr]    Compiling standback v0.2.14
[INFO] [stderr]    Compiling quote v1.0.8
[INFO] [stderr]    Compiling parking_lot_core v0.8.2
[INFO] [stderr]    Compiling num_cpus v1.13.0
[INFO] [stderr]    Compiling signal-hook-registry v1.3.0
[INFO] [stderr]    Compiling mio v0.7.7
[INFO] [stderr]    Compiling parking_lot v0.11.1
[INFO] [stderr]    Compiling unicode-normalization v0.1.16
[INFO] [stderr]    Compiling rand_core v0.6.1
[INFO] [stderr]    Compiling base64 v0.13.0
[INFO] [stderr]    Compiling regex-syntax v0.6.22
[INFO] [stderr]    Compiling form_urlencoded v1.0.0
[INFO] [stderr]    Compiling rand_chacha v0.3.0
[INFO] [stderr]    Compiling serde_json v1.0.61
[INFO] [stderr] thread 'rustc' panicked at 'assertion failed: pos.get() <= self.position()', compiler/rustc_metadata/src/rmeta/encoder.rs:452:9
[INFO] [stderr] LLVM ERROR: IO failure on output stream: No space left on device
[INFO] [stderr] LLVM ERROR: IO failure on output stream: No space left on device
[INFO] [stderr] LLVM ERROR: IO failure on output stream: No space left on device
[INFO] [stderr] LLVM ERROR: IO failure on output stream: No space left on device
[INFO] [stderr] error: could not compile `form_urlencoded` (lib)
[INFO] [stderr] warning: build failed, waiting for other jobs to finish...
[INFO] [stderr] LLVM ERROR: IO failure on output stream: No space left on device
[INFO] [stderr] LLVM ERROR: IO failure on output stream: No space left on device
[INFO] [stderr] error: could not compile `signal-hook-registry` (lib)
[INFO] [stderr] error: could not compile `num_cpus` (lib)
[INFO] [stderr] error: could not compile `ryu` (lib)
[INFO] [stderr] error: could not compile `aho-corasick` (lib)
[INFO] [stderr] error: could not compile `mio` (lib)
[INFO] [stderr] error: could not compile `base64` (lib)
[INFO] [stderr] LLVM ERROR: IO failure on output stream: No space left on device
[INFO] [stderr] LLVM ERROR: IO failure on output stream: No space left on device
[INFO] [stderr] thread 'rustc' panicked at 'assertion failed: pos.get() <= self.position()', compiler/rustc_metadata/src/rmeta/encoder.rs:452:9
[INFO] [stderr] error: could not compile `serde_json` (build script)
[INFO] [stderr] error: could not compile `parking_lot` (lib)
[INFO] [stderr] error: could not compile `rand_chacha` (lib)
[INFO] [stderr] thread 'rustc' panicked at 'assertion failed: pos.get() <= self.position()', compiler/rustc_metadata/src/rmeta/encoder.rs:433:9
[INFO] [stderr] error: could not compile `generic-array` (lib)
[INFO] [stderr] thread 'rustc' panicked at 'assertion failed: pos.get() <= self.position()', compiler/rustc_metadata/src/rmeta/encoder.rs:433:9
[INFO] [stderr] error: could not compile `unicode-normalization` (lib)
[INFO] [stderr] thread 'rustc' panicked at 'assertion failed: pos.get() <= self.position()', compiler/rustc_metadata/src/rmeta/encoder.rs:433:9
[INFO] [stderr] error: could not compile `regex-syntax` (lib)
[INFO] [stderr] thread 'rustc' panicked at 'assertion failed: pos.get() <= self.position()', compiler/rustc_metadata/src/rmeta/encoder.rs:433:9
[INFO] [stderr] error: could not compile `syn` (lib)
[INFO] running `Command { std: "docker" "inspect" "fdb3b0858394061715df6d1d788cec35f9d5625db9cb930fa3d58cbe761fa749", kill_on_drop: false }`
[INFO] running `Command { std: "docker" "rm" "-f" "fdb3b0858394061715df6d1d788cec35f9d5625db9cb930fa3d58cbe761fa749", kill_on_drop: false }`
[INFO] [stdout] fdb3b0858394061715df6d1d788cec35f9d5625db9cb930fa3d58cbe761fa749
