[INFO] cloning repository https://github.com/barrybhattarai/nes-emu
[INFO] running `Command { std: "git" "-c" "credential.helper=" "-c" "credential.helper=/workspace/cargo-home/bin/git-credential-null" "clone" "--bare" "https://github.com/barrybhattarai/nes-emu" "/workspace/cache/git-repos/https%3A%2F%2Fgithub.com%2Fbarrybhattarai%2Fnes-emu", kill_on_drop: false }`
[INFO] [stderr] Cloning into bare repository '/workspace/cache/git-repos/https%3A%2F%2Fgithub.com%2Fbarrybhattarai%2Fnes-emu'...
[INFO] running `Command { std: "git" "rev-parse" "HEAD", kill_on_drop: false }`
[INFO] [stdout] 93d4fd956ffca2bb6c897f5f17dfd158da06fc77
[INFO] testing barrybhattarai/nes-emu against beta-2023-04-20 for beta-1.70-1
[INFO] running `Command { std: "git" "clone" "/workspace/cache/git-repos/https%3A%2F%2Fgithub.com%2Fbarrybhattarai%2Fnes-emu" "/workspace/builds/worker-7-tc2/source", kill_on_drop: false }`
[INFO] [stderr] Cloning into '/workspace/builds/worker-7-tc2/source'...
[INFO] [stderr] done.
[INFO] validating manifest of git repo https://github.com/barrybhattarai/nes-emu on toolchain beta-2023-04-20
[INFO] running `Command { std: CARGO_HOME="/workspace/cargo-home" RUSTUP_HOME="/workspace/rustup-home" "/workspace/cargo-home/bin/cargo" "+beta-2023-04-20" "metadata" "--manifest-path" "Cargo.toml" "--no-deps", kill_on_drop: false }`
[INFO] started tweaking git repo https://github.com/barrybhattarai/nes-emu
[INFO] finished tweaking git repo https://github.com/barrybhattarai/nes-emu
[INFO] tweaked toml for git repo https://github.com/barrybhattarai/nes-emu written to /workspace/builds/worker-7-tc2/source/Cargo.toml
[INFO] crate git repo https://github.com/barrybhattarai/nes-emu already has a lockfile, it will not be regenerated
[INFO] running `Command { std: CARGO_HOME="/workspace/cargo-home" RUSTUP_HOME="/workspace/rustup-home" "/workspace/cargo-home/bin/cargo" "+beta-2023-04-20" "fetch" "--manifest-path" "Cargo.toml", kill_on_drop: false }`
[INFO] running `Command { std: "docker" "create" "-v" "/var/lib/crater-agent-workspace/builds/worker-7-tc2/target:/opt/rustwide/target:rw,Z" "-v" "/var/lib/crater-agent-workspace/builds/worker-7-tc2/source:/opt/rustwide/workdir:ro,Z" "-v" "/var/lib/crater-agent-workspace/cargo-home:/opt/rustwide/cargo-home:ro,Z" "-v" "/var/lib/crater-agent-workspace/rustup-home:/opt/rustwide/rustup-home:ro,Z" "-e" "SOURCE_DIR=/opt/rustwide/workdir" "-e" "CARGO_TARGET_DIR=/opt/rustwide/target" "-e" "CARGO_HOME=/opt/rustwide/cargo-home" "-e" "RUSTUP_HOME=/opt/rustwide/rustup-home" "-w" "/opt/rustwide/workdir" "-m" "1610612736" "--user" "0:0" "--network" "none" "ghcr.io/rust-lang/crates-build-env/linux@sha256:5ff2268d62e97bff2cde7d5815dd6ed5b47097566f13b8d0ca110b04b60e07ed" "/opt/rustwide/cargo-home/bin/cargo" "+beta-2023-04-20" "metadata" "--no-deps" "--format-version=1", kill_on_drop: false }`
[INFO] [stdout] 361e2106f72dab83c5d67802c9d979f9029fd8ef300a296199611b44586e4bf2
[INFO] running `Command { std: "docker" "start" "-a" "361e2106f72dab83c5d67802c9d979f9029fd8ef300a296199611b44586e4bf2", kill_on_drop: false }`
[INFO] running `Command { std: "docker" "inspect" "361e2106f72dab83c5d67802c9d979f9029fd8ef300a296199611b44586e4bf2", kill_on_drop: false }`
[INFO] running `Command { std: "docker" "rm" "-f" "361e2106f72dab83c5d67802c9d979f9029fd8ef300a296199611b44586e4bf2", kill_on_drop: false }`
[INFO] [stdout] 361e2106f72dab83c5d67802c9d979f9029fd8ef300a296199611b44586e4bf2
[INFO] running `Command { std: "docker" "create" "-v" "/var/lib/crater-agent-workspace/builds/worker-7-tc2/target:/opt/rustwide/target:rw,Z" "-v" "/var/lib/crater-agent-workspace/builds/worker-7-tc2/source:/opt/rustwide/workdir:ro,Z" "-v" "/var/lib/crater-agent-workspace/cargo-home:/opt/rustwide/cargo-home:ro,Z" "-v" "/var/lib/crater-agent-workspace/rustup-home:/opt/rustwide/rustup-home:ro,Z" "-e" "SOURCE_DIR=/opt/rustwide/workdir" "-e" "CARGO_TARGET_DIR=/opt/rustwide/target" "-e" "CARGO_INCREMENTAL=0" "-e" "RUST_BACKTRACE=full" "-e" "RUSTFLAGS=--cap-lints=warn" "-e" "RUSTDOCFLAGS=--cap-lints=warn" "-e" "CARGO_HOME=/opt/rustwide/cargo-home" "-e" "RUSTUP_HOME=/opt/rustwide/rustup-home" "-w" "/opt/rustwide/workdir" "-m" "1610612736" "--user" "0:0" "--network" "none" "ghcr.io/rust-lang/crates-build-env/linux@sha256:5ff2268d62e97bff2cde7d5815dd6ed5b47097566f13b8d0ca110b04b60e07ed" "/opt/rustwide/cargo-home/bin/cargo" "+beta-2023-04-20" "build" "--frozen" "--message-format=json", kill_on_drop: false }`
[INFO] [stdout] 320995dd610c09d113b9a5105f26de63f04a0be94a067a484c5b280a1d66d64b
[INFO] running `Command { std: "docker" "start" "-a" "320995dd610c09d113b9a5105f26de63f04a0be94a067a484c5b280a1d66d64b", kill_on_drop: false }`
[INFO] [stderr]    Compiling proc-macro2 v1.0.37
[INFO] [stderr]    Compiling unicode-xid v0.2.3
[INFO] [stderr]    Compiling syn v1.0.92
[INFO] [stderr]    Compiling serde_derive v1.0.137
[INFO] [stderr]    Compiling serde v1.0.137
[INFO] [stderr]    Compiling serde_json v1.0.81
[INFO] [stderr]    Compiling itoa v1.0.1
[INFO] [stderr]    Compiling ryu v1.0.9
[INFO] [stderr]    Compiling quote v1.0.18
[INFO] [stderr]    Compiling fe v0.1.0 (/opt/rustwide/workdir)
[INFO] [stdout] error[E0599]: no method named `powi` found for type parameter `T` in the current scope
[INFO] [stdout]   --> src/point.rs:11:32
[INFO] [stdout]    |
[INFO] [stdout] 9  | impl<T: > Point<T> {
[INFO] [stdout]    |      - method `powi` not found for this type parameter
[INFO] [stdout] 10 |     pub fn dist_from_origin(&self) -> f64 {
[INFO] [stdout] 11 |         let distance = (self.x.powi(2) + self.y.powi(2)).sqrt();
[INFO] [stdout]    |                                ^^^^ method not found in `T`
[INFO] [stdout] 
[INFO] [stdout] 
[INFO] [stdout] error[E0599]: no method named `powi` found for type parameter `T` in the current scope
[INFO] [stdout]   --> src/point.rs:11:49
[INFO] [stdout]    |
[INFO] [stdout] 9  | impl<T: > Point<T> {
[INFO] [stdout]    |      - method `powi` not found for this type parameter
[INFO] [stdout] 10 |     pub fn dist_from_origin(&self) -> f64 {
[INFO] [stdout] 11 |         let distance = (self.x.powi(2) + self.y.powi(2)).sqrt();
[INFO] [stdout]    |                                                 ^^^^ method not found in `T`
[INFO] [stdout] 
[INFO] [stdout] 
[INFO] [stdout] error[E0369]: cannot subtract `&Point<T>` from `&Point<T>`
[INFO] [stdout]   --> src/point.rs:16:34
[INFO] [stdout]    |
[INFO] [stdout] 16 |         let temp = other.clone() - self.clone();
[INFO] [stdout]    |                    ------------- ^ ------------ &Point<T>
[INFO] [stdout]    |                    |
[INFO] [stdout]    |                    &Point<T>
[INFO] [stdout]    |
[INFO] [stdout] help: consider introducing a `where` clause, but there might be an alternative better way to express this requirement
[INFO] [stdout]    |
[INFO] [stdout] 9  | impl<T: > Point<T> where &Point<T>: Sub<&Point<T>> {
[INFO] [stdout]    |                    +++++++++++++++++++++++++++++++
[INFO] [stdout] 
[INFO] [stdout] 
[INFO] [stdout] error[E0599]: no method named `powi` found for type parameter `T` in the current scope
[INFO] [stdout]   --> src/point.rs:21:17
[INFO] [stdout]    |
[INFO] [stdout] 9  | impl<T: > Point<T> {
[INFO] [stdout]    |      - method `powi` not found for this type parameter
[INFO] [stdout] ...
[INFO] [stdout] 21 |         (self.x.powi(2) + self.y.powi(2)).sqrt()
[INFO] [stdout]    |                 ^^^^ method not found in `T`
[INFO] [stdout] 
[INFO] [stdout] 
[INFO] [stdout] error[E0599]: no method named `powi` found for type parameter `T` in the current scope
[INFO] [stdout]   --> src/point.rs:21:34
[INFO] [stdout]    |
[INFO] [stdout] 9  | impl<T: > Point<T> {
[INFO] [stdout]    |      - method `powi` not found for this type parameter
[INFO] [stdout] ...
[INFO] [stdout] 21 |         (self.x.powi(2) + self.y.powi(2)).sqrt()
[INFO] [stdout]    |                                  ^^^^ method not found in `T`
[INFO] [stdout] 
[INFO] [stdout] 
[INFO] [stdout] error[E0369]: cannot subtract `T` from `T`
[INFO] [stdout]   --> src/point.rs:41:23
[INFO] [stdout]    |
[INFO] [stdout] 41 |             x: self.x - rhs.x,
[INFO] [stdout]    |                ------ ^ ----- T
[INFO] [stdout]    |                |
[INFO] [stdout]    |                T
[INFO] [stdout]    |
[INFO] [stdout] help: consider restricting type parameter `T`
[INFO] [stdout]    |
[INFO] [stdout] 36 | impl<T: std::ops::Sub<Output = T>> Sub for Point<T> {
[INFO] [stdout]    |       +++++++++++++++++++++++++++
[INFO] [stdout] 
[INFO] [stdout] 
[INFO] [stdout] error[E0369]: cannot subtract `T` from `T`
[INFO] [stdout]   --> src/point.rs:42:24
[INFO] [stdout]    |
[INFO] [stdout] 42 |             y : self.y - rhs.y
[INFO] [stdout]    |                 ------ ^ ----- T
[INFO] [stdout]    |                 |
[INFO] [stdout]    |                 T
[INFO] [stdout]    |
[INFO] [stdout] help: consider restricting type parameter `T`
[INFO] [stdout]    |
[INFO] [stdout] 36 | impl<T: std::ops::Sub<Output = T>> Sub for Point<T> {
[INFO] [stdout]    |       +++++++++++++++++++++++++++
[INFO] [stdout] 
[INFO] [stdout] 
[INFO] [stdout] error: aborting due to 7 previous errors
[INFO] [stdout] 
[INFO] [stdout] 
[INFO] [stdout] Some errors have detailed explanations: E0369, E0599.
[INFO] [stdout] 
[INFO] [stdout] For more information about an error, try `rustc --explain E0369`.
[INFO] [stdout] 
[INFO] [stderr] error: could not compile `fe` (bin "fe") due to 8 previous errors
[INFO] running `Command { std: "docker" "inspect" "320995dd610c09d113b9a5105f26de63f04a0be94a067a484c5b280a1d66d64b", kill_on_drop: false }`
[INFO] running `Command { std: "docker" "rm" "-f" "320995dd610c09d113b9a5105f26de63f04a0be94a067a484c5b280a1d66d64b", kill_on_drop: false }`
[INFO] [stdout] 320995dd610c09d113b9a5105f26de63f04a0be94a067a484c5b280a1d66d64b
