[INFO] cloning repository https://github.com/balasopandr/marathon592
[INFO] running `Command { std: "git" "-c" "credential.helper=" "-c" "credential.helper=/workspace/cargo-home/bin/git-credential-null" "clone" "--bare" "https://github.com/balasopandr/marathon592" "/workspace/cache/git-repos/https%3A%2F%2Fgithub.com%2Fbalasopandr%2Fmarathon592", kill_on_drop: false }`
[INFO] [stderr] Cloning into bare repository '/workspace/cache/git-repos/https%3A%2F%2Fgithub.com%2Fbalasopandr%2Fmarathon592'...
[INFO] running `Command { std: "git" "rev-parse" "HEAD", kill_on_drop: false }`
[INFO] [stdout] 443eed6a39fac26cfb1bd1fa38b0f799e014d0d7
[INFO] testing balasopandr/marathon592 against beta-2023-04-20 for beta-1.70-1
[INFO] running `Command { std: "git" "clone" "/workspace/cache/git-repos/https%3A%2F%2Fgithub.com%2Fbalasopandr%2Fmarathon592" "/workspace/builds/worker-0-tc2/source", kill_on_drop: false }`
[INFO] [stderr] Cloning into '/workspace/builds/worker-0-tc2/source'...
[INFO] [stderr] done.
[INFO] validating manifest of git repo https://github.com/balasopandr/marathon592 on toolchain beta-2023-04-20
[INFO] running `Command { std: CARGO_HOME="/workspace/cargo-home" RUSTUP_HOME="/workspace/rustup-home" "/workspace/cargo-home/bin/cargo" "+beta-2023-04-20" "metadata" "--manifest-path" "Cargo.toml" "--no-deps", kill_on_drop: false }`
[INFO] started tweaking git repo https://github.com/balasopandr/marathon592
[INFO] finished tweaking git repo https://github.com/balasopandr/marathon592
[INFO] tweaked toml for git repo https://github.com/balasopandr/marathon592 written to /workspace/builds/worker-0-tc2/source/Cargo.toml
[INFO] crate git repo https://github.com/balasopandr/marathon592 already has a lockfile, it will not be regenerated
[INFO] running `Command { std: CARGO_HOME="/workspace/cargo-home" RUSTUP_HOME="/workspace/rustup-home" "/workspace/cargo-home/bin/cargo" "+beta-2023-04-20" "fetch" "--manifest-path" "Cargo.toml", kill_on_drop: false }`
[INFO] [stderr]     Updating crates.io index
[INFO] [stderr]  Downloading crates ...
[INFO] [stderr]   Downloaded parity-scale-codec v2.0.1
[INFO] [stderr]   Downloaded reikna v0.12.3
[INFO] [stderr]   Downloaded nalgebra v0.25.3
[INFO] running `Command { std: "docker" "create" "-v" "/var/lib/crater-agent-workspace/builds/worker-0-tc2/target:/opt/rustwide/target:rw,Z" "-v" "/var/lib/crater-agent-workspace/builds/worker-0-tc2/source:/opt/rustwide/workdir:ro,Z" "-v" "/var/lib/crater-agent-workspace/cargo-home:/opt/rustwide/cargo-home:ro,Z" "-v" "/var/lib/crater-agent-workspace/rustup-home:/opt/rustwide/rustup-home:ro,Z" "-e" "SOURCE_DIR=/opt/rustwide/workdir" "-e" "CARGO_TARGET_DIR=/opt/rustwide/target" "-e" "CARGO_HOME=/opt/rustwide/cargo-home" "-e" "RUSTUP_HOME=/opt/rustwide/rustup-home" "-w" "/opt/rustwide/workdir" "-m" "1610612736" "--user" "0:0" "--network" "none" "ghcr.io/rust-lang/crates-build-env/linux@sha256:5ff2268d62e97bff2cde7d5815dd6ed5b47097566f13b8d0ca110b04b60e07ed" "/opt/rustwide/cargo-home/bin/cargo" "+beta-2023-04-20" "metadata" "--no-deps" "--format-version=1", kill_on_drop: false }`
[INFO] [stdout] 7cd292a43b2416dd736315009ef608bc8ab4a42281a263359361f477d304778c
[INFO] running `Command { std: "docker" "start" "-a" "7cd292a43b2416dd736315009ef608bc8ab4a42281a263359361f477d304778c", kill_on_drop: false }`
[INFO] running `Command { std: "docker" "inspect" "7cd292a43b2416dd736315009ef608bc8ab4a42281a263359361f477d304778c", kill_on_drop: false }`
[INFO] running `Command { std: "docker" "rm" "-f" "7cd292a43b2416dd736315009ef608bc8ab4a42281a263359361f477d304778c", kill_on_drop: false }`
[INFO] [stdout] 7cd292a43b2416dd736315009ef608bc8ab4a42281a263359361f477d304778c
[INFO] running `Command { std: "docker" "create" "-v" "/var/lib/crater-agent-workspace/builds/worker-0-tc2/target:/opt/rustwide/target:rw,Z" "-v" "/var/lib/crater-agent-workspace/builds/worker-0-tc2/source:/opt/rustwide/workdir:ro,Z" "-v" "/var/lib/crater-agent-workspace/cargo-home:/opt/rustwide/cargo-home:ro,Z" "-v" "/var/lib/crater-agent-workspace/rustup-home:/opt/rustwide/rustup-home:ro,Z" "-e" "SOURCE_DIR=/opt/rustwide/workdir" "-e" "CARGO_TARGET_DIR=/opt/rustwide/target" "-e" "CARGO_INCREMENTAL=0" "-e" "RUST_BACKTRACE=full" "-e" "RUSTFLAGS=--cap-lints=warn" "-e" "RUSTDOCFLAGS=--cap-lints=warn" "-e" "CARGO_HOME=/opt/rustwide/cargo-home" "-e" "RUSTUP_HOME=/opt/rustwide/rustup-home" "-w" "/opt/rustwide/workdir" "-m" "1610612736" "--user" "0:0" "--network" "none" "ghcr.io/rust-lang/crates-build-env/linux@sha256:5ff2268d62e97bff2cde7d5815dd6ed5b47097566f13b8d0ca110b04b60e07ed" "/opt/rustwide/cargo-home/bin/cargo" "+beta-2023-04-20" "build" "--frozen" "--message-format=json", kill_on_drop: false }`
[INFO] [stdout] 14ba2676ab3706ad11324747843433908802dd12b122186d604036c55b7075bc
[INFO] running `Command { std: "docker" "start" "-a" "14ba2676ab3706ad11324747843433908802dd12b122186d604036c55b7075bc", kill_on_drop: false }`
[INFO] [stderr]    Compiling autocfg v1.0.1
[INFO] [stderr]    Compiling libc v0.2.90
[INFO] [stderr]    Compiling getrandom v0.2.2
[INFO] [stderr]    Compiling radium v0.6.2
[INFO] [stderr]    Compiling serde v1.0.124
[INFO] [stderr]    Compiling rayon-core v1.9.0
[INFO] [stderr]    Compiling wyz v0.2.0
[INFO] [stderr]    Compiling typenum v1.13.0
[INFO] [stderr]    Compiling crunchy v0.2.2
[INFO] [stderr]    Compiling version_check v0.9.3
[INFO] [stderr]    Compiling funty v1.1.0
[INFO] [stderr]    Compiling ppv-lite86 v0.2.10
[INFO] [stderr]    Compiling tap v1.0.1
[INFO] [stderr]    Compiling static_assertions v1.1.0
[INFO] [stderr]    Compiling arrayvec v0.5.2
[INFO] [stderr]    Compiling byte-slice-cast v1.0.0
[INFO] [stderr]    Compiling byteorder v1.4.3
[INFO] [stderr]    Compiling rustc-hex v2.1.0
[INFO] [stderr]    Compiling hex v0.4.3
[INFO] [stderr]    Compiling paste v1.0.5
[INFO] [stderr]    Compiling matrixmultiply v0.3.0
[INFO] [stderr]    Compiling reikna v0.12.3
[INFO] [stderr]    Compiling num-traits v0.2.14
[INFO] [stderr]    Compiling num-integer v0.1.44
[INFO] [stderr]    Compiling crossbeam-utils v0.8.3
[INFO] [stderr]    Compiling memoffset v0.6.1
[INFO] [stderr]    Compiling num-bigint v0.4.0
[INFO] [stderr]    Compiling generic-array v0.14.4
[INFO] [stderr]    Compiling num-rational v0.4.0
[INFO] [stderr]    Compiling bitvec v0.20.2
[INFO] [stderr]    Compiling num-rational v0.3.2
[INFO] [stderr]    Compiling num-iter v0.1.42
[INFO] [stderr]    Compiling rayon v1.5.0
[INFO] [stderr]    Compiling uint v0.9.0
[INFO] [stderr]    Compiling num_cpus v1.13.0
[INFO] [stderr]    Compiling rand_core v0.6.2
[INFO] [stderr]    Compiling rand_chacha v0.3.0
[INFO] [stderr]    Compiling crossbeam-epoch v0.9.3
[INFO] [stderr]    Compiling crossbeam-channel v0.5.0
[INFO] [stderr]    Compiling num-complex v0.3.1
[INFO] [stderr]    Compiling approx v0.4.0
[INFO] [stderr]    Compiling num-complex v0.4.0
[INFO] [stderr]    Compiling rand v0.8.3
[INFO] [stderr]    Compiling crossbeam-deque v0.8.0
[INFO] [stderr]    Compiling simba v0.4.0
[INFO] [stderr]    Compiling fixed-hash v0.7.0
[INFO] [stderr]    Compiling num v0.4.0
[INFO] [stderr]    Compiling parity-scale-codec v2.0.1
[INFO] [stderr]    Compiling impl-codec v0.5.0
[INFO] [stderr]    Compiling primitive-types v0.9.0
[INFO] [stderr]    Compiling nalgebra v0.25.3
[INFO] [stderr]    Compiling marathon592 v0.1.0 (/opt/rustwide/workdir)
[INFO] [stdout] warning: method `make_irreducible` is never used
[INFO] [stdout]   --> src/bin/p0057-overflow-need-to-use-bigint.rs:69:12
[INFO] [stdout]    |
[INFO] [stdout] 54 | impl Fraction {
[INFO] [stdout]    | ------------- method in this implementation
[INFO] [stdout] ...
[INFO] [stdout] 69 |     pub fn make_irreducible(&mut self) -> &Self {
[INFO] [stdout]    |            ^^^^^^^^^^^^^^^^
[INFO] [stdout]    |
[INFO] [stdout]    = note: `#[warn(dead_code)]` on by default
[INFO] [stdout] 
[INFO] [stdout] 
[INFO] [stdout] warning: 1 warning emitted
[INFO] [stdout] 
[INFO] [stdout] 
[INFO] [stderr]     Finished dev [unoptimized + debuginfo] target(s) in 23.32s
[INFO] running `Command { std: "docker" "inspect" "14ba2676ab3706ad11324747843433908802dd12b122186d604036c55b7075bc", kill_on_drop: false }`
[INFO] running `Command { std: "docker" "rm" "-f" "14ba2676ab3706ad11324747843433908802dd12b122186d604036c55b7075bc", kill_on_drop: false }`
[INFO] [stdout] 14ba2676ab3706ad11324747843433908802dd12b122186d604036c55b7075bc
[INFO] running `Command { std: "docker" "create" "-v" "/var/lib/crater-agent-workspace/builds/worker-0-tc2/target:/opt/rustwide/target:rw,Z" "-v" "/var/lib/crater-agent-workspace/builds/worker-0-tc2/source:/opt/rustwide/workdir:ro,Z" "-v" "/var/lib/crater-agent-workspace/cargo-home:/opt/rustwide/cargo-home:ro,Z" "-v" "/var/lib/crater-agent-workspace/rustup-home:/opt/rustwide/rustup-home:ro,Z" "-e" "SOURCE_DIR=/opt/rustwide/workdir" "-e" "CARGO_TARGET_DIR=/opt/rustwide/target" "-e" "CARGO_INCREMENTAL=0" "-e" "RUST_BACKTRACE=full" "-e" "RUSTFLAGS=--cap-lints=warn" "-e" "RUSTDOCFLAGS=--cap-lints=warn" "-e" "CARGO_HOME=/opt/rustwide/cargo-home" "-e" "RUSTUP_HOME=/opt/rustwide/rustup-home" "-w" "/opt/rustwide/workdir" "-m" "1610612736" "--user" "0:0" "--network" "none" "ghcr.io/rust-lang/crates-build-env/linux@sha256:5ff2268d62e97bff2cde7d5815dd6ed5b47097566f13b8d0ca110b04b60e07ed" "/opt/rustwide/cargo-home/bin/cargo" "+beta-2023-04-20" "test" "--frozen" "--no-run" "--message-format=json", kill_on_drop: false }`
[INFO] [stdout] 9a774c57da6a53d78fc68d6a9dc868a188031863b392aebcdfd835a77b7b2268
[INFO] running `Command { std: "docker" "start" "-a" "9a774c57da6a53d78fc68d6a9dc868a188031863b392aebcdfd835a77b7b2268", kill_on_drop: false }`
[INFO] [stderr]    Compiling marathon592 v0.1.0 (/opt/rustwide/workdir)
[INFO] [stdout] error[E0308]: mismatched types
[INFO] [stdout]    --> src/bin/p0057-overflow-need-to-use-bigint.rs:118:28
[INFO] [stdout]     |
[INFO] [stdout] 118 |                     numer: 120,
[INFO] [stdout]     |                            ^^^ expected `U512`, found integer
[INFO] [stdout] 
[INFO] [stdout] 
[INFO] [stdout] error[E0308]: mismatched types
[INFO] [stdout]    --> src/bin/p0057-overflow-need-to-use-bigint.rs:119:28
[INFO] [stdout]     |
[INFO] [stdout] 119 |                     denom: 90,
[INFO] [stdout]     |                            ^^ expected `U512`, found integer
[INFO] [stdout] 
[INFO] [stdout] 
[INFO] [stderr] error: could not compile `marathon592` (bin "p0057-overflow-need-to-use-bigint" test) due to 13 previous errors
[INFO] [stdout] error[E0308]: mismatched types
[INFO] [stdout]    --> src/bin/p0057-overflow-need-to-use-bigint.rs:121:35
[INFO] [stdout]     |
[INFO] [stdout] 121 |                 Fraction { numer: 4, denom: 3 },
[INFO] [stdout]     |                                   ^ expected `U512`, found integer
[INFO] [stdout] 
[INFO] [stdout] 
[INFO] [stderr] warning: build failed, waiting for other jobs to finish...
[INFO] [stdout] error[E0308]: mismatched types
[INFO] [stdout]    --> src/bin/p0057-overflow-need-to-use-bigint.rs:121:45
[INFO] [stdout]     |
[INFO] [stdout] 121 |                 Fraction { numer: 4, denom: 3 },
[INFO] [stdout]     |                                             ^ expected `U512`, found integer
[INFO] [stdout] 
[INFO] [stdout] 
[INFO] [stdout] error[E0308]: mismatched types
[INFO] [stdout]    --> src/bin/p0057-overflow-need-to-use-bigint.rs:125:28
[INFO] [stdout]     |
[INFO] [stdout] 125 |                     numer: 180,
[INFO] [stdout]     |                            ^^^ expected `U512`, found integer
[INFO] [stdout] 
[INFO] [stdout] 
[INFO] [stdout] error[E0308]: mismatched types
[INFO] [stdout]    --> src/bin/p0057-overflow-need-to-use-bigint.rs:126:28
[INFO] [stdout]     |
[INFO] [stdout] 126 |                     denom: 90,
[INFO] [stdout]     |                            ^^ expected `U512`, found integer
[INFO] [stdout] 
[INFO] [stdout] 
[INFO] [stdout] error[E0308]: mismatched types
[INFO] [stdout]    --> src/bin/p0057-overflow-need-to-use-bigint.rs:128:35
[INFO] [stdout]     |
[INFO] [stdout] 128 |                 Fraction { numer: 2, denom: 1 },
[INFO] [stdout]     |                                   ^ expected `U512`, found integer
[INFO] [stdout] 
[INFO] [stdout] 
[INFO] [stdout] error[E0308]: mismatched types
[INFO] [stdout]    --> src/bin/p0057-overflow-need-to-use-bigint.rs:128:45
[INFO] [stdout]     |
[INFO] [stdout] 128 |                 Fraction { numer: 2, denom: 1 },
[INFO] [stdout]     |                                             ^ expected `U512`, found integer
[INFO] [stdout] 
[INFO] [stdout] 
[INFO] [stdout] error[E0308]: mismatched types
[INFO] [stdout]    --> src/bin/p0057-overflow-need-to-use-bigint.rs:132:28
[INFO] [stdout]     |
[INFO] [stdout] 132 |                     numer: 181,
[INFO] [stdout]     |                            ^^^ expected `U512`, found integer
[INFO] [stdout] 
[INFO] [stdout] 
[INFO] [stdout] error[E0308]: mismatched types
[INFO] [stdout]    --> src/bin/p0057-overflow-need-to-use-bigint.rs:133:28
[INFO] [stdout]     |
[INFO] [stdout] 133 |                     denom: 90,
[INFO] [stdout]     |                            ^^ expected `U512`, found integer
[INFO] [stdout] 
[INFO] [stdout] 
[INFO] [stdout] error[E0308]: mismatched types
[INFO] [stdout]    --> src/bin/p0057-overflow-need-to-use-bigint.rs:136:28
[INFO] [stdout]     |
[INFO] [stdout] 136 |                     numer: 181,
[INFO] [stdout]     |                            ^^^ expected `U512`, found integer
[INFO] [stdout] 
[INFO] [stdout] 
[INFO] [stdout] error[E0308]: mismatched types
[INFO] [stdout]    --> src/bin/p0057-overflow-need-to-use-bigint.rs:137:28
[INFO] [stdout]     |
[INFO] [stdout] 137 |                     denom: 90,
[INFO] [stdout]     |                            ^^ expected `U512`, found integer
[INFO] [stdout] 
[INFO] [stdout] 
[INFO] [stdout] error: aborting due to 12 previous errors
[INFO] [stdout] 
[INFO] [stdout] 
[INFO] [stdout] For more information about this error, try `rustc --explain E0308`.
[INFO] [stdout] 
[INFO] running `Command { std: "docker" "inspect" "9a774c57da6a53d78fc68d6a9dc868a188031863b392aebcdfd835a77b7b2268", kill_on_drop: false }`
[INFO] running `Command { std: "docker" "rm" "-f" "9a774c57da6a53d78fc68d6a9dc868a188031863b392aebcdfd835a77b7b2268", kill_on_drop: false }`
[INFO] [stdout] 9a774c57da6a53d78fc68d6a9dc868a188031863b392aebcdfd835a77b7b2268
