[INFO] cloning repository https://github.com/azur1s/vl
[INFO] running `Command { std: "git" "-c" "credential.helper=" "-c" "credential.helper=/workspace/cargo-home/bin/git-credential-null" "clone" "--bare" "https://github.com/azur1s/vl" "/workspace/cache/git-repos/https%3A%2F%2Fgithub.com%2Fazur1s%2Fvl", kill_on_drop: false }`
[INFO] [stderr] Cloning into bare repository '/workspace/cache/git-repos/https%3A%2F%2Fgithub.com%2Fazur1s%2Fvl'...
[INFO] running `Command { std: "git" "rev-parse" "HEAD", kill_on_drop: false }`
[INFO] [stdout] baeaebd714c44ad4db30cdada098a374d789f1f9
[INFO] testing azur1s/vl against 1.69.0 for beta-1.70-1
[INFO] running `Command { std: "git" "clone" "/workspace/cache/git-repos/https%3A%2F%2Fgithub.com%2Fazur1s%2Fvl" "/workspace/builds/worker-3-tc1/source", kill_on_drop: false }`
[INFO] [stderr] Cloning into '/workspace/builds/worker-3-tc1/source'...
[INFO] [stderr] done.
[INFO] validating manifest of git repo https://github.com/azur1s/vl on toolchain 1.69.0
[INFO] running `Command { std: CARGO_HOME="/workspace/cargo-home" RUSTUP_HOME="/workspace/rustup-home" "/workspace/cargo-home/bin/cargo" "+1.69.0" "metadata" "--manifest-path" "Cargo.toml" "--no-deps", kill_on_drop: false }`
[INFO] removed /workspace/builds/worker-3-tc1/source/rust-toolchain.toml
[INFO] started tweaking git repo https://github.com/azur1s/vl
[INFO] finished tweaking git repo https://github.com/azur1s/vl
[INFO] tweaked toml for git repo https://github.com/azur1s/vl written to /workspace/builds/worker-3-tc1/source/Cargo.toml
[INFO] crate git repo https://github.com/azur1s/vl already has a lockfile, it will not be regenerated
[INFO] running `Command { std: CARGO_HOME="/workspace/cargo-home" RUSTUP_HOME="/workspace/rustup-home" "/workspace/cargo-home/bin/cargo" "+1.69.0" "fetch" "--manifest-path" "Cargo.toml", kill_on_drop: false }`
[INFO] [stderr]  Downloading crates ...
[INFO] [stderr]   Downloaded chumsky v0.9.2
[INFO] running `Command { std: "docker" "create" "-v" "/var/lib/crater-agent-workspace/builds/worker-3-tc1/target:/opt/rustwide/target:rw,Z" "-v" "/var/lib/crater-agent-workspace/builds/worker-3-tc1/source:/opt/rustwide/workdir:ro,Z" "-v" "/var/lib/crater-agent-workspace/cargo-home:/opt/rustwide/cargo-home:ro,Z" "-v" "/var/lib/crater-agent-workspace/rustup-home:/opt/rustwide/rustup-home:ro,Z" "-e" "SOURCE_DIR=/opt/rustwide/workdir" "-e" "CARGO_TARGET_DIR=/opt/rustwide/target" "-e" "CARGO_HOME=/opt/rustwide/cargo-home" "-e" "RUSTUP_HOME=/opt/rustwide/rustup-home" "-w" "/opt/rustwide/workdir" "-m" "1610612736" "--user" "0:0" "--network" "none" "ghcr.io/rust-lang/crates-build-env/linux@sha256:5ff2268d62e97bff2cde7d5815dd6ed5b47097566f13b8d0ca110b04b60e07ed" "/opt/rustwide/cargo-home/bin/cargo" "+1.69.0" "metadata" "--no-deps" "--format-version=1", kill_on_drop: false }`
[INFO] [stdout] 4bee9abdafd994c706cc55fc1088964e8636e59dade09ffd963d2db2955ed62d
[INFO] running `Command { std: "docker" "start" "-a" "4bee9abdafd994c706cc55fc1088964e8636e59dade09ffd963d2db2955ed62d", kill_on_drop: false }`
[INFO] running `Command { std: "docker" "inspect" "4bee9abdafd994c706cc55fc1088964e8636e59dade09ffd963d2db2955ed62d", kill_on_drop: false }`
[INFO] running `Command { std: "docker" "rm" "-f" "4bee9abdafd994c706cc55fc1088964e8636e59dade09ffd963d2db2955ed62d", kill_on_drop: false }`
[INFO] [stdout] 4bee9abdafd994c706cc55fc1088964e8636e59dade09ffd963d2db2955ed62d
[INFO] running `Command { std: "docker" "create" "-v" "/var/lib/crater-agent-workspace/builds/worker-3-tc1/target:/opt/rustwide/target:rw,Z" "-v" "/var/lib/crater-agent-workspace/builds/worker-3-tc1/source:/opt/rustwide/workdir:ro,Z" "-v" "/var/lib/crater-agent-workspace/cargo-home:/opt/rustwide/cargo-home:ro,Z" "-v" "/var/lib/crater-agent-workspace/rustup-home:/opt/rustwide/rustup-home:ro,Z" "-e" "SOURCE_DIR=/opt/rustwide/workdir" "-e" "CARGO_TARGET_DIR=/opt/rustwide/target" "-e" "CARGO_INCREMENTAL=0" "-e" "RUST_BACKTRACE=full" "-e" "RUSTFLAGS=--cap-lints=warn" "-e" "RUSTDOCFLAGS=--cap-lints=warn" "-e" "CARGO_HOME=/opt/rustwide/cargo-home" "-e" "RUSTUP_HOME=/opt/rustwide/rustup-home" "-w" "/opt/rustwide/workdir" "-m" "1610612736" "--user" "0:0" "--network" "none" "ghcr.io/rust-lang/crates-build-env/linux@sha256:5ff2268d62e97bff2cde7d5815dd6ed5b47097566f13b8d0ca110b04b60e07ed" "/opt/rustwide/cargo-home/bin/cargo" "+1.69.0" "build" "--frozen" "--message-format=json", kill_on_drop: false }`
[INFO] [stdout] 4fb68396f2a2fd8de330d73d8be1be3aa9fa18ef856f4e603339befefb808e2b
[INFO] running `Command { std: "docker" "start" "-a" "4fb68396f2a2fd8de330d73d8be1be3aa9fa18ef856f4e603339befefb808e2b", kill_on_drop: false }`
[INFO] [stderr]    Compiling version_check v0.9.4
[INFO] [stderr]    Compiling libc v0.2.139
[INFO] [stderr]    Compiling proc-macro2 v1.0.51
[INFO] [stderr]    Compiling unicode-ident v1.0.7
[INFO] [stderr]    Compiling quote v1.0.23
[INFO] [stderr]    Compiling cc v1.0.79
[INFO] [stderr]    Compiling syn v1.0.109
[INFO] [stderr]    Compiling cfg-if v1.0.0
[INFO] [stderr]    Compiling once_cell v1.17.1
[INFO] [stderr]    Compiling unicode-segmentation v1.10.1
[INFO] [stderr]    Compiling unicode-width v0.1.10
[INFO] [stderr]    Compiling vec_map v0.8.2
[INFO] [stderr]    Compiling bitflags v1.3.2
[INFO] [stderr]    Compiling strsim v0.8.0
[INFO] [stderr]    Compiling ansi_term v0.12.1
[INFO] [stderr]    Compiling lazy_static v1.4.0
[INFO] [stderr]    Compiling textwrap v0.11.0
[INFO] [stderr]    Compiling proc-macro-error-attr v1.0.4
[INFO] [stderr]    Compiling proc-macro-error v1.0.4
[INFO] [stderr]    Compiling ahash v0.7.6
[INFO] [stderr]    Compiling heck v0.3.3
[INFO] [stderr]    Compiling psm v0.1.21
[INFO] [stderr]    Compiling stacker v0.1.15
[INFO] [stderr]    Compiling getrandom v0.2.8
[INFO] [stderr]    Compiling atty v0.2.14
[INFO] [stderr]    Compiling clap v2.34.0
[INFO] [stderr]    Compiling hashbrown v0.12.3
[INFO] [stderr]    Compiling chumsky v0.9.2
[INFO] [stderr]    Compiling structopt-derive v0.4.18
[INFO] [stderr]    Compiling structopt v0.3.26
[INFO] [stderr]    Compiling holymer v0.1.0 (/opt/rustwide/workdir)
[INFO] [stdout] error[E0554]: `#![feature]` may not be used on the stable release channel
[INFO] [stdout]  --> src/main.rs:1:1
[INFO] [stdout]   |
[INFO] [stdout] 1 | #![feature(trait_alias)]
[INFO] [stdout]   | ^^^^^^^^^^^^^^^^^^^^^^^^
[INFO] [stdout] 
[INFO] [stdout] 
[INFO] [stdout] error[E0277]: the trait bound `RangeInclusive<usize>: chumsky::Span` is not satisfied
[INFO] [stdout]    --> src/read/parse.rs:518:39
[INFO] [stdout]     |
[INFO] [stdout] 518 |     .parse_recovery(Stream::from_iter(len..=len, tokens.into_iter()));
[INFO] [stdout]     |                     ----------------- ^^^^^^^^^ the trait `chumsky::Span` is not implemented for `RangeInclusive<usize>`
[INFO] [stdout]     |                     |
[INFO] [stdout]     |                     required by a bound introduced by this call
[INFO] [stdout]     |
[INFO] [stdout]     = help: the following other types implement trait `chumsky::Span`:
[INFO] [stdout]               (C, std::ops::Range<T>)
[INFO] [stdout]               std::ops::Range<T>
[INFO] [stdout] note: required by a bound in `Stream::<'a, I, S, Iter>::from_iter`
[INFO] [stdout]    --> /opt/rustwide/cargo-home/registry/src/github.com-1ecc6299db9ec823/chumsky-0.9.2/src/stream.rs:52:16
[INFO] [stdout]     |
[INFO] [stdout] 52  | impl<'a, I, S: Span, Iter: Iterator<Item = (I, S)>> Stream<'a, I, S, Iter> {
[INFO] [stdout]     |                ^^^^ required by this bound in `Stream::<'a, I, S, Iter>::from_iter`
[INFO] [stdout] 
[INFO] [stdout] 
[INFO] [stdout] error[E0271]: expected `IntoIter<(Token, Range<usize>)>` to be an iterator that yields `(_, RangeInclusive<usize>)`, but it yields `(Token, Range<usize>)`
[INFO] [stdout]    --> src/read/parse.rs:518:50
[INFO] [stdout]     |
[INFO] [stdout] 518 |     .parse_recovery(Stream::from_iter(len..=len, tokens.into_iter()));
[INFO] [stdout]     |                     -----------------            ^^^^^^^^^^^^^^^^^^ expected `(_, RangeInclusive<usize>)`, found `(Token, Range<usize>)`
[INFO] [stdout]     |                     |
[INFO] [stdout]     |                     required by a bound introduced by this call
[INFO] [stdout]     |
[INFO] [stdout]     = note: expected tuple `(_, RangeInclusive<usize>)`
[INFO] [stdout]                found tuple `(Token, std::ops::Range<usize>)`
[INFO] [stdout] note: required by a bound in `Stream::<'a, I, S, Iter>::from_iter`
[INFO] [stdout]    --> /opt/rustwide/cargo-home/registry/src/github.com-1ecc6299db9ec823/chumsky-0.9.2/src/stream.rs:52:37
[INFO] [stdout]     |
[INFO] [stdout] 52  | impl<'a, I, S: Span, Iter: Iterator<Item = (I, S)>> Stream<'a, I, S, Iter> {
[INFO] [stdout]     |                                     ^^^^^^^^^^^^^ required by this bound in `Stream::<'a, I, S, Iter>::from_iter`
[INFO] [stdout] 
[INFO] [stdout] 
[INFO] [stdout] error[E0271]: expected `IntoIter<(Token, Range<usize>)>` to be an iterator that yields `(_, RangeInclusive<usize>)`, but it yields `(Token, Range<usize>)`
[INFO] [stdout]    --> src/read/parse.rs:518:21
[INFO] [stdout]     |
[INFO] [stdout] 518 |     .parse_recovery(Stream::from_iter(len..=len, tokens.into_iter()));
[INFO] [stdout]     |                     ^^^^^^ expected `(_, RangeInclusive<usize>)`, found `(Token, Range<usize>)`
[INFO] [stdout]     |
[INFO] [stdout]     = note: expected tuple `(_, RangeInclusive<usize>)`
[INFO] [stdout]                found tuple `(Token, std::ops::Range<usize>)`
[INFO] [stdout] note: required by a bound in `Stream`
[INFO] [stdout]    --> /opt/rustwide/cargo-home/registry/src/github.com-1ecc6299db9ec823/chumsky-0.9.2/src/stream.rs:40:20
[INFO] [stdout]     |
[INFO] [stdout] 40  |     Iter: Iterator<Item = (I, S)> + ?Sized = dyn Iterator<Item = (I, S)> + 'a,
[INFO] [stdout]     |                    ^^^^^^^^^^^^^ required by this bound in `Stream`
[INFO] [stdout] 
[INFO] [stdout] 
[INFO] [stdout] error[E0277]: the trait bound `RangeInclusive<usize>: chumsky::Span` is not satisfied
[INFO] [stdout]    --> src/read/parse.rs:518:21
[INFO] [stdout]     |
[INFO] [stdout] 518 |     .parse_recovery(Stream::from_iter(len..=len, tokens.into_iter()));
[INFO] [stdout]     |                     ^^^^^^^^^^^^^^^^^^^^^^^^^^^^^^^^^^^^^^^^^^^^^^^^ the trait `chumsky::Span` is not implemented for `RangeInclusive<usize>`
[INFO] [stdout]     |
[INFO] [stdout]     = help: the following other types implement trait `chumsky::Span`:
[INFO] [stdout]               (C, std::ops::Range<T>)
[INFO] [stdout]               std::ops::Range<T>
[INFO] [stdout] note: required by a bound in `Stream`
[INFO] [stdout]    --> /opt/rustwide/cargo-home/registry/src/github.com-1ecc6299db9ec823/chumsky-0.9.2/src/stream.rs:39:8
[INFO] [stdout]     |
[INFO] [stdout] 39  |     S: Span,
[INFO] [stdout]     |        ^^^^ required by this bound in `Stream`
[INFO] [stdout] 
[INFO] [stdout] 
[INFO] [stdout] error[E0271]: expected `IntoIter<(Token, Range<usize>)>` to be an iterator that yields `(_, RangeInclusive<usize>)`, but it yields `(Token, Range<usize>)`
[INFO] [stdout]    --> src/read/parse.rs:518:21
[INFO] [stdout]     |
[INFO] [stdout] 518 |     .parse_recovery(Stream::from_iter(len..=len, tokens.into_iter()));
[INFO] [stdout]     |                     ^^^^^^^^^^^^^^^^^^^^^^^^^^^^^^^^^^^^^^^^^^^^^^^^ expected `(_, RangeInclusive<usize>)`, found `(Token, Range<usize>)`
[INFO] [stdout]     |
[INFO] [stdout]     = note: expected tuple `(_, RangeInclusive<usize>)`
[INFO] [stdout]                found tuple `(Token, std::ops::Range<usize>)`
[INFO] [stdout] note: required by a bound in `Stream`
[INFO] [stdout]    --> /opt/rustwide/cargo-home/registry/src/github.com-1ecc6299db9ec823/chumsky-0.9.2/src/stream.rs:40:20
[INFO] [stdout]     |
[INFO] [stdout] 40  |     Iter: Iterator<Item = (I, S)> + ?Sized = dyn Iterator<Item = (I, S)> + 'a,
[INFO] [stdout]     |                    ^^^^^^^^^^^^^ required by this bound in `Stream`
[INFO] [stdout] 
[INFO] [stdout] 
[INFO] [stdout] error[E0277]: the trait bound `Stream<'_, Token, std::ops::Range<usize>, _>: From<Stream<'_, _, RangeInclusive<usize>, std::vec::IntoIter<(Token, std::ops::Range<usize>)>>>` is not satisfied
[INFO] [stdout]    --> src/read/parse.rs:518:21
[INFO] [stdout]     |
[INFO] [stdout] 518 |     .parse_recovery(Stream::from_iter(len..=len, tokens.into_iter()));
[INFO] [stdout]     |      -------------- ^^^^^^^^^^^^^^^^^^^^^^^^^^^^^^^^^^^^^^^^^^^^^^^^ the trait `From<Stream<'_, _, RangeInclusive<usize>, std::vec::IntoIter<(Token, std::ops::Range<usize>)>>>` is not implemented for `Stream<'_, Token, std::ops::Range<usize>, _>`
[INFO] [stdout]     |      |
[INFO] [stdout]     |      required by a bound introduced by this call
[INFO] [stdout]     |
[INFO] [stdout]     = help: the following other types implement trait `From<T>`:
[INFO] [stdout]               <Stream<'a, T, std::ops::Range<usize>, Box<(dyn Iterator<Item = (T, std::ops::Range<usize>)> + 'a)>> as From<&'a [T; N]>>
[INFO] [stdout]               <Stream<'a, T, std::ops::Range<usize>, Box<(dyn Iterator<Item = (T, std::ops::Range<usize>)> + 'a)>> as From<&'a [T]>>
[INFO] [stdout]               <Stream<'a, T, std::ops::Range<usize>, Box<(dyn Iterator<Item = (T, std::ops::Range<usize>)> + 'a)>> as From<Vec<T>>>
[INFO] [stdout]               <Stream<'a, T, std::ops::Range<usize>, Box<(dyn Iterator<Item = (T, std::ops::Range<usize>)> + 'a)>> as From<[T; N]>>
[INFO] [stdout]               <Stream<'a, char, std::ops::Range<usize>, Box<(dyn Iterator<Item = (char, std::ops::Range<usize>)> + 'a)>> as From<&'a str>>
[INFO] [stdout]               <Stream<'a, char, std::ops::Range<usize>, Box<(dyn Iterator<Item = (char, std::ops::Range<usize>)> + 'static)>> as From<String>>
[INFO] [stdout]     = note: required for `Stream<'_, _, RangeInclusive<usize>, std::vec::IntoIter<(Token, std::ops::Range<usize>)>>` to implement `Into<Stream<'_, Token, std::ops::Range<usize>, _>>`
[INFO] [stdout] note: required by a bound in `parse_recovery`
[INFO] [stdout]    --> /opt/rustwide/cargo-home/registry/src/github.com-1ecc6299db9ec823/chumsky-0.9.2/src/lib.rs:199:12
[INFO] [stdout]     |
[INFO] [stdout] 199 |         S: Into<Stream<'a, I, <Self::Error as Error<I>>::Span, Iter>>,
[INFO] [stdout]     |            ^^^^^^^^^^^^^^^^^^^^^^^^^^^^^^^^^^^^^^^^^^^^^^^^^^^^^^^^^^ required by this bound in `Parser::parse_recovery`
[INFO] [stdout] 
[INFO] [stdout] 
[INFO] [stdout] error[E0277]: the trait bound `RangeInclusive<usize>: chumsky::Span` is not satisfied
[INFO] [stdout]    --> src/read/parse.rs:516:30
[INFO] [stdout]     |
[INFO] [stdout] 516 |       let (ast, parse_error) = stmts_parser()
[INFO] [stdout]     |  ______________________________^
[INFO] [stdout] 517 | |     .then_ignore(end())
[INFO] [stdout] 518 | |     .parse_recovery(Stream::from_iter(len..=len, tokens.into_iter()));
[INFO] [stdout]     | |_____________________________________________________________________^ the trait `chumsky::Span` is not implemented for `RangeInclusive<usize>`
[INFO] [stdout]     |
[INFO] [stdout]     = help: the following other types implement trait `chumsky::Span`:
[INFO] [stdout]               (C, std::ops::Range<T>)
[INFO] [stdout]               std::ops::Range<T>
[INFO] [stdout] note: required by a bound in `Stream`
[INFO] [stdout]    --> /opt/rustwide/cargo-home/registry/src/github.com-1ecc6299db9ec823/chumsky-0.9.2/src/stream.rs:39:8
[INFO] [stdout]     |
[INFO] [stdout] 39  |     S: Span,
[INFO] [stdout]     |        ^^^^ required by this bound in `Stream`
[INFO] [stdout] 
[INFO] [stdout] 
[INFO] [stdout] error[E0271]: expected `IntoIter<(Token, Range<usize>)>` to be an iterator that yields `(_, RangeInclusive<usize>)`, but it yields `(Token, Range<usize>)`
[INFO] [stdout]    --> src/read/parse.rs:516:30
[INFO] [stdout]     |
[INFO] [stdout] 516 |       let (ast, parse_error) = stmts_parser()
[INFO] [stdout]     |  ______________________________^
[INFO] [stdout] 517 | |     .then_ignore(end())
[INFO] [stdout] 518 | |     .parse_recovery(Stream::from_iter(len..=len, tokens.into_iter()));
[INFO] [stdout]     | |_____________________________________________________________________^ expected `(_, RangeInclusive<usize>)`, found `(Token, Range<usize>)`
[INFO] [stdout]     |
[INFO] [stdout]     = note: expected tuple `(_, RangeInclusive<usize>)`
[INFO] [stdout]                found tuple `(Token, std::ops::Range<usize>)`
[INFO] [stdout] note: required by a bound in `Stream`
[INFO] [stdout]    --> /opt/rustwide/cargo-home/registry/src/github.com-1ecc6299db9ec823/chumsky-0.9.2/src/stream.rs:40:20
[INFO] [stdout]     |
[INFO] [stdout] 40  |     Iter: Iterator<Item = (I, S)> + ?Sized = dyn Iterator<Item = (I, S)> + 'a,
[INFO] [stdout]     |                    ^^^^^^^^^^^^^ required by this bound in `Stream`
[INFO] [stdout] 
[INFO] [stdout] 
[INFO] [stdout] error[E0308]: mismatched types
[INFO] [stdout]   --> src/main.rs:26:79
[INFO] [stdout]    |
[INFO] [stdout] 26 |             let mut file = std::fs::File::create(opt.output.unwrap_or_else(|| "out.js".to_owned()))
[INFO] [stdout]    |                                                                               ^^^^^^^^^^^^^^^^^^^ expected `PathBuf`, found `String`
[INFO] [stdout]    |
[INFO] [stdout] help: call `Into::into` on this expression to convert `String` into `PathBuf`
[INFO] [stdout]    |
[INFO] [stdout] 26 |             let mut file = std::fs::File::create(opt.output.unwrap_or_else(|| "out.js".to_owned().into()))
[INFO] [stdout]    |                                                                                                  +++++++
[INFO] [stdout] 
[INFO] [stdout] 
[INFO] [stdout] error: aborting due to 10 previous errors
[INFO] [stdout] 
[INFO] [stdout] 
[INFO] [stdout] Some errors have detailed explanations: E0271, E0277, E0308, E0554.
[INFO] [stdout] 
[INFO] [stdout] For more information about an error, try `rustc --explain E0271`.
[INFO] [stdout] 
[INFO] [stderr] error: could not compile `holymer` due to 11 previous errors
[INFO] running `Command { std: "docker" "inspect" "4fb68396f2a2fd8de330d73d8be1be3aa9fa18ef856f4e603339befefb808e2b", kill_on_drop: false }`
[INFO] running `Command { std: "docker" "rm" "-f" "4fb68396f2a2fd8de330d73d8be1be3aa9fa18ef856f4e603339befefb808e2b", kill_on_drop: false }`
[INFO] [stdout] 4fb68396f2a2fd8de330d73d8be1be3aa9fa18ef856f4e603339befefb808e2b
